{"id":147544,"date":"2022-09-11T23:25:26","date_gmt":"2022-09-11T21:25:26","guid":{"rendered":"https:\/\/marktxxl.de\/markt\/produkt\/luli-bebe-wickeltasche-rucksack-aus-veganem-leder-mit-wickelunterlage-und-kinderwagengurten-luxurioes-und-stilvoll-grosses-fassungsvermoegen\/"},"modified":"2023-04-09T04:06:45","modified_gmt":"2023-04-09T02:06:45","slug":"luli-bebe-wickeltasche-rucksack-aus-veganem-leder-mit-wickelunterlage-und-kinderwagengurten-luxurioes-und-stilvoll-grosses-fassungsvermoegen","status":"publish","type":"product","link":"https:\/\/marktxxl.de\/markt\/produkt\/luli-bebe-wickeltasche-rucksack-aus-veganem-leder-mit-wickelunterlage-und-kinderwagengurten-luxurioes-und-stilvoll-grosses-fassungsvermoegen\/","title":{"rendered":"Monaco Wickeltasche Rucksack von Luli Bebe \u2013 Schicker veganer Leder Wickeltasche Rucksack"},"content":{"rendered":"<p>Klassisch, anspruchsvoll und schlank: Eine Mama zu sein bedeutet nicht, dass Sie auf Stil verzichten m\u00fcssen. Die neue Monaco Luli Beb Wickeltasche ist einzigartig in der Welt der schicken und modernen Babyausr\u00fcstung. Entworfen von einer echten Mutter<br \/>\nL\u00e4ssige und formelle Verwendung: Der sch\u00f6ne Baby-Rucksack f\u00fcr M\u00fctter. Monacos leicht zu tragen und langlebiges Design machen es zum perfekten modischen Begleiter mit Rucksack und \u00fcber der Schulter.<br \/>\nVielseitige, magnetische Fronttasche mit Rei\u00dfverschlusstasche f\u00fcr extra sicheres Packen. Neun Taschen, mit viel Platz f\u00fcr sperrige Gegenst\u00e4nde, plus zus\u00e4tzliche F\u00e4cher f\u00fcr zus\u00e4tzlichen Stauraum. Inklusive Wickelunterlage, Kinderwagengurte und Kuriergurt.<br \/>\nLuxuri\u00f6se Wickeltasche aus hochwertigem, veganem Leder und mit goldfarbenen Akzenten f\u00fcr einen stilvollen, modernen Designer-Wickeltaschen-Look f\u00fcr Damen und Herren<br \/>\nInternational products have separate terms, are sold from abroad and may differ from local products, including fit, age ratings, and language of product, labeling or instructions.<br \/>\n<div class=\"main-cross-sell\" data-asin=\"B07C14MQ2X\">\n\n\t<div class=\"WooZone-cross-sell-loader\">\n\t\t<div>\n\t\t\t<div id=\"floatingBarsG\">\n\t\t\t\t<div class=\"blockG\" id=\"rotateG_01\"><\/div>\n\t\t\t\t<div class=\"blockG\" id=\"rotateG_02\"><\/div>\n\t\t\t\t<div class=\"blockG\" id=\"rotateG_03\"><\/div>\n\t\t\t\t<div class=\"blockG\" id=\"rotateG_04\"><\/div>\n\t\t\t\t<div class=\"blockG\" id=\"rotateG_05\"><\/div>\n\t\t\t\t<div class=\"blockG\" id=\"rotateG_06\"><\/div>\n\t\t\t\t<div class=\"blockG\" id=\"rotateG_07\"><\/div>\n\t\t\t\t<div class=\"blockG\" id=\"rotateG_08\"><\/div>\n\t\t\t<\/div>\n\t\t\t<div class=\"WooZone-cross-sell-loader-text\"><\/div>\n\t\t<\/div>\n\t<\/div>\n\n\t\t\n<\/div>\n<div style=\"clear:both;\"><\/div><\/p>\n","protected":false},"excerpt":{"rendered":"<p>Klassisch, anspruchsvoll und schlank: Eine Mama zu sein bedeutet nicht, dass Sie auf Stil verzichten m\u00fcssen. Die neue Monaco Luli Beb Wickeltasche ist einzigartig in der Welt der schicken und modernen Babyausr\u00fcstung. Entworfen von einer echten Mutter<br \/>\nL\u00e4ssige und formelle Verwendung: Der sch\u00f6ne Baby-Rucksack f\u00fcr M\u00fctter. Monacos leicht zu tragen und langlebiges Design machen es zum perfekten modischen Begleiter mit Rucksack und \u00fcber der Schulter.<br \/>\nVielseitige, magnetische Fronttasche mit Rei\u00dfverschlusstasche f\u00fcr extra sicheres Packen. Neun Taschen, mit viel Platz f\u00fcr sperrige Gegenst\u00e4nde, plus zus\u00e4tzliche F\u00e4cher f\u00fcr zus\u00e4tzlichen Stauraum. Inklusive Wickelunterlage, Kinderwagengurte und Kuriergurt.<\/p>\n","protected":false},"featured_media":147545,"comment_status":"open","ping_status":"closed","template":"","meta":[],"product_brand":[],"product_cat":[21,9520],"product_tag":[],"class_list":{"0":"post-147544","1":"product","2":"type-product","3":"status-publish","4":"has-post-thumbnail","6":"product_cat-baby","7":"product_cat-wickeln-baby","8":"pa_binding-babyartikel","9":"pa_brand-luli-bebe","10":"pa_color-ebenholz-schwarz","11":"pa_height-6-99999999286-zoll","12":"pa_length-13-99999998572-zoll","13":"pa_manufacturer-luli-bebe","14":"pa_model-mrbk","15":"pa_size-original-size","16":"pa_weight-2-8-pfund","17":"pa_width-13-99999998572-zoll","19":"first","20":"instock","21":"shipping-taxable","22":"purchasable","23":"product-type-simple","24":"customify-col","25":"product-has-gallery"},"yoast_head":"<!-- This site is optimized with the Yoast SEO plugin v27.4 - https:\/\/yoast.com\/product\/yoast-seo-wordpress\/ -->\n<title>Monaco Wickeltasche Rucksack von Luli Bebe \u2013 Schicker veganer Leder Wickeltasche Rucksack - Markt-XXL<\/title>\n<meta name=\"description\" content=\"Markt-XXL Monaco Wickeltasche Rucksack von Luli Bebe \u2013 Schicker veganer Leder Wickeltasche Rucksack\" \/>\n<meta name=\"robots\" content=\"index, follow, max-snippet:-1, max-image-preview:large, max-video-preview:-1\" \/>\n<link rel=\"canonical\" href=\"https:\/\/marktxxl.de\/markt\/produkt\/luli-bebe-wickeltasche-rucksack-aus-veganem-leder-mit-wickelunterlage-und-kinderwagengurten-luxurioes-und-stilvoll-grosses-fassungsvermoegen\/\" \/>\n<meta property=\"og:locale\" content=\"de_DE\" \/>\n<meta property=\"og:type\" content=\"article\" \/>\n<meta property=\"og:title\" content=\"Monaco Wickeltasche Rucksack von Luli Bebe \u2013 Schicker veganer Leder Wickeltasche Rucksack - Markt-XXL\" \/>\n<meta property=\"og:description\" content=\"Markt-XXL Monaco Wickeltasche Rucksack von Luli Bebe \u2013 Schicker veganer Leder Wickeltasche Rucksack\" \/>\n<meta property=\"og:url\" content=\"https:\/\/marktxxl.de\/markt\/produkt\/luli-bebe-wickeltasche-rucksack-aus-veganem-leder-mit-wickelunterlage-und-kinderwagengurten-luxurioes-und-stilvoll-grosses-fassungsvermoegen\/\" \/>\n<meta property=\"og:site_name\" content=\"Markt-XXL\" \/>\n<meta property=\"article:modified_time\" content=\"2023-04-09T02:06:45+00:00\" \/>\n<meta property=\"og:image\" content=\"https:\/\/m.media-amazon.com\/images\/I\/510etUEn1iL._SL500_.jpg\" \/>\n\t<meta property=\"og:image:width\" content=\"500\" \/>\n\t<meta property=\"og:image:height\" content=\"500\" \/>\n\t<meta property=\"og:image:type\" content=\"image\/jpeg\" \/>\n<meta name=\"twitter:card\" content=\"summary_large_image\" \/>\n<meta name=\"twitter:label1\" content=\"Gesch\u00e4tzte Lesezeit\" \/>\n\t<meta name=\"twitter:data1\" content=\"1\u00a0Minute\" \/>\n<script type=\"application\/ld+json\" class=\"yoast-schema-graph\">{\"@context\":\"https:\\\/\\\/schema.org\",\"@graph\":[{\"@type\":\"WebPage\",\"@id\":\"https:\\\/\\\/marktxxl.de\\\/markt\\\/produkt\\\/luli-bebe-wickeltasche-rucksack-aus-veganem-leder-mit-wickelunterlage-und-kinderwagengurten-luxurioes-und-stilvoll-grosses-fassungsvermoegen\\\/\",\"url\":\"https:\\\/\\\/marktxxl.de\\\/markt\\\/produkt\\\/luli-bebe-wickeltasche-rucksack-aus-veganem-leder-mit-wickelunterlage-und-kinderwagengurten-luxurioes-und-stilvoll-grosses-fassungsvermoegen\\\/\",\"name\":\"Monaco Wickeltasche Rucksack von Luli Bebe \u2013 Schicker veganer Leder Wickeltasche Rucksack - Markt-XXL\",\"isPartOf\":{\"@id\":\"https:\\\/\\\/marktxxl.de\\\/markt\\\/#website\"},\"primaryImageOfPage\":{\"@id\":\"https:\\\/\\\/marktxxl.de\\\/markt\\\/produkt\\\/luli-bebe-wickeltasche-rucksack-aus-veganem-leder-mit-wickelunterlage-und-kinderwagengurten-luxurioes-und-stilvoll-grosses-fassungsvermoegen\\\/#primaryimage\"},\"image\":{\"@id\":\"https:\\\/\\\/marktxxl.de\\\/markt\\\/produkt\\\/luli-bebe-wickeltasche-rucksack-aus-veganem-leder-mit-wickelunterlage-und-kinderwagengurten-luxurioes-und-stilvoll-grosses-fassungsvermoegen\\\/#primaryimage\"},\"thumbnailUrl\":\"https:\\\/\\\/m.media-amazon.com\\\/images\\\/I\\\/510etUEn1iL._SL500_.jpg\",\"datePublished\":\"2022-09-11T21:25:26+00:00\",\"dateModified\":\"2023-04-09T02:06:45+00:00\",\"description\":\"Markt-XXL Monaco Wickeltasche Rucksack von Luli Bebe \u2013 Schicker veganer Leder Wickeltasche Rucksack\",\"breadcrumb\":{\"@id\":\"https:\\\/\\\/marktxxl.de\\\/markt\\\/produkt\\\/luli-bebe-wickeltasche-rucksack-aus-veganem-leder-mit-wickelunterlage-und-kinderwagengurten-luxurioes-und-stilvoll-grosses-fassungsvermoegen\\\/#breadcrumb\"},\"inLanguage\":\"de\",\"potentialAction\":[{\"@type\":\"ReadAction\",\"target\":[\"https:\\\/\\\/marktxxl.de\\\/markt\\\/produkt\\\/luli-bebe-wickeltasche-rucksack-aus-veganem-leder-mit-wickelunterlage-und-kinderwagengurten-luxurioes-und-stilvoll-grosses-fassungsvermoegen\\\/\"]}]},{\"@type\":\"ImageObject\",\"inLanguage\":\"de\",\"@id\":\"https:\\\/\\\/marktxxl.de\\\/markt\\\/produkt\\\/luli-bebe-wickeltasche-rucksack-aus-veganem-leder-mit-wickelunterlage-und-kinderwagengurten-luxurioes-und-stilvoll-grosses-fassungsvermoegen\\\/#primaryimage\",\"url\":\"https:\\\/\\\/m.media-amazon.com\\\/images\\\/I\\\/510etUEn1iL._SL500_.jpg\",\"contentUrl\":\"https:\\\/\\\/m.media-amazon.com\\\/images\\\/I\\\/510etUEn1iL._SL500_.jpg\",\"width\":500,\"height\":500},{\"@type\":\"BreadcrumbList\",\"@id\":\"https:\\\/\\\/marktxxl.de\\\/markt\\\/produkt\\\/luli-bebe-wickeltasche-rucksack-aus-veganem-leder-mit-wickelunterlage-und-kinderwagengurten-luxurioes-und-stilvoll-grosses-fassungsvermoegen\\\/#breadcrumb\",\"itemListElement\":[{\"@type\":\"ListItem\",\"position\":1,\"name\":\"Startseite\",\"item\":\"https:\\\/\\\/marktxxl.de\\\/markt\\\/\"},{\"@type\":\"ListItem\",\"position\":2,\"name\":\"Markt\",\"item\":\"https:\\\/\\\/marktxxl.de\\\/markt\\\/\"},{\"@type\":\"ListItem\",\"position\":3,\"name\":\"Monaco Wickeltasche Rucksack von Luli Bebe \u2013 Schicker veganer Leder Wickeltasche Rucksack\"}]},{\"@type\":\"WebSite\",\"@id\":\"https:\\\/\\\/marktxxl.de\\\/markt\\\/#website\",\"url\":\"https:\\\/\\\/marktxxl.de\\\/markt\\\/\",\"name\":\"Markt-XXL\",\"description\":\"Ihr Markt Online\",\"publisher\":{\"@id\":\"https:\\\/\\\/marktxxl.de\\\/markt\\\/#organization\"},\"potentialAction\":[{\"@type\":\"SearchAction\",\"target\":{\"@type\":\"EntryPoint\",\"urlTemplate\":\"https:\\\/\\\/marktxxl.de\\\/markt\\\/?s={search_term_string}\"},\"query-input\":{\"@type\":\"PropertyValueSpecification\",\"valueRequired\":true,\"valueName\":\"search_term_string\"}}],\"inLanguage\":\"de\"},{\"@type\":\"Organization\",\"@id\":\"https:\\\/\\\/marktxxl.de\\\/markt\\\/#organization\",\"name\":\"Markt-XXL\",\"url\":\"https:\\\/\\\/marktxxl.de\\\/markt\\\/\",\"logo\":{\"@type\":\"ImageObject\",\"inLanguage\":\"de\",\"@id\":\"https:\\\/\\\/marktxxl.de\\\/markt\\\/#\\\/schema\\\/logo\\\/image\\\/\",\"url\":\"https:\\\/\\\/marktxxl.de\\\/markt\\\/wp-content\\\/uploads\\\/sites\\\/3\\\/2020\\\/12\\\/logo.png\",\"contentUrl\":\"https:\\\/\\\/marktxxl.de\\\/markt\\\/wp-content\\\/uploads\\\/sites\\\/3\\\/2020\\\/12\\\/logo.png\",\"width\":200,\"height\":70,\"caption\":\"Markt-XXL\"},\"image\":{\"@id\":\"https:\\\/\\\/marktxxl.de\\\/markt\\\/#\\\/schema\\\/logo\\\/image\\\/\"}}]}<\/script>\n<!-- \/ Yoast SEO plugin. -->","yoast_head_json":{"title":"Monaco Wickeltasche Rucksack von Luli Bebe \u2013 Schicker veganer Leder Wickeltasche Rucksack - Markt-XXL","description":"Markt-XXL Monaco Wickeltasche Rucksack von Luli Bebe \u2013 Schicker veganer Leder Wickeltasche Rucksack","robots":{"index":"index","follow":"follow","max-snippet":"max-snippet:-1","max-image-preview":"max-image-preview:large","max-video-preview":"max-video-preview:-1"},"canonical":"https:\/\/marktxxl.de\/markt\/produkt\/luli-bebe-wickeltasche-rucksack-aus-veganem-leder-mit-wickelunterlage-und-kinderwagengurten-luxurioes-und-stilvoll-grosses-fassungsvermoegen\/","og_locale":"de_DE","og_type":"article","og_title":"Monaco Wickeltasche Rucksack von Luli Bebe \u2013 Schicker veganer Leder Wickeltasche Rucksack - Markt-XXL","og_description":"Markt-XXL Monaco Wickeltasche Rucksack von Luli Bebe \u2013 Schicker veganer Leder Wickeltasche Rucksack","og_url":"https:\/\/marktxxl.de\/markt\/produkt\/luli-bebe-wickeltasche-rucksack-aus-veganem-leder-mit-wickelunterlage-und-kinderwagengurten-luxurioes-und-stilvoll-grosses-fassungsvermoegen\/","og_site_name":"Markt-XXL","article_modified_time":"2023-04-09T02:06:45+00:00","og_image":[{"width":500,"height":500,"url":"https:\/\/m.media-amazon.com\/images\/I\/510etUEn1iL._SL500_.jpg","type":"image\/jpeg"}],"twitter_card":"summary_large_image","twitter_misc":{"Gesch\u00e4tzte Lesezeit":"1\u00a0Minute"},"schema":{"@context":"https:\/\/schema.org","@graph":[{"@type":"WebPage","@id":"https:\/\/marktxxl.de\/markt\/produkt\/luli-bebe-wickeltasche-rucksack-aus-veganem-leder-mit-wickelunterlage-und-kinderwagengurten-luxurioes-und-stilvoll-grosses-fassungsvermoegen\/","url":"https:\/\/marktxxl.de\/markt\/produkt\/luli-bebe-wickeltasche-rucksack-aus-veganem-leder-mit-wickelunterlage-und-kinderwagengurten-luxurioes-und-stilvoll-grosses-fassungsvermoegen\/","name":"Monaco Wickeltasche Rucksack von Luli Bebe \u2013 Schicker veganer Leder Wickeltasche Rucksack - Markt-XXL","isPartOf":{"@id":"https:\/\/marktxxl.de\/markt\/#website"},"primaryImageOfPage":{"@id":"https:\/\/marktxxl.de\/markt\/produkt\/luli-bebe-wickeltasche-rucksack-aus-veganem-leder-mit-wickelunterlage-und-kinderwagengurten-luxurioes-und-stilvoll-grosses-fassungsvermoegen\/#primaryimage"},"image":{"@id":"https:\/\/marktxxl.de\/markt\/produkt\/luli-bebe-wickeltasche-rucksack-aus-veganem-leder-mit-wickelunterlage-und-kinderwagengurten-luxurioes-und-stilvoll-grosses-fassungsvermoegen\/#primaryimage"},"thumbnailUrl":"https:\/\/m.media-amazon.com\/images\/I\/510etUEn1iL._SL500_.jpg","datePublished":"2022-09-11T21:25:26+00:00","dateModified":"2023-04-09T02:06:45+00:00","description":"Markt-XXL Monaco Wickeltasche Rucksack von Luli Bebe \u2013 Schicker veganer Leder Wickeltasche Rucksack","breadcrumb":{"@id":"https:\/\/marktxxl.de\/markt\/produkt\/luli-bebe-wickeltasche-rucksack-aus-veganem-leder-mit-wickelunterlage-und-kinderwagengurten-luxurioes-und-stilvoll-grosses-fassungsvermoegen\/#breadcrumb"},"inLanguage":"de","potentialAction":[{"@type":"ReadAction","target":["https:\/\/marktxxl.de\/markt\/produkt\/luli-bebe-wickeltasche-rucksack-aus-veganem-leder-mit-wickelunterlage-und-kinderwagengurten-luxurioes-und-stilvoll-grosses-fassungsvermoegen\/"]}]},{"@type":"ImageObject","inLanguage":"de","@id":"https:\/\/marktxxl.de\/markt\/produkt\/luli-bebe-wickeltasche-rucksack-aus-veganem-leder-mit-wickelunterlage-und-kinderwagengurten-luxurioes-und-stilvoll-grosses-fassungsvermoegen\/#primaryimage","url":"https:\/\/m.media-amazon.com\/images\/I\/510etUEn1iL._SL500_.jpg","contentUrl":"https:\/\/m.media-amazon.com\/images\/I\/510etUEn1iL._SL500_.jpg","width":500,"height":500},{"@type":"BreadcrumbList","@id":"https:\/\/marktxxl.de\/markt\/produkt\/luli-bebe-wickeltasche-rucksack-aus-veganem-leder-mit-wickelunterlage-und-kinderwagengurten-luxurioes-und-stilvoll-grosses-fassungsvermoegen\/#breadcrumb","itemListElement":[{"@type":"ListItem","position":1,"name":"Startseite","item":"https:\/\/marktxxl.de\/markt\/"},{"@type":"ListItem","position":2,"name":"Markt","item":"https:\/\/marktxxl.de\/markt\/"},{"@type":"ListItem","position":3,"name":"Monaco Wickeltasche Rucksack von Luli Bebe \u2013 Schicker veganer Leder Wickeltasche Rucksack"}]},{"@type":"WebSite","@id":"https:\/\/marktxxl.de\/markt\/#website","url":"https:\/\/marktxxl.de\/markt\/","name":"Markt-XXL","description":"Ihr Markt Online","publisher":{"@id":"https:\/\/marktxxl.de\/markt\/#organization"},"potentialAction":[{"@type":"SearchAction","target":{"@type":"EntryPoint","urlTemplate":"https:\/\/marktxxl.de\/markt\/?s={search_term_string}"},"query-input":{"@type":"PropertyValueSpecification","valueRequired":true,"valueName":"search_term_string"}}],"inLanguage":"de"},{"@type":"Organization","@id":"https:\/\/marktxxl.de\/markt\/#organization","name":"Markt-XXL","url":"https:\/\/marktxxl.de\/markt\/","logo":{"@type":"ImageObject","inLanguage":"de","@id":"https:\/\/marktxxl.de\/markt\/#\/schema\/logo\/image\/","url":"https:\/\/marktxxl.de\/markt\/wp-content\/uploads\/sites\/3\/2020\/12\/logo.png","contentUrl":"https:\/\/marktxxl.de\/markt\/wp-content\/uploads\/sites\/3\/2020\/12\/logo.png","width":200,"height":70,"caption":"Markt-XXL"},"image":{"@id":"https:\/\/marktxxl.de\/markt\/#\/schema\/logo\/image\/"}}]}},"_links":{"self":[{"href":"https:\/\/marktxxl.de\/markt\/wp-json\/wp\/v2\/product\/147544","targetHints":{"allow":["GET"]}}],"collection":[{"href":"https:\/\/marktxxl.de\/markt\/wp-json\/wp\/v2\/product"}],"about":[{"href":"https:\/\/marktxxl.de\/markt\/wp-json\/wp\/v2\/types\/product"}],"replies":[{"embeddable":true,"href":"https:\/\/marktxxl.de\/markt\/wp-json\/wp\/v2\/comments?post=147544"}],"wp:featuredmedia":[{"embeddable":true,"href":"https:\/\/marktxxl.de\/markt\/wp-json\/wp\/v2\/media\/147545"}],"wp:attachment":[{"href":"https:\/\/marktxxl.de\/markt\/wp-json\/wp\/v2\/media?parent=147544"}],"wp:term":[{"taxonomy":"product_brand","embeddable":true,"href":"https:\/\/marktxxl.de\/markt\/wp-json\/wp\/v2\/product_brand?post=147544"},{"taxonomy":"product_cat","embeddable":true,"href":"https:\/\/marktxxl.de\/markt\/wp-json\/wp\/v2\/product_cat?post=147544"},{"taxonomy":"product_tag","embeddable":true,"href":"https:\/\/marktxxl.de\/markt\/wp-json\/wp\/v2\/product_tag?post=147544"}],"curies":[{"name":"wp","href":"https:\/\/api.w.org\/{rel}","templated":true}]}}