{"id":147315,"date":"2022-09-11T22:19:46","date_gmt":"2022-09-11T20:19:46","guid":{"rendered":"https:\/\/marktxxl.de\/markt\/produkt\/oxo-tot-handy-stroller-hooks-gray-2-pack\/"},"modified":"2023-04-09T04:06:37","modified_gmt":"2023-04-09T02:06:37","slug":"oxo-tot-handy-stroller-hooks-gray-2-pack","status":"publish","type":"product","link":"https:\/\/marktxxl.de\/markt\/produkt\/oxo-tot-handy-stroller-hooks-gray-2-pack\/","title":{"rendered":"OXO Tot Handy Stroller Hooks &#8211; Gray &#8211; 2 Pack"},"content":{"rendered":"<p>Die praktischen Kinderwagenhaken von OXO Tot bieten einen praktischen und stabilen Platz zum Aufh\u00e4ngen von Taschen und anderen Gegenst\u00e4nden, damit Sie einen Kinderwagen sicher und einfach bewegen k\u00f6nnen, wenn Sie mit Ihrem Kind spazieren gehen<br \/>\nDie weichen rutschfesten Silikon-Griffe verhindern, dass Einkaufstaschen verrutschen. Sie k\u00f6nnen auch als bequeme Griffe f\u00fcr gro\u00dfe Kinder verwendet werden, um sie beim Gehen mit Ihnen und Baby zu greifen<br \/>\nVerstellbarer Riemen erm\u00f6glicht es Ihnen, ihn \u00fcberall auf einem Kinderwagen zu platzieren<br \/>\nLanglebiges und leichtes Aluminium-Haken-Design macht es schnell und einfach Taschen aufzuh\u00e4ngen und abzunehmen<br \/>\nAluminium-Kunststoff und Nylon-Konstruktion<br \/>\n<div class=\"main-cross-sell\" data-asin=\"B01465ZDUQ\">\n\n\t<div class=\"WooZone-cross-sell-loader\">\n\t\t<div>\n\t\t\t<div id=\"floatingBarsG\">\n\t\t\t\t<div class=\"blockG\" id=\"rotateG_01\"><\/div>\n\t\t\t\t<div class=\"blockG\" id=\"rotateG_02\"><\/div>\n\t\t\t\t<div class=\"blockG\" id=\"rotateG_03\"><\/div>\n\t\t\t\t<div class=\"blockG\" id=\"rotateG_04\"><\/div>\n\t\t\t\t<div class=\"blockG\" id=\"rotateG_05\"><\/div>\n\t\t\t\t<div class=\"blockG\" id=\"rotateG_06\"><\/div>\n\t\t\t\t<div class=\"blockG\" id=\"rotateG_07\"><\/div>\n\t\t\t\t<div class=\"blockG\" id=\"rotateG_08\"><\/div>\n\t\t\t<\/div>\n\t\t\t<div class=\"WooZone-cross-sell-loader-text\"><\/div>\n\t\t<\/div>\n\t<\/div>\n\n\t\t\n<\/div>\n<div style=\"clear:both;\"><\/div><\/p>\n","protected":false},"excerpt":{"rendered":"<p>Die praktischen Kinderwagenhaken von OXO Tot bieten einen praktischen und stabilen Platz zum Aufh\u00e4ngen von Taschen und anderen Gegenst\u00e4nden, damit Sie einen Kinderwagen sicher und einfach bewegen k\u00f6nnen, wenn Sie mit Ihrem Kind spazieren gehen<br \/>\nDie weichen rutschfesten Silikon-Griffe verhindern, dass Einkaufstaschen verrutschen. Sie k\u00f6nnen auch als bequeme Griffe f\u00fcr gro\u00dfe Kinder verwendet werden, um sie beim Gehen mit Ihnen und Baby zu greifen<br \/>\nVerstellbarer Riemen erm\u00f6glicht es Ihnen, ihn \u00fcberall auf einem Kinderwagen zu platzieren<\/p>\n","protected":false},"featured_media":147316,"comment_status":"open","ping_status":"closed","template":"","meta":[],"product_brand":[],"product_cat":[21,9329],"product_tag":[],"class_list":{"0":"post-147315","1":"product","2":"type-product","3":"status-publish","4":"has-post-thumbnail","6":"product_cat-baby","7":"product_cat-kinderwagen-buggys-zubehoer-baby","8":"pa_binding-babyartikel","9":"pa_brand-oxo","10":"pa_color-grau","11":"pa_height-7-3-zoll","12":"pa_length-1-6-zoll","13":"pa_manufacturer-oxo-tot","14":"pa_model-40780","15":"pa_size-2-count-pack-of-1","16":"pa_weight-0-19-pfund","17":"pa_width-7-3-zoll","19":"first","20":"instock","21":"shipping-taxable","22":"purchasable","23":"product-type-simple","24":"customify-col","25":"product-has-gallery"},"yoast_head":"<!-- This site is optimized with the Yoast SEO plugin v27.3 - https:\/\/yoast.com\/product\/yoast-seo-wordpress\/ -->\n<title>OXO Tot Handy Stroller Hooks - Gray - 2 Pack - Markt-XXL<\/title>\n<meta name=\"description\" content=\"Markt-XXL OXO Tot Handy Stroller Hooks - Gray - 2 Pack\" \/>\n<meta name=\"robots\" content=\"index, follow, max-snippet:-1, max-image-preview:large, max-video-preview:-1\" \/>\n<link rel=\"canonical\" href=\"https:\/\/marktxxl.de\/markt\/produkt\/oxo-tot-handy-stroller-hooks-gray-2-pack\/\" \/>\n<meta property=\"og:locale\" content=\"de_DE\" \/>\n<meta property=\"og:type\" content=\"article\" \/>\n<meta property=\"og:title\" content=\"OXO Tot Handy Stroller Hooks - Gray - 2 Pack - Markt-XXL\" \/>\n<meta property=\"og:description\" content=\"Markt-XXL OXO Tot Handy Stroller Hooks - Gray - 2 Pack\" \/>\n<meta property=\"og:url\" content=\"https:\/\/marktxxl.de\/markt\/produkt\/oxo-tot-handy-stroller-hooks-gray-2-pack\/\" \/>\n<meta property=\"og:site_name\" content=\"Markt-XXL\" \/>\n<meta property=\"article:modified_time\" content=\"2023-04-09T02:06:37+00:00\" \/>\n<meta property=\"og:image\" content=\"https:\/\/m.media-amazon.com\/images\/I\/31iNUlv3KjL._SL500_.jpg\" \/>\n\t<meta property=\"og:image:width\" content=\"500\" \/>\n\t<meta property=\"og:image:height\" content=\"256\" \/>\n\t<meta property=\"og:image:type\" content=\"image\/jpeg\" \/>\n<meta name=\"twitter:card\" content=\"summary_large_image\" \/>\n<meta name=\"twitter:label1\" content=\"Gesch\u00e4tzte Lesezeit\" \/>\n\t<meta name=\"twitter:data1\" content=\"1\u00a0Minute\" \/>\n<script type=\"application\/ld+json\" class=\"yoast-schema-graph\">{\"@context\":\"https:\\\/\\\/schema.org\",\"@graph\":[{\"@type\":\"WebPage\",\"@id\":\"https:\\\/\\\/marktxxl.de\\\/markt\\\/produkt\\\/oxo-tot-handy-stroller-hooks-gray-2-pack\\\/\",\"url\":\"https:\\\/\\\/marktxxl.de\\\/markt\\\/produkt\\\/oxo-tot-handy-stroller-hooks-gray-2-pack\\\/\",\"name\":\"OXO Tot Handy Stroller Hooks - Gray - 2 Pack - Markt-XXL\",\"isPartOf\":{\"@id\":\"https:\\\/\\\/marktxxl.de\\\/markt\\\/#website\"},\"primaryImageOfPage\":{\"@id\":\"https:\\\/\\\/marktxxl.de\\\/markt\\\/produkt\\\/oxo-tot-handy-stroller-hooks-gray-2-pack\\\/#primaryimage\"},\"image\":{\"@id\":\"https:\\\/\\\/marktxxl.de\\\/markt\\\/produkt\\\/oxo-tot-handy-stroller-hooks-gray-2-pack\\\/#primaryimage\"},\"thumbnailUrl\":\"https:\\\/\\\/m.media-amazon.com\\\/images\\\/I\\\/31iNUlv3KjL._SL500_.jpg\",\"datePublished\":\"2022-09-11T20:19:46+00:00\",\"dateModified\":\"2023-04-09T02:06:37+00:00\",\"description\":\"Markt-XXL OXO Tot Handy Stroller Hooks - Gray - 2 Pack\",\"breadcrumb\":{\"@id\":\"https:\\\/\\\/marktxxl.de\\\/markt\\\/produkt\\\/oxo-tot-handy-stroller-hooks-gray-2-pack\\\/#breadcrumb\"},\"inLanguage\":\"de\",\"potentialAction\":[{\"@type\":\"ReadAction\",\"target\":[\"https:\\\/\\\/marktxxl.de\\\/markt\\\/produkt\\\/oxo-tot-handy-stroller-hooks-gray-2-pack\\\/\"]}]},{\"@type\":\"ImageObject\",\"inLanguage\":\"de\",\"@id\":\"https:\\\/\\\/marktxxl.de\\\/markt\\\/produkt\\\/oxo-tot-handy-stroller-hooks-gray-2-pack\\\/#primaryimage\",\"url\":\"https:\\\/\\\/m.media-amazon.com\\\/images\\\/I\\\/31iNUlv3KjL._SL500_.jpg\",\"contentUrl\":\"https:\\\/\\\/m.media-amazon.com\\\/images\\\/I\\\/31iNUlv3KjL._SL500_.jpg\",\"width\":500,\"height\":256},{\"@type\":\"BreadcrumbList\",\"@id\":\"https:\\\/\\\/marktxxl.de\\\/markt\\\/produkt\\\/oxo-tot-handy-stroller-hooks-gray-2-pack\\\/#breadcrumb\",\"itemListElement\":[{\"@type\":\"ListItem\",\"position\":1,\"name\":\"Startseite\",\"item\":\"https:\\\/\\\/marktxxl.de\\\/markt\\\/\"},{\"@type\":\"ListItem\",\"position\":2,\"name\":\"Markt\",\"item\":\"https:\\\/\\\/marktxxl.de\\\/markt\\\/\"},{\"@type\":\"ListItem\",\"position\":3,\"name\":\"OXO Tot Handy Stroller Hooks &#8211; Gray &#8211; 2 Pack\"}]},{\"@type\":\"WebSite\",\"@id\":\"https:\\\/\\\/marktxxl.de\\\/markt\\\/#website\",\"url\":\"https:\\\/\\\/marktxxl.de\\\/markt\\\/\",\"name\":\"Markt-XXL\",\"description\":\"Ihr Markt Online\",\"publisher\":{\"@id\":\"https:\\\/\\\/marktxxl.de\\\/markt\\\/#organization\"},\"potentialAction\":[{\"@type\":\"SearchAction\",\"target\":{\"@type\":\"EntryPoint\",\"urlTemplate\":\"https:\\\/\\\/marktxxl.de\\\/markt\\\/?s={search_term_string}\"},\"query-input\":{\"@type\":\"PropertyValueSpecification\",\"valueRequired\":true,\"valueName\":\"search_term_string\"}}],\"inLanguage\":\"de\"},{\"@type\":\"Organization\",\"@id\":\"https:\\\/\\\/marktxxl.de\\\/markt\\\/#organization\",\"name\":\"Markt-XXL\",\"url\":\"https:\\\/\\\/marktxxl.de\\\/markt\\\/\",\"logo\":{\"@type\":\"ImageObject\",\"inLanguage\":\"de\",\"@id\":\"https:\\\/\\\/marktxxl.de\\\/markt\\\/#\\\/schema\\\/logo\\\/image\\\/\",\"url\":\"https:\\\/\\\/marktxxl.de\\\/markt\\\/wp-content\\\/uploads\\\/sites\\\/3\\\/2020\\\/12\\\/logo.png\",\"contentUrl\":\"https:\\\/\\\/marktxxl.de\\\/markt\\\/wp-content\\\/uploads\\\/sites\\\/3\\\/2020\\\/12\\\/logo.png\",\"width\":200,\"height\":70,\"caption\":\"Markt-XXL\"},\"image\":{\"@id\":\"https:\\\/\\\/marktxxl.de\\\/markt\\\/#\\\/schema\\\/logo\\\/image\\\/\"}}]}<\/script>\n<!-- \/ Yoast SEO plugin. -->","yoast_head_json":{"title":"OXO Tot Handy Stroller Hooks - Gray - 2 Pack - Markt-XXL","description":"Markt-XXL OXO Tot Handy Stroller Hooks - Gray - 2 Pack","robots":{"index":"index","follow":"follow","max-snippet":"max-snippet:-1","max-image-preview":"max-image-preview:large","max-video-preview":"max-video-preview:-1"},"canonical":"https:\/\/marktxxl.de\/markt\/produkt\/oxo-tot-handy-stroller-hooks-gray-2-pack\/","og_locale":"de_DE","og_type":"article","og_title":"OXO Tot Handy Stroller Hooks - Gray - 2 Pack - Markt-XXL","og_description":"Markt-XXL OXO Tot Handy Stroller Hooks - Gray - 2 Pack","og_url":"https:\/\/marktxxl.de\/markt\/produkt\/oxo-tot-handy-stroller-hooks-gray-2-pack\/","og_site_name":"Markt-XXL","article_modified_time":"2023-04-09T02:06:37+00:00","og_image":[{"width":500,"height":256,"url":"https:\/\/m.media-amazon.com\/images\/I\/31iNUlv3KjL._SL500_.jpg","type":"image\/jpeg"}],"twitter_card":"summary_large_image","twitter_misc":{"Gesch\u00e4tzte Lesezeit":"1\u00a0Minute"},"schema":{"@context":"https:\/\/schema.org","@graph":[{"@type":"WebPage","@id":"https:\/\/marktxxl.de\/markt\/produkt\/oxo-tot-handy-stroller-hooks-gray-2-pack\/","url":"https:\/\/marktxxl.de\/markt\/produkt\/oxo-tot-handy-stroller-hooks-gray-2-pack\/","name":"OXO Tot Handy Stroller Hooks - Gray - 2 Pack - Markt-XXL","isPartOf":{"@id":"https:\/\/marktxxl.de\/markt\/#website"},"primaryImageOfPage":{"@id":"https:\/\/marktxxl.de\/markt\/produkt\/oxo-tot-handy-stroller-hooks-gray-2-pack\/#primaryimage"},"image":{"@id":"https:\/\/marktxxl.de\/markt\/produkt\/oxo-tot-handy-stroller-hooks-gray-2-pack\/#primaryimage"},"thumbnailUrl":"https:\/\/m.media-amazon.com\/images\/I\/31iNUlv3KjL._SL500_.jpg","datePublished":"2022-09-11T20:19:46+00:00","dateModified":"2023-04-09T02:06:37+00:00","description":"Markt-XXL OXO Tot Handy Stroller Hooks - Gray - 2 Pack","breadcrumb":{"@id":"https:\/\/marktxxl.de\/markt\/produkt\/oxo-tot-handy-stroller-hooks-gray-2-pack\/#breadcrumb"},"inLanguage":"de","potentialAction":[{"@type":"ReadAction","target":["https:\/\/marktxxl.de\/markt\/produkt\/oxo-tot-handy-stroller-hooks-gray-2-pack\/"]}]},{"@type":"ImageObject","inLanguage":"de","@id":"https:\/\/marktxxl.de\/markt\/produkt\/oxo-tot-handy-stroller-hooks-gray-2-pack\/#primaryimage","url":"https:\/\/m.media-amazon.com\/images\/I\/31iNUlv3KjL._SL500_.jpg","contentUrl":"https:\/\/m.media-amazon.com\/images\/I\/31iNUlv3KjL._SL500_.jpg","width":500,"height":256},{"@type":"BreadcrumbList","@id":"https:\/\/marktxxl.de\/markt\/produkt\/oxo-tot-handy-stroller-hooks-gray-2-pack\/#breadcrumb","itemListElement":[{"@type":"ListItem","position":1,"name":"Startseite","item":"https:\/\/marktxxl.de\/markt\/"},{"@type":"ListItem","position":2,"name":"Markt","item":"https:\/\/marktxxl.de\/markt\/"},{"@type":"ListItem","position":3,"name":"OXO Tot Handy Stroller Hooks &#8211; Gray &#8211; 2 Pack"}]},{"@type":"WebSite","@id":"https:\/\/marktxxl.de\/markt\/#website","url":"https:\/\/marktxxl.de\/markt\/","name":"Markt-XXL","description":"Ihr Markt Online","publisher":{"@id":"https:\/\/marktxxl.de\/markt\/#organization"},"potentialAction":[{"@type":"SearchAction","target":{"@type":"EntryPoint","urlTemplate":"https:\/\/marktxxl.de\/markt\/?s={search_term_string}"},"query-input":{"@type":"PropertyValueSpecification","valueRequired":true,"valueName":"search_term_string"}}],"inLanguage":"de"},{"@type":"Organization","@id":"https:\/\/marktxxl.de\/markt\/#organization","name":"Markt-XXL","url":"https:\/\/marktxxl.de\/markt\/","logo":{"@type":"ImageObject","inLanguage":"de","@id":"https:\/\/marktxxl.de\/markt\/#\/schema\/logo\/image\/","url":"https:\/\/marktxxl.de\/markt\/wp-content\/uploads\/sites\/3\/2020\/12\/logo.png","contentUrl":"https:\/\/marktxxl.de\/markt\/wp-content\/uploads\/sites\/3\/2020\/12\/logo.png","width":200,"height":70,"caption":"Markt-XXL"},"image":{"@id":"https:\/\/marktxxl.de\/markt\/#\/schema\/logo\/image\/"}}]}},"_links":{"self":[{"href":"https:\/\/marktxxl.de\/markt\/wp-json\/wp\/v2\/product\/147315","targetHints":{"allow":["GET"]}}],"collection":[{"href":"https:\/\/marktxxl.de\/markt\/wp-json\/wp\/v2\/product"}],"about":[{"href":"https:\/\/marktxxl.de\/markt\/wp-json\/wp\/v2\/types\/product"}],"replies":[{"embeddable":true,"href":"https:\/\/marktxxl.de\/markt\/wp-json\/wp\/v2\/comments?post=147315"}],"wp:featuredmedia":[{"embeddable":true,"href":"https:\/\/marktxxl.de\/markt\/wp-json\/wp\/v2\/media\/147316"}],"wp:attachment":[{"href":"https:\/\/marktxxl.de\/markt\/wp-json\/wp\/v2\/media?parent=147315"}],"wp:term":[{"taxonomy":"product_brand","embeddable":true,"href":"https:\/\/marktxxl.de\/markt\/wp-json\/wp\/v2\/product_brand?post=147315"},{"taxonomy":"product_cat","embeddable":true,"href":"https:\/\/marktxxl.de\/markt\/wp-json\/wp\/v2\/product_cat?post=147315"},{"taxonomy":"product_tag","embeddable":true,"href":"https:\/\/marktxxl.de\/markt\/wp-json\/wp\/v2\/product_tag?post=147315"}],"curies":[{"name":"wp","href":"https:\/\/api.w.org\/{rel}","templated":true}]}}