{"id":146730,"date":"2022-09-11T20:19:27","date_gmt":"2022-09-11T18:19:27","guid":{"rendered":"https:\/\/marktxxl.de\/markt\/produkt\/ullenboom-babynest-kuschelnest-55x95-cm-made-in-eu-baby-nestchen-aus-baumwolle-ideal-als-reisebett-baby-cocoon-kuschelbett-motiv-sterne-punkte\/"},"modified":"2023-04-11T04:25:16","modified_gmt":"2023-04-11T02:25:16","slug":"ullenboom-babynest-kuschelnest-55x95-cm-made-in-eu-baby-nestchen-aus-baumwolle-ideal-als-reisebett-baby-cocoon-kuschelbett-motiv-sterne-punkte","status":"publish","type":"product","link":"https:\/\/marktxxl.de\/markt\/produkt\/ullenboom-babynest-kuschelnest-55x95-cm-made-in-eu-baby-nestchen-aus-baumwolle-ideal-als-reisebett-baby-cocoon-kuschelbett-motiv-sterne-punkte\/","title":{"rendered":"ULLENBOOM \u00ae Babynest &amp; Kuschelnest (55&#215;95 cm) Blau Hellblau (Made in EU) &#8211; Baby Nestchen aus Baumwolle, ideal als\u2026"},"content":{"rendered":"<p>BEQUEMER SCHLAFPLATZ: Dieses weiche &amp; gem\u00fctliche Babynestchen eignet sich ideal als sicherer Schlafplatz im Elternbett, Kinderwagen oder als Reisebett f\u00fcr den Mittagsschlaf unterwegs.<br \/>\nSCH\u00d6NES DESIGN: Das Baby Nest verf\u00fcgt \u00fcber ein kindgerechtes &amp; sehr liebevolles Design. Der Patchwork-Style mit Sternen und Punkten gef\u00e4llt Jungs &amp; M\u00e4dchen gleicherma\u00dfen gut.<br \/>\nHOCHWERTIGES MATERIAL: Sowohl das Au\u00dfenmaterial (Baumwolle) als auch das Innenmaterial (Polyesterflocken) sind OEKO-TEX zertifiziert. Somit ist das Baby Kuschelnest anti-allergisch &amp; schadstoffgepr\u00fcft.<br \/>\nUNKOMPLIZIERTE HANDHABUNG: Das Baby Kuschelbett kann einfach \u00fcberall hin mitgenommen werden. Nach der Verwendung kannst du es zudem bei 30 \u00b0C waschen. So bleibt alles hygienisch.<br \/>\nDAS IST ULLENBOOM : Alle Produkte unserer Marke werden in einem Familienbetrieb unter tollen Arbeitsbedingungen gefertigt. Entdecke auch unser anderes sch\u00f6nes Babyzubeh\u00f6r im Patchwork-Look.<br \/>\n<div class=\"main-cross-sell\" data-asin=\"B09P42V828\">\n\n\t<div class=\"WooZone-cross-sell-loader\">\n\t\t<div>\n\t\t\t<div id=\"floatingBarsG\">\n\t\t\t\t<div class=\"blockG\" id=\"rotateG_01\"><\/div>\n\t\t\t\t<div class=\"blockG\" id=\"rotateG_02\"><\/div>\n\t\t\t\t<div class=\"blockG\" id=\"rotateG_03\"><\/div>\n\t\t\t\t<div class=\"blockG\" id=\"rotateG_04\"><\/div>\n\t\t\t\t<div class=\"blockG\" id=\"rotateG_05\"><\/div>\n\t\t\t\t<div class=\"blockG\" id=\"rotateG_06\"><\/div>\n\t\t\t\t<div class=\"blockG\" id=\"rotateG_07\"><\/div>\n\t\t\t\t<div class=\"blockG\" id=\"rotateG_08\"><\/div>\n\t\t\t<\/div>\n\t\t\t<div class=\"WooZone-cross-sell-loader-text\"><\/div>\n\t\t<\/div>\n\t<\/div>\n\n\t\t\n<\/div>\n<div style=\"clear:both;\"><\/div><\/p>\n","protected":false},"excerpt":{"rendered":"<p>BEQUEMER SCHLAFPLATZ: Dieses weiche &amp; gem\u00fctliche Babynestchen eignet sich ideal als sicherer Schlafplatz im Elternbett, Kinderwagen oder als Reisebett f\u00fcr den Mittagsschlaf unterwegs.<br \/>\nSCH\u00d6NES DESIGN: Das Baby Nest verf\u00fcgt \u00fcber ein kindgerechtes &amp; sehr liebevolles Design. Der Patchwork-Style mit Sternen und Punkten gef\u00e4llt Jungs &amp; M\u00e4dchen gleicherma\u00dfen gut.<br \/>\nHOCHWERTIGES MATERIAL: Sowohl das Au\u00dfenmaterial (Baumwolle) als auch das Innenmaterial (Polyesterflocken) sind OEKO-TEX zertifiziert. Somit ist das Baby Kuschelnest anti-allergisch &amp; schadstoffgepr\u00fcft.<\/p>\n","protected":false},"featured_media":146731,"comment_status":"open","ping_status":"closed","template":"","meta":[],"product_brand":[],"product_cat":[8765,21],"product_tag":[],"class_list":{"0":"post-146730","1":"product","2":"type-product","3":"status-publish","4":"has-post-thumbnail","6":"product_cat-autositze-zubehoer-baby","7":"product_cat-baby","8":"pa_brand-ullenboom","9":"pa_manufacturer-ullenboom","11":"first","12":"instock","13":"shipping-taxable","14":"purchasable","15":"product-type-simple","16":"customify-col","17":"product-has-gallery"},"yoast_head":"<!-- This site is optimized with the Yoast SEO plugin v27.4 - https:\/\/yoast.com\/product\/yoast-seo-wordpress\/ -->\n<title>ULLENBOOM \u00ae Babynest &amp; Kuschelnest (55x95 cm) Blau Hellblau (Made in EU) - Baby Nestchen aus Baumwolle, ideal als\u2026 - Markt-XXL<\/title>\n<meta name=\"description\" content=\"Markt-XXL ULLENBOOM \u00ae Babynest &amp; Kuschelnest (55x95 cm) Blau Hellblau (Made in EU) - Baby Nestchen aus Baumwolle, ideal als\u2026\" \/>\n<meta name=\"robots\" content=\"index, follow, max-snippet:-1, max-image-preview:large, max-video-preview:-1\" \/>\n<link rel=\"canonical\" href=\"https:\/\/marktxxl.de\/markt\/produkt\/ullenboom-babynest-kuschelnest-55x95-cm-made-in-eu-baby-nestchen-aus-baumwolle-ideal-als-reisebett-baby-cocoon-kuschelbett-motiv-sterne-punkte\/\" \/>\n<meta property=\"og:locale\" content=\"de_DE\" \/>\n<meta property=\"og:type\" content=\"article\" \/>\n<meta property=\"og:title\" content=\"ULLENBOOM \u00ae Babynest &amp; Kuschelnest (55x95 cm) Blau Hellblau (Made in EU) - Baby Nestchen aus Baumwolle, ideal als\u2026 - Markt-XXL\" \/>\n<meta property=\"og:description\" content=\"Markt-XXL ULLENBOOM \u00ae Babynest &amp; Kuschelnest (55x95 cm) Blau Hellblau (Made in EU) - Baby Nestchen aus Baumwolle, ideal als\u2026\" \/>\n<meta property=\"og:url\" content=\"https:\/\/marktxxl.de\/markt\/produkt\/ullenboom-babynest-kuschelnest-55x95-cm-made-in-eu-baby-nestchen-aus-baumwolle-ideal-als-reisebett-baby-cocoon-kuschelbett-motiv-sterne-punkte\/\" \/>\n<meta property=\"og:site_name\" content=\"Markt-XXL\" \/>\n<meta property=\"article:modified_time\" content=\"2023-04-11T02:25:16+00:00\" \/>\n<meta property=\"og:image\" content=\"https:\/\/m.media-amazon.com\/images\/I\/41zj7MPf7eL._SL500_.jpg\" \/>\n\t<meta property=\"og:image:width\" content=\"500\" \/>\n\t<meta property=\"og:image:height\" content=\"333\" \/>\n\t<meta property=\"og:image:type\" content=\"image\/jpeg\" \/>\n<meta name=\"twitter:card\" content=\"summary_large_image\" \/>\n<meta name=\"twitter:label1\" content=\"Gesch\u00e4tzte Lesezeit\" \/>\n\t<meta name=\"twitter:data1\" content=\"1\u00a0Minute\" \/>\n<script type=\"application\/ld+json\" class=\"yoast-schema-graph\">{\"@context\":\"https:\\\/\\\/schema.org\",\"@graph\":[{\"@type\":\"WebPage\",\"@id\":\"https:\\\/\\\/marktxxl.de\\\/markt\\\/produkt\\\/ullenboom-babynest-kuschelnest-55x95-cm-made-in-eu-baby-nestchen-aus-baumwolle-ideal-als-reisebett-baby-cocoon-kuschelbett-motiv-sterne-punkte\\\/\",\"url\":\"https:\\\/\\\/marktxxl.de\\\/markt\\\/produkt\\\/ullenboom-babynest-kuschelnest-55x95-cm-made-in-eu-baby-nestchen-aus-baumwolle-ideal-als-reisebett-baby-cocoon-kuschelbett-motiv-sterne-punkte\\\/\",\"name\":\"ULLENBOOM \u00ae Babynest &amp; Kuschelnest (55x95 cm) Blau Hellblau (Made in EU) - Baby Nestchen aus Baumwolle, ideal als\u2026 - Markt-XXL\",\"isPartOf\":{\"@id\":\"https:\\\/\\\/marktxxl.de\\\/markt\\\/#website\"},\"primaryImageOfPage\":{\"@id\":\"https:\\\/\\\/marktxxl.de\\\/markt\\\/produkt\\\/ullenboom-babynest-kuschelnest-55x95-cm-made-in-eu-baby-nestchen-aus-baumwolle-ideal-als-reisebett-baby-cocoon-kuschelbett-motiv-sterne-punkte\\\/#primaryimage\"},\"image\":{\"@id\":\"https:\\\/\\\/marktxxl.de\\\/markt\\\/produkt\\\/ullenboom-babynest-kuschelnest-55x95-cm-made-in-eu-baby-nestchen-aus-baumwolle-ideal-als-reisebett-baby-cocoon-kuschelbett-motiv-sterne-punkte\\\/#primaryimage\"},\"thumbnailUrl\":\"https:\\\/\\\/m.media-amazon.com\\\/images\\\/I\\\/41zj7MPf7eL._SL500_.jpg\",\"datePublished\":\"2022-09-11T18:19:27+00:00\",\"dateModified\":\"2023-04-11T02:25:16+00:00\",\"description\":\"Markt-XXL ULLENBOOM \u00ae Babynest &amp; Kuschelnest (55x95 cm) Blau Hellblau (Made in EU) - Baby Nestchen aus Baumwolle, ideal als\u2026\",\"breadcrumb\":{\"@id\":\"https:\\\/\\\/marktxxl.de\\\/markt\\\/produkt\\\/ullenboom-babynest-kuschelnest-55x95-cm-made-in-eu-baby-nestchen-aus-baumwolle-ideal-als-reisebett-baby-cocoon-kuschelbett-motiv-sterne-punkte\\\/#breadcrumb\"},\"inLanguage\":\"de\",\"potentialAction\":[{\"@type\":\"ReadAction\",\"target\":[\"https:\\\/\\\/marktxxl.de\\\/markt\\\/produkt\\\/ullenboom-babynest-kuschelnest-55x95-cm-made-in-eu-baby-nestchen-aus-baumwolle-ideal-als-reisebett-baby-cocoon-kuschelbett-motiv-sterne-punkte\\\/\"]}]},{\"@type\":\"ImageObject\",\"inLanguage\":\"de\",\"@id\":\"https:\\\/\\\/marktxxl.de\\\/markt\\\/produkt\\\/ullenboom-babynest-kuschelnest-55x95-cm-made-in-eu-baby-nestchen-aus-baumwolle-ideal-als-reisebett-baby-cocoon-kuschelbett-motiv-sterne-punkte\\\/#primaryimage\",\"url\":\"https:\\\/\\\/m.media-amazon.com\\\/images\\\/I\\\/41zj7MPf7eL._SL500_.jpg\",\"contentUrl\":\"https:\\\/\\\/m.media-amazon.com\\\/images\\\/I\\\/41zj7MPf7eL._SL500_.jpg\",\"width\":500,\"height\":333},{\"@type\":\"BreadcrumbList\",\"@id\":\"https:\\\/\\\/marktxxl.de\\\/markt\\\/produkt\\\/ullenboom-babynest-kuschelnest-55x95-cm-made-in-eu-baby-nestchen-aus-baumwolle-ideal-als-reisebett-baby-cocoon-kuschelbett-motiv-sterne-punkte\\\/#breadcrumb\",\"itemListElement\":[{\"@type\":\"ListItem\",\"position\":1,\"name\":\"Startseite\",\"item\":\"https:\\\/\\\/marktxxl.de\\\/markt\\\/\"},{\"@type\":\"ListItem\",\"position\":2,\"name\":\"Markt\",\"item\":\"https:\\\/\\\/marktxxl.de\\\/markt\\\/\"},{\"@type\":\"ListItem\",\"position\":3,\"name\":\"ULLENBOOM \u00ae Babynest &amp; Kuschelnest (55&#215;95 cm) Blau Hellblau (Made in EU) &#8211; Baby Nestchen aus Baumwolle, ideal als\u2026\"}]},{\"@type\":\"WebSite\",\"@id\":\"https:\\\/\\\/marktxxl.de\\\/markt\\\/#website\",\"url\":\"https:\\\/\\\/marktxxl.de\\\/markt\\\/\",\"name\":\"Markt-XXL\",\"description\":\"Ihr Markt Online\",\"publisher\":{\"@id\":\"https:\\\/\\\/marktxxl.de\\\/markt\\\/#organization\"},\"potentialAction\":[{\"@type\":\"SearchAction\",\"target\":{\"@type\":\"EntryPoint\",\"urlTemplate\":\"https:\\\/\\\/marktxxl.de\\\/markt\\\/?s={search_term_string}\"},\"query-input\":{\"@type\":\"PropertyValueSpecification\",\"valueRequired\":true,\"valueName\":\"search_term_string\"}}],\"inLanguage\":\"de\"},{\"@type\":\"Organization\",\"@id\":\"https:\\\/\\\/marktxxl.de\\\/markt\\\/#organization\",\"name\":\"Markt-XXL\",\"url\":\"https:\\\/\\\/marktxxl.de\\\/markt\\\/\",\"logo\":{\"@type\":\"ImageObject\",\"inLanguage\":\"de\",\"@id\":\"https:\\\/\\\/marktxxl.de\\\/markt\\\/#\\\/schema\\\/logo\\\/image\\\/\",\"url\":\"https:\\\/\\\/marktxxl.de\\\/markt\\\/wp-content\\\/uploads\\\/sites\\\/3\\\/2020\\\/12\\\/logo.png\",\"contentUrl\":\"https:\\\/\\\/marktxxl.de\\\/markt\\\/wp-content\\\/uploads\\\/sites\\\/3\\\/2020\\\/12\\\/logo.png\",\"width\":200,\"height\":70,\"caption\":\"Markt-XXL\"},\"image\":{\"@id\":\"https:\\\/\\\/marktxxl.de\\\/markt\\\/#\\\/schema\\\/logo\\\/image\\\/\"}}]}<\/script>\n<!-- \/ Yoast SEO plugin. -->","yoast_head_json":{"title":"ULLENBOOM \u00ae Babynest &amp; Kuschelnest (55x95 cm) Blau Hellblau (Made in EU) - Baby Nestchen aus Baumwolle, ideal als\u2026 - Markt-XXL","description":"Markt-XXL ULLENBOOM \u00ae Babynest &amp; Kuschelnest (55x95 cm) Blau Hellblau (Made in EU) - Baby Nestchen aus Baumwolle, ideal als\u2026","robots":{"index":"index","follow":"follow","max-snippet":"max-snippet:-1","max-image-preview":"max-image-preview:large","max-video-preview":"max-video-preview:-1"},"canonical":"https:\/\/marktxxl.de\/markt\/produkt\/ullenboom-babynest-kuschelnest-55x95-cm-made-in-eu-baby-nestchen-aus-baumwolle-ideal-als-reisebett-baby-cocoon-kuschelbett-motiv-sterne-punkte\/","og_locale":"de_DE","og_type":"article","og_title":"ULLENBOOM \u00ae Babynest &amp; Kuschelnest (55x95 cm) Blau Hellblau (Made in EU) - Baby Nestchen aus Baumwolle, ideal als\u2026 - Markt-XXL","og_description":"Markt-XXL ULLENBOOM \u00ae Babynest &amp; Kuschelnest (55x95 cm) Blau Hellblau (Made in EU) - Baby Nestchen aus Baumwolle, ideal als\u2026","og_url":"https:\/\/marktxxl.de\/markt\/produkt\/ullenboom-babynest-kuschelnest-55x95-cm-made-in-eu-baby-nestchen-aus-baumwolle-ideal-als-reisebett-baby-cocoon-kuschelbett-motiv-sterne-punkte\/","og_site_name":"Markt-XXL","article_modified_time":"2023-04-11T02:25:16+00:00","og_image":[{"width":500,"height":333,"url":"https:\/\/m.media-amazon.com\/images\/I\/41zj7MPf7eL._SL500_.jpg","type":"image\/jpeg"}],"twitter_card":"summary_large_image","twitter_misc":{"Gesch\u00e4tzte Lesezeit":"1\u00a0Minute"},"schema":{"@context":"https:\/\/schema.org","@graph":[{"@type":"WebPage","@id":"https:\/\/marktxxl.de\/markt\/produkt\/ullenboom-babynest-kuschelnest-55x95-cm-made-in-eu-baby-nestchen-aus-baumwolle-ideal-als-reisebett-baby-cocoon-kuschelbett-motiv-sterne-punkte\/","url":"https:\/\/marktxxl.de\/markt\/produkt\/ullenboom-babynest-kuschelnest-55x95-cm-made-in-eu-baby-nestchen-aus-baumwolle-ideal-als-reisebett-baby-cocoon-kuschelbett-motiv-sterne-punkte\/","name":"ULLENBOOM \u00ae Babynest &amp; Kuschelnest (55x95 cm) Blau Hellblau (Made in EU) - Baby Nestchen aus Baumwolle, ideal als\u2026 - Markt-XXL","isPartOf":{"@id":"https:\/\/marktxxl.de\/markt\/#website"},"primaryImageOfPage":{"@id":"https:\/\/marktxxl.de\/markt\/produkt\/ullenboom-babynest-kuschelnest-55x95-cm-made-in-eu-baby-nestchen-aus-baumwolle-ideal-als-reisebett-baby-cocoon-kuschelbett-motiv-sterne-punkte\/#primaryimage"},"image":{"@id":"https:\/\/marktxxl.de\/markt\/produkt\/ullenboom-babynest-kuschelnest-55x95-cm-made-in-eu-baby-nestchen-aus-baumwolle-ideal-als-reisebett-baby-cocoon-kuschelbett-motiv-sterne-punkte\/#primaryimage"},"thumbnailUrl":"https:\/\/m.media-amazon.com\/images\/I\/41zj7MPf7eL._SL500_.jpg","datePublished":"2022-09-11T18:19:27+00:00","dateModified":"2023-04-11T02:25:16+00:00","description":"Markt-XXL ULLENBOOM \u00ae Babynest &amp; Kuschelnest (55x95 cm) Blau Hellblau (Made in EU) - Baby Nestchen aus Baumwolle, ideal als\u2026","breadcrumb":{"@id":"https:\/\/marktxxl.de\/markt\/produkt\/ullenboom-babynest-kuschelnest-55x95-cm-made-in-eu-baby-nestchen-aus-baumwolle-ideal-als-reisebett-baby-cocoon-kuschelbett-motiv-sterne-punkte\/#breadcrumb"},"inLanguage":"de","potentialAction":[{"@type":"ReadAction","target":["https:\/\/marktxxl.de\/markt\/produkt\/ullenboom-babynest-kuschelnest-55x95-cm-made-in-eu-baby-nestchen-aus-baumwolle-ideal-als-reisebett-baby-cocoon-kuschelbett-motiv-sterne-punkte\/"]}]},{"@type":"ImageObject","inLanguage":"de","@id":"https:\/\/marktxxl.de\/markt\/produkt\/ullenboom-babynest-kuschelnest-55x95-cm-made-in-eu-baby-nestchen-aus-baumwolle-ideal-als-reisebett-baby-cocoon-kuschelbett-motiv-sterne-punkte\/#primaryimage","url":"https:\/\/m.media-amazon.com\/images\/I\/41zj7MPf7eL._SL500_.jpg","contentUrl":"https:\/\/m.media-amazon.com\/images\/I\/41zj7MPf7eL._SL500_.jpg","width":500,"height":333},{"@type":"BreadcrumbList","@id":"https:\/\/marktxxl.de\/markt\/produkt\/ullenboom-babynest-kuschelnest-55x95-cm-made-in-eu-baby-nestchen-aus-baumwolle-ideal-als-reisebett-baby-cocoon-kuschelbett-motiv-sterne-punkte\/#breadcrumb","itemListElement":[{"@type":"ListItem","position":1,"name":"Startseite","item":"https:\/\/marktxxl.de\/markt\/"},{"@type":"ListItem","position":2,"name":"Markt","item":"https:\/\/marktxxl.de\/markt\/"},{"@type":"ListItem","position":3,"name":"ULLENBOOM \u00ae Babynest &amp; Kuschelnest (55&#215;95 cm) Blau Hellblau (Made in EU) &#8211; Baby Nestchen aus Baumwolle, ideal als\u2026"}]},{"@type":"WebSite","@id":"https:\/\/marktxxl.de\/markt\/#website","url":"https:\/\/marktxxl.de\/markt\/","name":"Markt-XXL","description":"Ihr Markt Online","publisher":{"@id":"https:\/\/marktxxl.de\/markt\/#organization"},"potentialAction":[{"@type":"SearchAction","target":{"@type":"EntryPoint","urlTemplate":"https:\/\/marktxxl.de\/markt\/?s={search_term_string}"},"query-input":{"@type":"PropertyValueSpecification","valueRequired":true,"valueName":"search_term_string"}}],"inLanguage":"de"},{"@type":"Organization","@id":"https:\/\/marktxxl.de\/markt\/#organization","name":"Markt-XXL","url":"https:\/\/marktxxl.de\/markt\/","logo":{"@type":"ImageObject","inLanguage":"de","@id":"https:\/\/marktxxl.de\/markt\/#\/schema\/logo\/image\/","url":"https:\/\/marktxxl.de\/markt\/wp-content\/uploads\/sites\/3\/2020\/12\/logo.png","contentUrl":"https:\/\/marktxxl.de\/markt\/wp-content\/uploads\/sites\/3\/2020\/12\/logo.png","width":200,"height":70,"caption":"Markt-XXL"},"image":{"@id":"https:\/\/marktxxl.de\/markt\/#\/schema\/logo\/image\/"}}]}},"_links":{"self":[{"href":"https:\/\/marktxxl.de\/markt\/wp-json\/wp\/v2\/product\/146730","targetHints":{"allow":["GET"]}}],"collection":[{"href":"https:\/\/marktxxl.de\/markt\/wp-json\/wp\/v2\/product"}],"about":[{"href":"https:\/\/marktxxl.de\/markt\/wp-json\/wp\/v2\/types\/product"}],"replies":[{"embeddable":true,"href":"https:\/\/marktxxl.de\/markt\/wp-json\/wp\/v2\/comments?post=146730"}],"wp:featuredmedia":[{"embeddable":true,"href":"https:\/\/marktxxl.de\/markt\/wp-json\/wp\/v2\/media\/146731"}],"wp:attachment":[{"href":"https:\/\/marktxxl.de\/markt\/wp-json\/wp\/v2\/media?parent=146730"}],"wp:term":[{"taxonomy":"product_brand","embeddable":true,"href":"https:\/\/marktxxl.de\/markt\/wp-json\/wp\/v2\/product_brand?post=146730"},{"taxonomy":"product_cat","embeddable":true,"href":"https:\/\/marktxxl.de\/markt\/wp-json\/wp\/v2\/product_cat?post=146730"},{"taxonomy":"product_tag","embeddable":true,"href":"https:\/\/marktxxl.de\/markt\/wp-json\/wp\/v2\/product_tag?post=146730"}],"curies":[{"name":"wp","href":"https:\/\/api.w.org\/{rel}","templated":true}]}}