{"id":146724,"date":"2022-09-11T20:19:20","date_gmt":"2022-09-11T18:19:20","guid":{"rendered":"https:\/\/marktxxl.de\/markt\/produkt\/lammfellfusssack-winterfusssack-fuer-kinderwagen-buggy-jogger-kinder-fusssack\/"},"modified":"2023-04-11T04:25:16","modified_gmt":"2023-04-11T02:25:16","slug":"lammfellfusssack-winterfusssack-fuer-kinderwagen-buggy-jogger-kinder-fusssack","status":"publish","type":"product","link":"https:\/\/marktxxl.de\/markt\/produkt\/lammfellfusssack-winterfusssack-fuer-kinderwagen-buggy-jogger-kinder-fusssack\/","title":{"rendered":"Lammfellfu\u00dfsack\/Winterfu\u00dfsack f\u00fcr Kinderwagen Buggy Jogger\/Kinder Fu\u00dfsack (Hellgrau Melange)"},"content":{"rendered":"<p>UNIVERSAL: Passend f\u00fcr jeden Kinderwagen oder Buggy. Dank 11 Gurtschlitzen kann der Fu\u00dfsack in jedem g\u00e4ngigen Kinderwagen mit dem 5-Punkte Gurtsystem befestigt werden. Ein flexibles Gummiband an der R\u00fcckseite verhindert l\u00e4stiges Verrutschen des Winterfu\u00dfsacks.<br \/>\nQUALIT\u00c4T: F\u00fcr dieses Produkt werden nur echte Merino Lammfelle verwendet, die vor extremen Wettersituationen sch\u00fctzen. Der Au\u00dfenbezug besteht aus wind- und wasserabweisendem Polyester.<br \/>\nPRAKTISCH: Durch 2 Rei\u00dfverschl\u00fcsse ist der Fu\u00dfsack komplett aufklappbar. Mit zwei Holzknebeln an den Seiten kann man das Vorderteil hochklappen, wodurch ein Schutz vor Zugluft und ein gr\u00f6\u00dferer Wohlf\u00fchlfaktor entsteht.<br \/>\nWOHLF\u00dcHLFAKTOR: Das Lammfell aus reiner Wolle erzeugt gesunde W\u00e4rme nach innen und ist sehr flauschig. Zwischen K\u00f6rper und Fell entsteht ein W\u00e4rmespeicher. Dieser h\u00e4lt unabh\u00e4ngig von der Au\u00dfentemperatur Ihr Kind immer angenehm warm.<br \/>\nMA\u00dfE: 97 x 45 x 6 cm \/ Medizinisch gegerbt<br \/>\n<div class=\"main-cross-sell\" data-asin=\"B08H5H4Q1Z\">\n\n\t<div class=\"WooZone-cross-sell-loader\">\n\t\t<div>\n\t\t\t<div id=\"floatingBarsG\">\n\t\t\t\t<div class=\"blockG\" id=\"rotateG_01\"><\/div>\n\t\t\t\t<div class=\"blockG\" id=\"rotateG_02\"><\/div>\n\t\t\t\t<div class=\"blockG\" id=\"rotateG_03\"><\/div>\n\t\t\t\t<div class=\"blockG\" id=\"rotateG_04\"><\/div>\n\t\t\t\t<div class=\"blockG\" id=\"rotateG_05\"><\/div>\n\t\t\t\t<div class=\"blockG\" id=\"rotateG_06\"><\/div>\n\t\t\t\t<div class=\"blockG\" id=\"rotateG_07\"><\/div>\n\t\t\t\t<div class=\"blockG\" id=\"rotateG_08\"><\/div>\n\t\t\t<\/div>\n\t\t\t<div class=\"WooZone-cross-sell-loader-text\"><\/div>\n\t\t<\/div>\n\t<\/div>\n\n\t\t\n<\/div>\n<div style=\"clear:both;\"><\/div><\/p>\n","protected":false},"excerpt":{"rendered":"<p>UNIVERSAL: Passend f\u00fcr jeden Kinderwagen oder Buggy. Dank 11 Gurtschlitzen kann der Fu\u00dfsack in jedem g\u00e4ngigen Kinderwagen mit dem 5-Punkte Gurtsystem befestigt werden. Ein flexibles Gummiband an der R\u00fcckseite verhindert l\u00e4stiges Verrutschen des Winterfu\u00dfsacks.<br \/>\nQUALIT\u00c4T: F\u00fcr dieses Produkt werden nur echte Merino Lammfelle verwendet, die vor extremen Wettersituationen sch\u00fctzen. Der Au\u00dfenbezug besteht aus wind- und wasserabweisendem Polyester.<br \/>\nPRAKTISCH: Durch 2 Rei\u00dfverschl\u00fcsse ist der Fu\u00dfsack komplett aufklappbar. Mit zwei Holzknebeln an den Seiten kann man das Vorderteil hochklappen, wodurch ein Schutz vor Zugluft und ein gr\u00f6\u00dferer Wohlf\u00fchlfaktor entsteht.<\/p>\n","protected":false},"featured_media":146725,"comment_status":"open","ping_status":"closed","template":"","meta":[],"product_brand":[],"product_cat":[8765,21],"product_tag":[],"class_list":{"0":"post-146724","1":"product","2":"type-product","3":"status-publish","4":"has-post-thumbnail","6":"product_cat-autositze-zubehoer-baby","7":"product_cat-baby","8":"pa_binding-babyartikel","9":"pa_brand-fillikid","10":"pa_height-2-362204722-zoll","11":"pa_length-38-188976339-zoll","12":"pa_manufacturer-fillikid","13":"pa_model-4790-wfs-bernina","14":"pa_weight-3-747858454-pfund","15":"pa_width-17-716535415-zoll","17":"first","18":"instock","19":"shipping-taxable","20":"purchasable","21":"product-type-simple","22":"customify-col","23":"product-has-gallery"},"yoast_head":"<!-- This site is optimized with the Yoast SEO plugin v27.3 - https:\/\/yoast.com\/product\/yoast-seo-wordpress\/ -->\n<title>Lammfellfu\u00dfsack\/Winterfu\u00dfsack f\u00fcr Kinderwagen Buggy Jogger\/Kinder Fu\u00dfsack (Hellgrau Melange) - Markt-XXL<\/title>\n<meta name=\"description\" content=\"Markt-XXL Lammfellfu\u00dfsack\/Winterfu\u00dfsack f\u00fcr Kinderwagen Buggy Jogger\/Kinder Fu\u00dfsack (Hellgrau Melange)\" \/>\n<meta name=\"robots\" content=\"index, follow, max-snippet:-1, max-image-preview:large, max-video-preview:-1\" \/>\n<link rel=\"canonical\" href=\"https:\/\/marktxxl.de\/markt\/produkt\/lammfellfusssack-winterfusssack-fuer-kinderwagen-buggy-jogger-kinder-fusssack\/\" \/>\n<meta property=\"og:locale\" content=\"de_DE\" \/>\n<meta property=\"og:type\" content=\"article\" \/>\n<meta property=\"og:title\" content=\"Lammfellfu\u00dfsack\/Winterfu\u00dfsack f\u00fcr Kinderwagen Buggy Jogger\/Kinder Fu\u00dfsack (Hellgrau Melange) - Markt-XXL\" \/>\n<meta property=\"og:description\" content=\"Markt-XXL Lammfellfu\u00dfsack\/Winterfu\u00dfsack f\u00fcr Kinderwagen Buggy Jogger\/Kinder Fu\u00dfsack (Hellgrau Melange)\" \/>\n<meta property=\"og:url\" content=\"https:\/\/marktxxl.de\/markt\/produkt\/lammfellfusssack-winterfusssack-fuer-kinderwagen-buggy-jogger-kinder-fusssack\/\" \/>\n<meta property=\"og:site_name\" content=\"Markt-XXL\" \/>\n<meta property=\"article:modified_time\" content=\"2023-04-11T02:25:16+00:00\" \/>\n<meta property=\"og:image\" content=\"https:\/\/m.media-amazon.com\/images\/I\/31V9Mmtj1DL._SL500_.jpg\" \/>\n\t<meta property=\"og:image:width\" content=\"500\" \/>\n\t<meta property=\"og:image:height\" content=\"500\" \/>\n\t<meta property=\"og:image:type\" content=\"image\/jpeg\" \/>\n<meta name=\"twitter:card\" content=\"summary_large_image\" \/>\n<meta name=\"twitter:label1\" content=\"Gesch\u00e4tzte Lesezeit\" \/>\n\t<meta name=\"twitter:data1\" content=\"1\u00a0Minute\" \/>\n<script type=\"application\/ld+json\" class=\"yoast-schema-graph\">{\"@context\":\"https:\\\/\\\/schema.org\",\"@graph\":[{\"@type\":\"WebPage\",\"@id\":\"https:\\\/\\\/marktxxl.de\\\/markt\\\/produkt\\\/lammfellfusssack-winterfusssack-fuer-kinderwagen-buggy-jogger-kinder-fusssack\\\/\",\"url\":\"https:\\\/\\\/marktxxl.de\\\/markt\\\/produkt\\\/lammfellfusssack-winterfusssack-fuer-kinderwagen-buggy-jogger-kinder-fusssack\\\/\",\"name\":\"Lammfellfu\u00dfsack\\\/Winterfu\u00dfsack f\u00fcr Kinderwagen Buggy Jogger\\\/Kinder Fu\u00dfsack (Hellgrau Melange) - Markt-XXL\",\"isPartOf\":{\"@id\":\"https:\\\/\\\/marktxxl.de\\\/markt\\\/#website\"},\"primaryImageOfPage\":{\"@id\":\"https:\\\/\\\/marktxxl.de\\\/markt\\\/produkt\\\/lammfellfusssack-winterfusssack-fuer-kinderwagen-buggy-jogger-kinder-fusssack\\\/#primaryimage\"},\"image\":{\"@id\":\"https:\\\/\\\/marktxxl.de\\\/markt\\\/produkt\\\/lammfellfusssack-winterfusssack-fuer-kinderwagen-buggy-jogger-kinder-fusssack\\\/#primaryimage\"},\"thumbnailUrl\":\"https:\\\/\\\/m.media-amazon.com\\\/images\\\/I\\\/31V9Mmtj1DL._SL500_.jpg\",\"datePublished\":\"2022-09-11T18:19:20+00:00\",\"dateModified\":\"2023-04-11T02:25:16+00:00\",\"description\":\"Markt-XXL Lammfellfu\u00dfsack\\\/Winterfu\u00dfsack f\u00fcr Kinderwagen Buggy Jogger\\\/Kinder Fu\u00dfsack (Hellgrau Melange)\",\"breadcrumb\":{\"@id\":\"https:\\\/\\\/marktxxl.de\\\/markt\\\/produkt\\\/lammfellfusssack-winterfusssack-fuer-kinderwagen-buggy-jogger-kinder-fusssack\\\/#breadcrumb\"},\"inLanguage\":\"de\",\"potentialAction\":[{\"@type\":\"ReadAction\",\"target\":[\"https:\\\/\\\/marktxxl.de\\\/markt\\\/produkt\\\/lammfellfusssack-winterfusssack-fuer-kinderwagen-buggy-jogger-kinder-fusssack\\\/\"]}]},{\"@type\":\"ImageObject\",\"inLanguage\":\"de\",\"@id\":\"https:\\\/\\\/marktxxl.de\\\/markt\\\/produkt\\\/lammfellfusssack-winterfusssack-fuer-kinderwagen-buggy-jogger-kinder-fusssack\\\/#primaryimage\",\"url\":\"https:\\\/\\\/m.media-amazon.com\\\/images\\\/I\\\/31V9Mmtj1DL._SL500_.jpg\",\"contentUrl\":\"https:\\\/\\\/m.media-amazon.com\\\/images\\\/I\\\/31V9Mmtj1DL._SL500_.jpg\",\"width\":500,\"height\":500},{\"@type\":\"BreadcrumbList\",\"@id\":\"https:\\\/\\\/marktxxl.de\\\/markt\\\/produkt\\\/lammfellfusssack-winterfusssack-fuer-kinderwagen-buggy-jogger-kinder-fusssack\\\/#breadcrumb\",\"itemListElement\":[{\"@type\":\"ListItem\",\"position\":1,\"name\":\"Startseite\",\"item\":\"https:\\\/\\\/marktxxl.de\\\/markt\\\/\"},{\"@type\":\"ListItem\",\"position\":2,\"name\":\"Markt\",\"item\":\"https:\\\/\\\/marktxxl.de\\\/markt\\\/\"},{\"@type\":\"ListItem\",\"position\":3,\"name\":\"Lammfellfu\u00dfsack\\\/Winterfu\u00dfsack f\u00fcr Kinderwagen Buggy Jogger\\\/Kinder Fu\u00dfsack (Hellgrau Melange)\"}]},{\"@type\":\"WebSite\",\"@id\":\"https:\\\/\\\/marktxxl.de\\\/markt\\\/#website\",\"url\":\"https:\\\/\\\/marktxxl.de\\\/markt\\\/\",\"name\":\"Markt-XXL\",\"description\":\"Ihr Markt Online\",\"publisher\":{\"@id\":\"https:\\\/\\\/marktxxl.de\\\/markt\\\/#organization\"},\"potentialAction\":[{\"@type\":\"SearchAction\",\"target\":{\"@type\":\"EntryPoint\",\"urlTemplate\":\"https:\\\/\\\/marktxxl.de\\\/markt\\\/?s={search_term_string}\"},\"query-input\":{\"@type\":\"PropertyValueSpecification\",\"valueRequired\":true,\"valueName\":\"search_term_string\"}}],\"inLanguage\":\"de\"},{\"@type\":\"Organization\",\"@id\":\"https:\\\/\\\/marktxxl.de\\\/markt\\\/#organization\",\"name\":\"Markt-XXL\",\"url\":\"https:\\\/\\\/marktxxl.de\\\/markt\\\/\",\"logo\":{\"@type\":\"ImageObject\",\"inLanguage\":\"de\",\"@id\":\"https:\\\/\\\/marktxxl.de\\\/markt\\\/#\\\/schema\\\/logo\\\/image\\\/\",\"url\":\"https:\\\/\\\/marktxxl.de\\\/markt\\\/wp-content\\\/uploads\\\/sites\\\/3\\\/2020\\\/12\\\/logo.png\",\"contentUrl\":\"https:\\\/\\\/marktxxl.de\\\/markt\\\/wp-content\\\/uploads\\\/sites\\\/3\\\/2020\\\/12\\\/logo.png\",\"width\":200,\"height\":70,\"caption\":\"Markt-XXL\"},\"image\":{\"@id\":\"https:\\\/\\\/marktxxl.de\\\/markt\\\/#\\\/schema\\\/logo\\\/image\\\/\"}}]}<\/script>\n<!-- \/ Yoast SEO plugin. -->","yoast_head_json":{"title":"Lammfellfu\u00dfsack\/Winterfu\u00dfsack f\u00fcr Kinderwagen Buggy Jogger\/Kinder Fu\u00dfsack (Hellgrau Melange) - Markt-XXL","description":"Markt-XXL Lammfellfu\u00dfsack\/Winterfu\u00dfsack f\u00fcr Kinderwagen Buggy Jogger\/Kinder Fu\u00dfsack (Hellgrau Melange)","robots":{"index":"index","follow":"follow","max-snippet":"max-snippet:-1","max-image-preview":"max-image-preview:large","max-video-preview":"max-video-preview:-1"},"canonical":"https:\/\/marktxxl.de\/markt\/produkt\/lammfellfusssack-winterfusssack-fuer-kinderwagen-buggy-jogger-kinder-fusssack\/","og_locale":"de_DE","og_type":"article","og_title":"Lammfellfu\u00dfsack\/Winterfu\u00dfsack f\u00fcr Kinderwagen Buggy Jogger\/Kinder Fu\u00dfsack (Hellgrau Melange) - Markt-XXL","og_description":"Markt-XXL Lammfellfu\u00dfsack\/Winterfu\u00dfsack f\u00fcr Kinderwagen Buggy Jogger\/Kinder Fu\u00dfsack (Hellgrau Melange)","og_url":"https:\/\/marktxxl.de\/markt\/produkt\/lammfellfusssack-winterfusssack-fuer-kinderwagen-buggy-jogger-kinder-fusssack\/","og_site_name":"Markt-XXL","article_modified_time":"2023-04-11T02:25:16+00:00","og_image":[{"width":500,"height":500,"url":"https:\/\/m.media-amazon.com\/images\/I\/31V9Mmtj1DL._SL500_.jpg","type":"image\/jpeg"}],"twitter_card":"summary_large_image","twitter_misc":{"Gesch\u00e4tzte Lesezeit":"1\u00a0Minute"},"schema":{"@context":"https:\/\/schema.org","@graph":[{"@type":"WebPage","@id":"https:\/\/marktxxl.de\/markt\/produkt\/lammfellfusssack-winterfusssack-fuer-kinderwagen-buggy-jogger-kinder-fusssack\/","url":"https:\/\/marktxxl.de\/markt\/produkt\/lammfellfusssack-winterfusssack-fuer-kinderwagen-buggy-jogger-kinder-fusssack\/","name":"Lammfellfu\u00dfsack\/Winterfu\u00dfsack f\u00fcr Kinderwagen Buggy Jogger\/Kinder Fu\u00dfsack (Hellgrau Melange) - Markt-XXL","isPartOf":{"@id":"https:\/\/marktxxl.de\/markt\/#website"},"primaryImageOfPage":{"@id":"https:\/\/marktxxl.de\/markt\/produkt\/lammfellfusssack-winterfusssack-fuer-kinderwagen-buggy-jogger-kinder-fusssack\/#primaryimage"},"image":{"@id":"https:\/\/marktxxl.de\/markt\/produkt\/lammfellfusssack-winterfusssack-fuer-kinderwagen-buggy-jogger-kinder-fusssack\/#primaryimage"},"thumbnailUrl":"https:\/\/m.media-amazon.com\/images\/I\/31V9Mmtj1DL._SL500_.jpg","datePublished":"2022-09-11T18:19:20+00:00","dateModified":"2023-04-11T02:25:16+00:00","description":"Markt-XXL Lammfellfu\u00dfsack\/Winterfu\u00dfsack f\u00fcr Kinderwagen Buggy Jogger\/Kinder Fu\u00dfsack (Hellgrau Melange)","breadcrumb":{"@id":"https:\/\/marktxxl.de\/markt\/produkt\/lammfellfusssack-winterfusssack-fuer-kinderwagen-buggy-jogger-kinder-fusssack\/#breadcrumb"},"inLanguage":"de","potentialAction":[{"@type":"ReadAction","target":["https:\/\/marktxxl.de\/markt\/produkt\/lammfellfusssack-winterfusssack-fuer-kinderwagen-buggy-jogger-kinder-fusssack\/"]}]},{"@type":"ImageObject","inLanguage":"de","@id":"https:\/\/marktxxl.de\/markt\/produkt\/lammfellfusssack-winterfusssack-fuer-kinderwagen-buggy-jogger-kinder-fusssack\/#primaryimage","url":"https:\/\/m.media-amazon.com\/images\/I\/31V9Mmtj1DL._SL500_.jpg","contentUrl":"https:\/\/m.media-amazon.com\/images\/I\/31V9Mmtj1DL._SL500_.jpg","width":500,"height":500},{"@type":"BreadcrumbList","@id":"https:\/\/marktxxl.de\/markt\/produkt\/lammfellfusssack-winterfusssack-fuer-kinderwagen-buggy-jogger-kinder-fusssack\/#breadcrumb","itemListElement":[{"@type":"ListItem","position":1,"name":"Startseite","item":"https:\/\/marktxxl.de\/markt\/"},{"@type":"ListItem","position":2,"name":"Markt","item":"https:\/\/marktxxl.de\/markt\/"},{"@type":"ListItem","position":3,"name":"Lammfellfu\u00dfsack\/Winterfu\u00dfsack f\u00fcr Kinderwagen Buggy Jogger\/Kinder Fu\u00dfsack (Hellgrau Melange)"}]},{"@type":"WebSite","@id":"https:\/\/marktxxl.de\/markt\/#website","url":"https:\/\/marktxxl.de\/markt\/","name":"Markt-XXL","description":"Ihr Markt Online","publisher":{"@id":"https:\/\/marktxxl.de\/markt\/#organization"},"potentialAction":[{"@type":"SearchAction","target":{"@type":"EntryPoint","urlTemplate":"https:\/\/marktxxl.de\/markt\/?s={search_term_string}"},"query-input":{"@type":"PropertyValueSpecification","valueRequired":true,"valueName":"search_term_string"}}],"inLanguage":"de"},{"@type":"Organization","@id":"https:\/\/marktxxl.de\/markt\/#organization","name":"Markt-XXL","url":"https:\/\/marktxxl.de\/markt\/","logo":{"@type":"ImageObject","inLanguage":"de","@id":"https:\/\/marktxxl.de\/markt\/#\/schema\/logo\/image\/","url":"https:\/\/marktxxl.de\/markt\/wp-content\/uploads\/sites\/3\/2020\/12\/logo.png","contentUrl":"https:\/\/marktxxl.de\/markt\/wp-content\/uploads\/sites\/3\/2020\/12\/logo.png","width":200,"height":70,"caption":"Markt-XXL"},"image":{"@id":"https:\/\/marktxxl.de\/markt\/#\/schema\/logo\/image\/"}}]}},"_links":{"self":[{"href":"https:\/\/marktxxl.de\/markt\/wp-json\/wp\/v2\/product\/146724","targetHints":{"allow":["GET"]}}],"collection":[{"href":"https:\/\/marktxxl.de\/markt\/wp-json\/wp\/v2\/product"}],"about":[{"href":"https:\/\/marktxxl.de\/markt\/wp-json\/wp\/v2\/types\/product"}],"replies":[{"embeddable":true,"href":"https:\/\/marktxxl.de\/markt\/wp-json\/wp\/v2\/comments?post=146724"}],"wp:featuredmedia":[{"embeddable":true,"href":"https:\/\/marktxxl.de\/markt\/wp-json\/wp\/v2\/media\/146725"}],"wp:attachment":[{"href":"https:\/\/marktxxl.de\/markt\/wp-json\/wp\/v2\/media?parent=146724"}],"wp:term":[{"taxonomy":"product_brand","embeddable":true,"href":"https:\/\/marktxxl.de\/markt\/wp-json\/wp\/v2\/product_brand?post=146724"},{"taxonomy":"product_cat","embeddable":true,"href":"https:\/\/marktxxl.de\/markt\/wp-json\/wp\/v2\/product_cat?post=146724"},{"taxonomy":"product_tag","embeddable":true,"href":"https:\/\/marktxxl.de\/markt\/wp-json\/wp\/v2\/product_tag?post=146724"}],"curies":[{"name":"wp","href":"https:\/\/api.w.org\/{rel}","templated":true}]}}