{"id":146416,"date":"2022-08-13T09:28:26","date_gmt":"2022-08-13T07:28:26","guid":{"rendered":"https:\/\/marktxxl.de\/markt\/produkt\/newc-3-stueck-glas-displayschutzfolie-fuer-samsung-galaxy-m52-5g-67-zoll-anti-kratzer-anti-fingerabdruecke-blasenfrei-9h-haerte-033mm-ultra-transparent-ultra-resistant-panzerglas\/"},"modified":"2023-04-11T04:25:12","modified_gmt":"2023-04-11T02:25:12","slug":"newc-3-stueck-glas-displayschutzfolie-fuer-samsung-galaxy-m52-5g-67-zoll-anti-kratzer-anti-fingerabdruecke-blasenfrei-9h-haerte-033mm-ultra-transparent-ultra-resistant-panzerglas","status":"publish","type":"product","link":"https:\/\/marktxxl.de\/markt\/produkt\/newc-3-stueck-glas-displayschutzfolie-fuer-samsung-galaxy-m52-5g-67-zoll-anti-kratzer-anti-fingerabdruecke-blasenfrei-9h-haerte-033mm-ultra-transparent-ultra-resistant-panzerglas\/","title":{"rendered":"NEW&#8217;C 3 St\u00fcck, Panzer Schutz Glas f\u00fcr Samsung Galaxy M52 5G (6,7&#8243;), Frei von Kratzern, 9H H\u00e4rte, HD Displayschutzfolie, 0.33mm Ultra-klar, Ultrabest\u00e4ndig"},"content":{"rendered":"<p>F\u00fcr Samsung Galaxy M52 5G (6,7 Zoll) wurde das Glas etwas gr\u00f6\u00dfer gestaltet, um das Display bestm\u00f6glich zu sch\u00fctzen. Aufgrund der abgerundeten Kanten des Ger\u00e4tes kann jedoch Luft eindringen. Eine Pipette dient zur Verst\u00e4rkung der Haftung des Glases und blockiert das Eindringen von Luft. Niemals auf einem bereits besch\u00e4digten oder gebrochenen Ger\u00e4t verwenden. WICHTIG: Nach der Verwendung der Pipette muss sie mindestens 5 bis 10 Sekunden in die Sonne oder UV-Licht gelegt werden.<br \/>\nDie Displayschutzfolie bietet maximalen Schutz f\u00fcr den Samsung Galaxy M52 5G (6,7 Zoll) Touchscreen. Der Abstand zwischen Samsung Galaxy M52 5G (6,7 Zoll) und der Displayschutzfolie erm\u00f6glicht den richtigen Platz f\u00fcr die Installation der meisten Handyh\u00fcllen.<br \/>\nHergestellt aus hochwertigem, 0,33 mm dickem, geh\u00e4rtetem Glas mit abgerundeten Kanten.<br \/>\nExtrem hohe H\u00e4rte: widersteht Kratzern bis zu 9H. Hohe Reaktion und hohe Transparenz. Staubfrei, fingerabdruckfrei, super einfache Installation mit einem Handgriff, blasenfrei<br \/>\nNew C Displayschutzfolie f\u00fcr Samsung Galaxy M52 5G (6,7 Zoll) aus geh\u00e4rtetem Glas, zarte Ber\u00fchrung: auf der R\u00fcckseite mit einem festen Silikonkleber beschichtet, der die Installation erleichtert und die Folie fest anbringt, so dass die Empfindlichkeit des Touchscreens nicht beeintr\u00e4chtigt wird<br \/>\n<div class=\"main-cross-sell\" data-asin=\"B0B7P2ZP9V\">\n\n\t<div class=\"WooZone-cross-sell-loader\">\n\t\t<div>\n\t\t\t<div id=\"floatingBarsG\">\n\t\t\t\t<div class=\"blockG\" id=\"rotateG_01\"><\/div>\n\t\t\t\t<div class=\"blockG\" id=\"rotateG_02\"><\/div>\n\t\t\t\t<div class=\"blockG\" id=\"rotateG_03\"><\/div>\n\t\t\t\t<div class=\"blockG\" id=\"rotateG_04\"><\/div>\n\t\t\t\t<div class=\"blockG\" id=\"rotateG_05\"><\/div>\n\t\t\t\t<div class=\"blockG\" id=\"rotateG_06\"><\/div>\n\t\t\t\t<div class=\"blockG\" id=\"rotateG_07\"><\/div>\n\t\t\t\t<div class=\"blockG\" id=\"rotateG_08\"><\/div>\n\t\t\t<\/div>\n\t\t\t<div class=\"WooZone-cross-sell-loader-text\"><\/div>\n\t\t<\/div>\n\t<\/div>\n\n\t\t\n<\/div>\n<div style=\"clear:both;\"><\/div><\/p>\n","protected":false},"excerpt":{"rendered":"<p>F\u00fcr Samsung Galaxy M52 5G (6,7 Zoll) wurde das Glas etwas gr\u00f6\u00dfer gestaltet, um das Display bestm\u00f6glich zu sch\u00fctzen. Aufgrund der abgerundeten Kanten des Ger\u00e4tes kann jedoch Luft eindringen. Eine Pipette dient zur Verst\u00e4rkung der Haftung des Glases und blockiert das Eindringen von Luft. Niemals auf einem bereits besch\u00e4digten oder gebrochenen Ger\u00e4t verwenden. WICHTIG: Nach der Verwendung der Pipette muss sie mindestens 5 bis 10 Sekunden in die Sonne oder UV-Licht gelegt werden.<br \/>\nDie Displayschutzfolie bietet maximalen Schutz f\u00fcr den Samsung Galaxy M52 5G (6,7 Zoll) Touchscreen. Der Abstand zwischen Samsung Galaxy M52 5G (6,7 Zoll) und der Displayschutzfolie erm\u00f6glicht den richtigen Platz f\u00fcr die Installation der meisten Handyh\u00fcllen.<br \/>\nHergestellt aus hochwertigem, 0,33 mm dickem, geh\u00e4rtetem Glas mit abgerundeten Kanten.<\/p>\n","protected":false},"featured_media":146417,"comment_status":"open","ping_status":"closed","template":"","meta":[],"product_brand":[],"product_cat":[863],"product_tag":[],"class_list":{"0":"post-146416","1":"product","2":"type-product","3":"status-publish","4":"has-post-thumbnail","6":"product_cat-computer-zubehoer","7":"pa_brand-newc","8":"pa_color-durchsichtig","9":"pa_manufacturer-newc","11":"first","12":"instock","13":"shipping-taxable","14":"purchasable","15":"product-type-simple","16":"customify-col","17":"product-has-gallery"},"yoast_head":"<!-- This site is optimized with the Yoast SEO plugin v27.4 - https:\/\/yoast.com\/product\/yoast-seo-wordpress\/ -->\n<title>NEW&#039;C 3 St\u00fcck, Panzer Schutz Glas f\u00fcr Samsung Galaxy M52 5G (6,7&quot;), Frei von Kratzern, 9H H\u00e4rte, HD Displayschutzfolie, 0.33mm Ultra-klar, Ultrabest\u00e4ndig - Markt-XXL<\/title>\n<meta name=\"description\" content=\"Markt-XXL NEW&#039;C 3 St\u00fcck, Panzer Schutz Glas f\u00fcr Samsung Galaxy M52 5G (6,7&quot;), Frei von Kratzern, 9H H\u00e4rte, HD Displayschutzfolie, 0.33mm Ultra-klar, Ultrabest\u00e4ndig\" \/>\n<meta name=\"robots\" content=\"index, follow, max-snippet:-1, max-image-preview:large, max-video-preview:-1\" \/>\n<link rel=\"canonical\" href=\"https:\/\/marktxxl.de\/markt\/produkt\/newc-3-stueck-glas-displayschutzfolie-fuer-samsung-galaxy-m52-5g-67-zoll-anti-kratzer-anti-fingerabdruecke-blasenfrei-9h-haerte-033mm-ultra-transparent-ultra-resistant-panzerglas\/\" \/>\n<meta property=\"og:locale\" content=\"de_DE\" \/>\n<meta property=\"og:type\" content=\"article\" \/>\n<meta property=\"og:title\" content=\"NEW&#039;C 3 St\u00fcck, Panzer Schutz Glas f\u00fcr Samsung Galaxy M52 5G (6,7&quot;), Frei von Kratzern, 9H H\u00e4rte, HD Displayschutzfolie, 0.33mm Ultra-klar, Ultrabest\u00e4ndig - Markt-XXL\" \/>\n<meta property=\"og:description\" content=\"Markt-XXL NEW&#039;C 3 St\u00fcck, Panzer Schutz Glas f\u00fcr Samsung Galaxy M52 5G (6,7&quot;), Frei von Kratzern, 9H H\u00e4rte, HD Displayschutzfolie, 0.33mm Ultra-klar, Ultrabest\u00e4ndig\" \/>\n<meta property=\"og:url\" content=\"https:\/\/marktxxl.de\/markt\/produkt\/newc-3-stueck-glas-displayschutzfolie-fuer-samsung-galaxy-m52-5g-67-zoll-anti-kratzer-anti-fingerabdruecke-blasenfrei-9h-haerte-033mm-ultra-transparent-ultra-resistant-panzerglas\/\" \/>\n<meta property=\"og:site_name\" content=\"Markt-XXL\" \/>\n<meta property=\"article:modified_time\" content=\"2023-04-11T02:25:12+00:00\" \/>\n<meta property=\"og:image\" content=\"https:\/\/m.media-amazon.com\/images\/I\/51eUgY6Mf0L._SL500_.jpg\" \/>\n\t<meta property=\"og:image:width\" content=\"500\" \/>\n\t<meta property=\"og:image:height\" content=\"500\" \/>\n\t<meta property=\"og:image:type\" content=\"image\/jpeg\" \/>\n<meta name=\"twitter:card\" content=\"summary_large_image\" \/>\n<meta name=\"twitter:label1\" content=\"Gesch\u00e4tzte Lesezeit\" \/>\n\t<meta name=\"twitter:data1\" content=\"1\u00a0Minute\" \/>\n<script type=\"application\/ld+json\" class=\"yoast-schema-graph\">{\"@context\":\"https:\\\/\\\/schema.org\",\"@graph\":[{\"@type\":\"WebPage\",\"@id\":\"https:\\\/\\\/marktxxl.de\\\/markt\\\/produkt\\\/newc-3-stueck-glas-displayschutzfolie-fuer-samsung-galaxy-m52-5g-67-zoll-anti-kratzer-anti-fingerabdruecke-blasenfrei-9h-haerte-033mm-ultra-transparent-ultra-resistant-panzerglas\\\/\",\"url\":\"https:\\\/\\\/marktxxl.de\\\/markt\\\/produkt\\\/newc-3-stueck-glas-displayschutzfolie-fuer-samsung-galaxy-m52-5g-67-zoll-anti-kratzer-anti-fingerabdruecke-blasenfrei-9h-haerte-033mm-ultra-transparent-ultra-resistant-panzerglas\\\/\",\"name\":\"NEW'C 3 St\u00fcck, Panzer Schutz Glas f\u00fcr Samsung Galaxy M52 5G (6,7\\\"), Frei von Kratzern, 9H H\u00e4rte, HD Displayschutzfolie, 0.33mm Ultra-klar, Ultrabest\u00e4ndig - Markt-XXL\",\"isPartOf\":{\"@id\":\"https:\\\/\\\/marktxxl.de\\\/markt\\\/#website\"},\"primaryImageOfPage\":{\"@id\":\"https:\\\/\\\/marktxxl.de\\\/markt\\\/produkt\\\/newc-3-stueck-glas-displayschutzfolie-fuer-samsung-galaxy-m52-5g-67-zoll-anti-kratzer-anti-fingerabdruecke-blasenfrei-9h-haerte-033mm-ultra-transparent-ultra-resistant-panzerglas\\\/#primaryimage\"},\"image\":{\"@id\":\"https:\\\/\\\/marktxxl.de\\\/markt\\\/produkt\\\/newc-3-stueck-glas-displayschutzfolie-fuer-samsung-galaxy-m52-5g-67-zoll-anti-kratzer-anti-fingerabdruecke-blasenfrei-9h-haerte-033mm-ultra-transparent-ultra-resistant-panzerglas\\\/#primaryimage\"},\"thumbnailUrl\":\"https:\\\/\\\/m.media-amazon.com\\\/images\\\/I\\\/51eUgY6Mf0L._SL500_.jpg\",\"datePublished\":\"2022-08-13T07:28:26+00:00\",\"dateModified\":\"2023-04-11T02:25:12+00:00\",\"description\":\"Markt-XXL NEW'C 3 St\u00fcck, Panzer Schutz Glas f\u00fcr Samsung Galaxy M52 5G (6,7\\\"), Frei von Kratzern, 9H H\u00e4rte, HD Displayschutzfolie, 0.33mm Ultra-klar, Ultrabest\u00e4ndig\",\"breadcrumb\":{\"@id\":\"https:\\\/\\\/marktxxl.de\\\/markt\\\/produkt\\\/newc-3-stueck-glas-displayschutzfolie-fuer-samsung-galaxy-m52-5g-67-zoll-anti-kratzer-anti-fingerabdruecke-blasenfrei-9h-haerte-033mm-ultra-transparent-ultra-resistant-panzerglas\\\/#breadcrumb\"},\"inLanguage\":\"de\",\"potentialAction\":[{\"@type\":\"ReadAction\",\"target\":[\"https:\\\/\\\/marktxxl.de\\\/markt\\\/produkt\\\/newc-3-stueck-glas-displayschutzfolie-fuer-samsung-galaxy-m52-5g-67-zoll-anti-kratzer-anti-fingerabdruecke-blasenfrei-9h-haerte-033mm-ultra-transparent-ultra-resistant-panzerglas\\\/\"]}]},{\"@type\":\"ImageObject\",\"inLanguage\":\"de\",\"@id\":\"https:\\\/\\\/marktxxl.de\\\/markt\\\/produkt\\\/newc-3-stueck-glas-displayschutzfolie-fuer-samsung-galaxy-m52-5g-67-zoll-anti-kratzer-anti-fingerabdruecke-blasenfrei-9h-haerte-033mm-ultra-transparent-ultra-resistant-panzerglas\\\/#primaryimage\",\"url\":\"https:\\\/\\\/m.media-amazon.com\\\/images\\\/I\\\/51eUgY6Mf0L._SL500_.jpg\",\"contentUrl\":\"https:\\\/\\\/m.media-amazon.com\\\/images\\\/I\\\/51eUgY6Mf0L._SL500_.jpg\",\"width\":500,\"height\":500},{\"@type\":\"BreadcrumbList\",\"@id\":\"https:\\\/\\\/marktxxl.de\\\/markt\\\/produkt\\\/newc-3-stueck-glas-displayschutzfolie-fuer-samsung-galaxy-m52-5g-67-zoll-anti-kratzer-anti-fingerabdruecke-blasenfrei-9h-haerte-033mm-ultra-transparent-ultra-resistant-panzerglas\\\/#breadcrumb\",\"itemListElement\":[{\"@type\":\"ListItem\",\"position\":1,\"name\":\"Startseite\",\"item\":\"https:\\\/\\\/marktxxl.de\\\/markt\\\/\"},{\"@type\":\"ListItem\",\"position\":2,\"name\":\"Markt\",\"item\":\"https:\\\/\\\/marktxxl.de\\\/markt\\\/\"},{\"@type\":\"ListItem\",\"position\":3,\"name\":\"NEW&#8217;C 3 St\u00fcck, Panzer Schutz Glas f\u00fcr Samsung Galaxy M52 5G (6,7&#8243;), Frei von Kratzern, 9H H\u00e4rte, HD Displayschutzfolie, 0.33mm Ultra-klar, Ultrabest\u00e4ndig\"}]},{\"@type\":\"WebSite\",\"@id\":\"https:\\\/\\\/marktxxl.de\\\/markt\\\/#website\",\"url\":\"https:\\\/\\\/marktxxl.de\\\/markt\\\/\",\"name\":\"Markt-XXL\",\"description\":\"Ihr Markt Online\",\"publisher\":{\"@id\":\"https:\\\/\\\/marktxxl.de\\\/markt\\\/#organization\"},\"potentialAction\":[{\"@type\":\"SearchAction\",\"target\":{\"@type\":\"EntryPoint\",\"urlTemplate\":\"https:\\\/\\\/marktxxl.de\\\/markt\\\/?s={search_term_string}\"},\"query-input\":{\"@type\":\"PropertyValueSpecification\",\"valueRequired\":true,\"valueName\":\"search_term_string\"}}],\"inLanguage\":\"de\"},{\"@type\":\"Organization\",\"@id\":\"https:\\\/\\\/marktxxl.de\\\/markt\\\/#organization\",\"name\":\"Markt-XXL\",\"url\":\"https:\\\/\\\/marktxxl.de\\\/markt\\\/\",\"logo\":{\"@type\":\"ImageObject\",\"inLanguage\":\"de\",\"@id\":\"https:\\\/\\\/marktxxl.de\\\/markt\\\/#\\\/schema\\\/logo\\\/image\\\/\",\"url\":\"https:\\\/\\\/marktxxl.de\\\/markt\\\/wp-content\\\/uploads\\\/sites\\\/3\\\/2020\\\/12\\\/logo.png\",\"contentUrl\":\"https:\\\/\\\/marktxxl.de\\\/markt\\\/wp-content\\\/uploads\\\/sites\\\/3\\\/2020\\\/12\\\/logo.png\",\"width\":200,\"height\":70,\"caption\":\"Markt-XXL\"},\"image\":{\"@id\":\"https:\\\/\\\/marktxxl.de\\\/markt\\\/#\\\/schema\\\/logo\\\/image\\\/\"}}]}<\/script>\n<!-- \/ Yoast SEO plugin. -->","yoast_head_json":{"title":"NEW'C 3 St\u00fcck, Panzer Schutz Glas f\u00fcr Samsung Galaxy M52 5G (6,7\"), Frei von Kratzern, 9H H\u00e4rte, HD Displayschutzfolie, 0.33mm Ultra-klar, Ultrabest\u00e4ndig - Markt-XXL","description":"Markt-XXL NEW'C 3 St\u00fcck, Panzer Schutz Glas f\u00fcr Samsung Galaxy M52 5G (6,7\"), Frei von Kratzern, 9H H\u00e4rte, HD Displayschutzfolie, 0.33mm Ultra-klar, Ultrabest\u00e4ndig","robots":{"index":"index","follow":"follow","max-snippet":"max-snippet:-1","max-image-preview":"max-image-preview:large","max-video-preview":"max-video-preview:-1"},"canonical":"https:\/\/marktxxl.de\/markt\/produkt\/newc-3-stueck-glas-displayschutzfolie-fuer-samsung-galaxy-m52-5g-67-zoll-anti-kratzer-anti-fingerabdruecke-blasenfrei-9h-haerte-033mm-ultra-transparent-ultra-resistant-panzerglas\/","og_locale":"de_DE","og_type":"article","og_title":"NEW'C 3 St\u00fcck, Panzer Schutz Glas f\u00fcr Samsung Galaxy M52 5G (6,7\"), Frei von Kratzern, 9H H\u00e4rte, HD Displayschutzfolie, 0.33mm Ultra-klar, Ultrabest\u00e4ndig - Markt-XXL","og_description":"Markt-XXL NEW'C 3 St\u00fcck, Panzer Schutz Glas f\u00fcr Samsung Galaxy M52 5G (6,7\"), Frei von Kratzern, 9H H\u00e4rte, HD Displayschutzfolie, 0.33mm Ultra-klar, Ultrabest\u00e4ndig","og_url":"https:\/\/marktxxl.de\/markt\/produkt\/newc-3-stueck-glas-displayschutzfolie-fuer-samsung-galaxy-m52-5g-67-zoll-anti-kratzer-anti-fingerabdruecke-blasenfrei-9h-haerte-033mm-ultra-transparent-ultra-resistant-panzerglas\/","og_site_name":"Markt-XXL","article_modified_time":"2023-04-11T02:25:12+00:00","og_image":[{"width":500,"height":500,"url":"https:\/\/m.media-amazon.com\/images\/I\/51eUgY6Mf0L._SL500_.jpg","type":"image\/jpeg"}],"twitter_card":"summary_large_image","twitter_misc":{"Gesch\u00e4tzte Lesezeit":"1\u00a0Minute"},"schema":{"@context":"https:\/\/schema.org","@graph":[{"@type":"WebPage","@id":"https:\/\/marktxxl.de\/markt\/produkt\/newc-3-stueck-glas-displayschutzfolie-fuer-samsung-galaxy-m52-5g-67-zoll-anti-kratzer-anti-fingerabdruecke-blasenfrei-9h-haerte-033mm-ultra-transparent-ultra-resistant-panzerglas\/","url":"https:\/\/marktxxl.de\/markt\/produkt\/newc-3-stueck-glas-displayschutzfolie-fuer-samsung-galaxy-m52-5g-67-zoll-anti-kratzer-anti-fingerabdruecke-blasenfrei-9h-haerte-033mm-ultra-transparent-ultra-resistant-panzerglas\/","name":"NEW'C 3 St\u00fcck, Panzer Schutz Glas f\u00fcr Samsung Galaxy M52 5G (6,7\"), Frei von Kratzern, 9H H\u00e4rte, HD Displayschutzfolie, 0.33mm Ultra-klar, Ultrabest\u00e4ndig - Markt-XXL","isPartOf":{"@id":"https:\/\/marktxxl.de\/markt\/#website"},"primaryImageOfPage":{"@id":"https:\/\/marktxxl.de\/markt\/produkt\/newc-3-stueck-glas-displayschutzfolie-fuer-samsung-galaxy-m52-5g-67-zoll-anti-kratzer-anti-fingerabdruecke-blasenfrei-9h-haerte-033mm-ultra-transparent-ultra-resistant-panzerglas\/#primaryimage"},"image":{"@id":"https:\/\/marktxxl.de\/markt\/produkt\/newc-3-stueck-glas-displayschutzfolie-fuer-samsung-galaxy-m52-5g-67-zoll-anti-kratzer-anti-fingerabdruecke-blasenfrei-9h-haerte-033mm-ultra-transparent-ultra-resistant-panzerglas\/#primaryimage"},"thumbnailUrl":"https:\/\/m.media-amazon.com\/images\/I\/51eUgY6Mf0L._SL500_.jpg","datePublished":"2022-08-13T07:28:26+00:00","dateModified":"2023-04-11T02:25:12+00:00","description":"Markt-XXL NEW'C 3 St\u00fcck, Panzer Schutz Glas f\u00fcr Samsung Galaxy M52 5G (6,7\"), Frei von Kratzern, 9H H\u00e4rte, HD Displayschutzfolie, 0.33mm Ultra-klar, Ultrabest\u00e4ndig","breadcrumb":{"@id":"https:\/\/marktxxl.de\/markt\/produkt\/newc-3-stueck-glas-displayschutzfolie-fuer-samsung-galaxy-m52-5g-67-zoll-anti-kratzer-anti-fingerabdruecke-blasenfrei-9h-haerte-033mm-ultra-transparent-ultra-resistant-panzerglas\/#breadcrumb"},"inLanguage":"de","potentialAction":[{"@type":"ReadAction","target":["https:\/\/marktxxl.de\/markt\/produkt\/newc-3-stueck-glas-displayschutzfolie-fuer-samsung-galaxy-m52-5g-67-zoll-anti-kratzer-anti-fingerabdruecke-blasenfrei-9h-haerte-033mm-ultra-transparent-ultra-resistant-panzerglas\/"]}]},{"@type":"ImageObject","inLanguage":"de","@id":"https:\/\/marktxxl.de\/markt\/produkt\/newc-3-stueck-glas-displayschutzfolie-fuer-samsung-galaxy-m52-5g-67-zoll-anti-kratzer-anti-fingerabdruecke-blasenfrei-9h-haerte-033mm-ultra-transparent-ultra-resistant-panzerglas\/#primaryimage","url":"https:\/\/m.media-amazon.com\/images\/I\/51eUgY6Mf0L._SL500_.jpg","contentUrl":"https:\/\/m.media-amazon.com\/images\/I\/51eUgY6Mf0L._SL500_.jpg","width":500,"height":500},{"@type":"BreadcrumbList","@id":"https:\/\/marktxxl.de\/markt\/produkt\/newc-3-stueck-glas-displayschutzfolie-fuer-samsung-galaxy-m52-5g-67-zoll-anti-kratzer-anti-fingerabdruecke-blasenfrei-9h-haerte-033mm-ultra-transparent-ultra-resistant-panzerglas\/#breadcrumb","itemListElement":[{"@type":"ListItem","position":1,"name":"Startseite","item":"https:\/\/marktxxl.de\/markt\/"},{"@type":"ListItem","position":2,"name":"Markt","item":"https:\/\/marktxxl.de\/markt\/"},{"@type":"ListItem","position":3,"name":"NEW&#8217;C 3 St\u00fcck, Panzer Schutz Glas f\u00fcr Samsung Galaxy M52 5G (6,7&#8243;), Frei von Kratzern, 9H H\u00e4rte, HD Displayschutzfolie, 0.33mm Ultra-klar, Ultrabest\u00e4ndig"}]},{"@type":"WebSite","@id":"https:\/\/marktxxl.de\/markt\/#website","url":"https:\/\/marktxxl.de\/markt\/","name":"Markt-XXL","description":"Ihr Markt Online","publisher":{"@id":"https:\/\/marktxxl.de\/markt\/#organization"},"potentialAction":[{"@type":"SearchAction","target":{"@type":"EntryPoint","urlTemplate":"https:\/\/marktxxl.de\/markt\/?s={search_term_string}"},"query-input":{"@type":"PropertyValueSpecification","valueRequired":true,"valueName":"search_term_string"}}],"inLanguage":"de"},{"@type":"Organization","@id":"https:\/\/marktxxl.de\/markt\/#organization","name":"Markt-XXL","url":"https:\/\/marktxxl.de\/markt\/","logo":{"@type":"ImageObject","inLanguage":"de","@id":"https:\/\/marktxxl.de\/markt\/#\/schema\/logo\/image\/","url":"https:\/\/marktxxl.de\/markt\/wp-content\/uploads\/sites\/3\/2020\/12\/logo.png","contentUrl":"https:\/\/marktxxl.de\/markt\/wp-content\/uploads\/sites\/3\/2020\/12\/logo.png","width":200,"height":70,"caption":"Markt-XXL"},"image":{"@id":"https:\/\/marktxxl.de\/markt\/#\/schema\/logo\/image\/"}}]}},"_links":{"self":[{"href":"https:\/\/marktxxl.de\/markt\/wp-json\/wp\/v2\/product\/146416","targetHints":{"allow":["GET"]}}],"collection":[{"href":"https:\/\/marktxxl.de\/markt\/wp-json\/wp\/v2\/product"}],"about":[{"href":"https:\/\/marktxxl.de\/markt\/wp-json\/wp\/v2\/types\/product"}],"replies":[{"embeddable":true,"href":"https:\/\/marktxxl.de\/markt\/wp-json\/wp\/v2\/comments?post=146416"}],"wp:featuredmedia":[{"embeddable":true,"href":"https:\/\/marktxxl.de\/markt\/wp-json\/wp\/v2\/media\/146417"}],"wp:attachment":[{"href":"https:\/\/marktxxl.de\/markt\/wp-json\/wp\/v2\/media?parent=146416"}],"wp:term":[{"taxonomy":"product_brand","embeddable":true,"href":"https:\/\/marktxxl.de\/markt\/wp-json\/wp\/v2\/product_brand?post=146416"},{"taxonomy":"product_cat","embeddable":true,"href":"https:\/\/marktxxl.de\/markt\/wp-json\/wp\/v2\/product_cat?post=146416"},{"taxonomy":"product_tag","embeddable":true,"href":"https:\/\/marktxxl.de\/markt\/wp-json\/wp\/v2\/product_tag?post=146416"}],"curies":[{"name":"wp","href":"https:\/\/api.w.org\/{rel}","templated":true}]}}