{"id":146175,"date":"2022-08-13T08:55:52","date_gmt":"2022-08-13T06:55:52","guid":{"rendered":"https:\/\/marktxxl.de\/markt\/produkt\/huanuo-monitor-halterung-mit-laptop-arm-adjustable-laptop-staender-laptop-halterung-schreibtisch-for-13-to-35-screens-fits-up-to-17-laptops-laptop-stand-with-clamp-grom\/"},"modified":"2023-04-10T04:30:34","modified_gmt":"2023-04-10T02:30:34","slug":"huanuo-monitor-halterung-mit-laptop-arm-adjustable-laptop-staender-laptop-halterung-schreibtisch-for-13-to-35-screens-fits-up-to-17-laptops-laptop-stand-with-clamp-grom","status":"publish","type":"product","link":"https:\/\/marktxxl.de\/markt\/produkt\/huanuo-monitor-halterung-mit-laptop-arm-adjustable-laptop-staender-laptop-halterung-schreibtisch-for-13-to-35-screens-fits-up-to-17-laptops-laptop-stand-with-clamp-grom\/","title":{"rendered":"HUANUO Monitor Halterung mit Laptop Arm, Adjustable Laptop St\u00e4nder, Laptop Halterung Schreibtisch for 13\u201d to 35\u201d Screens\u2026"},"content":{"rendered":"<p>Ergonomischer Laptop St\u00e4nder: Leiden Sie unter R\u00fccken- und Nackenschmerzen aufgrund stundenlanger schlechter Schreibtischhaltung? Mit dem HUANUO Laptop arm k\u00f6nnen Sie Ihren Laptop bis zu 16 Zoll vom Schreibtisch n\u00e4her auf Augenh\u00f6he anheben, um eine ergonomische H\u00f6he zu erzielen, die besseren Komfort bietet.<br \/>\nPassend f\u00fcr Monitor oder Laptop: Diese Monitorhalterung mit Laptoparm passt auf die meisten 13-35-Zoll-Monitore mit VESA-Mustern 75 x 75 und 100 x 100 mm. Die Laptopablage ist 38 cm breit und 25 cm tief, perfekt f\u00fcr Laptops und Notebooks bis zu 17 Zoll. Der robuste Laptop-Riser ist aus starkem Metall gefertigt, um bis zu 10 kg zu tragen.<br \/>\nFlexible Laptophalterung Schreibtisch: Die voll bewegungsverstellbare Monitorhalterung l\u00e4sst sich einfach um 90\u00b0 nach oben und unten neigen oder um 180\u00b0 schwenken, um den perfekten Betrachtungswinkel einzustellen. Drehen Sie Ihren Monitor um 360\u00b0, um die Betrachtungsausrichtung entweder im Quer- oder Hochformat zu konfigurieren.<br \/>\nZwei Befestigungsm\u00f6glichkeiten: Diese Monitor und Laptophalterung unterst\u00fctzt die C-Klemmen- und \u00d6senbefestigung, um Ihren Bildschirm fest und stabil zu halten. Die C-Klemmen-Montage funktioniert mit Schreibtischen mit einer Dicke von bis zu 10 cm, w\u00e4hrend die T\u00fcllen-Montage mit Schreibtischen mit einer Dicke von bis zu 7 cm funktioniert.<br \/>\nEinfache Installation: Enth\u00e4lt Anweisungen und Standard-Montagematerial f\u00fcr eine einfache Installation. Die Bildschirmhalterung mit Laptopablage verf\u00fcgt \u00fcber abnehmbare VESA-Platten, um die Montage zu vereinfachen und Ihren Desktop im Handumdrehen aufger\u00e4umt und ordentlich zu machen.<br \/>\n<div class=\"main-cross-sell\" data-asin=\"B09STKB427\">\n\n\t<div class=\"WooZone-cross-sell-loader\">\n\t\t<div>\n\t\t\t<div id=\"floatingBarsG\">\n\t\t\t\t<div class=\"blockG\" id=\"rotateG_01\"><\/div>\n\t\t\t\t<div class=\"blockG\" id=\"rotateG_02\"><\/div>\n\t\t\t\t<div class=\"blockG\" id=\"rotateG_03\"><\/div>\n\t\t\t\t<div class=\"blockG\" id=\"rotateG_04\"><\/div>\n\t\t\t\t<div class=\"blockG\" id=\"rotateG_05\"><\/div>\n\t\t\t\t<div class=\"blockG\" id=\"rotateG_06\"><\/div>\n\t\t\t\t<div class=\"blockG\" id=\"rotateG_07\"><\/div>\n\t\t\t\t<div class=\"blockG\" id=\"rotateG_08\"><\/div>\n\t\t\t<\/div>\n\t\t\t<div class=\"WooZone-cross-sell-loader-text\"><\/div>\n\t\t<\/div>\n\t<\/div>\n\n\t\t\n<\/div>\n<div style=\"clear:both;\"><\/div><\/p>\n","protected":false},"excerpt":{"rendered":"<p>Ergonomischer Laptop St\u00e4nder: Leiden Sie unter R\u00fccken- und Nackenschmerzen aufgrund stundenlanger schlechter Schreibtischhaltung? Mit dem HUANUO Laptop arm k\u00f6nnen Sie Ihren Laptop bis zu 16 Zoll vom Schreibtisch n\u00e4her auf Augenh\u00f6he anheben, um eine ergonomische H\u00f6he zu erzielen, die besseren Komfort bietet.<br \/>\nPassend f\u00fcr Monitor oder Laptop: Diese Monitorhalterung mit Laptoparm passt auf die meisten 13-35-Zoll-Monitore mit VESA-Mustern 75 x 75 und 100 x 100 mm. Die Laptopablage ist 38 cm breit und 25 cm tief, perfekt f\u00fcr Laptops und Notebooks bis zu 17 Zoll. Der robuste Laptop-Riser ist aus starkem Metall gefertigt, um bis zu 10 kg zu tragen.<br \/>\nFlexible Laptophalterung Schreibtisch: Die voll bewegungsverstellbare Monitorhalterung l\u00e4sst sich einfach um 90\u00b0 nach oben und unten neigen oder um 180\u00b0 schwenken, um den perfekten Betrachtungswinkel einzustellen. Drehen Sie Ihren Monitor um 360\u00b0, um die Betrachtungsausrichtung entweder im Quer- oder Hochformat zu konfigurieren.<\/p>\n","protected":false},"featured_media":146176,"comment_status":"open","ping_status":"closed","template":"","meta":[],"product_brand":[],"product_cat":[863],"product_tag":[],"class_list":{"0":"post-146175","1":"product","2":"type-product","3":"status-publish","4":"has-post-thumbnail","6":"product_cat-computer-zubehoer","7":"pa_brand-huanuo","8":"pa_manufacturer-huanuo","10":"first","11":"instock","12":"shipping-taxable","13":"purchasable","14":"product-type-simple","15":"customify-col","16":"product-has-gallery"},"yoast_head":"<!-- This site is optimized with the Yoast SEO plugin v27.4 - https:\/\/yoast.com\/product\/yoast-seo-wordpress\/ -->\n<title>HUANUO Monitor Halterung mit Laptop Arm, Adjustable Laptop St\u00e4nder, Laptop Halterung Schreibtisch for 13\u201d to 35\u201d Screens\u2026 - Markt-XXL<\/title>\n<meta name=\"description\" content=\"Markt-XXL HUANUO Monitor Halterung mit Laptop Arm, Adjustable Laptop St\u00e4nder, Laptop Halterung Schreibtisch for 13\u201d to 35\u201d Screens\u2026\" \/>\n<meta name=\"robots\" content=\"index, follow, max-snippet:-1, max-image-preview:large, max-video-preview:-1\" \/>\n<link rel=\"canonical\" href=\"https:\/\/marktxxl.de\/markt\/produkt\/huanuo-monitor-halterung-mit-laptop-arm-adjustable-laptop-staender-laptop-halterung-schreibtisch-for-13-to-35-screens-fits-up-to-17-laptops-laptop-stand-with-clamp-grom\/\" \/>\n<meta property=\"og:locale\" content=\"de_DE\" \/>\n<meta property=\"og:type\" content=\"article\" \/>\n<meta property=\"og:title\" content=\"HUANUO Monitor Halterung mit Laptop Arm, Adjustable Laptop St\u00e4nder, Laptop Halterung Schreibtisch for 13\u201d to 35\u201d Screens\u2026 - Markt-XXL\" \/>\n<meta property=\"og:description\" content=\"Markt-XXL HUANUO Monitor Halterung mit Laptop Arm, Adjustable Laptop St\u00e4nder, Laptop Halterung Schreibtisch for 13\u201d to 35\u201d Screens\u2026\" \/>\n<meta property=\"og:url\" content=\"https:\/\/marktxxl.de\/markt\/produkt\/huanuo-monitor-halterung-mit-laptop-arm-adjustable-laptop-staender-laptop-halterung-schreibtisch-for-13-to-35-screens-fits-up-to-17-laptops-laptop-stand-with-clamp-grom\/\" \/>\n<meta property=\"og:site_name\" content=\"Markt-XXL\" \/>\n<meta property=\"article:modified_time\" content=\"2023-04-10T02:30:34+00:00\" \/>\n<meta property=\"og:image\" content=\"https:\/\/m.media-amazon.com\/images\/I\/31R8ikOnQIL._SL500_.jpg\" \/>\n\t<meta property=\"og:image:width\" content=\"500\" \/>\n\t<meta property=\"og:image:height\" content=\"500\" \/>\n\t<meta property=\"og:image:type\" content=\"image\/jpeg\" \/>\n<meta name=\"twitter:card\" content=\"summary_large_image\" \/>\n<meta name=\"twitter:label1\" content=\"Gesch\u00e4tzte Lesezeit\" \/>\n\t<meta name=\"twitter:data1\" content=\"1\u00a0Minute\" \/>\n<script type=\"application\/ld+json\" class=\"yoast-schema-graph\">{\"@context\":\"https:\\\/\\\/schema.org\",\"@graph\":[{\"@type\":\"WebPage\",\"@id\":\"https:\\\/\\\/marktxxl.de\\\/markt\\\/produkt\\\/huanuo-monitor-halterung-mit-laptop-arm-adjustable-laptop-staender-laptop-halterung-schreibtisch-for-13-to-35-screens-fits-up-to-17-laptops-laptop-stand-with-clamp-grom\\\/\",\"url\":\"https:\\\/\\\/marktxxl.de\\\/markt\\\/produkt\\\/huanuo-monitor-halterung-mit-laptop-arm-adjustable-laptop-staender-laptop-halterung-schreibtisch-for-13-to-35-screens-fits-up-to-17-laptops-laptop-stand-with-clamp-grom\\\/\",\"name\":\"HUANUO Monitor Halterung mit Laptop Arm, Adjustable Laptop St\u00e4nder, Laptop Halterung Schreibtisch for 13\u201d to 35\u201d Screens\u2026 - Markt-XXL\",\"isPartOf\":{\"@id\":\"https:\\\/\\\/marktxxl.de\\\/markt\\\/#website\"},\"primaryImageOfPage\":{\"@id\":\"https:\\\/\\\/marktxxl.de\\\/markt\\\/produkt\\\/huanuo-monitor-halterung-mit-laptop-arm-adjustable-laptop-staender-laptop-halterung-schreibtisch-for-13-to-35-screens-fits-up-to-17-laptops-laptop-stand-with-clamp-grom\\\/#primaryimage\"},\"image\":{\"@id\":\"https:\\\/\\\/marktxxl.de\\\/markt\\\/produkt\\\/huanuo-monitor-halterung-mit-laptop-arm-adjustable-laptop-staender-laptop-halterung-schreibtisch-for-13-to-35-screens-fits-up-to-17-laptops-laptop-stand-with-clamp-grom\\\/#primaryimage\"},\"thumbnailUrl\":\"https:\\\/\\\/m.media-amazon.com\\\/images\\\/I\\\/31R8ikOnQIL._SL500_.jpg\",\"datePublished\":\"2022-08-13T06:55:52+00:00\",\"dateModified\":\"2023-04-10T02:30:34+00:00\",\"description\":\"Markt-XXL HUANUO Monitor Halterung mit Laptop Arm, Adjustable Laptop St\u00e4nder, Laptop Halterung Schreibtisch for 13\u201d to 35\u201d Screens\u2026\",\"breadcrumb\":{\"@id\":\"https:\\\/\\\/marktxxl.de\\\/markt\\\/produkt\\\/huanuo-monitor-halterung-mit-laptop-arm-adjustable-laptop-staender-laptop-halterung-schreibtisch-for-13-to-35-screens-fits-up-to-17-laptops-laptop-stand-with-clamp-grom\\\/#breadcrumb\"},\"inLanguage\":\"de\",\"potentialAction\":[{\"@type\":\"ReadAction\",\"target\":[\"https:\\\/\\\/marktxxl.de\\\/markt\\\/produkt\\\/huanuo-monitor-halterung-mit-laptop-arm-adjustable-laptop-staender-laptop-halterung-schreibtisch-for-13-to-35-screens-fits-up-to-17-laptops-laptop-stand-with-clamp-grom\\\/\"]}]},{\"@type\":\"ImageObject\",\"inLanguage\":\"de\",\"@id\":\"https:\\\/\\\/marktxxl.de\\\/markt\\\/produkt\\\/huanuo-monitor-halterung-mit-laptop-arm-adjustable-laptop-staender-laptop-halterung-schreibtisch-for-13-to-35-screens-fits-up-to-17-laptops-laptop-stand-with-clamp-grom\\\/#primaryimage\",\"url\":\"https:\\\/\\\/m.media-amazon.com\\\/images\\\/I\\\/31R8ikOnQIL._SL500_.jpg\",\"contentUrl\":\"https:\\\/\\\/m.media-amazon.com\\\/images\\\/I\\\/31R8ikOnQIL._SL500_.jpg\",\"width\":500,\"height\":500},{\"@type\":\"BreadcrumbList\",\"@id\":\"https:\\\/\\\/marktxxl.de\\\/markt\\\/produkt\\\/huanuo-monitor-halterung-mit-laptop-arm-adjustable-laptop-staender-laptop-halterung-schreibtisch-for-13-to-35-screens-fits-up-to-17-laptops-laptop-stand-with-clamp-grom\\\/#breadcrumb\",\"itemListElement\":[{\"@type\":\"ListItem\",\"position\":1,\"name\":\"Startseite\",\"item\":\"https:\\\/\\\/marktxxl.de\\\/markt\\\/\"},{\"@type\":\"ListItem\",\"position\":2,\"name\":\"Markt\",\"item\":\"https:\\\/\\\/marktxxl.de\\\/markt\\\/\"},{\"@type\":\"ListItem\",\"position\":3,\"name\":\"HUANUO Monitor Halterung mit Laptop Arm, Adjustable Laptop St\u00e4nder, Laptop Halterung Schreibtisch for 13\u201d to 35\u201d Screens\u2026\"}]},{\"@type\":\"WebSite\",\"@id\":\"https:\\\/\\\/marktxxl.de\\\/markt\\\/#website\",\"url\":\"https:\\\/\\\/marktxxl.de\\\/markt\\\/\",\"name\":\"Markt-XXL\",\"description\":\"Ihr Markt Online\",\"publisher\":{\"@id\":\"https:\\\/\\\/marktxxl.de\\\/markt\\\/#organization\"},\"potentialAction\":[{\"@type\":\"SearchAction\",\"target\":{\"@type\":\"EntryPoint\",\"urlTemplate\":\"https:\\\/\\\/marktxxl.de\\\/markt\\\/?s={search_term_string}\"},\"query-input\":{\"@type\":\"PropertyValueSpecification\",\"valueRequired\":true,\"valueName\":\"search_term_string\"}}],\"inLanguage\":\"de\"},{\"@type\":\"Organization\",\"@id\":\"https:\\\/\\\/marktxxl.de\\\/markt\\\/#organization\",\"name\":\"Markt-XXL\",\"url\":\"https:\\\/\\\/marktxxl.de\\\/markt\\\/\",\"logo\":{\"@type\":\"ImageObject\",\"inLanguage\":\"de\",\"@id\":\"https:\\\/\\\/marktxxl.de\\\/markt\\\/#\\\/schema\\\/logo\\\/image\\\/\",\"url\":\"https:\\\/\\\/marktxxl.de\\\/markt\\\/wp-content\\\/uploads\\\/sites\\\/3\\\/2020\\\/12\\\/logo.png\",\"contentUrl\":\"https:\\\/\\\/marktxxl.de\\\/markt\\\/wp-content\\\/uploads\\\/sites\\\/3\\\/2020\\\/12\\\/logo.png\",\"width\":200,\"height\":70,\"caption\":\"Markt-XXL\"},\"image\":{\"@id\":\"https:\\\/\\\/marktxxl.de\\\/markt\\\/#\\\/schema\\\/logo\\\/image\\\/\"}}]}<\/script>\n<!-- \/ Yoast SEO plugin. -->","yoast_head_json":{"title":"HUANUO Monitor Halterung mit Laptop Arm, Adjustable Laptop St\u00e4nder, Laptop Halterung Schreibtisch for 13\u201d to 35\u201d Screens\u2026 - Markt-XXL","description":"Markt-XXL HUANUO Monitor Halterung mit Laptop Arm, Adjustable Laptop St\u00e4nder, Laptop Halterung Schreibtisch for 13\u201d to 35\u201d Screens\u2026","robots":{"index":"index","follow":"follow","max-snippet":"max-snippet:-1","max-image-preview":"max-image-preview:large","max-video-preview":"max-video-preview:-1"},"canonical":"https:\/\/marktxxl.de\/markt\/produkt\/huanuo-monitor-halterung-mit-laptop-arm-adjustable-laptop-staender-laptop-halterung-schreibtisch-for-13-to-35-screens-fits-up-to-17-laptops-laptop-stand-with-clamp-grom\/","og_locale":"de_DE","og_type":"article","og_title":"HUANUO Monitor Halterung mit Laptop Arm, Adjustable Laptop St\u00e4nder, Laptop Halterung Schreibtisch for 13\u201d to 35\u201d Screens\u2026 - Markt-XXL","og_description":"Markt-XXL HUANUO Monitor Halterung mit Laptop Arm, Adjustable Laptop St\u00e4nder, Laptop Halterung Schreibtisch for 13\u201d to 35\u201d Screens\u2026","og_url":"https:\/\/marktxxl.de\/markt\/produkt\/huanuo-monitor-halterung-mit-laptop-arm-adjustable-laptop-staender-laptop-halterung-schreibtisch-for-13-to-35-screens-fits-up-to-17-laptops-laptop-stand-with-clamp-grom\/","og_site_name":"Markt-XXL","article_modified_time":"2023-04-10T02:30:34+00:00","og_image":[{"width":500,"height":500,"url":"https:\/\/m.media-amazon.com\/images\/I\/31R8ikOnQIL._SL500_.jpg","type":"image\/jpeg"}],"twitter_card":"summary_large_image","twitter_misc":{"Gesch\u00e4tzte Lesezeit":"1\u00a0Minute"},"schema":{"@context":"https:\/\/schema.org","@graph":[{"@type":"WebPage","@id":"https:\/\/marktxxl.de\/markt\/produkt\/huanuo-monitor-halterung-mit-laptop-arm-adjustable-laptop-staender-laptop-halterung-schreibtisch-for-13-to-35-screens-fits-up-to-17-laptops-laptop-stand-with-clamp-grom\/","url":"https:\/\/marktxxl.de\/markt\/produkt\/huanuo-monitor-halterung-mit-laptop-arm-adjustable-laptop-staender-laptop-halterung-schreibtisch-for-13-to-35-screens-fits-up-to-17-laptops-laptop-stand-with-clamp-grom\/","name":"HUANUO Monitor Halterung mit Laptop Arm, Adjustable Laptop St\u00e4nder, Laptop Halterung Schreibtisch for 13\u201d to 35\u201d Screens\u2026 - Markt-XXL","isPartOf":{"@id":"https:\/\/marktxxl.de\/markt\/#website"},"primaryImageOfPage":{"@id":"https:\/\/marktxxl.de\/markt\/produkt\/huanuo-monitor-halterung-mit-laptop-arm-adjustable-laptop-staender-laptop-halterung-schreibtisch-for-13-to-35-screens-fits-up-to-17-laptops-laptop-stand-with-clamp-grom\/#primaryimage"},"image":{"@id":"https:\/\/marktxxl.de\/markt\/produkt\/huanuo-monitor-halterung-mit-laptop-arm-adjustable-laptop-staender-laptop-halterung-schreibtisch-for-13-to-35-screens-fits-up-to-17-laptops-laptop-stand-with-clamp-grom\/#primaryimage"},"thumbnailUrl":"https:\/\/m.media-amazon.com\/images\/I\/31R8ikOnQIL._SL500_.jpg","datePublished":"2022-08-13T06:55:52+00:00","dateModified":"2023-04-10T02:30:34+00:00","description":"Markt-XXL HUANUO Monitor Halterung mit Laptop Arm, Adjustable Laptop St\u00e4nder, Laptop Halterung Schreibtisch for 13\u201d to 35\u201d Screens\u2026","breadcrumb":{"@id":"https:\/\/marktxxl.de\/markt\/produkt\/huanuo-monitor-halterung-mit-laptop-arm-adjustable-laptop-staender-laptop-halterung-schreibtisch-for-13-to-35-screens-fits-up-to-17-laptops-laptop-stand-with-clamp-grom\/#breadcrumb"},"inLanguage":"de","potentialAction":[{"@type":"ReadAction","target":["https:\/\/marktxxl.de\/markt\/produkt\/huanuo-monitor-halterung-mit-laptop-arm-adjustable-laptop-staender-laptop-halterung-schreibtisch-for-13-to-35-screens-fits-up-to-17-laptops-laptop-stand-with-clamp-grom\/"]}]},{"@type":"ImageObject","inLanguage":"de","@id":"https:\/\/marktxxl.de\/markt\/produkt\/huanuo-monitor-halterung-mit-laptop-arm-adjustable-laptop-staender-laptop-halterung-schreibtisch-for-13-to-35-screens-fits-up-to-17-laptops-laptop-stand-with-clamp-grom\/#primaryimage","url":"https:\/\/m.media-amazon.com\/images\/I\/31R8ikOnQIL._SL500_.jpg","contentUrl":"https:\/\/m.media-amazon.com\/images\/I\/31R8ikOnQIL._SL500_.jpg","width":500,"height":500},{"@type":"BreadcrumbList","@id":"https:\/\/marktxxl.de\/markt\/produkt\/huanuo-monitor-halterung-mit-laptop-arm-adjustable-laptop-staender-laptop-halterung-schreibtisch-for-13-to-35-screens-fits-up-to-17-laptops-laptop-stand-with-clamp-grom\/#breadcrumb","itemListElement":[{"@type":"ListItem","position":1,"name":"Startseite","item":"https:\/\/marktxxl.de\/markt\/"},{"@type":"ListItem","position":2,"name":"Markt","item":"https:\/\/marktxxl.de\/markt\/"},{"@type":"ListItem","position":3,"name":"HUANUO Monitor Halterung mit Laptop Arm, Adjustable Laptop St\u00e4nder, Laptop Halterung Schreibtisch for 13\u201d to 35\u201d Screens\u2026"}]},{"@type":"WebSite","@id":"https:\/\/marktxxl.de\/markt\/#website","url":"https:\/\/marktxxl.de\/markt\/","name":"Markt-XXL","description":"Ihr Markt Online","publisher":{"@id":"https:\/\/marktxxl.de\/markt\/#organization"},"potentialAction":[{"@type":"SearchAction","target":{"@type":"EntryPoint","urlTemplate":"https:\/\/marktxxl.de\/markt\/?s={search_term_string}"},"query-input":{"@type":"PropertyValueSpecification","valueRequired":true,"valueName":"search_term_string"}}],"inLanguage":"de"},{"@type":"Organization","@id":"https:\/\/marktxxl.de\/markt\/#organization","name":"Markt-XXL","url":"https:\/\/marktxxl.de\/markt\/","logo":{"@type":"ImageObject","inLanguage":"de","@id":"https:\/\/marktxxl.de\/markt\/#\/schema\/logo\/image\/","url":"https:\/\/marktxxl.de\/markt\/wp-content\/uploads\/sites\/3\/2020\/12\/logo.png","contentUrl":"https:\/\/marktxxl.de\/markt\/wp-content\/uploads\/sites\/3\/2020\/12\/logo.png","width":200,"height":70,"caption":"Markt-XXL"},"image":{"@id":"https:\/\/marktxxl.de\/markt\/#\/schema\/logo\/image\/"}}]}},"_links":{"self":[{"href":"https:\/\/marktxxl.de\/markt\/wp-json\/wp\/v2\/product\/146175","targetHints":{"allow":["GET"]}}],"collection":[{"href":"https:\/\/marktxxl.de\/markt\/wp-json\/wp\/v2\/product"}],"about":[{"href":"https:\/\/marktxxl.de\/markt\/wp-json\/wp\/v2\/types\/product"}],"replies":[{"embeddable":true,"href":"https:\/\/marktxxl.de\/markt\/wp-json\/wp\/v2\/comments?post=146175"}],"wp:featuredmedia":[{"embeddable":true,"href":"https:\/\/marktxxl.de\/markt\/wp-json\/wp\/v2\/media\/146176"}],"wp:attachment":[{"href":"https:\/\/marktxxl.de\/markt\/wp-json\/wp\/v2\/media?parent=146175"}],"wp:term":[{"taxonomy":"product_brand","embeddable":true,"href":"https:\/\/marktxxl.de\/markt\/wp-json\/wp\/v2\/product_brand?post=146175"},{"taxonomy":"product_cat","embeddable":true,"href":"https:\/\/marktxxl.de\/markt\/wp-json\/wp\/v2\/product_cat?post=146175"},{"taxonomy":"product_tag","embeddable":true,"href":"https:\/\/marktxxl.de\/markt\/wp-json\/wp\/v2\/product_tag?post=146175"}],"curies":[{"name":"wp","href":"https:\/\/api.w.org\/{rel}","templated":true}]}}