{"id":145364,"date":"2022-08-13T06:41:01","date_gmt":"2022-08-13T04:41:01","guid":{"rendered":"https:\/\/marktxxl.de\/markt\/produkt\/geschenkpapier-96-blatt-381-x-508-cm-fuer-pompons-geschenktueten-papierblumen-party-dekoration-farben-von-regenbogen\/"},"modified":"2023-04-09T04:03:35","modified_gmt":"2023-04-09T02:03:35","slug":"geschenkpapier-96-blatt-381-x-508-cm-fuer-pompons-geschenktueten-papierblumen-party-dekoration-farben-von-regenbogen","status":"publish","type":"product","link":"https:\/\/marktxxl.de\/markt\/produkt\/geschenkpapier-96-blatt-381-x-508-cm-fuer-pompons-geschenktueten-papierblumen-party-dekoration-farben-von-regenbogen\/","title":{"rendered":"Aloe \u2013 96 Blatt, 37,8 x 50,8 cm \u2013 Geschenkpapier f\u00fcr Geschenkt\u00fcten, Geschenkboxen und Geschenkk\u00f6rbe, Verpackung\u2026"},"content":{"rendered":"<p>Hochwertiges Seidenpapier, s\u00e4urefrei und umweltfreundlich. Das alterungsbest\u00e4ndige Seidenpapier kann zur Verpackung empfindlicher Gegenst\u00e4nde verwendet werden, oder als F\u00fcllungen oder Zwischenmaterial f\u00fcr Fotos und Aufbewahrungsboxen verwendet werden. Seidenpapier kann anstelle von Geschenkpapier, f\u00fcr verschiedene Bastelprojekte oder handgefertigte Gegenst\u00e4nde verwendet werden, und hat viele Anwendungsm\u00f6glichkeiten f\u00fcr Party-Dekoration.<br \/>\n<div class=\"main-cross-sell\" data-asin=\"B08377BVBN\">\n\n\t<div class=\"WooZone-cross-sell-loader\">\n\t\t<div>\n\t\t\t<div id=\"floatingBarsG\">\n\t\t\t\t<div class=\"blockG\" id=\"rotateG_01\"><\/div>\n\t\t\t\t<div class=\"blockG\" id=\"rotateG_02\"><\/div>\n\t\t\t\t<div class=\"blockG\" id=\"rotateG_03\"><\/div>\n\t\t\t\t<div class=\"blockG\" id=\"rotateG_04\"><\/div>\n\t\t\t\t<div class=\"blockG\" id=\"rotateG_05\"><\/div>\n\t\t\t\t<div class=\"blockG\" id=\"rotateG_06\"><\/div>\n\t\t\t\t<div class=\"blockG\" id=\"rotateG_07\"><\/div>\n\t\t\t\t<div class=\"blockG\" id=\"rotateG_08\"><\/div>\n\t\t\t<\/div>\n\t\t\t<div class=\"WooZone-cross-sell-loader-text\"><\/div>\n\t\t<\/div>\n\t<\/div>\n\n\t\t\n<\/div>\n<div style=\"clear:both;\"><\/div><\/p>\n","protected":false},"excerpt":{"rendered":"<p>Hochwertiges Seidenpapier, s\u00e4urefrei und umweltfreundlich. Das alterungsbest\u00e4ndige Seidenpapier kann zur Verpackung empfindlicher Gegenst\u00e4nde verwendet werden, oder als F\u00fcllungen oder Zwischenmaterial f\u00fcr Fotos und Aufbewahrungsboxen verwendet werden. Seidenpapier kann anstelle von Geschenkpapier, f\u00fcr verschiedene Bastelprojekte oder handgefertigte Gegenst\u00e4nde verwendet werden, und hat viele Anwendungsm\u00f6glichkeiten f\u00fcr Party-Dekoration.<\/p>\n","protected":false},"featured_media":145365,"comment_status":"open","ping_status":"closed","template":"","meta":[],"product_brand":[],"product_cat":[504,8703],"product_tag":[],"class_list":{"0":"post-145364","1":"product","2":"type-product","3":"status-publish","4":"has-post-thumbnail","6":"product_cat-buerobedarf-schreibwaren","7":"product_cat-umschlaege-versandzubehoer","8":"pa_binding-badartikel","9":"pa_brand-colors-of-rainbow","10":"pa_manufacturer-colors-of-rainbow","12":"first","13":"instock","14":"shipping-taxable","15":"purchasable","16":"product-type-simple","17":"customify-col","18":"product-has-gallery"},"yoast_head":"<!-- This site is optimized with the Yoast SEO plugin v27.4 - https:\/\/yoast.com\/product\/yoast-seo-wordpress\/ -->\n<title>Aloe \u2013 96 Blatt, 37,8 x 50,8 cm \u2013 Geschenkpapier f\u00fcr Geschenkt\u00fcten, Geschenkboxen und Geschenkk\u00f6rbe, Verpackung\u2026 - Markt-XXL<\/title>\n<meta name=\"description\" content=\"Markt-XXL Aloe \u2013 96 Blatt, 37,8 x 50,8 cm \u2013 Geschenkpapier f\u00fcr Geschenkt\u00fcten, Geschenkboxen und Geschenkk\u00f6rbe, Verpackung\u2026\" \/>\n<meta name=\"robots\" content=\"index, follow, max-snippet:-1, max-image-preview:large, max-video-preview:-1\" \/>\n<link rel=\"canonical\" href=\"https:\/\/marktxxl.de\/markt\/produkt\/geschenkpapier-96-blatt-381-x-508-cm-fuer-pompons-geschenktueten-papierblumen-party-dekoration-farben-von-regenbogen\/\" \/>\n<meta property=\"og:locale\" content=\"de_DE\" \/>\n<meta property=\"og:type\" content=\"article\" \/>\n<meta property=\"og:title\" content=\"Aloe \u2013 96 Blatt, 37,8 x 50,8 cm \u2013 Geschenkpapier f\u00fcr Geschenkt\u00fcten, Geschenkboxen und Geschenkk\u00f6rbe, Verpackung\u2026 - Markt-XXL\" \/>\n<meta property=\"og:description\" content=\"Markt-XXL Aloe \u2013 96 Blatt, 37,8 x 50,8 cm \u2013 Geschenkpapier f\u00fcr Geschenkt\u00fcten, Geschenkboxen und Geschenkk\u00f6rbe, Verpackung\u2026\" \/>\n<meta property=\"og:url\" content=\"https:\/\/marktxxl.de\/markt\/produkt\/geschenkpapier-96-blatt-381-x-508-cm-fuer-pompons-geschenktueten-papierblumen-party-dekoration-farben-von-regenbogen\/\" \/>\n<meta property=\"og:site_name\" content=\"Markt-XXL\" \/>\n<meta property=\"article:modified_time\" content=\"2023-04-09T02:03:35+00:00\" \/>\n<meta property=\"og:image\" content=\"https:\/\/m.media-amazon.com\/images\/I\/31QNV5fOfvL._SL500_.jpg\" \/>\n\t<meta property=\"og:image:width\" content=\"500\" \/>\n\t<meta property=\"og:image:height\" content=\"500\" \/>\n\t<meta property=\"og:image:type\" content=\"image\/jpeg\" \/>\n<meta name=\"twitter:card\" content=\"summary_large_image\" \/>\n<script type=\"application\/ld+json\" class=\"yoast-schema-graph\">{\"@context\":\"https:\\\/\\\/schema.org\",\"@graph\":[{\"@type\":\"WebPage\",\"@id\":\"https:\\\/\\\/marktxxl.de\\\/markt\\\/produkt\\\/geschenkpapier-96-blatt-381-x-508-cm-fuer-pompons-geschenktueten-papierblumen-party-dekoration-farben-von-regenbogen\\\/\",\"url\":\"https:\\\/\\\/marktxxl.de\\\/markt\\\/produkt\\\/geschenkpapier-96-blatt-381-x-508-cm-fuer-pompons-geschenktueten-papierblumen-party-dekoration-farben-von-regenbogen\\\/\",\"name\":\"Aloe \u2013 96 Blatt, 37,8 x 50,8 cm \u2013 Geschenkpapier f\u00fcr Geschenkt\u00fcten, Geschenkboxen und Geschenkk\u00f6rbe, Verpackung\u2026 - Markt-XXL\",\"isPartOf\":{\"@id\":\"https:\\\/\\\/marktxxl.de\\\/markt\\\/#website\"},\"primaryImageOfPage\":{\"@id\":\"https:\\\/\\\/marktxxl.de\\\/markt\\\/produkt\\\/geschenkpapier-96-blatt-381-x-508-cm-fuer-pompons-geschenktueten-papierblumen-party-dekoration-farben-von-regenbogen\\\/#primaryimage\"},\"image\":{\"@id\":\"https:\\\/\\\/marktxxl.de\\\/markt\\\/produkt\\\/geschenkpapier-96-blatt-381-x-508-cm-fuer-pompons-geschenktueten-papierblumen-party-dekoration-farben-von-regenbogen\\\/#primaryimage\"},\"thumbnailUrl\":\"https:\\\/\\\/m.media-amazon.com\\\/images\\\/I\\\/31QNV5fOfvL._SL500_.jpg\",\"datePublished\":\"2022-08-13T04:41:01+00:00\",\"dateModified\":\"2023-04-09T02:03:35+00:00\",\"description\":\"Markt-XXL Aloe \u2013 96 Blatt, 37,8 x 50,8 cm \u2013 Geschenkpapier f\u00fcr Geschenkt\u00fcten, Geschenkboxen und Geschenkk\u00f6rbe, Verpackung\u2026\",\"breadcrumb\":{\"@id\":\"https:\\\/\\\/marktxxl.de\\\/markt\\\/produkt\\\/geschenkpapier-96-blatt-381-x-508-cm-fuer-pompons-geschenktueten-papierblumen-party-dekoration-farben-von-regenbogen\\\/#breadcrumb\"},\"inLanguage\":\"de\",\"potentialAction\":[{\"@type\":\"ReadAction\",\"target\":[\"https:\\\/\\\/marktxxl.de\\\/markt\\\/produkt\\\/geschenkpapier-96-blatt-381-x-508-cm-fuer-pompons-geschenktueten-papierblumen-party-dekoration-farben-von-regenbogen\\\/\"]}]},{\"@type\":\"ImageObject\",\"inLanguage\":\"de\",\"@id\":\"https:\\\/\\\/marktxxl.de\\\/markt\\\/produkt\\\/geschenkpapier-96-blatt-381-x-508-cm-fuer-pompons-geschenktueten-papierblumen-party-dekoration-farben-von-regenbogen\\\/#primaryimage\",\"url\":\"https:\\\/\\\/m.media-amazon.com\\\/images\\\/I\\\/31QNV5fOfvL._SL500_.jpg\",\"contentUrl\":\"https:\\\/\\\/m.media-amazon.com\\\/images\\\/I\\\/31QNV5fOfvL._SL500_.jpg\",\"width\":500,\"height\":500},{\"@type\":\"BreadcrumbList\",\"@id\":\"https:\\\/\\\/marktxxl.de\\\/markt\\\/produkt\\\/geschenkpapier-96-blatt-381-x-508-cm-fuer-pompons-geschenktueten-papierblumen-party-dekoration-farben-von-regenbogen\\\/#breadcrumb\",\"itemListElement\":[{\"@type\":\"ListItem\",\"position\":1,\"name\":\"Startseite\",\"item\":\"https:\\\/\\\/marktxxl.de\\\/markt\\\/\"},{\"@type\":\"ListItem\",\"position\":2,\"name\":\"Markt\",\"item\":\"https:\\\/\\\/marktxxl.de\\\/markt\\\/\"},{\"@type\":\"ListItem\",\"position\":3,\"name\":\"Aloe \u2013 96 Blatt, 37,8 x 50,8 cm \u2013 Geschenkpapier f\u00fcr Geschenkt\u00fcten, Geschenkboxen und Geschenkk\u00f6rbe, Verpackung\u2026\"}]},{\"@type\":\"WebSite\",\"@id\":\"https:\\\/\\\/marktxxl.de\\\/markt\\\/#website\",\"url\":\"https:\\\/\\\/marktxxl.de\\\/markt\\\/\",\"name\":\"Markt-XXL\",\"description\":\"Ihr Markt Online\",\"publisher\":{\"@id\":\"https:\\\/\\\/marktxxl.de\\\/markt\\\/#organization\"},\"potentialAction\":[{\"@type\":\"SearchAction\",\"target\":{\"@type\":\"EntryPoint\",\"urlTemplate\":\"https:\\\/\\\/marktxxl.de\\\/markt\\\/?s={search_term_string}\"},\"query-input\":{\"@type\":\"PropertyValueSpecification\",\"valueRequired\":true,\"valueName\":\"search_term_string\"}}],\"inLanguage\":\"de\"},{\"@type\":\"Organization\",\"@id\":\"https:\\\/\\\/marktxxl.de\\\/markt\\\/#organization\",\"name\":\"Markt-XXL\",\"url\":\"https:\\\/\\\/marktxxl.de\\\/markt\\\/\",\"logo\":{\"@type\":\"ImageObject\",\"inLanguage\":\"de\",\"@id\":\"https:\\\/\\\/marktxxl.de\\\/markt\\\/#\\\/schema\\\/logo\\\/image\\\/\",\"url\":\"https:\\\/\\\/marktxxl.de\\\/markt\\\/wp-content\\\/uploads\\\/sites\\\/3\\\/2020\\\/12\\\/logo.png\",\"contentUrl\":\"https:\\\/\\\/marktxxl.de\\\/markt\\\/wp-content\\\/uploads\\\/sites\\\/3\\\/2020\\\/12\\\/logo.png\",\"width\":200,\"height\":70,\"caption\":\"Markt-XXL\"},\"image\":{\"@id\":\"https:\\\/\\\/marktxxl.de\\\/markt\\\/#\\\/schema\\\/logo\\\/image\\\/\"}}]}<\/script>\n<!-- \/ Yoast SEO plugin. -->","yoast_head_json":{"title":"Aloe \u2013 96 Blatt, 37,8 x 50,8 cm \u2013 Geschenkpapier f\u00fcr Geschenkt\u00fcten, Geschenkboxen und Geschenkk\u00f6rbe, Verpackung\u2026 - Markt-XXL","description":"Markt-XXL Aloe \u2013 96 Blatt, 37,8 x 50,8 cm \u2013 Geschenkpapier f\u00fcr Geschenkt\u00fcten, Geschenkboxen und Geschenkk\u00f6rbe, Verpackung\u2026","robots":{"index":"index","follow":"follow","max-snippet":"max-snippet:-1","max-image-preview":"max-image-preview:large","max-video-preview":"max-video-preview:-1"},"canonical":"https:\/\/marktxxl.de\/markt\/produkt\/geschenkpapier-96-blatt-381-x-508-cm-fuer-pompons-geschenktueten-papierblumen-party-dekoration-farben-von-regenbogen\/","og_locale":"de_DE","og_type":"article","og_title":"Aloe \u2013 96 Blatt, 37,8 x 50,8 cm \u2013 Geschenkpapier f\u00fcr Geschenkt\u00fcten, Geschenkboxen und Geschenkk\u00f6rbe, Verpackung\u2026 - Markt-XXL","og_description":"Markt-XXL Aloe \u2013 96 Blatt, 37,8 x 50,8 cm \u2013 Geschenkpapier f\u00fcr Geschenkt\u00fcten, Geschenkboxen und Geschenkk\u00f6rbe, Verpackung\u2026","og_url":"https:\/\/marktxxl.de\/markt\/produkt\/geschenkpapier-96-blatt-381-x-508-cm-fuer-pompons-geschenktueten-papierblumen-party-dekoration-farben-von-regenbogen\/","og_site_name":"Markt-XXL","article_modified_time":"2023-04-09T02:03:35+00:00","og_image":[{"width":500,"height":500,"url":"https:\/\/m.media-amazon.com\/images\/I\/31QNV5fOfvL._SL500_.jpg","type":"image\/jpeg"}],"twitter_card":"summary_large_image","schema":{"@context":"https:\/\/schema.org","@graph":[{"@type":"WebPage","@id":"https:\/\/marktxxl.de\/markt\/produkt\/geschenkpapier-96-blatt-381-x-508-cm-fuer-pompons-geschenktueten-papierblumen-party-dekoration-farben-von-regenbogen\/","url":"https:\/\/marktxxl.de\/markt\/produkt\/geschenkpapier-96-blatt-381-x-508-cm-fuer-pompons-geschenktueten-papierblumen-party-dekoration-farben-von-regenbogen\/","name":"Aloe \u2013 96 Blatt, 37,8 x 50,8 cm \u2013 Geschenkpapier f\u00fcr Geschenkt\u00fcten, Geschenkboxen und Geschenkk\u00f6rbe, Verpackung\u2026 - Markt-XXL","isPartOf":{"@id":"https:\/\/marktxxl.de\/markt\/#website"},"primaryImageOfPage":{"@id":"https:\/\/marktxxl.de\/markt\/produkt\/geschenkpapier-96-blatt-381-x-508-cm-fuer-pompons-geschenktueten-papierblumen-party-dekoration-farben-von-regenbogen\/#primaryimage"},"image":{"@id":"https:\/\/marktxxl.de\/markt\/produkt\/geschenkpapier-96-blatt-381-x-508-cm-fuer-pompons-geschenktueten-papierblumen-party-dekoration-farben-von-regenbogen\/#primaryimage"},"thumbnailUrl":"https:\/\/m.media-amazon.com\/images\/I\/31QNV5fOfvL._SL500_.jpg","datePublished":"2022-08-13T04:41:01+00:00","dateModified":"2023-04-09T02:03:35+00:00","description":"Markt-XXL Aloe \u2013 96 Blatt, 37,8 x 50,8 cm \u2013 Geschenkpapier f\u00fcr Geschenkt\u00fcten, Geschenkboxen und Geschenkk\u00f6rbe, Verpackung\u2026","breadcrumb":{"@id":"https:\/\/marktxxl.de\/markt\/produkt\/geschenkpapier-96-blatt-381-x-508-cm-fuer-pompons-geschenktueten-papierblumen-party-dekoration-farben-von-regenbogen\/#breadcrumb"},"inLanguage":"de","potentialAction":[{"@type":"ReadAction","target":["https:\/\/marktxxl.de\/markt\/produkt\/geschenkpapier-96-blatt-381-x-508-cm-fuer-pompons-geschenktueten-papierblumen-party-dekoration-farben-von-regenbogen\/"]}]},{"@type":"ImageObject","inLanguage":"de","@id":"https:\/\/marktxxl.de\/markt\/produkt\/geschenkpapier-96-blatt-381-x-508-cm-fuer-pompons-geschenktueten-papierblumen-party-dekoration-farben-von-regenbogen\/#primaryimage","url":"https:\/\/m.media-amazon.com\/images\/I\/31QNV5fOfvL._SL500_.jpg","contentUrl":"https:\/\/m.media-amazon.com\/images\/I\/31QNV5fOfvL._SL500_.jpg","width":500,"height":500},{"@type":"BreadcrumbList","@id":"https:\/\/marktxxl.de\/markt\/produkt\/geschenkpapier-96-blatt-381-x-508-cm-fuer-pompons-geschenktueten-papierblumen-party-dekoration-farben-von-regenbogen\/#breadcrumb","itemListElement":[{"@type":"ListItem","position":1,"name":"Startseite","item":"https:\/\/marktxxl.de\/markt\/"},{"@type":"ListItem","position":2,"name":"Markt","item":"https:\/\/marktxxl.de\/markt\/"},{"@type":"ListItem","position":3,"name":"Aloe \u2013 96 Blatt, 37,8 x 50,8 cm \u2013 Geschenkpapier f\u00fcr Geschenkt\u00fcten, Geschenkboxen und Geschenkk\u00f6rbe, Verpackung\u2026"}]},{"@type":"WebSite","@id":"https:\/\/marktxxl.de\/markt\/#website","url":"https:\/\/marktxxl.de\/markt\/","name":"Markt-XXL","description":"Ihr Markt Online","publisher":{"@id":"https:\/\/marktxxl.de\/markt\/#organization"},"potentialAction":[{"@type":"SearchAction","target":{"@type":"EntryPoint","urlTemplate":"https:\/\/marktxxl.de\/markt\/?s={search_term_string}"},"query-input":{"@type":"PropertyValueSpecification","valueRequired":true,"valueName":"search_term_string"}}],"inLanguage":"de"},{"@type":"Organization","@id":"https:\/\/marktxxl.de\/markt\/#organization","name":"Markt-XXL","url":"https:\/\/marktxxl.de\/markt\/","logo":{"@type":"ImageObject","inLanguage":"de","@id":"https:\/\/marktxxl.de\/markt\/#\/schema\/logo\/image\/","url":"https:\/\/marktxxl.de\/markt\/wp-content\/uploads\/sites\/3\/2020\/12\/logo.png","contentUrl":"https:\/\/marktxxl.de\/markt\/wp-content\/uploads\/sites\/3\/2020\/12\/logo.png","width":200,"height":70,"caption":"Markt-XXL"},"image":{"@id":"https:\/\/marktxxl.de\/markt\/#\/schema\/logo\/image\/"}}]}},"_links":{"self":[{"href":"https:\/\/marktxxl.de\/markt\/wp-json\/wp\/v2\/product\/145364","targetHints":{"allow":["GET"]}}],"collection":[{"href":"https:\/\/marktxxl.de\/markt\/wp-json\/wp\/v2\/product"}],"about":[{"href":"https:\/\/marktxxl.de\/markt\/wp-json\/wp\/v2\/types\/product"}],"replies":[{"embeddable":true,"href":"https:\/\/marktxxl.de\/markt\/wp-json\/wp\/v2\/comments?post=145364"}],"wp:featuredmedia":[{"embeddable":true,"href":"https:\/\/marktxxl.de\/markt\/wp-json\/wp\/v2\/media\/145365"}],"wp:attachment":[{"href":"https:\/\/marktxxl.de\/markt\/wp-json\/wp\/v2\/media?parent=145364"}],"wp:term":[{"taxonomy":"product_brand","embeddable":true,"href":"https:\/\/marktxxl.de\/markt\/wp-json\/wp\/v2\/product_brand?post=145364"},{"taxonomy":"product_cat","embeddable":true,"href":"https:\/\/marktxxl.de\/markt\/wp-json\/wp\/v2\/product_cat?post=145364"},{"taxonomy":"product_tag","embeddable":true,"href":"https:\/\/marktxxl.de\/markt\/wp-json\/wp\/v2\/product_tag?post=145364"}],"curies":[{"name":"wp","href":"https:\/\/api.w.org\/{rel}","templated":true}]}}