{"id":143735,"date":"2022-08-13T03:25:35","date_gmt":"2022-08-13T01:25:35","guid":{"rendered":"https:\/\/marktxxl.de\/markt\/produkt\/tubbz-5056280417897-vinyl-spielzeug\/"},"modified":"2023-04-10T04:27:23","modified_gmt":"2023-04-10T02:27:23","slug":"tubbz-5056280417897-vinyl-spielzeug","status":"publish","type":"product","link":"https:\/\/marktxxl.de\/markt\/produkt\/tubbz-5056280417897-vinyl-spielzeug\/","title":{"rendered":"TUBBZ 5056280417897 Vinyl Spielzeug"},"content":{"rendered":"<p>Metal Gear Solid Revolver Ocelot TUBBZ Collectible Duck lusitge Badeente oder Gummiente lustig<br \/>\nEin tolles Geschenk: Ein ausgezeichnetes Geschenk f\u00fcr den Mini-Cosplayer in Ihrem Leben, diese TUBBZ-Serie von Sammlerst\u00fccken ist sicher eine ausgezeichnete Geschenkidee f\u00fcr den Gamer in Ihrem Leben. Mit so vielen weiteren Figuren zum Sammeln ist dieses Geschenk das immer weiter verschenken wird und garantiert Ihrem spielliebenden Freund, Familienmitglied oder geliebten Menschen gefallen wird.<br \/>\nSammeln Sie alle. Beginnen Sie Ihre Sammlung direkt hier und jetzt. Sammeln Sie alle Sammelfiguren aus Ihren Lieblings-Videospielen, Filmen, TV-Shows und Comicb\u00fcchern, w\u00e4hrend sie als Cosplaying-Enten lebendig zum Leben erwachen.<br \/>\nTUBBZ Sammelfiguren: Tubbz sind lustige Sammlerst\u00fccke, die alle Ihre Lieblingsfiguren in Entenfiguren verwandelt haben. Das Cosplaying-Enten-Sammelst\u00fcck wird in einer Sammler-Badewannen-Schaubox geliefert, w\u00e4hrend die TUBBZ-Ente selbst aus strapazierf\u00e4higem, hochwertigem PVC gefertigt ist. 9 cm hoch, wenn au\u00dferhalb des Wannenst\u00e4nders liegt.<br \/>\n100% Kundenzufriedenheit: Wir bei TUBBZ sind so leidenschaftlich wie wir von der Qualit\u00e4t unserer TUBBZ Sammelfiguren \u00fcberzeugen. Wir achten sehr darauf, dass wir Ihnen auf jeden Schritt des Weges einen zufriedenen Kunden hinterlassen, weshalb jeder Kauf eine 1-j\u00e4hrige Herstellergarantie hat. Wenn Sie also irgendwann mit unserem Produkt nicht zufrieden sind, kontaktieren Sie uns, damit wir es richtig machen k\u00f6nnen.<br \/>\n<div class=\"main-cross-sell\" data-asin=\"B08GKMDHYF\">\n\n\t<div class=\"WooZone-cross-sell-loader\">\n\t\t<div>\n\t\t\t<div id=\"floatingBarsG\">\n\t\t\t\t<div class=\"blockG\" id=\"rotateG_01\"><\/div>\n\t\t\t\t<div class=\"blockG\" id=\"rotateG_02\"><\/div>\n\t\t\t\t<div class=\"blockG\" id=\"rotateG_03\"><\/div>\n\t\t\t\t<div class=\"blockG\" id=\"rotateG_04\"><\/div>\n\t\t\t\t<div class=\"blockG\" id=\"rotateG_05\"><\/div>\n\t\t\t\t<div class=\"blockG\" id=\"rotateG_06\"><\/div>\n\t\t\t\t<div class=\"blockG\" id=\"rotateG_07\"><\/div>\n\t\t\t\t<div class=\"blockG\" id=\"rotateG_08\"><\/div>\n\t\t\t<\/div>\n\t\t\t<div class=\"WooZone-cross-sell-loader-text\"><\/div>\n\t\t<\/div>\n\t<\/div>\n\n\t\t\n<\/div>\n<div style=\"clear:both;\"><\/div><\/p>\n","protected":false},"excerpt":{"rendered":"<p>Metal Gear Solid Revolver Ocelot TUBBZ Collectible Duck lusitge Badeente oder Gummiente lustig<br \/>\nEin tolles Geschenk: Ein ausgezeichnetes Geschenk f\u00fcr den Mini-Cosplayer in Ihrem Leben, diese TUBBZ-Serie von Sammlerst\u00fccken ist sicher eine ausgezeichnete Geschenkidee f\u00fcr den Gamer in Ihrem Leben. Mit so vielen weiteren Figuren zum Sammeln ist dieses Geschenk das immer weiter verschenken wird und garantiert Ihrem spielliebenden Freund, Familienmitglied oder geliebten Menschen gefallen wird.<br \/>\nSammeln Sie alle. Beginnen Sie Ihre Sammlung direkt hier und jetzt. Sammeln Sie alle Sammelfiguren aus Ihren Lieblings-Videospielen, Filmen, TV-Shows und Comicb\u00fcchern, w\u00e4hrend sie als Cosplaying-Enten lebendig zum Leben erwachen.<\/p>\n","protected":false},"featured_media":143736,"comment_status":"open","ping_status":"closed","template":"","meta":[],"product_brand":[],"product_cat":[21,8879],"product_tag":[],"class_list":{"0":"post-143735","1":"product","2":"type-product","3":"status-publish","4":"has-post-thumbnail","6":"product_cat-baby","7":"product_cat-baby-kleinkindspielzeug-baby","8":"pa_binding-spielzeug","9":"pa_brand-tubbz","10":"pa_height-5-5-zoll","11":"pa_length-6-3-zoll","12":"pa_manufacturer-tubbz","13":"pa_model-39982","14":"pa_warranty-2-jahre-herstellergarantie","15":"pa_weight-0-440924524-pfund","16":"pa_width-5-9-zoll","18":"first","19":"instock","20":"shipping-taxable","21":"purchasable","22":"product-type-simple","23":"customify-col","24":"product-has-gallery"},"yoast_head":"<!-- This site is optimized with the Yoast SEO plugin v27.3 - https:\/\/yoast.com\/product\/yoast-seo-wordpress\/ -->\n<title>TUBBZ 5056280417897 Vinyl Spielzeug - Markt-XXL<\/title>\n<meta name=\"description\" content=\"Markt-XXL TUBBZ 5056280417897 Vinyl Spielzeug\" \/>\n<meta name=\"robots\" content=\"index, follow, max-snippet:-1, max-image-preview:large, max-video-preview:-1\" \/>\n<link rel=\"canonical\" href=\"https:\/\/marktxxl.de\/markt\/produkt\/tubbz-5056280417897-vinyl-spielzeug\/\" \/>\n<meta property=\"og:locale\" content=\"de_DE\" \/>\n<meta property=\"og:type\" content=\"article\" \/>\n<meta property=\"og:title\" content=\"TUBBZ 5056280417897 Vinyl Spielzeug - Markt-XXL\" \/>\n<meta property=\"og:description\" content=\"Markt-XXL TUBBZ 5056280417897 Vinyl Spielzeug\" \/>\n<meta property=\"og:url\" content=\"https:\/\/marktxxl.de\/markt\/produkt\/tubbz-5056280417897-vinyl-spielzeug\/\" \/>\n<meta property=\"og:site_name\" content=\"Markt-XXL\" \/>\n<meta property=\"article:modified_time\" content=\"2023-04-10T02:27:23+00:00\" \/>\n<meta property=\"og:image\" content=\"https:\/\/m.media-amazon.com\/images\/I\/41jw7Uh6e3L._SL500_.jpg\" \/>\n\t<meta property=\"og:image:width\" content=\"465\" \/>\n\t<meta property=\"og:image:height\" content=\"500\" \/>\n\t<meta property=\"og:image:type\" content=\"image\/jpeg\" \/>\n<meta name=\"twitter:card\" content=\"summary_large_image\" \/>\n<meta name=\"twitter:label1\" content=\"Gesch\u00e4tzte Lesezeit\" \/>\n\t<meta name=\"twitter:data1\" content=\"1\u00a0Minute\" \/>\n<script type=\"application\/ld+json\" class=\"yoast-schema-graph\">{\"@context\":\"https:\\\/\\\/schema.org\",\"@graph\":[{\"@type\":\"WebPage\",\"@id\":\"https:\\\/\\\/marktxxl.de\\\/markt\\\/produkt\\\/tubbz-5056280417897-vinyl-spielzeug\\\/\",\"url\":\"https:\\\/\\\/marktxxl.de\\\/markt\\\/produkt\\\/tubbz-5056280417897-vinyl-spielzeug\\\/\",\"name\":\"TUBBZ 5056280417897 Vinyl Spielzeug - Markt-XXL\",\"isPartOf\":{\"@id\":\"https:\\\/\\\/marktxxl.de\\\/markt\\\/#website\"},\"primaryImageOfPage\":{\"@id\":\"https:\\\/\\\/marktxxl.de\\\/markt\\\/produkt\\\/tubbz-5056280417897-vinyl-spielzeug\\\/#primaryimage\"},\"image\":{\"@id\":\"https:\\\/\\\/marktxxl.de\\\/markt\\\/produkt\\\/tubbz-5056280417897-vinyl-spielzeug\\\/#primaryimage\"},\"thumbnailUrl\":\"https:\\\/\\\/m.media-amazon.com\\\/images\\\/I\\\/41jw7Uh6e3L._SL500_.jpg\",\"datePublished\":\"2022-08-13T01:25:35+00:00\",\"dateModified\":\"2023-04-10T02:27:23+00:00\",\"description\":\"Markt-XXL TUBBZ 5056280417897 Vinyl Spielzeug\",\"breadcrumb\":{\"@id\":\"https:\\\/\\\/marktxxl.de\\\/markt\\\/produkt\\\/tubbz-5056280417897-vinyl-spielzeug\\\/#breadcrumb\"},\"inLanguage\":\"de\",\"potentialAction\":[{\"@type\":\"ReadAction\",\"target\":[\"https:\\\/\\\/marktxxl.de\\\/markt\\\/produkt\\\/tubbz-5056280417897-vinyl-spielzeug\\\/\"]}]},{\"@type\":\"ImageObject\",\"inLanguage\":\"de\",\"@id\":\"https:\\\/\\\/marktxxl.de\\\/markt\\\/produkt\\\/tubbz-5056280417897-vinyl-spielzeug\\\/#primaryimage\",\"url\":\"https:\\\/\\\/m.media-amazon.com\\\/images\\\/I\\\/41jw7Uh6e3L._SL500_.jpg\",\"contentUrl\":\"https:\\\/\\\/m.media-amazon.com\\\/images\\\/I\\\/41jw7Uh6e3L._SL500_.jpg\",\"width\":465,\"height\":500},{\"@type\":\"BreadcrumbList\",\"@id\":\"https:\\\/\\\/marktxxl.de\\\/markt\\\/produkt\\\/tubbz-5056280417897-vinyl-spielzeug\\\/#breadcrumb\",\"itemListElement\":[{\"@type\":\"ListItem\",\"position\":1,\"name\":\"Startseite\",\"item\":\"https:\\\/\\\/marktxxl.de\\\/markt\\\/\"},{\"@type\":\"ListItem\",\"position\":2,\"name\":\"Markt\",\"item\":\"https:\\\/\\\/marktxxl.de\\\/markt\\\/\"},{\"@type\":\"ListItem\",\"position\":3,\"name\":\"TUBBZ 5056280417897 Vinyl Spielzeug\"}]},{\"@type\":\"WebSite\",\"@id\":\"https:\\\/\\\/marktxxl.de\\\/markt\\\/#website\",\"url\":\"https:\\\/\\\/marktxxl.de\\\/markt\\\/\",\"name\":\"Markt-XXL\",\"description\":\"Ihr Markt Online\",\"publisher\":{\"@id\":\"https:\\\/\\\/marktxxl.de\\\/markt\\\/#organization\"},\"potentialAction\":[{\"@type\":\"SearchAction\",\"target\":{\"@type\":\"EntryPoint\",\"urlTemplate\":\"https:\\\/\\\/marktxxl.de\\\/markt\\\/?s={search_term_string}\"},\"query-input\":{\"@type\":\"PropertyValueSpecification\",\"valueRequired\":true,\"valueName\":\"search_term_string\"}}],\"inLanguage\":\"de\"},{\"@type\":\"Organization\",\"@id\":\"https:\\\/\\\/marktxxl.de\\\/markt\\\/#organization\",\"name\":\"Markt-XXL\",\"url\":\"https:\\\/\\\/marktxxl.de\\\/markt\\\/\",\"logo\":{\"@type\":\"ImageObject\",\"inLanguage\":\"de\",\"@id\":\"https:\\\/\\\/marktxxl.de\\\/markt\\\/#\\\/schema\\\/logo\\\/image\\\/\",\"url\":\"https:\\\/\\\/marktxxl.de\\\/markt\\\/wp-content\\\/uploads\\\/sites\\\/3\\\/2020\\\/12\\\/logo.png\",\"contentUrl\":\"https:\\\/\\\/marktxxl.de\\\/markt\\\/wp-content\\\/uploads\\\/sites\\\/3\\\/2020\\\/12\\\/logo.png\",\"width\":200,\"height\":70,\"caption\":\"Markt-XXL\"},\"image\":{\"@id\":\"https:\\\/\\\/marktxxl.de\\\/markt\\\/#\\\/schema\\\/logo\\\/image\\\/\"}}]}<\/script>\n<!-- \/ Yoast SEO plugin. -->","yoast_head_json":{"title":"TUBBZ 5056280417897 Vinyl Spielzeug - Markt-XXL","description":"Markt-XXL TUBBZ 5056280417897 Vinyl Spielzeug","robots":{"index":"index","follow":"follow","max-snippet":"max-snippet:-1","max-image-preview":"max-image-preview:large","max-video-preview":"max-video-preview:-1"},"canonical":"https:\/\/marktxxl.de\/markt\/produkt\/tubbz-5056280417897-vinyl-spielzeug\/","og_locale":"de_DE","og_type":"article","og_title":"TUBBZ 5056280417897 Vinyl Spielzeug - Markt-XXL","og_description":"Markt-XXL TUBBZ 5056280417897 Vinyl Spielzeug","og_url":"https:\/\/marktxxl.de\/markt\/produkt\/tubbz-5056280417897-vinyl-spielzeug\/","og_site_name":"Markt-XXL","article_modified_time":"2023-04-10T02:27:23+00:00","og_image":[{"width":465,"height":500,"url":"https:\/\/m.media-amazon.com\/images\/I\/41jw7Uh6e3L._SL500_.jpg","type":"image\/jpeg"}],"twitter_card":"summary_large_image","twitter_misc":{"Gesch\u00e4tzte Lesezeit":"1\u00a0Minute"},"schema":{"@context":"https:\/\/schema.org","@graph":[{"@type":"WebPage","@id":"https:\/\/marktxxl.de\/markt\/produkt\/tubbz-5056280417897-vinyl-spielzeug\/","url":"https:\/\/marktxxl.de\/markt\/produkt\/tubbz-5056280417897-vinyl-spielzeug\/","name":"TUBBZ 5056280417897 Vinyl Spielzeug - Markt-XXL","isPartOf":{"@id":"https:\/\/marktxxl.de\/markt\/#website"},"primaryImageOfPage":{"@id":"https:\/\/marktxxl.de\/markt\/produkt\/tubbz-5056280417897-vinyl-spielzeug\/#primaryimage"},"image":{"@id":"https:\/\/marktxxl.de\/markt\/produkt\/tubbz-5056280417897-vinyl-spielzeug\/#primaryimage"},"thumbnailUrl":"https:\/\/m.media-amazon.com\/images\/I\/41jw7Uh6e3L._SL500_.jpg","datePublished":"2022-08-13T01:25:35+00:00","dateModified":"2023-04-10T02:27:23+00:00","description":"Markt-XXL TUBBZ 5056280417897 Vinyl Spielzeug","breadcrumb":{"@id":"https:\/\/marktxxl.de\/markt\/produkt\/tubbz-5056280417897-vinyl-spielzeug\/#breadcrumb"},"inLanguage":"de","potentialAction":[{"@type":"ReadAction","target":["https:\/\/marktxxl.de\/markt\/produkt\/tubbz-5056280417897-vinyl-spielzeug\/"]}]},{"@type":"ImageObject","inLanguage":"de","@id":"https:\/\/marktxxl.de\/markt\/produkt\/tubbz-5056280417897-vinyl-spielzeug\/#primaryimage","url":"https:\/\/m.media-amazon.com\/images\/I\/41jw7Uh6e3L._SL500_.jpg","contentUrl":"https:\/\/m.media-amazon.com\/images\/I\/41jw7Uh6e3L._SL500_.jpg","width":465,"height":500},{"@type":"BreadcrumbList","@id":"https:\/\/marktxxl.de\/markt\/produkt\/tubbz-5056280417897-vinyl-spielzeug\/#breadcrumb","itemListElement":[{"@type":"ListItem","position":1,"name":"Startseite","item":"https:\/\/marktxxl.de\/markt\/"},{"@type":"ListItem","position":2,"name":"Markt","item":"https:\/\/marktxxl.de\/markt\/"},{"@type":"ListItem","position":3,"name":"TUBBZ 5056280417897 Vinyl Spielzeug"}]},{"@type":"WebSite","@id":"https:\/\/marktxxl.de\/markt\/#website","url":"https:\/\/marktxxl.de\/markt\/","name":"Markt-XXL","description":"Ihr Markt Online","publisher":{"@id":"https:\/\/marktxxl.de\/markt\/#organization"},"potentialAction":[{"@type":"SearchAction","target":{"@type":"EntryPoint","urlTemplate":"https:\/\/marktxxl.de\/markt\/?s={search_term_string}"},"query-input":{"@type":"PropertyValueSpecification","valueRequired":true,"valueName":"search_term_string"}}],"inLanguage":"de"},{"@type":"Organization","@id":"https:\/\/marktxxl.de\/markt\/#organization","name":"Markt-XXL","url":"https:\/\/marktxxl.de\/markt\/","logo":{"@type":"ImageObject","inLanguage":"de","@id":"https:\/\/marktxxl.de\/markt\/#\/schema\/logo\/image\/","url":"https:\/\/marktxxl.de\/markt\/wp-content\/uploads\/sites\/3\/2020\/12\/logo.png","contentUrl":"https:\/\/marktxxl.de\/markt\/wp-content\/uploads\/sites\/3\/2020\/12\/logo.png","width":200,"height":70,"caption":"Markt-XXL"},"image":{"@id":"https:\/\/marktxxl.de\/markt\/#\/schema\/logo\/image\/"}}]}},"_links":{"self":[{"href":"https:\/\/marktxxl.de\/markt\/wp-json\/wp\/v2\/product\/143735","targetHints":{"allow":["GET"]}}],"collection":[{"href":"https:\/\/marktxxl.de\/markt\/wp-json\/wp\/v2\/product"}],"about":[{"href":"https:\/\/marktxxl.de\/markt\/wp-json\/wp\/v2\/types\/product"}],"replies":[{"embeddable":true,"href":"https:\/\/marktxxl.de\/markt\/wp-json\/wp\/v2\/comments?post=143735"}],"wp:featuredmedia":[{"embeddable":true,"href":"https:\/\/marktxxl.de\/markt\/wp-json\/wp\/v2\/media\/143736"}],"wp:attachment":[{"href":"https:\/\/marktxxl.de\/markt\/wp-json\/wp\/v2\/media?parent=143735"}],"wp:term":[{"taxonomy":"product_brand","embeddable":true,"href":"https:\/\/marktxxl.de\/markt\/wp-json\/wp\/v2\/product_brand?post=143735"},{"taxonomy":"product_cat","embeddable":true,"href":"https:\/\/marktxxl.de\/markt\/wp-json\/wp\/v2\/product_cat?post=143735"},{"taxonomy":"product_tag","embeddable":true,"href":"https:\/\/marktxxl.de\/markt\/wp-json\/wp\/v2\/product_tag?post=143735"}],"curies":[{"name":"wp","href":"https:\/\/api.w.org\/{rel}","templated":true}]}}