{"id":143700,"date":"2022-08-13T02:56:19","date_gmt":"2022-08-13T00:56:19","guid":{"rendered":"https:\/\/marktxxl.de\/markt\/produkt\/holzwuerfel-mit-gravur-baby-geschenk-junge-baby-geschenk-maedchen-babygeschenke-zur-geburt-junge-maedchen-geschenke-baby-baby-wuerfel-mit-namen-buche-4cm\/"},"modified":"2023-04-10T04:27:21","modified_gmt":"2023-04-10T02:27:21","slug":"holzwuerfel-mit-gravur-baby-geschenk-junge-baby-geschenk-maedchen-babygeschenke-zur-geburt-junge-maedchen-geschenke-baby-baby-wuerfel-mit-namen-buche-4cm","status":"publish","type":"product","link":"https:\/\/marktxxl.de\/markt\/produkt\/holzwuerfel-mit-gravur-baby-geschenk-junge-baby-geschenk-maedchen-babygeschenke-zur-geburt-junge-maedchen-geschenke-baby-baby-wuerfel-mit-namen-buche-4cm\/","title":{"rendered":"Holzw\u00fcrfel mit Gravur &#8211; Baby Geschenk Junge &#8211; Baby Geschenk M\u00e4dchen &#8211; Babygeschenke zur Geburt Junge\/M\u00e4dchen &#8211; Geschenke\u2026"},"content":{"rendered":"<p>\ud83c\udf31NACHHALTIG: Das Holz der der W\u00fcrfel f\u00fcr das personalisierte Babygeschenk wird aus nachhaltiger Forstwirtschaft gewonnen.<br \/>\n\u2764\ufe0fVON HERZEN HERGESTELLT: Unser Babygeschenk zur Geburt wird von uns mit Liebe zum Detail hergestellt. Made in Germany (Bayern)<br \/>\n\u2714\ufe0fSICHERHEIT GEHT VOR: Damit sich niemand verletzt, wurden die Kanten der Holzw\u00fcrfel sauber \u00fcberschliffen und abgerundet.<br \/>\n\ud83c\udf89INDIVIDUELLES GESCHENK: Du suchst ein pers\u00f6nliches Geschenk zur Geburt? Die personalisierte Holzw\u00fcrfel sind ideal f\u00fcr Geburtstage, zur Geburt oder zur Taufe. Du kannst unter anpassen auch optional noch eine hochwertige Geschenkbox mit Magnetverschluss ausw\u00e4hlen.<br \/>\n\ud83c\udf81PASSENDES GESCHENK: Holzw\u00fcrfel Baby &#8211; Babygeschenke mit Namen &#8211; Baby Geschenk f\u00fcr Jungs &#8211; Baby Geschenk f\u00fcr M\u00e4dchen &#8211; Baby Geschenk personalisiert &#8211; Babys Geburt &#8211; Holzw\u00fcrfel mit Namen &#8211; Geschenk Taufe<br \/>\n<div class=\"main-cross-sell\" data-asin=\"B08ZNLHJH6\">\n\n\t<div class=\"WooZone-cross-sell-loader\">\n\t\t<div>\n\t\t\t<div id=\"floatingBarsG\">\n\t\t\t\t<div class=\"blockG\" id=\"rotateG_01\"><\/div>\n\t\t\t\t<div class=\"blockG\" id=\"rotateG_02\"><\/div>\n\t\t\t\t<div class=\"blockG\" id=\"rotateG_03\"><\/div>\n\t\t\t\t<div class=\"blockG\" id=\"rotateG_04\"><\/div>\n\t\t\t\t<div class=\"blockG\" id=\"rotateG_05\"><\/div>\n\t\t\t\t<div class=\"blockG\" id=\"rotateG_06\"><\/div>\n\t\t\t\t<div class=\"blockG\" id=\"rotateG_07\"><\/div>\n\t\t\t\t<div class=\"blockG\" id=\"rotateG_08\"><\/div>\n\t\t\t<\/div>\n\t\t\t<div class=\"WooZone-cross-sell-loader-text\"><\/div>\n\t\t<\/div>\n\t<\/div>\n\n\t\t\n<\/div>\n<div style=\"clear:both;\"><\/div><\/p>\n","protected":false},"excerpt":{"rendered":"<p>\ud83c\udf31NACHHALTIG: Das Holz der der W\u00fcrfel f\u00fcr das personalisierte Babygeschenk wird aus nachhaltiger Forstwirtschaft gewonnen.<br \/>\n\u2764\ufe0fVON HERZEN HERGESTELLT: Unser Babygeschenk zur Geburt wird von uns mit Liebe zum Detail hergestellt. Made in Germany (Bayern)<br \/>\n\u2714\ufe0fSICHERHEIT GEHT VOR: Damit sich niemand verletzt, wurden die Kanten der Holzw\u00fcrfel sauber \u00fcberschliffen und abgerundet.<\/p>\n","protected":false},"featured_media":143701,"comment_status":"open","ping_status":"closed","template":"","meta":[],"product_brand":[],"product_cat":[21,8929],"product_tag":[],"class_list":{"0":"post-143700","1":"product","2":"type-product","3":"status-publish","4":"has-post-thumbnail","6":"product_cat-baby","7":"product_cat-babygeschenke-baby","8":"pa_brand-gerun","9":"pa_height-1-574803148-zoll","10":"pa_length-1-574803148-zoll","11":"pa_manufacturer-gravierwerkstatt","12":"pa_size-1-stueck-1er-pack","13":"pa_width-1-574803148-zoll","15":"first","16":"instock","17":"shipping-taxable","18":"purchasable","19":"product-type-simple","20":"customify-col","21":"product-has-gallery"},"yoast_head":"<!-- This site is optimized with the Yoast SEO plugin v27.4 - https:\/\/yoast.com\/product\/yoast-seo-wordpress\/ -->\n<title>Holzw\u00fcrfel mit Gravur - Baby Geschenk Junge - Baby Geschenk M\u00e4dchen - Babygeschenke zur Geburt Junge\/M\u00e4dchen - Geschenke\u2026 - Markt-XXL<\/title>\n<meta name=\"description\" content=\"Markt-XXL Holzw\u00fcrfel mit Gravur - Baby Geschenk Junge - Baby Geschenk M\u00e4dchen - Babygeschenke zur Geburt Junge\/M\u00e4dchen - Geschenke\u2026\" \/>\n<meta name=\"robots\" content=\"index, follow, max-snippet:-1, max-image-preview:large, max-video-preview:-1\" \/>\n<link rel=\"canonical\" href=\"https:\/\/marktxxl.de\/markt\/produkt\/holzwuerfel-mit-gravur-baby-geschenk-junge-baby-geschenk-maedchen-babygeschenke-zur-geburt-junge-maedchen-geschenke-baby-baby-wuerfel-mit-namen-buche-4cm\/\" \/>\n<meta property=\"og:locale\" content=\"de_DE\" \/>\n<meta property=\"og:type\" content=\"article\" \/>\n<meta property=\"og:title\" content=\"Holzw\u00fcrfel mit Gravur - Baby Geschenk Junge - Baby Geschenk M\u00e4dchen - Babygeschenke zur Geburt Junge\/M\u00e4dchen - Geschenke\u2026 - Markt-XXL\" \/>\n<meta property=\"og:description\" content=\"Markt-XXL Holzw\u00fcrfel mit Gravur - Baby Geschenk Junge - Baby Geschenk M\u00e4dchen - Babygeschenke zur Geburt Junge\/M\u00e4dchen - Geschenke\u2026\" \/>\n<meta property=\"og:url\" content=\"https:\/\/marktxxl.de\/markt\/produkt\/holzwuerfel-mit-gravur-baby-geschenk-junge-baby-geschenk-maedchen-babygeschenke-zur-geburt-junge-maedchen-geschenke-baby-baby-wuerfel-mit-namen-buche-4cm\/\" \/>\n<meta property=\"og:site_name\" content=\"Markt-XXL\" \/>\n<meta property=\"article:modified_time\" content=\"2023-04-10T02:27:21+00:00\" \/>\n<meta property=\"og:image\" content=\"https:\/\/m.media-amazon.com\/images\/I\/51nXIqc9q7L._SL500_.jpg\" \/>\n\t<meta property=\"og:image:width\" content=\"500\" \/>\n\t<meta property=\"og:image:height\" content=\"500\" \/>\n\t<meta property=\"og:image:type\" content=\"image\/jpeg\" \/>\n<meta name=\"twitter:card\" content=\"summary_large_image\" \/>\n<meta name=\"twitter:label1\" content=\"Gesch\u00e4tzte Lesezeit\" \/>\n\t<meta name=\"twitter:data1\" content=\"1\u00a0Minute\" \/>\n<script type=\"application\/ld+json\" class=\"yoast-schema-graph\">{\"@context\":\"https:\\\/\\\/schema.org\",\"@graph\":[{\"@type\":\"WebPage\",\"@id\":\"https:\\\/\\\/marktxxl.de\\\/markt\\\/produkt\\\/holzwuerfel-mit-gravur-baby-geschenk-junge-baby-geschenk-maedchen-babygeschenke-zur-geburt-junge-maedchen-geschenke-baby-baby-wuerfel-mit-namen-buche-4cm\\\/\",\"url\":\"https:\\\/\\\/marktxxl.de\\\/markt\\\/produkt\\\/holzwuerfel-mit-gravur-baby-geschenk-junge-baby-geschenk-maedchen-babygeschenke-zur-geburt-junge-maedchen-geschenke-baby-baby-wuerfel-mit-namen-buche-4cm\\\/\",\"name\":\"Holzw\u00fcrfel mit Gravur - Baby Geschenk Junge - Baby Geschenk M\u00e4dchen - Babygeschenke zur Geburt Junge\\\/M\u00e4dchen - Geschenke\u2026 - Markt-XXL\",\"isPartOf\":{\"@id\":\"https:\\\/\\\/marktxxl.de\\\/markt\\\/#website\"},\"primaryImageOfPage\":{\"@id\":\"https:\\\/\\\/marktxxl.de\\\/markt\\\/produkt\\\/holzwuerfel-mit-gravur-baby-geschenk-junge-baby-geschenk-maedchen-babygeschenke-zur-geburt-junge-maedchen-geschenke-baby-baby-wuerfel-mit-namen-buche-4cm\\\/#primaryimage\"},\"image\":{\"@id\":\"https:\\\/\\\/marktxxl.de\\\/markt\\\/produkt\\\/holzwuerfel-mit-gravur-baby-geschenk-junge-baby-geschenk-maedchen-babygeschenke-zur-geburt-junge-maedchen-geschenke-baby-baby-wuerfel-mit-namen-buche-4cm\\\/#primaryimage\"},\"thumbnailUrl\":\"https:\\\/\\\/m.media-amazon.com\\\/images\\\/I\\\/51nXIqc9q7L._SL500_.jpg\",\"datePublished\":\"2022-08-13T00:56:19+00:00\",\"dateModified\":\"2023-04-10T02:27:21+00:00\",\"description\":\"Markt-XXL Holzw\u00fcrfel mit Gravur - Baby Geschenk Junge - Baby Geschenk M\u00e4dchen - Babygeschenke zur Geburt Junge\\\/M\u00e4dchen - Geschenke\u2026\",\"breadcrumb\":{\"@id\":\"https:\\\/\\\/marktxxl.de\\\/markt\\\/produkt\\\/holzwuerfel-mit-gravur-baby-geschenk-junge-baby-geschenk-maedchen-babygeschenke-zur-geburt-junge-maedchen-geschenke-baby-baby-wuerfel-mit-namen-buche-4cm\\\/#breadcrumb\"},\"inLanguage\":\"de\",\"potentialAction\":[{\"@type\":\"ReadAction\",\"target\":[\"https:\\\/\\\/marktxxl.de\\\/markt\\\/produkt\\\/holzwuerfel-mit-gravur-baby-geschenk-junge-baby-geschenk-maedchen-babygeschenke-zur-geburt-junge-maedchen-geschenke-baby-baby-wuerfel-mit-namen-buche-4cm\\\/\"]}]},{\"@type\":\"ImageObject\",\"inLanguage\":\"de\",\"@id\":\"https:\\\/\\\/marktxxl.de\\\/markt\\\/produkt\\\/holzwuerfel-mit-gravur-baby-geschenk-junge-baby-geschenk-maedchen-babygeschenke-zur-geburt-junge-maedchen-geschenke-baby-baby-wuerfel-mit-namen-buche-4cm\\\/#primaryimage\",\"url\":\"https:\\\/\\\/m.media-amazon.com\\\/images\\\/I\\\/51nXIqc9q7L._SL500_.jpg\",\"contentUrl\":\"https:\\\/\\\/m.media-amazon.com\\\/images\\\/I\\\/51nXIqc9q7L._SL500_.jpg\",\"width\":500,\"height\":500},{\"@type\":\"BreadcrumbList\",\"@id\":\"https:\\\/\\\/marktxxl.de\\\/markt\\\/produkt\\\/holzwuerfel-mit-gravur-baby-geschenk-junge-baby-geschenk-maedchen-babygeschenke-zur-geburt-junge-maedchen-geschenke-baby-baby-wuerfel-mit-namen-buche-4cm\\\/#breadcrumb\",\"itemListElement\":[{\"@type\":\"ListItem\",\"position\":1,\"name\":\"Startseite\",\"item\":\"https:\\\/\\\/marktxxl.de\\\/markt\\\/\"},{\"@type\":\"ListItem\",\"position\":2,\"name\":\"Markt\",\"item\":\"https:\\\/\\\/marktxxl.de\\\/markt\\\/\"},{\"@type\":\"ListItem\",\"position\":3,\"name\":\"Holzw\u00fcrfel mit Gravur &#8211; Baby Geschenk Junge &#8211; Baby Geschenk M\u00e4dchen &#8211; Babygeschenke zur Geburt Junge\\\/M\u00e4dchen &#8211; Geschenke\u2026\"}]},{\"@type\":\"WebSite\",\"@id\":\"https:\\\/\\\/marktxxl.de\\\/markt\\\/#website\",\"url\":\"https:\\\/\\\/marktxxl.de\\\/markt\\\/\",\"name\":\"Markt-XXL\",\"description\":\"Ihr Markt Online\",\"publisher\":{\"@id\":\"https:\\\/\\\/marktxxl.de\\\/markt\\\/#organization\"},\"potentialAction\":[{\"@type\":\"SearchAction\",\"target\":{\"@type\":\"EntryPoint\",\"urlTemplate\":\"https:\\\/\\\/marktxxl.de\\\/markt\\\/?s={search_term_string}\"},\"query-input\":{\"@type\":\"PropertyValueSpecification\",\"valueRequired\":true,\"valueName\":\"search_term_string\"}}],\"inLanguage\":\"de\"},{\"@type\":\"Organization\",\"@id\":\"https:\\\/\\\/marktxxl.de\\\/markt\\\/#organization\",\"name\":\"Markt-XXL\",\"url\":\"https:\\\/\\\/marktxxl.de\\\/markt\\\/\",\"logo\":{\"@type\":\"ImageObject\",\"inLanguage\":\"de\",\"@id\":\"https:\\\/\\\/marktxxl.de\\\/markt\\\/#\\\/schema\\\/logo\\\/image\\\/\",\"url\":\"https:\\\/\\\/marktxxl.de\\\/markt\\\/wp-content\\\/uploads\\\/sites\\\/3\\\/2020\\\/12\\\/logo.png\",\"contentUrl\":\"https:\\\/\\\/marktxxl.de\\\/markt\\\/wp-content\\\/uploads\\\/sites\\\/3\\\/2020\\\/12\\\/logo.png\",\"width\":200,\"height\":70,\"caption\":\"Markt-XXL\"},\"image\":{\"@id\":\"https:\\\/\\\/marktxxl.de\\\/markt\\\/#\\\/schema\\\/logo\\\/image\\\/\"}}]}<\/script>\n<!-- \/ Yoast SEO plugin. -->","yoast_head_json":{"title":"Holzw\u00fcrfel mit Gravur - Baby Geschenk Junge - Baby Geschenk M\u00e4dchen - Babygeschenke zur Geburt Junge\/M\u00e4dchen - Geschenke\u2026 - Markt-XXL","description":"Markt-XXL Holzw\u00fcrfel mit Gravur - Baby Geschenk Junge - Baby Geschenk M\u00e4dchen - Babygeschenke zur Geburt Junge\/M\u00e4dchen - Geschenke\u2026","robots":{"index":"index","follow":"follow","max-snippet":"max-snippet:-1","max-image-preview":"max-image-preview:large","max-video-preview":"max-video-preview:-1"},"canonical":"https:\/\/marktxxl.de\/markt\/produkt\/holzwuerfel-mit-gravur-baby-geschenk-junge-baby-geschenk-maedchen-babygeschenke-zur-geburt-junge-maedchen-geschenke-baby-baby-wuerfel-mit-namen-buche-4cm\/","og_locale":"de_DE","og_type":"article","og_title":"Holzw\u00fcrfel mit Gravur - Baby Geschenk Junge - Baby Geschenk M\u00e4dchen - Babygeschenke zur Geburt Junge\/M\u00e4dchen - Geschenke\u2026 - Markt-XXL","og_description":"Markt-XXL Holzw\u00fcrfel mit Gravur - Baby Geschenk Junge - Baby Geschenk M\u00e4dchen - Babygeschenke zur Geburt Junge\/M\u00e4dchen - Geschenke\u2026","og_url":"https:\/\/marktxxl.de\/markt\/produkt\/holzwuerfel-mit-gravur-baby-geschenk-junge-baby-geschenk-maedchen-babygeschenke-zur-geburt-junge-maedchen-geschenke-baby-baby-wuerfel-mit-namen-buche-4cm\/","og_site_name":"Markt-XXL","article_modified_time":"2023-04-10T02:27:21+00:00","og_image":[{"width":500,"height":500,"url":"https:\/\/m.media-amazon.com\/images\/I\/51nXIqc9q7L._SL500_.jpg","type":"image\/jpeg"}],"twitter_card":"summary_large_image","twitter_misc":{"Gesch\u00e4tzte Lesezeit":"1\u00a0Minute"},"schema":{"@context":"https:\/\/schema.org","@graph":[{"@type":"WebPage","@id":"https:\/\/marktxxl.de\/markt\/produkt\/holzwuerfel-mit-gravur-baby-geschenk-junge-baby-geschenk-maedchen-babygeschenke-zur-geburt-junge-maedchen-geschenke-baby-baby-wuerfel-mit-namen-buche-4cm\/","url":"https:\/\/marktxxl.de\/markt\/produkt\/holzwuerfel-mit-gravur-baby-geschenk-junge-baby-geschenk-maedchen-babygeschenke-zur-geburt-junge-maedchen-geschenke-baby-baby-wuerfel-mit-namen-buche-4cm\/","name":"Holzw\u00fcrfel mit Gravur - Baby Geschenk Junge - Baby Geschenk M\u00e4dchen - Babygeschenke zur Geburt Junge\/M\u00e4dchen - Geschenke\u2026 - Markt-XXL","isPartOf":{"@id":"https:\/\/marktxxl.de\/markt\/#website"},"primaryImageOfPage":{"@id":"https:\/\/marktxxl.de\/markt\/produkt\/holzwuerfel-mit-gravur-baby-geschenk-junge-baby-geschenk-maedchen-babygeschenke-zur-geburt-junge-maedchen-geschenke-baby-baby-wuerfel-mit-namen-buche-4cm\/#primaryimage"},"image":{"@id":"https:\/\/marktxxl.de\/markt\/produkt\/holzwuerfel-mit-gravur-baby-geschenk-junge-baby-geschenk-maedchen-babygeschenke-zur-geburt-junge-maedchen-geschenke-baby-baby-wuerfel-mit-namen-buche-4cm\/#primaryimage"},"thumbnailUrl":"https:\/\/m.media-amazon.com\/images\/I\/51nXIqc9q7L._SL500_.jpg","datePublished":"2022-08-13T00:56:19+00:00","dateModified":"2023-04-10T02:27:21+00:00","description":"Markt-XXL Holzw\u00fcrfel mit Gravur - Baby Geschenk Junge - Baby Geschenk M\u00e4dchen - Babygeschenke zur Geburt Junge\/M\u00e4dchen - Geschenke\u2026","breadcrumb":{"@id":"https:\/\/marktxxl.de\/markt\/produkt\/holzwuerfel-mit-gravur-baby-geschenk-junge-baby-geschenk-maedchen-babygeschenke-zur-geburt-junge-maedchen-geschenke-baby-baby-wuerfel-mit-namen-buche-4cm\/#breadcrumb"},"inLanguage":"de","potentialAction":[{"@type":"ReadAction","target":["https:\/\/marktxxl.de\/markt\/produkt\/holzwuerfel-mit-gravur-baby-geschenk-junge-baby-geschenk-maedchen-babygeschenke-zur-geburt-junge-maedchen-geschenke-baby-baby-wuerfel-mit-namen-buche-4cm\/"]}]},{"@type":"ImageObject","inLanguage":"de","@id":"https:\/\/marktxxl.de\/markt\/produkt\/holzwuerfel-mit-gravur-baby-geschenk-junge-baby-geschenk-maedchen-babygeschenke-zur-geburt-junge-maedchen-geschenke-baby-baby-wuerfel-mit-namen-buche-4cm\/#primaryimage","url":"https:\/\/m.media-amazon.com\/images\/I\/51nXIqc9q7L._SL500_.jpg","contentUrl":"https:\/\/m.media-amazon.com\/images\/I\/51nXIqc9q7L._SL500_.jpg","width":500,"height":500},{"@type":"BreadcrumbList","@id":"https:\/\/marktxxl.de\/markt\/produkt\/holzwuerfel-mit-gravur-baby-geschenk-junge-baby-geschenk-maedchen-babygeschenke-zur-geburt-junge-maedchen-geschenke-baby-baby-wuerfel-mit-namen-buche-4cm\/#breadcrumb","itemListElement":[{"@type":"ListItem","position":1,"name":"Startseite","item":"https:\/\/marktxxl.de\/markt\/"},{"@type":"ListItem","position":2,"name":"Markt","item":"https:\/\/marktxxl.de\/markt\/"},{"@type":"ListItem","position":3,"name":"Holzw\u00fcrfel mit Gravur &#8211; Baby Geschenk Junge &#8211; Baby Geschenk M\u00e4dchen &#8211; Babygeschenke zur Geburt Junge\/M\u00e4dchen &#8211; Geschenke\u2026"}]},{"@type":"WebSite","@id":"https:\/\/marktxxl.de\/markt\/#website","url":"https:\/\/marktxxl.de\/markt\/","name":"Markt-XXL","description":"Ihr Markt Online","publisher":{"@id":"https:\/\/marktxxl.de\/markt\/#organization"},"potentialAction":[{"@type":"SearchAction","target":{"@type":"EntryPoint","urlTemplate":"https:\/\/marktxxl.de\/markt\/?s={search_term_string}"},"query-input":{"@type":"PropertyValueSpecification","valueRequired":true,"valueName":"search_term_string"}}],"inLanguage":"de"},{"@type":"Organization","@id":"https:\/\/marktxxl.de\/markt\/#organization","name":"Markt-XXL","url":"https:\/\/marktxxl.de\/markt\/","logo":{"@type":"ImageObject","inLanguage":"de","@id":"https:\/\/marktxxl.de\/markt\/#\/schema\/logo\/image\/","url":"https:\/\/marktxxl.de\/markt\/wp-content\/uploads\/sites\/3\/2020\/12\/logo.png","contentUrl":"https:\/\/marktxxl.de\/markt\/wp-content\/uploads\/sites\/3\/2020\/12\/logo.png","width":200,"height":70,"caption":"Markt-XXL"},"image":{"@id":"https:\/\/marktxxl.de\/markt\/#\/schema\/logo\/image\/"}}]}},"_links":{"self":[{"href":"https:\/\/marktxxl.de\/markt\/wp-json\/wp\/v2\/product\/143700","targetHints":{"allow":["GET"]}}],"collection":[{"href":"https:\/\/marktxxl.de\/markt\/wp-json\/wp\/v2\/product"}],"about":[{"href":"https:\/\/marktxxl.de\/markt\/wp-json\/wp\/v2\/types\/product"}],"replies":[{"embeddable":true,"href":"https:\/\/marktxxl.de\/markt\/wp-json\/wp\/v2\/comments?post=143700"}],"wp:featuredmedia":[{"embeddable":true,"href":"https:\/\/marktxxl.de\/markt\/wp-json\/wp\/v2\/media\/143701"}],"wp:attachment":[{"href":"https:\/\/marktxxl.de\/markt\/wp-json\/wp\/v2\/media?parent=143700"}],"wp:term":[{"taxonomy":"product_brand","embeddable":true,"href":"https:\/\/marktxxl.de\/markt\/wp-json\/wp\/v2\/product_brand?post=143700"},{"taxonomy":"product_cat","embeddable":true,"href":"https:\/\/marktxxl.de\/markt\/wp-json\/wp\/v2\/product_cat?post=143700"},{"taxonomy":"product_tag","embeddable":true,"href":"https:\/\/marktxxl.de\/markt\/wp-json\/wp\/v2\/product_tag?post=143700"}],"curies":[{"name":"wp","href":"https:\/\/api.w.org\/{rel}","templated":true}]}}