{"id":143559,"date":"2022-08-13T01:11:24","date_gmt":"2022-08-12T23:11:24","guid":{"rendered":"https:\/\/marktxxl.de\/markt\/produkt\/artdeco-eyeshadow-base-neutrale-lidschattengrundierung-1-x-5-ml\/"},"modified":"2023-04-10T04:27:17","modified_gmt":"2023-04-10T02:27:17","slug":"artdeco-eyeshadow-base-neutrale-lidschattengrundierung-1-x-5-ml","status":"publish","type":"product","link":"https:\/\/marktxxl.de\/markt\/produkt\/artdeco-eyeshadow-base-neutrale-lidschattengrundierung-1-x-5-ml\/","title":{"rendered":"ARTDECO Eyeshadow Base &#8211; Neutrale Lidschattengrundierung &#8211; 1 x 5 ml | 5 ml (1er Pack)"},"content":{"rendered":"<p>Haltbarkeit Lidschattens wird verl\u00e4ngert, ein Absetzen in der Lidfalte verhindert und der Lidschatten l\u00e4sst sich leichter auftragen sowie besser verteilen &#8211; auch ideal f\u00fcr Kontaktlinsentr\u00e4gerinnen<br \/>\nBeruhigt ger\u00f6tete Augenlider und durch die farbneutrale cremige Konsistentz verwendbar f\u00fcr jeden Lidschatten<br \/>\nColor Effekt: Lidschattenfarbe wirkt intensiver und erhalten mehr Leuchtkraft<br \/>\nAnwendung: Tragen Sie etwas von dem Primer mit dem Finger oder der Concealer und Camouflage Brush auf das gesamte Lid auf. Lassen Sie die Grundierung kurz antrocknen, bevor Sie mit dem gewohnten Auftrag Ihres Lidschattens beginnen<br \/>\nLieferumfang: 1 x 5 ml ARTDECO Eyeshadow Base \/ Grundierung f\u00fcr Lidschatten, Lidschatten base \/ lange Haltbarkeit, intensive Farbe<br \/>\n<div class=\"main-cross-sell\" data-asin=\"B003XK7692\">\n\n\t<div class=\"WooZone-cross-sell-loader\">\n\t\t<div>\n\t\t\t<div id=\"floatingBarsG\">\n\t\t\t\t<div class=\"blockG\" id=\"rotateG_01\"><\/div>\n\t\t\t\t<div class=\"blockG\" id=\"rotateG_02\"><\/div>\n\t\t\t\t<div class=\"blockG\" id=\"rotateG_03\"><\/div>\n\t\t\t\t<div class=\"blockG\" id=\"rotateG_04\"><\/div>\n\t\t\t\t<div class=\"blockG\" id=\"rotateG_05\"><\/div>\n\t\t\t\t<div class=\"blockG\" id=\"rotateG_06\"><\/div>\n\t\t\t\t<div class=\"blockG\" id=\"rotateG_07\"><\/div>\n\t\t\t\t<div class=\"blockG\" id=\"rotateG_08\"><\/div>\n\t\t\t<\/div>\n\t\t\t<div class=\"WooZone-cross-sell-loader-text\"><\/div>\n\t\t<\/div>\n\t<\/div>\n\n\t\t\n<\/div>\n<div style=\"clear:both;\"><\/div><\/p>\n","protected":false},"excerpt":{"rendered":"<p>Haltbarkeit Lidschattens wird verl\u00e4ngert, ein Absetzen in der Lidfalte verhindert und der Lidschatten l\u00e4sst sich leichter auftragen sowie besser verteilen &#8211; auch ideal f\u00fcr Kontaktlinsentr\u00e4gerinnen<br \/>\nBeruhigt ger\u00f6tete Augenlider und durch die farbneutrale cremige Konsistentz verwendbar f\u00fcr jeden Lidschatten<br \/>\nColor Effekt: Lidschattenfarbe wirkt intensiver und erhalten mehr Leuchtkraft<\/p>\n","protected":false},"featured_media":143560,"comment_status":"open","ping_status":"closed","template":"","meta":[],"product_brand":[],"product_cat":[2858,7575],"product_tag":[],"class_list":{"0":"post-143559","1":"product","2":"type-product","3":"status-publish","4":"has-post-thumbnail","6":"product_cat-beauty","7":"product_cat-make-up","8":"pa_binding-badartikel","9":"pa_brand-artdeco","10":"pa_color-beige","11":"pa_height-1-375-zoll","12":"pa_languages-unbekannt-italienisch","13":"pa_length-1-375-zoll","14":"pa_manufacturer-isowo-services-sl","15":"pa_model-39931","16":"pa_size-5-ml-1er-pack","17":"pa_weight-0-008377565956-pounds","18":"pa_width-1-375-zoll","20":"first","21":"instock","22":"shipping-taxable","23":"purchasable","24":"product-type-simple","25":"customify-col","26":"product-has-gallery"},"yoast_head":"<!-- This site is optimized with the Yoast SEO plugin v27.3 - https:\/\/yoast.com\/product\/yoast-seo-wordpress\/ -->\n<title>ARTDECO Eyeshadow Base - Neutrale Lidschattengrundierung - 1 x 5 ml | 5 ml (1er Pack) - Markt-XXL<\/title>\n<meta name=\"description\" content=\"Markt-XXL ARTDECO Eyeshadow Base - Neutrale Lidschattengrundierung - 1 x 5 ml | 5 ml (1er Pack)\" \/>\n<meta name=\"robots\" content=\"index, follow, max-snippet:-1, max-image-preview:large, max-video-preview:-1\" \/>\n<link rel=\"canonical\" href=\"https:\/\/marktxxl.de\/markt\/produkt\/artdeco-eyeshadow-base-neutrale-lidschattengrundierung-1-x-5-ml\/\" \/>\n<meta property=\"og:locale\" content=\"de_DE\" \/>\n<meta property=\"og:type\" content=\"article\" \/>\n<meta property=\"og:title\" content=\"ARTDECO Eyeshadow Base - Neutrale Lidschattengrundierung - 1 x 5 ml | 5 ml (1er Pack) - Markt-XXL\" \/>\n<meta property=\"og:description\" content=\"Markt-XXL ARTDECO Eyeshadow Base - Neutrale Lidschattengrundierung - 1 x 5 ml | 5 ml (1er Pack)\" \/>\n<meta property=\"og:url\" content=\"https:\/\/marktxxl.de\/markt\/produkt\/artdeco-eyeshadow-base-neutrale-lidschattengrundierung-1-x-5-ml\/\" \/>\n<meta property=\"og:site_name\" content=\"Markt-XXL\" \/>\n<meta property=\"article:modified_time\" content=\"2023-04-10T02:27:17+00:00\" \/>\n<meta property=\"og:image\" content=\"https:\/\/m.media-amazon.com\/images\/I\/41a9qHFOjEL._SL500_.jpg\" \/>\n\t<meta property=\"og:image:width\" content=\"500\" \/>\n\t<meta property=\"og:image:height\" content=\"500\" \/>\n\t<meta property=\"og:image:type\" content=\"image\/jpeg\" \/>\n<meta name=\"twitter:card\" content=\"summary_large_image\" \/>\n<meta name=\"twitter:label1\" content=\"Gesch\u00e4tzte Lesezeit\" \/>\n\t<meta name=\"twitter:data1\" content=\"1\u00a0Minute\" \/>\n<script type=\"application\/ld+json\" class=\"yoast-schema-graph\">{\"@context\":\"https:\\\/\\\/schema.org\",\"@graph\":[{\"@type\":\"WebPage\",\"@id\":\"https:\\\/\\\/marktxxl.de\\\/markt\\\/produkt\\\/artdeco-eyeshadow-base-neutrale-lidschattengrundierung-1-x-5-ml\\\/\",\"url\":\"https:\\\/\\\/marktxxl.de\\\/markt\\\/produkt\\\/artdeco-eyeshadow-base-neutrale-lidschattengrundierung-1-x-5-ml\\\/\",\"name\":\"ARTDECO Eyeshadow Base - Neutrale Lidschattengrundierung - 1 x 5 ml | 5 ml (1er Pack) - Markt-XXL\",\"isPartOf\":{\"@id\":\"https:\\\/\\\/marktxxl.de\\\/markt\\\/#website\"},\"primaryImageOfPage\":{\"@id\":\"https:\\\/\\\/marktxxl.de\\\/markt\\\/produkt\\\/artdeco-eyeshadow-base-neutrale-lidschattengrundierung-1-x-5-ml\\\/#primaryimage\"},\"image\":{\"@id\":\"https:\\\/\\\/marktxxl.de\\\/markt\\\/produkt\\\/artdeco-eyeshadow-base-neutrale-lidschattengrundierung-1-x-5-ml\\\/#primaryimage\"},\"thumbnailUrl\":\"https:\\\/\\\/m.media-amazon.com\\\/images\\\/I\\\/41a9qHFOjEL._SL500_.jpg\",\"datePublished\":\"2022-08-12T23:11:24+00:00\",\"dateModified\":\"2023-04-10T02:27:17+00:00\",\"description\":\"Markt-XXL ARTDECO Eyeshadow Base - Neutrale Lidschattengrundierung - 1 x 5 ml | 5 ml (1er Pack)\",\"breadcrumb\":{\"@id\":\"https:\\\/\\\/marktxxl.de\\\/markt\\\/produkt\\\/artdeco-eyeshadow-base-neutrale-lidschattengrundierung-1-x-5-ml\\\/#breadcrumb\"},\"inLanguage\":\"de\",\"potentialAction\":[{\"@type\":\"ReadAction\",\"target\":[\"https:\\\/\\\/marktxxl.de\\\/markt\\\/produkt\\\/artdeco-eyeshadow-base-neutrale-lidschattengrundierung-1-x-5-ml\\\/\"]}]},{\"@type\":\"ImageObject\",\"inLanguage\":\"de\",\"@id\":\"https:\\\/\\\/marktxxl.de\\\/markt\\\/produkt\\\/artdeco-eyeshadow-base-neutrale-lidschattengrundierung-1-x-5-ml\\\/#primaryimage\",\"url\":\"https:\\\/\\\/m.media-amazon.com\\\/images\\\/I\\\/41a9qHFOjEL._SL500_.jpg\",\"contentUrl\":\"https:\\\/\\\/m.media-amazon.com\\\/images\\\/I\\\/41a9qHFOjEL._SL500_.jpg\",\"width\":500,\"height\":500},{\"@type\":\"BreadcrumbList\",\"@id\":\"https:\\\/\\\/marktxxl.de\\\/markt\\\/produkt\\\/artdeco-eyeshadow-base-neutrale-lidschattengrundierung-1-x-5-ml\\\/#breadcrumb\",\"itemListElement\":[{\"@type\":\"ListItem\",\"position\":1,\"name\":\"Startseite\",\"item\":\"https:\\\/\\\/marktxxl.de\\\/markt\\\/\"},{\"@type\":\"ListItem\",\"position\":2,\"name\":\"Markt\",\"item\":\"https:\\\/\\\/marktxxl.de\\\/markt\\\/\"},{\"@type\":\"ListItem\",\"position\":3,\"name\":\"ARTDECO Eyeshadow Base &#8211; Neutrale Lidschattengrundierung &#8211; 1 x 5 ml | 5 ml (1er Pack)\"}]},{\"@type\":\"WebSite\",\"@id\":\"https:\\\/\\\/marktxxl.de\\\/markt\\\/#website\",\"url\":\"https:\\\/\\\/marktxxl.de\\\/markt\\\/\",\"name\":\"Markt-XXL\",\"description\":\"Ihr Markt Online\",\"publisher\":{\"@id\":\"https:\\\/\\\/marktxxl.de\\\/markt\\\/#organization\"},\"potentialAction\":[{\"@type\":\"SearchAction\",\"target\":{\"@type\":\"EntryPoint\",\"urlTemplate\":\"https:\\\/\\\/marktxxl.de\\\/markt\\\/?s={search_term_string}\"},\"query-input\":{\"@type\":\"PropertyValueSpecification\",\"valueRequired\":true,\"valueName\":\"search_term_string\"}}],\"inLanguage\":\"de\"},{\"@type\":\"Organization\",\"@id\":\"https:\\\/\\\/marktxxl.de\\\/markt\\\/#organization\",\"name\":\"Markt-XXL\",\"url\":\"https:\\\/\\\/marktxxl.de\\\/markt\\\/\",\"logo\":{\"@type\":\"ImageObject\",\"inLanguage\":\"de\",\"@id\":\"https:\\\/\\\/marktxxl.de\\\/markt\\\/#\\\/schema\\\/logo\\\/image\\\/\",\"url\":\"https:\\\/\\\/marktxxl.de\\\/markt\\\/wp-content\\\/uploads\\\/sites\\\/3\\\/2020\\\/12\\\/logo.png\",\"contentUrl\":\"https:\\\/\\\/marktxxl.de\\\/markt\\\/wp-content\\\/uploads\\\/sites\\\/3\\\/2020\\\/12\\\/logo.png\",\"width\":200,\"height\":70,\"caption\":\"Markt-XXL\"},\"image\":{\"@id\":\"https:\\\/\\\/marktxxl.de\\\/markt\\\/#\\\/schema\\\/logo\\\/image\\\/\"}}]}<\/script>\n<!-- \/ Yoast SEO plugin. -->","yoast_head_json":{"title":"ARTDECO Eyeshadow Base - Neutrale Lidschattengrundierung - 1 x 5 ml | 5 ml (1er Pack) - Markt-XXL","description":"Markt-XXL ARTDECO Eyeshadow Base - Neutrale Lidschattengrundierung - 1 x 5 ml | 5 ml (1er Pack)","robots":{"index":"index","follow":"follow","max-snippet":"max-snippet:-1","max-image-preview":"max-image-preview:large","max-video-preview":"max-video-preview:-1"},"canonical":"https:\/\/marktxxl.de\/markt\/produkt\/artdeco-eyeshadow-base-neutrale-lidschattengrundierung-1-x-5-ml\/","og_locale":"de_DE","og_type":"article","og_title":"ARTDECO Eyeshadow Base - Neutrale Lidschattengrundierung - 1 x 5 ml | 5 ml (1er Pack) - Markt-XXL","og_description":"Markt-XXL ARTDECO Eyeshadow Base - Neutrale Lidschattengrundierung - 1 x 5 ml | 5 ml (1er Pack)","og_url":"https:\/\/marktxxl.de\/markt\/produkt\/artdeco-eyeshadow-base-neutrale-lidschattengrundierung-1-x-5-ml\/","og_site_name":"Markt-XXL","article_modified_time":"2023-04-10T02:27:17+00:00","og_image":[{"width":500,"height":500,"url":"https:\/\/m.media-amazon.com\/images\/I\/41a9qHFOjEL._SL500_.jpg","type":"image\/jpeg"}],"twitter_card":"summary_large_image","twitter_misc":{"Gesch\u00e4tzte Lesezeit":"1\u00a0Minute"},"schema":{"@context":"https:\/\/schema.org","@graph":[{"@type":"WebPage","@id":"https:\/\/marktxxl.de\/markt\/produkt\/artdeco-eyeshadow-base-neutrale-lidschattengrundierung-1-x-5-ml\/","url":"https:\/\/marktxxl.de\/markt\/produkt\/artdeco-eyeshadow-base-neutrale-lidschattengrundierung-1-x-5-ml\/","name":"ARTDECO Eyeshadow Base - Neutrale Lidschattengrundierung - 1 x 5 ml | 5 ml (1er Pack) - Markt-XXL","isPartOf":{"@id":"https:\/\/marktxxl.de\/markt\/#website"},"primaryImageOfPage":{"@id":"https:\/\/marktxxl.de\/markt\/produkt\/artdeco-eyeshadow-base-neutrale-lidschattengrundierung-1-x-5-ml\/#primaryimage"},"image":{"@id":"https:\/\/marktxxl.de\/markt\/produkt\/artdeco-eyeshadow-base-neutrale-lidschattengrundierung-1-x-5-ml\/#primaryimage"},"thumbnailUrl":"https:\/\/m.media-amazon.com\/images\/I\/41a9qHFOjEL._SL500_.jpg","datePublished":"2022-08-12T23:11:24+00:00","dateModified":"2023-04-10T02:27:17+00:00","description":"Markt-XXL ARTDECO Eyeshadow Base - Neutrale Lidschattengrundierung - 1 x 5 ml | 5 ml (1er Pack)","breadcrumb":{"@id":"https:\/\/marktxxl.de\/markt\/produkt\/artdeco-eyeshadow-base-neutrale-lidschattengrundierung-1-x-5-ml\/#breadcrumb"},"inLanguage":"de","potentialAction":[{"@type":"ReadAction","target":["https:\/\/marktxxl.de\/markt\/produkt\/artdeco-eyeshadow-base-neutrale-lidschattengrundierung-1-x-5-ml\/"]}]},{"@type":"ImageObject","inLanguage":"de","@id":"https:\/\/marktxxl.de\/markt\/produkt\/artdeco-eyeshadow-base-neutrale-lidschattengrundierung-1-x-5-ml\/#primaryimage","url":"https:\/\/m.media-amazon.com\/images\/I\/41a9qHFOjEL._SL500_.jpg","contentUrl":"https:\/\/m.media-amazon.com\/images\/I\/41a9qHFOjEL._SL500_.jpg","width":500,"height":500},{"@type":"BreadcrumbList","@id":"https:\/\/marktxxl.de\/markt\/produkt\/artdeco-eyeshadow-base-neutrale-lidschattengrundierung-1-x-5-ml\/#breadcrumb","itemListElement":[{"@type":"ListItem","position":1,"name":"Startseite","item":"https:\/\/marktxxl.de\/markt\/"},{"@type":"ListItem","position":2,"name":"Markt","item":"https:\/\/marktxxl.de\/markt\/"},{"@type":"ListItem","position":3,"name":"ARTDECO Eyeshadow Base &#8211; Neutrale Lidschattengrundierung &#8211; 1 x 5 ml | 5 ml (1er Pack)"}]},{"@type":"WebSite","@id":"https:\/\/marktxxl.de\/markt\/#website","url":"https:\/\/marktxxl.de\/markt\/","name":"Markt-XXL","description":"Ihr Markt Online","publisher":{"@id":"https:\/\/marktxxl.de\/markt\/#organization"},"potentialAction":[{"@type":"SearchAction","target":{"@type":"EntryPoint","urlTemplate":"https:\/\/marktxxl.de\/markt\/?s={search_term_string}"},"query-input":{"@type":"PropertyValueSpecification","valueRequired":true,"valueName":"search_term_string"}}],"inLanguage":"de"},{"@type":"Organization","@id":"https:\/\/marktxxl.de\/markt\/#organization","name":"Markt-XXL","url":"https:\/\/marktxxl.de\/markt\/","logo":{"@type":"ImageObject","inLanguage":"de","@id":"https:\/\/marktxxl.de\/markt\/#\/schema\/logo\/image\/","url":"https:\/\/marktxxl.de\/markt\/wp-content\/uploads\/sites\/3\/2020\/12\/logo.png","contentUrl":"https:\/\/marktxxl.de\/markt\/wp-content\/uploads\/sites\/3\/2020\/12\/logo.png","width":200,"height":70,"caption":"Markt-XXL"},"image":{"@id":"https:\/\/marktxxl.de\/markt\/#\/schema\/logo\/image\/"}}]}},"_links":{"self":[{"href":"https:\/\/marktxxl.de\/markt\/wp-json\/wp\/v2\/product\/143559","targetHints":{"allow":["GET"]}}],"collection":[{"href":"https:\/\/marktxxl.de\/markt\/wp-json\/wp\/v2\/product"}],"about":[{"href":"https:\/\/marktxxl.de\/markt\/wp-json\/wp\/v2\/types\/product"}],"replies":[{"embeddable":true,"href":"https:\/\/marktxxl.de\/markt\/wp-json\/wp\/v2\/comments?post=143559"}],"wp:featuredmedia":[{"embeddable":true,"href":"https:\/\/marktxxl.de\/markt\/wp-json\/wp\/v2\/media\/143560"}],"wp:attachment":[{"href":"https:\/\/marktxxl.de\/markt\/wp-json\/wp\/v2\/media?parent=143559"}],"wp:term":[{"taxonomy":"product_brand","embeddable":true,"href":"https:\/\/marktxxl.de\/markt\/wp-json\/wp\/v2\/product_brand?post=143559"},{"taxonomy":"product_cat","embeddable":true,"href":"https:\/\/marktxxl.de\/markt\/wp-json\/wp\/v2\/product_cat?post=143559"},{"taxonomy":"product_tag","embeddable":true,"href":"https:\/\/marktxxl.de\/markt\/wp-json\/wp\/v2\/product_tag?post=143559"}],"curies":[{"name":"wp","href":"https:\/\/api.w.org\/{rel}","templated":true}]}}