{"id":141921,"date":"2022-07-14T10:55:49","date_gmt":"2022-07-14T08:55:49","guid":{"rendered":"https:\/\/marktxxl.de\/markt\/produkt\/mountain-grillers-holztasche-fuer-kaminholz-aus-gewachstem-segeltuch-verstaerkte-griffe-zum-tragen-von-holz-scheiten-stabile-kaminholz-tasche-fuer-brennholz-perfekt-fuer-kam\/"},"modified":"2023-04-10T04:24:45","modified_gmt":"2023-04-10T02:24:45","slug":"mountain-grillers-holztasche-fuer-kaminholz-aus-gewachstem-segeltuch-verstaerkte-griffe-zum-tragen-von-holz-scheiten-stabile-kaminholz-tasche-fuer-brennholz-perfekt-fuer-kam","status":"publish","type":"product","link":"https:\/\/marktxxl.de\/markt\/produkt\/mountain-grillers-holztasche-fuer-kaminholz-aus-gewachstem-segeltuch-verstaerkte-griffe-zum-tragen-von-holz-scheiten-stabile-kaminholz-tasche-fuer-brennholz-perfekt-fuer-kam\/","title":{"rendered":"MOUNTAIN GRILLERS Holztasche f\u00fcr Kaminholz aus gewachstem Segeltuch \u2013 Verst\u00e4rkte Griffe zum Tragen von Holz &amp; Scheiten\u2026"},"content":{"rendered":"<p>Die Art wie Sie Brennholz lagern und transportieren wird jetzt simpel wie noch nie! Lernen Sie Ihre neue Kaminholztasche aus gewachstem Segeltuch kennen! Diese geschlossene Kaminholz Tragetasche ist extrem robust und langlebig, gro\u00df genug, um bis zu 20 kg Gwicht zu tragen, aus wasserdichtem, gewachstem Stoff gefertigt und dabei federleicht &#8211; all das verpackt in einem exklusivem Design.<br \/>\nUnsere Holztragetasche verschlei\u00dft nicht. Unsere langlebige Brennholz Tasche wurde mit extra dickem, wasserfestem, gewachstem Segeltuch verst\u00e4rkt, um den Einsatz auch unter h\u00e4rtesten Bedingungen wie Regen oder Schnee zu erleichtern &#8211; dieses erm\u00f6glicht es auch, die Brennholztasche beim Beladen flach auf dem Boden zu legen und bietet die richtige Form, wenn Sie diese als Brennholzlager verwenden!<br \/>\nUnsere Holz Tasche aus Segeltuch verf\u00fcgt \u00fcber eine gro\u00dfe Vortasche, perfekt f\u00fcr Handschuhe und Messer, einen Axthalter, ein einfach zusammenklappbares Design und verst\u00e4rkte Griffe, die weder zusammenfallen noch rei\u00dfen \u2013 was sie zu einer idealen und praktischen Erg\u00e4nzung f\u00fcr Ihr Brennholzubeh\u00f6r macht! Lassen Sie den inneren Holzf\u00e4ller zu Ihnen sprechen und lassen Sie diese Kamin Hasche schweres Heben f\u00fcr Sie erledigen!<br \/>\nDiese Kaminholz Tragetasche ist unglaublich vielseitig! Wir w\u00e4ren nicht wir, wenn wir Ihnen nicht eine multifunktionale Holz Tragetasche zur Verf\u00fcgung stellen w\u00fcrden! Diese hochwertige Brennholztasche \u00fcbertrifft alle Erwartungen \u2013 ideal f\u00fcr Grillwerkzeug, Holzbearbeitung, Gartenarbeit, Camping und jede andere Outdoor-Aktivit\u00e4t! H\u00f6rt sich gut an, oder?<br \/>\nHaben Sie schon einmal eine Kaminholztasche verschenkt? Verschenken Sie N\u00fctzliches! Seien wir ehrlich &#8211; niemand will diese &#8220;auf Nummer sicher gehen&#8221;-Geschenke. Diese Kaminholz Tragetasche aus gewachstem Segeltuch ist so praktisch und einzigartig, dass sie Kaminutensilien und Feuerholztaschen anderer Hersteller schlecht aussehen l\u00e4sst. Ob Anf\u00e4nger oder Profi &#8211; bei Mountain Grillers ist jeder willkommen!<br \/>\n<div class=\"main-cross-sell\" data-asin=\"B09JSL47XT\">\n\n\t<div class=\"WooZone-cross-sell-loader\">\n\t\t<div>\n\t\t\t<div id=\"floatingBarsG\">\n\t\t\t\t<div class=\"blockG\" id=\"rotateG_01\"><\/div>\n\t\t\t\t<div class=\"blockG\" id=\"rotateG_02\"><\/div>\n\t\t\t\t<div class=\"blockG\" id=\"rotateG_03\"><\/div>\n\t\t\t\t<div class=\"blockG\" id=\"rotateG_04\"><\/div>\n\t\t\t\t<div class=\"blockG\" id=\"rotateG_05\"><\/div>\n\t\t\t\t<div class=\"blockG\" id=\"rotateG_06\"><\/div>\n\t\t\t\t<div class=\"blockG\" id=\"rotateG_07\"><\/div>\n\t\t\t\t<div class=\"blockG\" id=\"rotateG_08\"><\/div>\n\t\t\t<\/div>\n\t\t\t<div class=\"WooZone-cross-sell-loader-text\"><\/div>\n\t\t<\/div>\n\t<\/div>\n\n\t\t\n<\/div>\n<div style=\"clear:both;\"><\/div><\/p>\n","protected":false},"excerpt":{"rendered":"<p>Die Art wie Sie Brennholz lagern und transportieren wird jetzt simpel wie noch nie! Lernen Sie Ihre neue Kaminholztasche aus gewachstem Segeltuch kennen! Diese geschlossene Kaminholz Tragetasche ist extrem robust und langlebig, gro\u00df genug, um bis zu 20 kg Gwicht zu tragen, aus wasserdichtem, gewachstem Stoff gefertigt und dabei federleicht &#8211; all das verpackt in einem exklusivem Design.<br \/>\nUnsere Holztragetasche verschlei\u00dft nicht. Unsere langlebige Brennholz Tasche wurde mit extra dickem, wasserfestem, gewachstem Segeltuch verst\u00e4rkt, um den Einsatz auch unter h\u00e4rtesten Bedingungen wie Regen oder Schnee zu erleichtern &#8211; dieses erm\u00f6glicht es auch, die Brennholztasche beim Beladen flach auf dem Boden zu legen und bietet die richtige Form, wenn Sie diese als Brennholzlager verwenden!<br \/>\nUnsere Holz Tasche aus Segeltuch verf\u00fcgt \u00fcber eine gro\u00dfe Vortasche, perfekt f\u00fcr Handschuhe und Messer, einen Axthalter, ein einfach zusammenklappbares Design und verst\u00e4rkte Griffe, die weder zusammenfallen noch rei\u00dfen \u2013 was sie zu einer idealen und praktischen Erg\u00e4nzung f\u00fcr Ihr Brennholzubeh\u00f6r macht! Lassen Sie den inneren Holzf\u00e4ller zu Ihnen sprechen und lassen Sie diese Kamin Hasche schweres Heben f\u00fcr Sie erledigen!<\/p>\n","protected":false},"featured_media":141922,"comment_status":"open","ping_status":"closed","template":"","meta":[],"product_brand":[],"product_cat":[1983,11036],"product_tag":[],"class_list":{"0":"post-141921","1":"product","2":"type-product","3":"status-publish","4":"has-post-thumbnail","6":"product_cat-baumarkt","7":"product_cat-kamine","8":"pa_brand-mountain-grillers","9":"pa_height-17-70078738352-zoll","10":"pa_length-10-59842518604-zoll","11":"pa_manufacturer-vida-viva-home","12":"pa_width-23-7007873774-zoll","14":"first","15":"instock","16":"shipping-taxable","17":"purchasable","18":"product-type-simple","19":"customify-col","20":"product-has-gallery"},"yoast_head":"<!-- This site is optimized with the Yoast SEO plugin v27.4 - https:\/\/yoast.com\/product\/yoast-seo-wordpress\/ -->\n<title>MOUNTAIN GRILLERS Holztasche f\u00fcr Kaminholz aus gewachstem Segeltuch \u2013 Verst\u00e4rkte Griffe zum Tragen von Holz &amp; Scheiten\u2026 - Markt-XXL<\/title>\n<meta name=\"description\" content=\"Markt-XXL MOUNTAIN GRILLERS Holztasche f\u00fcr Kaminholz aus gewachstem Segeltuch \u2013 Verst\u00e4rkte Griffe zum Tragen von Holz &amp; Scheiten\u2026\" \/>\n<meta name=\"robots\" content=\"index, follow, max-snippet:-1, max-image-preview:large, max-video-preview:-1\" \/>\n<link rel=\"canonical\" href=\"https:\/\/marktxxl.de\/markt\/produkt\/mountain-grillers-holztasche-fuer-kaminholz-aus-gewachstem-segeltuch-verstaerkte-griffe-zum-tragen-von-holz-scheiten-stabile-kaminholz-tasche-fuer-brennholz-perfekt-fuer-kam\/\" \/>\n<meta property=\"og:locale\" content=\"de_DE\" \/>\n<meta property=\"og:type\" content=\"article\" \/>\n<meta property=\"og:title\" content=\"MOUNTAIN GRILLERS Holztasche f\u00fcr Kaminholz aus gewachstem Segeltuch \u2013 Verst\u00e4rkte Griffe zum Tragen von Holz &amp; Scheiten\u2026 - Markt-XXL\" \/>\n<meta property=\"og:description\" content=\"Markt-XXL MOUNTAIN GRILLERS Holztasche f\u00fcr Kaminholz aus gewachstem Segeltuch \u2013 Verst\u00e4rkte Griffe zum Tragen von Holz &amp; Scheiten\u2026\" \/>\n<meta property=\"og:url\" content=\"https:\/\/marktxxl.de\/markt\/produkt\/mountain-grillers-holztasche-fuer-kaminholz-aus-gewachstem-segeltuch-verstaerkte-griffe-zum-tragen-von-holz-scheiten-stabile-kaminholz-tasche-fuer-brennholz-perfekt-fuer-kam\/\" \/>\n<meta property=\"og:site_name\" content=\"Markt-XXL\" \/>\n<meta property=\"article:modified_time\" content=\"2023-04-10T02:24:45+00:00\" \/>\n<meta property=\"og:image\" content=\"https:\/\/m.media-amazon.com\/images\/I\/41HCXuDlc7L._SL500_.jpg\" \/>\n\t<meta property=\"og:image:width\" content=\"449\" \/>\n\t<meta property=\"og:image:height\" content=\"500\" \/>\n\t<meta property=\"og:image:type\" content=\"image\/jpeg\" \/>\n<meta name=\"twitter:card\" content=\"summary_large_image\" \/>\n<meta name=\"twitter:label1\" content=\"Gesch\u00e4tzte Lesezeit\" \/>\n\t<meta name=\"twitter:data1\" content=\"2\u00a0Minuten\" \/>\n<script type=\"application\/ld+json\" class=\"yoast-schema-graph\">{\"@context\":\"https:\\\/\\\/schema.org\",\"@graph\":[{\"@type\":\"WebPage\",\"@id\":\"https:\\\/\\\/marktxxl.de\\\/markt\\\/produkt\\\/mountain-grillers-holztasche-fuer-kaminholz-aus-gewachstem-segeltuch-verstaerkte-griffe-zum-tragen-von-holz-scheiten-stabile-kaminholz-tasche-fuer-brennholz-perfekt-fuer-kam\\\/\",\"url\":\"https:\\\/\\\/marktxxl.de\\\/markt\\\/produkt\\\/mountain-grillers-holztasche-fuer-kaminholz-aus-gewachstem-segeltuch-verstaerkte-griffe-zum-tragen-von-holz-scheiten-stabile-kaminholz-tasche-fuer-brennholz-perfekt-fuer-kam\\\/\",\"name\":\"MOUNTAIN GRILLERS Holztasche f\u00fcr Kaminholz aus gewachstem Segeltuch \u2013 Verst\u00e4rkte Griffe zum Tragen von Holz &amp; Scheiten\u2026 - Markt-XXL\",\"isPartOf\":{\"@id\":\"https:\\\/\\\/marktxxl.de\\\/markt\\\/#website\"},\"primaryImageOfPage\":{\"@id\":\"https:\\\/\\\/marktxxl.de\\\/markt\\\/produkt\\\/mountain-grillers-holztasche-fuer-kaminholz-aus-gewachstem-segeltuch-verstaerkte-griffe-zum-tragen-von-holz-scheiten-stabile-kaminholz-tasche-fuer-brennholz-perfekt-fuer-kam\\\/#primaryimage\"},\"image\":{\"@id\":\"https:\\\/\\\/marktxxl.de\\\/markt\\\/produkt\\\/mountain-grillers-holztasche-fuer-kaminholz-aus-gewachstem-segeltuch-verstaerkte-griffe-zum-tragen-von-holz-scheiten-stabile-kaminholz-tasche-fuer-brennholz-perfekt-fuer-kam\\\/#primaryimage\"},\"thumbnailUrl\":\"https:\\\/\\\/m.media-amazon.com\\\/images\\\/I\\\/41HCXuDlc7L._SL500_.jpg\",\"datePublished\":\"2022-07-14T08:55:49+00:00\",\"dateModified\":\"2023-04-10T02:24:45+00:00\",\"description\":\"Markt-XXL MOUNTAIN GRILLERS Holztasche f\u00fcr Kaminholz aus gewachstem Segeltuch \u2013 Verst\u00e4rkte Griffe zum Tragen von Holz &amp; Scheiten\u2026\",\"breadcrumb\":{\"@id\":\"https:\\\/\\\/marktxxl.de\\\/markt\\\/produkt\\\/mountain-grillers-holztasche-fuer-kaminholz-aus-gewachstem-segeltuch-verstaerkte-griffe-zum-tragen-von-holz-scheiten-stabile-kaminholz-tasche-fuer-brennholz-perfekt-fuer-kam\\\/#breadcrumb\"},\"inLanguage\":\"de\",\"potentialAction\":[{\"@type\":\"ReadAction\",\"target\":[\"https:\\\/\\\/marktxxl.de\\\/markt\\\/produkt\\\/mountain-grillers-holztasche-fuer-kaminholz-aus-gewachstem-segeltuch-verstaerkte-griffe-zum-tragen-von-holz-scheiten-stabile-kaminholz-tasche-fuer-brennholz-perfekt-fuer-kam\\\/\"]}]},{\"@type\":\"ImageObject\",\"inLanguage\":\"de\",\"@id\":\"https:\\\/\\\/marktxxl.de\\\/markt\\\/produkt\\\/mountain-grillers-holztasche-fuer-kaminholz-aus-gewachstem-segeltuch-verstaerkte-griffe-zum-tragen-von-holz-scheiten-stabile-kaminholz-tasche-fuer-brennholz-perfekt-fuer-kam\\\/#primaryimage\",\"url\":\"https:\\\/\\\/m.media-amazon.com\\\/images\\\/I\\\/41HCXuDlc7L._SL500_.jpg\",\"contentUrl\":\"https:\\\/\\\/m.media-amazon.com\\\/images\\\/I\\\/41HCXuDlc7L._SL500_.jpg\",\"width\":449,\"height\":500},{\"@type\":\"BreadcrumbList\",\"@id\":\"https:\\\/\\\/marktxxl.de\\\/markt\\\/produkt\\\/mountain-grillers-holztasche-fuer-kaminholz-aus-gewachstem-segeltuch-verstaerkte-griffe-zum-tragen-von-holz-scheiten-stabile-kaminholz-tasche-fuer-brennholz-perfekt-fuer-kam\\\/#breadcrumb\",\"itemListElement\":[{\"@type\":\"ListItem\",\"position\":1,\"name\":\"Startseite\",\"item\":\"https:\\\/\\\/marktxxl.de\\\/markt\\\/\"},{\"@type\":\"ListItem\",\"position\":2,\"name\":\"Markt\",\"item\":\"https:\\\/\\\/marktxxl.de\\\/markt\\\/\"},{\"@type\":\"ListItem\",\"position\":3,\"name\":\"MOUNTAIN GRILLERS Holztasche f\u00fcr Kaminholz aus gewachstem Segeltuch \u2013 Verst\u00e4rkte Griffe zum Tragen von Holz &amp; Scheiten\u2026\"}]},{\"@type\":\"WebSite\",\"@id\":\"https:\\\/\\\/marktxxl.de\\\/markt\\\/#website\",\"url\":\"https:\\\/\\\/marktxxl.de\\\/markt\\\/\",\"name\":\"Markt-XXL\",\"description\":\"Ihr Markt Online\",\"publisher\":{\"@id\":\"https:\\\/\\\/marktxxl.de\\\/markt\\\/#organization\"},\"potentialAction\":[{\"@type\":\"SearchAction\",\"target\":{\"@type\":\"EntryPoint\",\"urlTemplate\":\"https:\\\/\\\/marktxxl.de\\\/markt\\\/?s={search_term_string}\"},\"query-input\":{\"@type\":\"PropertyValueSpecification\",\"valueRequired\":true,\"valueName\":\"search_term_string\"}}],\"inLanguage\":\"de\"},{\"@type\":\"Organization\",\"@id\":\"https:\\\/\\\/marktxxl.de\\\/markt\\\/#organization\",\"name\":\"Markt-XXL\",\"url\":\"https:\\\/\\\/marktxxl.de\\\/markt\\\/\",\"logo\":{\"@type\":\"ImageObject\",\"inLanguage\":\"de\",\"@id\":\"https:\\\/\\\/marktxxl.de\\\/markt\\\/#\\\/schema\\\/logo\\\/image\\\/\",\"url\":\"https:\\\/\\\/marktxxl.de\\\/markt\\\/wp-content\\\/uploads\\\/sites\\\/3\\\/2020\\\/12\\\/logo.png\",\"contentUrl\":\"https:\\\/\\\/marktxxl.de\\\/markt\\\/wp-content\\\/uploads\\\/sites\\\/3\\\/2020\\\/12\\\/logo.png\",\"width\":200,\"height\":70,\"caption\":\"Markt-XXL\"},\"image\":{\"@id\":\"https:\\\/\\\/marktxxl.de\\\/markt\\\/#\\\/schema\\\/logo\\\/image\\\/\"}}]}<\/script>\n<!-- \/ Yoast SEO plugin. -->","yoast_head_json":{"title":"MOUNTAIN GRILLERS Holztasche f\u00fcr Kaminholz aus gewachstem Segeltuch \u2013 Verst\u00e4rkte Griffe zum Tragen von Holz &amp; Scheiten\u2026 - Markt-XXL","description":"Markt-XXL MOUNTAIN GRILLERS Holztasche f\u00fcr Kaminholz aus gewachstem Segeltuch \u2013 Verst\u00e4rkte Griffe zum Tragen von Holz &amp; Scheiten\u2026","robots":{"index":"index","follow":"follow","max-snippet":"max-snippet:-1","max-image-preview":"max-image-preview:large","max-video-preview":"max-video-preview:-1"},"canonical":"https:\/\/marktxxl.de\/markt\/produkt\/mountain-grillers-holztasche-fuer-kaminholz-aus-gewachstem-segeltuch-verstaerkte-griffe-zum-tragen-von-holz-scheiten-stabile-kaminholz-tasche-fuer-brennholz-perfekt-fuer-kam\/","og_locale":"de_DE","og_type":"article","og_title":"MOUNTAIN GRILLERS Holztasche f\u00fcr Kaminholz aus gewachstem Segeltuch \u2013 Verst\u00e4rkte Griffe zum Tragen von Holz &amp; Scheiten\u2026 - Markt-XXL","og_description":"Markt-XXL MOUNTAIN GRILLERS Holztasche f\u00fcr Kaminholz aus gewachstem Segeltuch \u2013 Verst\u00e4rkte Griffe zum Tragen von Holz &amp; Scheiten\u2026","og_url":"https:\/\/marktxxl.de\/markt\/produkt\/mountain-grillers-holztasche-fuer-kaminholz-aus-gewachstem-segeltuch-verstaerkte-griffe-zum-tragen-von-holz-scheiten-stabile-kaminholz-tasche-fuer-brennholz-perfekt-fuer-kam\/","og_site_name":"Markt-XXL","article_modified_time":"2023-04-10T02:24:45+00:00","og_image":[{"width":449,"height":500,"url":"https:\/\/m.media-amazon.com\/images\/I\/41HCXuDlc7L._SL500_.jpg","type":"image\/jpeg"}],"twitter_card":"summary_large_image","twitter_misc":{"Gesch\u00e4tzte Lesezeit":"2\u00a0Minuten"},"schema":{"@context":"https:\/\/schema.org","@graph":[{"@type":"WebPage","@id":"https:\/\/marktxxl.de\/markt\/produkt\/mountain-grillers-holztasche-fuer-kaminholz-aus-gewachstem-segeltuch-verstaerkte-griffe-zum-tragen-von-holz-scheiten-stabile-kaminholz-tasche-fuer-brennholz-perfekt-fuer-kam\/","url":"https:\/\/marktxxl.de\/markt\/produkt\/mountain-grillers-holztasche-fuer-kaminholz-aus-gewachstem-segeltuch-verstaerkte-griffe-zum-tragen-von-holz-scheiten-stabile-kaminholz-tasche-fuer-brennholz-perfekt-fuer-kam\/","name":"MOUNTAIN GRILLERS Holztasche f\u00fcr Kaminholz aus gewachstem Segeltuch \u2013 Verst\u00e4rkte Griffe zum Tragen von Holz &amp; Scheiten\u2026 - Markt-XXL","isPartOf":{"@id":"https:\/\/marktxxl.de\/markt\/#website"},"primaryImageOfPage":{"@id":"https:\/\/marktxxl.de\/markt\/produkt\/mountain-grillers-holztasche-fuer-kaminholz-aus-gewachstem-segeltuch-verstaerkte-griffe-zum-tragen-von-holz-scheiten-stabile-kaminholz-tasche-fuer-brennholz-perfekt-fuer-kam\/#primaryimage"},"image":{"@id":"https:\/\/marktxxl.de\/markt\/produkt\/mountain-grillers-holztasche-fuer-kaminholz-aus-gewachstem-segeltuch-verstaerkte-griffe-zum-tragen-von-holz-scheiten-stabile-kaminholz-tasche-fuer-brennholz-perfekt-fuer-kam\/#primaryimage"},"thumbnailUrl":"https:\/\/m.media-amazon.com\/images\/I\/41HCXuDlc7L._SL500_.jpg","datePublished":"2022-07-14T08:55:49+00:00","dateModified":"2023-04-10T02:24:45+00:00","description":"Markt-XXL MOUNTAIN GRILLERS Holztasche f\u00fcr Kaminholz aus gewachstem Segeltuch \u2013 Verst\u00e4rkte Griffe zum Tragen von Holz &amp; Scheiten\u2026","breadcrumb":{"@id":"https:\/\/marktxxl.de\/markt\/produkt\/mountain-grillers-holztasche-fuer-kaminholz-aus-gewachstem-segeltuch-verstaerkte-griffe-zum-tragen-von-holz-scheiten-stabile-kaminholz-tasche-fuer-brennholz-perfekt-fuer-kam\/#breadcrumb"},"inLanguage":"de","potentialAction":[{"@type":"ReadAction","target":["https:\/\/marktxxl.de\/markt\/produkt\/mountain-grillers-holztasche-fuer-kaminholz-aus-gewachstem-segeltuch-verstaerkte-griffe-zum-tragen-von-holz-scheiten-stabile-kaminholz-tasche-fuer-brennholz-perfekt-fuer-kam\/"]}]},{"@type":"ImageObject","inLanguage":"de","@id":"https:\/\/marktxxl.de\/markt\/produkt\/mountain-grillers-holztasche-fuer-kaminholz-aus-gewachstem-segeltuch-verstaerkte-griffe-zum-tragen-von-holz-scheiten-stabile-kaminholz-tasche-fuer-brennholz-perfekt-fuer-kam\/#primaryimage","url":"https:\/\/m.media-amazon.com\/images\/I\/41HCXuDlc7L._SL500_.jpg","contentUrl":"https:\/\/m.media-amazon.com\/images\/I\/41HCXuDlc7L._SL500_.jpg","width":449,"height":500},{"@type":"BreadcrumbList","@id":"https:\/\/marktxxl.de\/markt\/produkt\/mountain-grillers-holztasche-fuer-kaminholz-aus-gewachstem-segeltuch-verstaerkte-griffe-zum-tragen-von-holz-scheiten-stabile-kaminholz-tasche-fuer-brennholz-perfekt-fuer-kam\/#breadcrumb","itemListElement":[{"@type":"ListItem","position":1,"name":"Startseite","item":"https:\/\/marktxxl.de\/markt\/"},{"@type":"ListItem","position":2,"name":"Markt","item":"https:\/\/marktxxl.de\/markt\/"},{"@type":"ListItem","position":3,"name":"MOUNTAIN GRILLERS Holztasche f\u00fcr Kaminholz aus gewachstem Segeltuch \u2013 Verst\u00e4rkte Griffe zum Tragen von Holz &amp; Scheiten\u2026"}]},{"@type":"WebSite","@id":"https:\/\/marktxxl.de\/markt\/#website","url":"https:\/\/marktxxl.de\/markt\/","name":"Markt-XXL","description":"Ihr Markt Online","publisher":{"@id":"https:\/\/marktxxl.de\/markt\/#organization"},"potentialAction":[{"@type":"SearchAction","target":{"@type":"EntryPoint","urlTemplate":"https:\/\/marktxxl.de\/markt\/?s={search_term_string}"},"query-input":{"@type":"PropertyValueSpecification","valueRequired":true,"valueName":"search_term_string"}}],"inLanguage":"de"},{"@type":"Organization","@id":"https:\/\/marktxxl.de\/markt\/#organization","name":"Markt-XXL","url":"https:\/\/marktxxl.de\/markt\/","logo":{"@type":"ImageObject","inLanguage":"de","@id":"https:\/\/marktxxl.de\/markt\/#\/schema\/logo\/image\/","url":"https:\/\/marktxxl.de\/markt\/wp-content\/uploads\/sites\/3\/2020\/12\/logo.png","contentUrl":"https:\/\/marktxxl.de\/markt\/wp-content\/uploads\/sites\/3\/2020\/12\/logo.png","width":200,"height":70,"caption":"Markt-XXL"},"image":{"@id":"https:\/\/marktxxl.de\/markt\/#\/schema\/logo\/image\/"}}]}},"_links":{"self":[{"href":"https:\/\/marktxxl.de\/markt\/wp-json\/wp\/v2\/product\/141921","targetHints":{"allow":["GET"]}}],"collection":[{"href":"https:\/\/marktxxl.de\/markt\/wp-json\/wp\/v2\/product"}],"about":[{"href":"https:\/\/marktxxl.de\/markt\/wp-json\/wp\/v2\/types\/product"}],"replies":[{"embeddable":true,"href":"https:\/\/marktxxl.de\/markt\/wp-json\/wp\/v2\/comments?post=141921"}],"wp:featuredmedia":[{"embeddable":true,"href":"https:\/\/marktxxl.de\/markt\/wp-json\/wp\/v2\/media\/141922"}],"wp:attachment":[{"href":"https:\/\/marktxxl.de\/markt\/wp-json\/wp\/v2\/media?parent=141921"}],"wp:term":[{"taxonomy":"product_brand","embeddable":true,"href":"https:\/\/marktxxl.de\/markt\/wp-json\/wp\/v2\/product_brand?post=141921"},{"taxonomy":"product_cat","embeddable":true,"href":"https:\/\/marktxxl.de\/markt\/wp-json\/wp\/v2\/product_cat?post=141921"},{"taxonomy":"product_tag","embeddable":true,"href":"https:\/\/marktxxl.de\/markt\/wp-json\/wp\/v2\/product_tag?post=141921"}],"curies":[{"name":"wp","href":"https:\/\/api.w.org\/{rel}","templated":true}]}}