{"id":140852,"date":"2022-07-14T09:49:43","date_gmt":"2022-07-14T07:49:43","guid":{"rendered":"https:\/\/marktxxl.de\/markt\/produkt\/brillenputztuch-mikrofasertuecher-10er-pack-17-5-x-17-5cm-fuer-sonnenbrillen-displays-bildschirmen-und-objektiv-optikerqualitaet-aufbewahrungstasche-sonnenbrillenetui-ed-hicks\/"},"modified":"2023-04-10T04:21:21","modified_gmt":"2023-04-10T02:21:21","slug":"brillenputztuch-mikrofasertuecher-10er-pack-17-5-x-17-5cm-fuer-sonnenbrillen-displays-bildschirmen-und-objektiv-optikerqualitaet-aufbewahrungstasche-sonnenbrillenetui-ed-hicks","status":"publish","type":"product","link":"https:\/\/marktxxl.de\/markt\/produkt\/brillenputztuch-mikrofasertuecher-10er-pack-17-5-x-17-5cm-fuer-sonnenbrillen-displays-bildschirmen-und-objektiv-optikerqualitaet-aufbewahrungstasche-sonnenbrillenetui-ed-hicks\/","title":{"rendered":"Ed Hicks Brillenputztuch, Mikrofasert\u00fccher (10er-Pack; 17.5 x 17.5cm) f\u00fcr Sonnenbrillen, Displays, Bildschirmen und\u2026"},"content":{"rendered":"<p>OPTIKERQUALIT\u00c4T PR\u00c4MIE MIKROFASER &#8211; Durch die Verwendung von 80% Polyester und 20% Polyamid sind unsere Mikrofaser-Reinigungst\u00fccher nachweislich \u00e4u\u00dferst effektiv, um Ihre Brille, Ihren Bildschirm oder Ihre Linsen frei von Schmutz, Verschmutzungen und Verschmutzungen zu halten. &#8211; W\u00c4RMEVERSIEGELTE KANTEN, um das Ausfransen des Stoffes zu verhindern &#8211; Die Teure Wahl!<br \/>\nVERPACKT IN UNSEREM AUFBEWAHRUNGSTASCHE \/ SONNENBRILLENETUI &#8211; Perfekt als BRILLENETUI und BRILLENPUTZT\u00dcCHER in einem oder KABELTASCHE &#8211; -vermeidet \u00fcberm\u00e4\u00dfige Kunststoffverpackungen; -Bewahrt Ihre Reinigungst\u00fccher an einem Ort auf. -&#8220;One Step Beyond&#8221; &#8211; das ist &#8220;The Ed Hicks Way&#8221;<br \/>\nSUPER WEICH &#8211; Nicht abrasive, antibakterielle, antistatische, hypoallergene, glatte, fusselfreie Brillenputzt\u00fccherr &#8211; dies sind einige der Vorteile von Mikrofaser. Am wichtigsten ist, dass es die Beschichtung Ihres Bildschirms oder Ihrer Brille NICHT BESCH\u00c4DIGT. UMWELTFREUNDLICH: &#8211; Die Mikrofasert\u00fccher von Ed Hicks bringen Ihre Brille, Bildschirme und Linsen wieder in ihren fr\u00fcheren Glanz, ohne dass Chemikalien erforderlich sind.<br \/>\nIDEALE GR\u00d6SSE &#8211; 17.5 X 17cm Die Brillenputzt\u00fccher sind klein genug, um in Ihre Handtasche, kleine Tasche, Ihren Rucksack, Ihre Kameratasche oder sogar in Ihre Tasche zu passen. Sie k\u00f6nnen immer eine bei sich haben und die Brille und den Bildschirm Ihrer Telefone und Tablets makellos halten. HELLE UND FR\u00d6HLICHE FARBEN &#8211; damit der Mikrofaser Brillenputzt\u00fccher problemlos in Ihrer Handtaschen- oder Jackentasche zu finden ist<br \/>\nWIEDERVERWENDBAR UND LANGLEBIG &#8211; Diese Mikrofaser Brillenputzt\u00fccher k\u00f6nnen wiederholt verwendet werden und halten viel l\u00e4nger als Baumwolle oder andere Alternativen, sodass Sie Geld sparen und den Hausm\u00fcll reduzieren k\u00f6nnen. Sie k\u00f6nnen sie von Hand oder maschinell waschen, aber vermeiden Sie das B\u00fcgeln oder die Verwendung von Bleichmittel.<br \/>\n<div class=\"main-cross-sell\" data-asin=\"B08KGS548B\">\n\n\t<div class=\"WooZone-cross-sell-loader\">\n\t\t<div>\n\t\t\t<div id=\"floatingBarsG\">\n\t\t\t\t<div class=\"blockG\" id=\"rotateG_01\"><\/div>\n\t\t\t\t<div class=\"blockG\" id=\"rotateG_02\"><\/div>\n\t\t\t\t<div class=\"blockG\" id=\"rotateG_03\"><\/div>\n\t\t\t\t<div class=\"blockG\" id=\"rotateG_04\"><\/div>\n\t\t\t\t<div class=\"blockG\" id=\"rotateG_05\"><\/div>\n\t\t\t\t<div class=\"blockG\" id=\"rotateG_06\"><\/div>\n\t\t\t\t<div class=\"blockG\" id=\"rotateG_07\"><\/div>\n\t\t\t\t<div class=\"blockG\" id=\"rotateG_08\"><\/div>\n\t\t\t<\/div>\n\t\t\t<div class=\"WooZone-cross-sell-loader-text\"><\/div>\n\t\t<\/div>\n\t<\/div>\n\n\t\t\n<\/div>\n<div style=\"clear:both;\"><\/div><\/p>\n","protected":false},"excerpt":{"rendered":"<p>OPTIKERQUALIT\u00c4T PR\u00c4MIE MIKROFASER &#8211; Durch die Verwendung von 80% Polyester und 20% Polyamid sind unsere Mikrofaser-Reinigungst\u00fccher nachweislich \u00e4u\u00dferst effektiv, um Ihre Brille, Ihren Bildschirm oder Ihre Linsen frei von Schmutz, Verschmutzungen und Verschmutzungen zu halten. &#8211; W\u00c4RMEVERSIEGELTE KANTEN, um das Ausfransen des Stoffes zu verhindern &#8211; Die Teure Wahl!<br \/>\nVERPACKT IN UNSEREM AUFBEWAHRUNGSTASCHE \/ SONNENBRILLENETUI &#8211; Perfekt als BRILLENETUI und BRILLENPUTZT\u00dcCHER in einem oder KABELTASCHE &#8211; -vermeidet \u00fcberm\u00e4\u00dfige Kunststoffverpackungen; -Bewahrt Ihre Reinigungst\u00fccher an einem Ort auf. -&#8220;One Step Beyond&#8221; &#8211; das ist &#8220;The Ed Hicks Way&#8221;<br \/>\nSUPER WEICH &#8211; Nicht abrasive, antibakterielle, antistatische, hypoallergene, glatte, fusselfreie Brillenputzt\u00fccherr &#8211; dies sind einige der Vorteile von Mikrofaser. Am wichtigsten ist, dass es die Beschichtung Ihres Bildschirms oder Ihrer Brille NICHT BESCH\u00c4DIGT. UMWELTFREUNDLICH: &#8211; Die Mikrofasert\u00fccher von Ed Hicks bringen Ihre Brille, Bildschirme und Linsen wieder in ihren fr\u00fcheren Glanz, ohne dass Chemikalien erforderlich sind.<\/p>\n","protected":false},"featured_media":140853,"comment_status":"open","ping_status":"closed","template":"","meta":[],"product_brand":[],"product_cat":[566,5775],"product_tag":[],"class_list":{"0":"post-140852","1":"product","2":"type-product","3":"status-publish","4":"has-post-thumbnail","6":"product_cat-drogerie-koerperpflege","7":"product_cat-kontaktlinsen-brillen","8":"pa_binding-elektronik","9":"pa_brand-ed-hicks","10":"pa_height-6-88975-zoll","11":"pa_length-6-88975-zoll","12":"pa_manufacturer-ed-hicks","13":"pa_model-eh-cl-md-stripe-parent-de","14":"pa_width-0-03937-zoll","16":"first","17":"instock","18":"shipping-taxable","19":"purchasable","20":"product-type-simple","21":"customify-col","22":"product-has-gallery"},"yoast_head":"<!-- This site is optimized with the Yoast SEO plugin v27.4 - https:\/\/yoast.com\/product\/yoast-seo-wordpress\/ -->\n<title>Ed Hicks Brillenputztuch, Mikrofasert\u00fccher (10er-Pack; 17.5 x 17.5cm) f\u00fcr Sonnenbrillen, Displays, Bildschirmen und\u2026 - Markt-XXL<\/title>\n<meta name=\"description\" content=\"Markt-XXL Ed Hicks Brillenputztuch, Mikrofasert\u00fccher (10er-Pack; 17.5 x 17.5cm) f\u00fcr Sonnenbrillen, Displays, Bildschirmen und\u2026\" \/>\n<meta name=\"robots\" content=\"index, follow, max-snippet:-1, max-image-preview:large, max-video-preview:-1\" \/>\n<link rel=\"canonical\" href=\"https:\/\/marktxxl.de\/markt\/produkt\/brillenputztuch-mikrofasertuecher-10er-pack-17-5-x-17-5cm-fuer-sonnenbrillen-displays-bildschirmen-und-objektiv-optikerqualitaet-aufbewahrungstasche-sonnenbrillenetui-ed-hicks\/\" \/>\n<meta property=\"og:locale\" content=\"de_DE\" \/>\n<meta property=\"og:type\" content=\"article\" \/>\n<meta property=\"og:title\" content=\"Ed Hicks Brillenputztuch, Mikrofasert\u00fccher (10er-Pack; 17.5 x 17.5cm) f\u00fcr Sonnenbrillen, Displays, Bildschirmen und\u2026 - Markt-XXL\" \/>\n<meta property=\"og:description\" content=\"Markt-XXL Ed Hicks Brillenputztuch, Mikrofasert\u00fccher (10er-Pack; 17.5 x 17.5cm) f\u00fcr Sonnenbrillen, Displays, Bildschirmen und\u2026\" \/>\n<meta property=\"og:url\" content=\"https:\/\/marktxxl.de\/markt\/produkt\/brillenputztuch-mikrofasertuecher-10er-pack-17-5-x-17-5cm-fuer-sonnenbrillen-displays-bildschirmen-und-objektiv-optikerqualitaet-aufbewahrungstasche-sonnenbrillenetui-ed-hicks\/\" \/>\n<meta property=\"og:site_name\" content=\"Markt-XXL\" \/>\n<meta property=\"article:modified_time\" content=\"2023-04-10T02:21:21+00:00\" \/>\n<meta property=\"og:image\" content=\"https:\/\/m.media-amazon.com\/images\/I\/51L7232J0AL._SL500_.jpg\" \/>\n\t<meta property=\"og:image:width\" content=\"500\" \/>\n\t<meta property=\"og:image:height\" content=\"458\" \/>\n\t<meta property=\"og:image:type\" content=\"image\/jpeg\" \/>\n<meta name=\"twitter:card\" content=\"summary_large_image\" \/>\n<meta name=\"twitter:label1\" content=\"Gesch\u00e4tzte Lesezeit\" \/>\n\t<meta name=\"twitter:data1\" content=\"1\u00a0Minute\" \/>\n<script type=\"application\/ld+json\" class=\"yoast-schema-graph\">{\"@context\":\"https:\\\/\\\/schema.org\",\"@graph\":[{\"@type\":\"WebPage\",\"@id\":\"https:\\\/\\\/marktxxl.de\\\/markt\\\/produkt\\\/brillenputztuch-mikrofasertuecher-10er-pack-17-5-x-17-5cm-fuer-sonnenbrillen-displays-bildschirmen-und-objektiv-optikerqualitaet-aufbewahrungstasche-sonnenbrillenetui-ed-hicks\\\/\",\"url\":\"https:\\\/\\\/marktxxl.de\\\/markt\\\/produkt\\\/brillenputztuch-mikrofasertuecher-10er-pack-17-5-x-17-5cm-fuer-sonnenbrillen-displays-bildschirmen-und-objektiv-optikerqualitaet-aufbewahrungstasche-sonnenbrillenetui-ed-hicks\\\/\",\"name\":\"Ed Hicks Brillenputztuch, Mikrofasert\u00fccher (10er-Pack; 17.5 x 17.5cm) f\u00fcr Sonnenbrillen, Displays, Bildschirmen und\u2026 - Markt-XXL\",\"isPartOf\":{\"@id\":\"https:\\\/\\\/marktxxl.de\\\/markt\\\/#website\"},\"primaryImageOfPage\":{\"@id\":\"https:\\\/\\\/marktxxl.de\\\/markt\\\/produkt\\\/brillenputztuch-mikrofasertuecher-10er-pack-17-5-x-17-5cm-fuer-sonnenbrillen-displays-bildschirmen-und-objektiv-optikerqualitaet-aufbewahrungstasche-sonnenbrillenetui-ed-hicks\\\/#primaryimage\"},\"image\":{\"@id\":\"https:\\\/\\\/marktxxl.de\\\/markt\\\/produkt\\\/brillenputztuch-mikrofasertuecher-10er-pack-17-5-x-17-5cm-fuer-sonnenbrillen-displays-bildschirmen-und-objektiv-optikerqualitaet-aufbewahrungstasche-sonnenbrillenetui-ed-hicks\\\/#primaryimage\"},\"thumbnailUrl\":\"https:\\\/\\\/m.media-amazon.com\\\/images\\\/I\\\/51L7232J0AL._SL500_.jpg\",\"datePublished\":\"2022-07-14T07:49:43+00:00\",\"dateModified\":\"2023-04-10T02:21:21+00:00\",\"description\":\"Markt-XXL Ed Hicks Brillenputztuch, Mikrofasert\u00fccher (10er-Pack; 17.5 x 17.5cm) f\u00fcr Sonnenbrillen, Displays, Bildschirmen und\u2026\",\"breadcrumb\":{\"@id\":\"https:\\\/\\\/marktxxl.de\\\/markt\\\/produkt\\\/brillenputztuch-mikrofasertuecher-10er-pack-17-5-x-17-5cm-fuer-sonnenbrillen-displays-bildschirmen-und-objektiv-optikerqualitaet-aufbewahrungstasche-sonnenbrillenetui-ed-hicks\\\/#breadcrumb\"},\"inLanguage\":\"de\",\"potentialAction\":[{\"@type\":\"ReadAction\",\"target\":[\"https:\\\/\\\/marktxxl.de\\\/markt\\\/produkt\\\/brillenputztuch-mikrofasertuecher-10er-pack-17-5-x-17-5cm-fuer-sonnenbrillen-displays-bildschirmen-und-objektiv-optikerqualitaet-aufbewahrungstasche-sonnenbrillenetui-ed-hicks\\\/\"]}]},{\"@type\":\"ImageObject\",\"inLanguage\":\"de\",\"@id\":\"https:\\\/\\\/marktxxl.de\\\/markt\\\/produkt\\\/brillenputztuch-mikrofasertuecher-10er-pack-17-5-x-17-5cm-fuer-sonnenbrillen-displays-bildschirmen-und-objektiv-optikerqualitaet-aufbewahrungstasche-sonnenbrillenetui-ed-hicks\\\/#primaryimage\",\"url\":\"https:\\\/\\\/m.media-amazon.com\\\/images\\\/I\\\/51L7232J0AL._SL500_.jpg\",\"contentUrl\":\"https:\\\/\\\/m.media-amazon.com\\\/images\\\/I\\\/51L7232J0AL._SL500_.jpg\",\"width\":500,\"height\":458},{\"@type\":\"BreadcrumbList\",\"@id\":\"https:\\\/\\\/marktxxl.de\\\/markt\\\/produkt\\\/brillenputztuch-mikrofasertuecher-10er-pack-17-5-x-17-5cm-fuer-sonnenbrillen-displays-bildschirmen-und-objektiv-optikerqualitaet-aufbewahrungstasche-sonnenbrillenetui-ed-hicks\\\/#breadcrumb\",\"itemListElement\":[{\"@type\":\"ListItem\",\"position\":1,\"name\":\"Startseite\",\"item\":\"https:\\\/\\\/marktxxl.de\\\/markt\\\/\"},{\"@type\":\"ListItem\",\"position\":2,\"name\":\"Markt\",\"item\":\"https:\\\/\\\/marktxxl.de\\\/markt\\\/\"},{\"@type\":\"ListItem\",\"position\":3,\"name\":\"Ed Hicks Brillenputztuch, Mikrofasert\u00fccher (10er-Pack; 17.5 x 17.5cm) f\u00fcr Sonnenbrillen, Displays, Bildschirmen und\u2026\"}]},{\"@type\":\"WebSite\",\"@id\":\"https:\\\/\\\/marktxxl.de\\\/markt\\\/#website\",\"url\":\"https:\\\/\\\/marktxxl.de\\\/markt\\\/\",\"name\":\"Markt-XXL\",\"description\":\"Ihr Markt Online\",\"publisher\":{\"@id\":\"https:\\\/\\\/marktxxl.de\\\/markt\\\/#organization\"},\"potentialAction\":[{\"@type\":\"SearchAction\",\"target\":{\"@type\":\"EntryPoint\",\"urlTemplate\":\"https:\\\/\\\/marktxxl.de\\\/markt\\\/?s={search_term_string}\"},\"query-input\":{\"@type\":\"PropertyValueSpecification\",\"valueRequired\":true,\"valueName\":\"search_term_string\"}}],\"inLanguage\":\"de\"},{\"@type\":\"Organization\",\"@id\":\"https:\\\/\\\/marktxxl.de\\\/markt\\\/#organization\",\"name\":\"Markt-XXL\",\"url\":\"https:\\\/\\\/marktxxl.de\\\/markt\\\/\",\"logo\":{\"@type\":\"ImageObject\",\"inLanguage\":\"de\",\"@id\":\"https:\\\/\\\/marktxxl.de\\\/markt\\\/#\\\/schema\\\/logo\\\/image\\\/\",\"url\":\"https:\\\/\\\/marktxxl.de\\\/markt\\\/wp-content\\\/uploads\\\/sites\\\/3\\\/2020\\\/12\\\/logo.png\",\"contentUrl\":\"https:\\\/\\\/marktxxl.de\\\/markt\\\/wp-content\\\/uploads\\\/sites\\\/3\\\/2020\\\/12\\\/logo.png\",\"width\":200,\"height\":70,\"caption\":\"Markt-XXL\"},\"image\":{\"@id\":\"https:\\\/\\\/marktxxl.de\\\/markt\\\/#\\\/schema\\\/logo\\\/image\\\/\"}}]}<\/script>\n<!-- \/ Yoast SEO plugin. -->","yoast_head_json":{"title":"Ed Hicks Brillenputztuch, Mikrofasert\u00fccher (10er-Pack; 17.5 x 17.5cm) f\u00fcr Sonnenbrillen, Displays, Bildschirmen und\u2026 - Markt-XXL","description":"Markt-XXL Ed Hicks Brillenputztuch, Mikrofasert\u00fccher (10er-Pack; 17.5 x 17.5cm) f\u00fcr Sonnenbrillen, Displays, Bildschirmen und\u2026","robots":{"index":"index","follow":"follow","max-snippet":"max-snippet:-1","max-image-preview":"max-image-preview:large","max-video-preview":"max-video-preview:-1"},"canonical":"https:\/\/marktxxl.de\/markt\/produkt\/brillenputztuch-mikrofasertuecher-10er-pack-17-5-x-17-5cm-fuer-sonnenbrillen-displays-bildschirmen-und-objektiv-optikerqualitaet-aufbewahrungstasche-sonnenbrillenetui-ed-hicks\/","og_locale":"de_DE","og_type":"article","og_title":"Ed Hicks Brillenputztuch, Mikrofasert\u00fccher (10er-Pack; 17.5 x 17.5cm) f\u00fcr Sonnenbrillen, Displays, Bildschirmen und\u2026 - Markt-XXL","og_description":"Markt-XXL Ed Hicks Brillenputztuch, Mikrofasert\u00fccher (10er-Pack; 17.5 x 17.5cm) f\u00fcr Sonnenbrillen, Displays, Bildschirmen und\u2026","og_url":"https:\/\/marktxxl.de\/markt\/produkt\/brillenputztuch-mikrofasertuecher-10er-pack-17-5-x-17-5cm-fuer-sonnenbrillen-displays-bildschirmen-und-objektiv-optikerqualitaet-aufbewahrungstasche-sonnenbrillenetui-ed-hicks\/","og_site_name":"Markt-XXL","article_modified_time":"2023-04-10T02:21:21+00:00","og_image":[{"width":500,"height":458,"url":"https:\/\/m.media-amazon.com\/images\/I\/51L7232J0AL._SL500_.jpg","type":"image\/jpeg"}],"twitter_card":"summary_large_image","twitter_misc":{"Gesch\u00e4tzte Lesezeit":"1\u00a0Minute"},"schema":{"@context":"https:\/\/schema.org","@graph":[{"@type":"WebPage","@id":"https:\/\/marktxxl.de\/markt\/produkt\/brillenputztuch-mikrofasertuecher-10er-pack-17-5-x-17-5cm-fuer-sonnenbrillen-displays-bildschirmen-und-objektiv-optikerqualitaet-aufbewahrungstasche-sonnenbrillenetui-ed-hicks\/","url":"https:\/\/marktxxl.de\/markt\/produkt\/brillenputztuch-mikrofasertuecher-10er-pack-17-5-x-17-5cm-fuer-sonnenbrillen-displays-bildschirmen-und-objektiv-optikerqualitaet-aufbewahrungstasche-sonnenbrillenetui-ed-hicks\/","name":"Ed Hicks Brillenputztuch, Mikrofasert\u00fccher (10er-Pack; 17.5 x 17.5cm) f\u00fcr Sonnenbrillen, Displays, Bildschirmen und\u2026 - Markt-XXL","isPartOf":{"@id":"https:\/\/marktxxl.de\/markt\/#website"},"primaryImageOfPage":{"@id":"https:\/\/marktxxl.de\/markt\/produkt\/brillenputztuch-mikrofasertuecher-10er-pack-17-5-x-17-5cm-fuer-sonnenbrillen-displays-bildschirmen-und-objektiv-optikerqualitaet-aufbewahrungstasche-sonnenbrillenetui-ed-hicks\/#primaryimage"},"image":{"@id":"https:\/\/marktxxl.de\/markt\/produkt\/brillenputztuch-mikrofasertuecher-10er-pack-17-5-x-17-5cm-fuer-sonnenbrillen-displays-bildschirmen-und-objektiv-optikerqualitaet-aufbewahrungstasche-sonnenbrillenetui-ed-hicks\/#primaryimage"},"thumbnailUrl":"https:\/\/m.media-amazon.com\/images\/I\/51L7232J0AL._SL500_.jpg","datePublished":"2022-07-14T07:49:43+00:00","dateModified":"2023-04-10T02:21:21+00:00","description":"Markt-XXL Ed Hicks Brillenputztuch, Mikrofasert\u00fccher (10er-Pack; 17.5 x 17.5cm) f\u00fcr Sonnenbrillen, Displays, Bildschirmen und\u2026","breadcrumb":{"@id":"https:\/\/marktxxl.de\/markt\/produkt\/brillenputztuch-mikrofasertuecher-10er-pack-17-5-x-17-5cm-fuer-sonnenbrillen-displays-bildschirmen-und-objektiv-optikerqualitaet-aufbewahrungstasche-sonnenbrillenetui-ed-hicks\/#breadcrumb"},"inLanguage":"de","potentialAction":[{"@type":"ReadAction","target":["https:\/\/marktxxl.de\/markt\/produkt\/brillenputztuch-mikrofasertuecher-10er-pack-17-5-x-17-5cm-fuer-sonnenbrillen-displays-bildschirmen-und-objektiv-optikerqualitaet-aufbewahrungstasche-sonnenbrillenetui-ed-hicks\/"]}]},{"@type":"ImageObject","inLanguage":"de","@id":"https:\/\/marktxxl.de\/markt\/produkt\/brillenputztuch-mikrofasertuecher-10er-pack-17-5-x-17-5cm-fuer-sonnenbrillen-displays-bildschirmen-und-objektiv-optikerqualitaet-aufbewahrungstasche-sonnenbrillenetui-ed-hicks\/#primaryimage","url":"https:\/\/m.media-amazon.com\/images\/I\/51L7232J0AL._SL500_.jpg","contentUrl":"https:\/\/m.media-amazon.com\/images\/I\/51L7232J0AL._SL500_.jpg","width":500,"height":458},{"@type":"BreadcrumbList","@id":"https:\/\/marktxxl.de\/markt\/produkt\/brillenputztuch-mikrofasertuecher-10er-pack-17-5-x-17-5cm-fuer-sonnenbrillen-displays-bildschirmen-und-objektiv-optikerqualitaet-aufbewahrungstasche-sonnenbrillenetui-ed-hicks\/#breadcrumb","itemListElement":[{"@type":"ListItem","position":1,"name":"Startseite","item":"https:\/\/marktxxl.de\/markt\/"},{"@type":"ListItem","position":2,"name":"Markt","item":"https:\/\/marktxxl.de\/markt\/"},{"@type":"ListItem","position":3,"name":"Ed Hicks Brillenputztuch, Mikrofasert\u00fccher (10er-Pack; 17.5 x 17.5cm) f\u00fcr Sonnenbrillen, Displays, Bildschirmen und\u2026"}]},{"@type":"WebSite","@id":"https:\/\/marktxxl.de\/markt\/#website","url":"https:\/\/marktxxl.de\/markt\/","name":"Markt-XXL","description":"Ihr Markt Online","publisher":{"@id":"https:\/\/marktxxl.de\/markt\/#organization"},"potentialAction":[{"@type":"SearchAction","target":{"@type":"EntryPoint","urlTemplate":"https:\/\/marktxxl.de\/markt\/?s={search_term_string}"},"query-input":{"@type":"PropertyValueSpecification","valueRequired":true,"valueName":"search_term_string"}}],"inLanguage":"de"},{"@type":"Organization","@id":"https:\/\/marktxxl.de\/markt\/#organization","name":"Markt-XXL","url":"https:\/\/marktxxl.de\/markt\/","logo":{"@type":"ImageObject","inLanguage":"de","@id":"https:\/\/marktxxl.de\/markt\/#\/schema\/logo\/image\/","url":"https:\/\/marktxxl.de\/markt\/wp-content\/uploads\/sites\/3\/2020\/12\/logo.png","contentUrl":"https:\/\/marktxxl.de\/markt\/wp-content\/uploads\/sites\/3\/2020\/12\/logo.png","width":200,"height":70,"caption":"Markt-XXL"},"image":{"@id":"https:\/\/marktxxl.de\/markt\/#\/schema\/logo\/image\/"}}]}},"_links":{"self":[{"href":"https:\/\/marktxxl.de\/markt\/wp-json\/wp\/v2\/product\/140852","targetHints":{"allow":["GET"]}}],"collection":[{"href":"https:\/\/marktxxl.de\/markt\/wp-json\/wp\/v2\/product"}],"about":[{"href":"https:\/\/marktxxl.de\/markt\/wp-json\/wp\/v2\/types\/product"}],"replies":[{"embeddable":true,"href":"https:\/\/marktxxl.de\/markt\/wp-json\/wp\/v2\/comments?post=140852"}],"wp:featuredmedia":[{"embeddable":true,"href":"https:\/\/marktxxl.de\/markt\/wp-json\/wp\/v2\/media\/140853"}],"wp:attachment":[{"href":"https:\/\/marktxxl.de\/markt\/wp-json\/wp\/v2\/media?parent=140852"}],"wp:term":[{"taxonomy":"product_brand","embeddable":true,"href":"https:\/\/marktxxl.de\/markt\/wp-json\/wp\/v2\/product_brand?post=140852"},{"taxonomy":"product_cat","embeddable":true,"href":"https:\/\/marktxxl.de\/markt\/wp-json\/wp\/v2\/product_cat?post=140852"},{"taxonomy":"product_tag","embeddable":true,"href":"https:\/\/marktxxl.de\/markt\/wp-json\/wp\/v2\/product_tag?post=140852"}],"curies":[{"name":"wp","href":"https:\/\/api.w.org\/{rel}","templated":true}]}}