{"id":140461,"date":"2022-07-14T09:28:44","date_gmt":"2022-07-14T07:28:44","guid":{"rendered":"https:\/\/marktxxl.de\/markt\/produkt\/tate-guard-tablet-staenderverstellbare-tablet-halterung-handymehrere-winkelbasis-aus-aluminiumlegierungteleskopierbare-doppelarmehandy-staenderkompatibel-mit-47-13-zoll-tablets-und-handyschwar\/"},"modified":"2023-04-10T04:21:15","modified_gmt":"2023-04-10T02:21:15","slug":"tate-guard-tablet-staenderverstellbare-tablet-halterung-handymehrere-winkelbasis-aus-aluminiumlegierungteleskopierbare-doppelarmehandy-staenderkompatibel-mit-47-13-zoll-tablets-und-handyschwar","status":"publish","type":"product","link":"https:\/\/marktxxl.de\/markt\/produkt\/tate-guard-tablet-staenderverstellbare-tablet-halterung-handymehrere-winkelbasis-aus-aluminiumlegierungteleskopierbare-doppelarmehandy-staenderkompatibel-mit-47-13-zoll-tablets-und-handyschwar\/","title":{"rendered":"Tate Guard Tablet St\u00e4nder,Verstellbare Tablet Halterung Handy,mehrere Winkel,Basis aus Aluminiumlegierung\u2026"},"content":{"rendered":"<p>\ud83d\udd37\u3010Universelle Kompatibilit\u00e4t\u3011 Dieser Tablet-St\u00e4nder verf\u00fcgt \u00fcber ein 15 x 12 cm gro\u00dfes Panel, das f\u00fcr Tablets und Smartphones mit einer Gr\u00f6\u00dfe von 4,7 bis 13 Zoll geeignet ist, wie Pad Pro\/Pad Mini 2\/3\/4\/5\/6, Pad Air 3\/ 4\/5\/6, Galaxy Tab A7\/A8\/S6 Lite\/S7 FE, L&#8217;enovo Tab M8\/M10, K&#8217;indle, Microsoft Surface Pro 8, Telefon 13 pro max\/13 pro\/13\/13 mini\/12\/11\/XSmax\/XR. Die gro\u00dfe Platte kann Ihr Ger\u00e4t oder andere B\u00fcroartikel mit einem Gewicht von bis zu 1 kg aufnehmen.<br \/>\n\ud83d\udd37\u3010Robust und Stabil\u3011Die verbreiterte Basis ist aus hochwertigem Aluminiumlegierungsmaterial gefertigt, um das gesamte Gleichgewicht zu halten, selbst wenn Sie ein schwereres Ger\u00e4t auf dem St\u00e4nder positionieren. Die Basis bietet auch viel verf\u00fcgbaren Platz, wo Sie eine externe Tastatur unter Ihrem Tablet platzieren k\u00f6nnen, um ein Wackeln zu vermeiden.<br \/>\n\ud83d\udd37\u3010H\u00f6he\/Winkel einstellbar\u3011Die leichtg\u00e4ngigen Teleskop-Doppelarme sorgen f\u00fcr zus\u00e4tzliche Stabilit\u00e4t und erm\u00f6glichen Ihnen, die H\u00f6he f\u00fcr ein ideales Seherlebnis einzustellen. Das Panel unterst\u00fctzt die Winkeleinstellung von 0 bis 180 Grad. Enge Scharniere bedeuten, dass sich der gew\u00fcnschte Winkel nach dem Einstellen nicht zuf\u00e4llig \u00e4ndert. Ein mitgelieferter Inbusschl\u00fcssel hilft Ihnen, die Schraube festzuziehen, wenn sich die Verbindungen lockern.<br \/>\n\ud83d\udd37\u3010Rutschfest &amp; Kratzfest\u3011Panel, Stopper und die Unterseite der Basis sind mit sch\u00fctzenden Gummipads ausgestattet, die verhindern, dass Ihr Ger\u00e4t rutscht und Ihren Schreibtisch vor Kratzern sch\u00fctzt. 2 Stopper halten Ihr Ger\u00e4t bei einer Dicke von weniger als 1,6 cm, sodass Sie Ihre Schutzh\u00fclle nicht entfernen m\u00fcssen, w\u00e4hrend Sie den St\u00e4nder verwenden.<br \/>\n\ud83d\udd37\u3010Faltbar und tragbar\u3011\u3010Faltbar und tragbar\u3011 Eine Montage ist nicht erforderlich. Klappen Sie einfach den St\u00e4nder auf und stellen Sie ihn auf eine horizontale, flache Oberfl\u00e4che, um Ihr Ger\u00e4t auf Augenh\u00f6he anzuheben. Es ist kompakt und nimmt keinen Platz ein, Es ist auch einfach, es auf eine kompakte Gr\u00f6\u00dfe zusammenzufalten und f\u00fcr Gesch\u00e4ftsreisen und Outdoor-Aktivit\u00e4ten in Ihrer Laptoptasche zu verstauen.<br \/>\n<div class=\"main-cross-sell\" data-asin=\"B0B23TC881\">\n\n\t<div class=\"WooZone-cross-sell-loader\">\n\t\t<div>\n\t\t\t<div id=\"floatingBarsG\">\n\t\t\t\t<div class=\"blockG\" id=\"rotateG_01\"><\/div>\n\t\t\t\t<div class=\"blockG\" id=\"rotateG_02\"><\/div>\n\t\t\t\t<div class=\"blockG\" id=\"rotateG_03\"><\/div>\n\t\t\t\t<div class=\"blockG\" id=\"rotateG_04\"><\/div>\n\t\t\t\t<div class=\"blockG\" id=\"rotateG_05\"><\/div>\n\t\t\t\t<div class=\"blockG\" id=\"rotateG_06\"><\/div>\n\t\t\t\t<div class=\"blockG\" id=\"rotateG_07\"><\/div>\n\t\t\t\t<div class=\"blockG\" id=\"rotateG_08\"><\/div>\n\t\t\t<\/div>\n\t\t\t<div class=\"WooZone-cross-sell-loader-text\"><\/div>\n\t\t<\/div>\n\t<\/div>\n\n\t\t\n<\/div>\n<div style=\"clear:both;\"><\/div><\/p>\n","protected":false},"excerpt":{"rendered":"<p>\ud83d\udd37\u3010Universelle Kompatibilit\u00e4t\u3011 Dieser Tablet-St\u00e4nder verf\u00fcgt \u00fcber ein 15 x 12 cm gro\u00dfes Panel, das f\u00fcr Tablets und Smartphones mit einer Gr\u00f6\u00dfe von 4,7 bis 13 Zoll geeignet ist, wie Pad Pro\/Pad Mini 2\/3\/4\/5\/6, Pad Air 3\/ 4\/5\/6, Galaxy Tab A7\/A8\/S6 Lite\/S7 FE, L&#8217;enovo Tab M8\/M10, K&#8217;indle, Microsoft Surface Pro 8, Telefon 13 pro max\/13 pro\/13\/13 mini\/12\/11\/XSmax\/XR. Die gro\u00dfe Platte kann Ihr Ger\u00e4t oder andere B\u00fcroartikel mit einem Gewicht von bis zu 1 kg aufnehmen.<br \/>\n\ud83d\udd37\u3010Robust und Stabil\u3011Die verbreiterte Basis ist aus hochwertigem Aluminiumlegierungsmaterial gefertigt, um das gesamte Gleichgewicht zu halten, selbst wenn Sie ein schwereres Ger\u00e4t auf dem St\u00e4nder positionieren. Die Basis bietet auch viel verf\u00fcgbaren Platz, wo Sie eine externe Tastatur unter Ihrem Tablet platzieren k\u00f6nnen, um ein Wackeln zu vermeiden.<br \/>\n\ud83d\udd37\u3010H\u00f6he\/Winkel einstellbar\u3011Die leichtg\u00e4ngigen Teleskop-Doppelarme sorgen f\u00fcr zus\u00e4tzliche Stabilit\u00e4t und erm\u00f6glichen Ihnen, die H\u00f6he f\u00fcr ein ideales Seherlebnis einzustellen. Das Panel unterst\u00fctzt die Winkeleinstellung von 0 bis 180 Grad. Enge Scharniere bedeuten, dass sich der gew\u00fcnschte Winkel nach dem Einstellen nicht zuf\u00e4llig \u00e4ndert. Ein mitgelieferter Inbusschl\u00fcssel hilft Ihnen, die Schraube festzuziehen, wenn sich die Verbindungen lockern.<\/p>\n","protected":false},"featured_media":140462,"comment_status":"open","ping_status":"closed","template":"","meta":[],"product_brand":[],"product_cat":[863],"product_tag":[],"class_list":{"0":"post-140461","1":"product","2":"type-product","3":"status-publish","4":"has-post-thumbnail","6":"product_cat-computer-zubehoer","7":"pa_brand-tateguard","8":"pa_color-schwarz","9":"pa_manufacturer-zhiyoumei","10":"pa_model-tt-mptabst-t02","11":"pa_size-aktualisierung","12":"pa_warranty-1013","14":"first","15":"instock","16":"shipping-taxable","17":"purchasable","18":"product-type-simple","19":"customify-col","20":"product-has-gallery"},"yoast_head":"<!-- This site is optimized with the Yoast SEO plugin v27.4 - https:\/\/yoast.com\/product\/yoast-seo-wordpress\/ -->\n<title>Tate Guard Tablet St\u00e4nder,Verstellbare Tablet Halterung Handy,mehrere Winkel,Basis aus Aluminiumlegierung\u2026 - Markt-XXL<\/title>\n<meta name=\"description\" content=\"Markt-XXL Tate Guard Tablet St\u00e4nder,Verstellbare Tablet Halterung Handy,mehrere Winkel,Basis aus Aluminiumlegierung\u2026\" \/>\n<meta name=\"robots\" content=\"index, follow, max-snippet:-1, max-image-preview:large, max-video-preview:-1\" \/>\n<link rel=\"canonical\" href=\"https:\/\/marktxxl.de\/markt\/produkt\/tate-guard-tablet-staenderverstellbare-tablet-halterung-handymehrere-winkelbasis-aus-aluminiumlegierungteleskopierbare-doppelarmehandy-staenderkompatibel-mit-47-13-zoll-tablets-und-handyschwar\/\" \/>\n<meta property=\"og:locale\" content=\"de_DE\" \/>\n<meta property=\"og:type\" content=\"article\" \/>\n<meta property=\"og:title\" content=\"Tate Guard Tablet St\u00e4nder,Verstellbare Tablet Halterung Handy,mehrere Winkel,Basis aus Aluminiumlegierung\u2026 - Markt-XXL\" \/>\n<meta property=\"og:description\" content=\"Markt-XXL Tate Guard Tablet St\u00e4nder,Verstellbare Tablet Halterung Handy,mehrere Winkel,Basis aus Aluminiumlegierung\u2026\" \/>\n<meta property=\"og:url\" content=\"https:\/\/marktxxl.de\/markt\/produkt\/tate-guard-tablet-staenderverstellbare-tablet-halterung-handymehrere-winkelbasis-aus-aluminiumlegierungteleskopierbare-doppelarmehandy-staenderkompatibel-mit-47-13-zoll-tablets-und-handyschwar\/\" \/>\n<meta property=\"og:site_name\" content=\"Markt-XXL\" \/>\n<meta property=\"article:modified_time\" content=\"2023-04-10T02:21:15+00:00\" \/>\n<meta property=\"og:image\" content=\"https:\/\/m.media-amazon.com\/images\/I\/41+ruycQMmL._SL500_.jpg\" \/>\n\t<meta property=\"og:image:width\" content=\"500\" \/>\n\t<meta property=\"og:image:height\" content=\"500\" \/>\n\t<meta property=\"og:image:type\" content=\"image\/jpeg\" \/>\n<meta name=\"twitter:card\" content=\"summary_large_image\" \/>\n<meta name=\"twitter:label1\" content=\"Gesch\u00e4tzte Lesezeit\" \/>\n\t<meta name=\"twitter:data1\" content=\"2\u00a0Minuten\" \/>\n<script type=\"application\/ld+json\" class=\"yoast-schema-graph\">{\"@context\":\"https:\\\/\\\/schema.org\",\"@graph\":[{\"@type\":\"WebPage\",\"@id\":\"https:\\\/\\\/marktxxl.de\\\/markt\\\/produkt\\\/tate-guard-tablet-staenderverstellbare-tablet-halterung-handymehrere-winkelbasis-aus-aluminiumlegierungteleskopierbare-doppelarmehandy-staenderkompatibel-mit-47-13-zoll-tablets-und-handyschwar\\\/\",\"url\":\"https:\\\/\\\/marktxxl.de\\\/markt\\\/produkt\\\/tate-guard-tablet-staenderverstellbare-tablet-halterung-handymehrere-winkelbasis-aus-aluminiumlegierungteleskopierbare-doppelarmehandy-staenderkompatibel-mit-47-13-zoll-tablets-und-handyschwar\\\/\",\"name\":\"Tate Guard Tablet St\u00e4nder,Verstellbare Tablet Halterung Handy,mehrere Winkel,Basis aus Aluminiumlegierung\u2026 - Markt-XXL\",\"isPartOf\":{\"@id\":\"https:\\\/\\\/marktxxl.de\\\/markt\\\/#website\"},\"primaryImageOfPage\":{\"@id\":\"https:\\\/\\\/marktxxl.de\\\/markt\\\/produkt\\\/tate-guard-tablet-staenderverstellbare-tablet-halterung-handymehrere-winkelbasis-aus-aluminiumlegierungteleskopierbare-doppelarmehandy-staenderkompatibel-mit-47-13-zoll-tablets-und-handyschwar\\\/#primaryimage\"},\"image\":{\"@id\":\"https:\\\/\\\/marktxxl.de\\\/markt\\\/produkt\\\/tate-guard-tablet-staenderverstellbare-tablet-halterung-handymehrere-winkelbasis-aus-aluminiumlegierungteleskopierbare-doppelarmehandy-staenderkompatibel-mit-47-13-zoll-tablets-und-handyschwar\\\/#primaryimage\"},\"thumbnailUrl\":\"https:\\\/\\\/m.media-amazon.com\\\/images\\\/I\\\/41+ruycQMmL._SL500_.jpg\",\"datePublished\":\"2022-07-14T07:28:44+00:00\",\"dateModified\":\"2023-04-10T02:21:15+00:00\",\"description\":\"Markt-XXL Tate Guard Tablet St\u00e4nder,Verstellbare Tablet Halterung Handy,mehrere Winkel,Basis aus Aluminiumlegierung\u2026\",\"breadcrumb\":{\"@id\":\"https:\\\/\\\/marktxxl.de\\\/markt\\\/produkt\\\/tate-guard-tablet-staenderverstellbare-tablet-halterung-handymehrere-winkelbasis-aus-aluminiumlegierungteleskopierbare-doppelarmehandy-staenderkompatibel-mit-47-13-zoll-tablets-und-handyschwar\\\/#breadcrumb\"},\"inLanguage\":\"de\",\"potentialAction\":[{\"@type\":\"ReadAction\",\"target\":[\"https:\\\/\\\/marktxxl.de\\\/markt\\\/produkt\\\/tate-guard-tablet-staenderverstellbare-tablet-halterung-handymehrere-winkelbasis-aus-aluminiumlegierungteleskopierbare-doppelarmehandy-staenderkompatibel-mit-47-13-zoll-tablets-und-handyschwar\\\/\"]}]},{\"@type\":\"ImageObject\",\"inLanguage\":\"de\",\"@id\":\"https:\\\/\\\/marktxxl.de\\\/markt\\\/produkt\\\/tate-guard-tablet-staenderverstellbare-tablet-halterung-handymehrere-winkelbasis-aus-aluminiumlegierungteleskopierbare-doppelarmehandy-staenderkompatibel-mit-47-13-zoll-tablets-und-handyschwar\\\/#primaryimage\",\"url\":\"https:\\\/\\\/m.media-amazon.com\\\/images\\\/I\\\/41+ruycQMmL._SL500_.jpg\",\"contentUrl\":\"https:\\\/\\\/m.media-amazon.com\\\/images\\\/I\\\/41+ruycQMmL._SL500_.jpg\",\"width\":500,\"height\":500},{\"@type\":\"BreadcrumbList\",\"@id\":\"https:\\\/\\\/marktxxl.de\\\/markt\\\/produkt\\\/tate-guard-tablet-staenderverstellbare-tablet-halterung-handymehrere-winkelbasis-aus-aluminiumlegierungteleskopierbare-doppelarmehandy-staenderkompatibel-mit-47-13-zoll-tablets-und-handyschwar\\\/#breadcrumb\",\"itemListElement\":[{\"@type\":\"ListItem\",\"position\":1,\"name\":\"Startseite\",\"item\":\"https:\\\/\\\/marktxxl.de\\\/markt\\\/\"},{\"@type\":\"ListItem\",\"position\":2,\"name\":\"Markt\",\"item\":\"https:\\\/\\\/marktxxl.de\\\/markt\\\/\"},{\"@type\":\"ListItem\",\"position\":3,\"name\":\"Tate Guard Tablet St\u00e4nder,Verstellbare Tablet Halterung Handy,mehrere Winkel,Basis aus Aluminiumlegierung\u2026\"}]},{\"@type\":\"WebSite\",\"@id\":\"https:\\\/\\\/marktxxl.de\\\/markt\\\/#website\",\"url\":\"https:\\\/\\\/marktxxl.de\\\/markt\\\/\",\"name\":\"Markt-XXL\",\"description\":\"Ihr Markt Online\",\"publisher\":{\"@id\":\"https:\\\/\\\/marktxxl.de\\\/markt\\\/#organization\"},\"potentialAction\":[{\"@type\":\"SearchAction\",\"target\":{\"@type\":\"EntryPoint\",\"urlTemplate\":\"https:\\\/\\\/marktxxl.de\\\/markt\\\/?s={search_term_string}\"},\"query-input\":{\"@type\":\"PropertyValueSpecification\",\"valueRequired\":true,\"valueName\":\"search_term_string\"}}],\"inLanguage\":\"de\"},{\"@type\":\"Organization\",\"@id\":\"https:\\\/\\\/marktxxl.de\\\/markt\\\/#organization\",\"name\":\"Markt-XXL\",\"url\":\"https:\\\/\\\/marktxxl.de\\\/markt\\\/\",\"logo\":{\"@type\":\"ImageObject\",\"inLanguage\":\"de\",\"@id\":\"https:\\\/\\\/marktxxl.de\\\/markt\\\/#\\\/schema\\\/logo\\\/image\\\/\",\"url\":\"https:\\\/\\\/marktxxl.de\\\/markt\\\/wp-content\\\/uploads\\\/sites\\\/3\\\/2020\\\/12\\\/logo.png\",\"contentUrl\":\"https:\\\/\\\/marktxxl.de\\\/markt\\\/wp-content\\\/uploads\\\/sites\\\/3\\\/2020\\\/12\\\/logo.png\",\"width\":200,\"height\":70,\"caption\":\"Markt-XXL\"},\"image\":{\"@id\":\"https:\\\/\\\/marktxxl.de\\\/markt\\\/#\\\/schema\\\/logo\\\/image\\\/\"}}]}<\/script>\n<!-- \/ Yoast SEO plugin. -->","yoast_head_json":{"title":"Tate Guard Tablet St\u00e4nder,Verstellbare Tablet Halterung Handy,mehrere Winkel,Basis aus Aluminiumlegierung\u2026 - Markt-XXL","description":"Markt-XXL Tate Guard Tablet St\u00e4nder,Verstellbare Tablet Halterung Handy,mehrere Winkel,Basis aus Aluminiumlegierung\u2026","robots":{"index":"index","follow":"follow","max-snippet":"max-snippet:-1","max-image-preview":"max-image-preview:large","max-video-preview":"max-video-preview:-1"},"canonical":"https:\/\/marktxxl.de\/markt\/produkt\/tate-guard-tablet-staenderverstellbare-tablet-halterung-handymehrere-winkelbasis-aus-aluminiumlegierungteleskopierbare-doppelarmehandy-staenderkompatibel-mit-47-13-zoll-tablets-und-handyschwar\/","og_locale":"de_DE","og_type":"article","og_title":"Tate Guard Tablet St\u00e4nder,Verstellbare Tablet Halterung Handy,mehrere Winkel,Basis aus Aluminiumlegierung\u2026 - Markt-XXL","og_description":"Markt-XXL Tate Guard Tablet St\u00e4nder,Verstellbare Tablet Halterung Handy,mehrere Winkel,Basis aus Aluminiumlegierung\u2026","og_url":"https:\/\/marktxxl.de\/markt\/produkt\/tate-guard-tablet-staenderverstellbare-tablet-halterung-handymehrere-winkelbasis-aus-aluminiumlegierungteleskopierbare-doppelarmehandy-staenderkompatibel-mit-47-13-zoll-tablets-und-handyschwar\/","og_site_name":"Markt-XXL","article_modified_time":"2023-04-10T02:21:15+00:00","og_image":[{"width":500,"height":500,"url":"https:\/\/m.media-amazon.com\/images\/I\/41+ruycQMmL._SL500_.jpg","type":"image\/jpeg"}],"twitter_card":"summary_large_image","twitter_misc":{"Gesch\u00e4tzte Lesezeit":"2\u00a0Minuten"},"schema":{"@context":"https:\/\/schema.org","@graph":[{"@type":"WebPage","@id":"https:\/\/marktxxl.de\/markt\/produkt\/tate-guard-tablet-staenderverstellbare-tablet-halterung-handymehrere-winkelbasis-aus-aluminiumlegierungteleskopierbare-doppelarmehandy-staenderkompatibel-mit-47-13-zoll-tablets-und-handyschwar\/","url":"https:\/\/marktxxl.de\/markt\/produkt\/tate-guard-tablet-staenderverstellbare-tablet-halterung-handymehrere-winkelbasis-aus-aluminiumlegierungteleskopierbare-doppelarmehandy-staenderkompatibel-mit-47-13-zoll-tablets-und-handyschwar\/","name":"Tate Guard Tablet St\u00e4nder,Verstellbare Tablet Halterung Handy,mehrere Winkel,Basis aus Aluminiumlegierung\u2026 - Markt-XXL","isPartOf":{"@id":"https:\/\/marktxxl.de\/markt\/#website"},"primaryImageOfPage":{"@id":"https:\/\/marktxxl.de\/markt\/produkt\/tate-guard-tablet-staenderverstellbare-tablet-halterung-handymehrere-winkelbasis-aus-aluminiumlegierungteleskopierbare-doppelarmehandy-staenderkompatibel-mit-47-13-zoll-tablets-und-handyschwar\/#primaryimage"},"image":{"@id":"https:\/\/marktxxl.de\/markt\/produkt\/tate-guard-tablet-staenderverstellbare-tablet-halterung-handymehrere-winkelbasis-aus-aluminiumlegierungteleskopierbare-doppelarmehandy-staenderkompatibel-mit-47-13-zoll-tablets-und-handyschwar\/#primaryimage"},"thumbnailUrl":"https:\/\/m.media-amazon.com\/images\/I\/41+ruycQMmL._SL500_.jpg","datePublished":"2022-07-14T07:28:44+00:00","dateModified":"2023-04-10T02:21:15+00:00","description":"Markt-XXL Tate Guard Tablet St\u00e4nder,Verstellbare Tablet Halterung Handy,mehrere Winkel,Basis aus Aluminiumlegierung\u2026","breadcrumb":{"@id":"https:\/\/marktxxl.de\/markt\/produkt\/tate-guard-tablet-staenderverstellbare-tablet-halterung-handymehrere-winkelbasis-aus-aluminiumlegierungteleskopierbare-doppelarmehandy-staenderkompatibel-mit-47-13-zoll-tablets-und-handyschwar\/#breadcrumb"},"inLanguage":"de","potentialAction":[{"@type":"ReadAction","target":["https:\/\/marktxxl.de\/markt\/produkt\/tate-guard-tablet-staenderverstellbare-tablet-halterung-handymehrere-winkelbasis-aus-aluminiumlegierungteleskopierbare-doppelarmehandy-staenderkompatibel-mit-47-13-zoll-tablets-und-handyschwar\/"]}]},{"@type":"ImageObject","inLanguage":"de","@id":"https:\/\/marktxxl.de\/markt\/produkt\/tate-guard-tablet-staenderverstellbare-tablet-halterung-handymehrere-winkelbasis-aus-aluminiumlegierungteleskopierbare-doppelarmehandy-staenderkompatibel-mit-47-13-zoll-tablets-und-handyschwar\/#primaryimage","url":"https:\/\/m.media-amazon.com\/images\/I\/41+ruycQMmL._SL500_.jpg","contentUrl":"https:\/\/m.media-amazon.com\/images\/I\/41+ruycQMmL._SL500_.jpg","width":500,"height":500},{"@type":"BreadcrumbList","@id":"https:\/\/marktxxl.de\/markt\/produkt\/tate-guard-tablet-staenderverstellbare-tablet-halterung-handymehrere-winkelbasis-aus-aluminiumlegierungteleskopierbare-doppelarmehandy-staenderkompatibel-mit-47-13-zoll-tablets-und-handyschwar\/#breadcrumb","itemListElement":[{"@type":"ListItem","position":1,"name":"Startseite","item":"https:\/\/marktxxl.de\/markt\/"},{"@type":"ListItem","position":2,"name":"Markt","item":"https:\/\/marktxxl.de\/markt\/"},{"@type":"ListItem","position":3,"name":"Tate Guard Tablet St\u00e4nder,Verstellbare Tablet Halterung Handy,mehrere Winkel,Basis aus Aluminiumlegierung\u2026"}]},{"@type":"WebSite","@id":"https:\/\/marktxxl.de\/markt\/#website","url":"https:\/\/marktxxl.de\/markt\/","name":"Markt-XXL","description":"Ihr Markt Online","publisher":{"@id":"https:\/\/marktxxl.de\/markt\/#organization"},"potentialAction":[{"@type":"SearchAction","target":{"@type":"EntryPoint","urlTemplate":"https:\/\/marktxxl.de\/markt\/?s={search_term_string}"},"query-input":{"@type":"PropertyValueSpecification","valueRequired":true,"valueName":"search_term_string"}}],"inLanguage":"de"},{"@type":"Organization","@id":"https:\/\/marktxxl.de\/markt\/#organization","name":"Markt-XXL","url":"https:\/\/marktxxl.de\/markt\/","logo":{"@type":"ImageObject","inLanguage":"de","@id":"https:\/\/marktxxl.de\/markt\/#\/schema\/logo\/image\/","url":"https:\/\/marktxxl.de\/markt\/wp-content\/uploads\/sites\/3\/2020\/12\/logo.png","contentUrl":"https:\/\/marktxxl.de\/markt\/wp-content\/uploads\/sites\/3\/2020\/12\/logo.png","width":200,"height":70,"caption":"Markt-XXL"},"image":{"@id":"https:\/\/marktxxl.de\/markt\/#\/schema\/logo\/image\/"}}]}},"_links":{"self":[{"href":"https:\/\/marktxxl.de\/markt\/wp-json\/wp\/v2\/product\/140461","targetHints":{"allow":["GET"]}}],"collection":[{"href":"https:\/\/marktxxl.de\/markt\/wp-json\/wp\/v2\/product"}],"about":[{"href":"https:\/\/marktxxl.de\/markt\/wp-json\/wp\/v2\/types\/product"}],"replies":[{"embeddable":true,"href":"https:\/\/marktxxl.de\/markt\/wp-json\/wp\/v2\/comments?post=140461"}],"wp:featuredmedia":[{"embeddable":true,"href":"https:\/\/marktxxl.de\/markt\/wp-json\/wp\/v2\/media\/140462"}],"wp:attachment":[{"href":"https:\/\/marktxxl.de\/markt\/wp-json\/wp\/v2\/media?parent=140461"}],"wp:term":[{"taxonomy":"product_brand","embeddable":true,"href":"https:\/\/marktxxl.de\/markt\/wp-json\/wp\/v2\/product_brand?post=140461"},{"taxonomy":"product_cat","embeddable":true,"href":"https:\/\/marktxxl.de\/markt\/wp-json\/wp\/v2\/product_cat?post=140461"},{"taxonomy":"product_tag","embeddable":true,"href":"https:\/\/marktxxl.de\/markt\/wp-json\/wp\/v2\/product_tag?post=140461"}],"curies":[{"name":"wp","href":"https:\/\/api.w.org\/{rel}","templated":true}]}}