{"id":140318,"date":"2022-07-14T09:23:15","date_gmt":"2022-07-14T07:23:15","guid":{"rendered":"https:\/\/marktxxl.de\/markt\/produkt\/jordan-step-1-baby-zahnbuerste-baby-zahnbuerste-0-2-jahre-die-original-kleinkindzahnbuerste-mit-extra-weichen-borsten-und-weichem-beissring-fuer-babygummis-und-easy-grip-4-pack\/"},"modified":"2023-04-10T04:21:15","modified_gmt":"2023-04-10T02:21:15","slug":"jordan-step-1-baby-zahnbuerste-baby-zahnbuerste-0-2-jahre-die-original-kleinkindzahnbuerste-mit-extra-weichen-borsten-und-weichem-beissring-fuer-babygummis-und-easy-grip-4-pack","status":"publish","type":"product","link":"https:\/\/marktxxl.de\/markt\/produkt\/jordan-step-1-baby-zahnbuerste-baby-zahnbuerste-0-2-jahre-die-original-kleinkindzahnbuerste-mit-extra-weichen-borsten-und-weichem-beissring-fuer-babygummis-und-easy-grip-4-pack\/","title":{"rendered":"Jordan \u00ae Step 1 Baby Zahnb\u00fcrste | Baby Zahnb\u00fcrste 0-2 Jahre | Die Original Kleinkindzahnb\u00fcrste mit extra weichen Borsten\u2026"},"content":{"rendered":"<p>\u2b50 Jordan * ist die Originalmarke dieser Babyzahnb\u00fcrste von 0 bis 2 Jahren, die mit extra weichen Borsten, einem weichen Bei\u00dfring f\u00fcr das Zahnfleisch von Babys und einem Griff f\u00fcr Erwachsene und Babys ausgestattet ist. Nicht in China hergestellt.<br \/>\n\u2b50 Jordan Baby Zahnb\u00fcrste Schritt 1 Zahnb\u00fcrste ist ma\u00dfgeschneidert, um das erste Putzerlebnis zu einem guten Erlebnis zu machen. Der kurze Hals und der einzigartige Zahnring verhindern das Schlucken oder Stechen beim Putzen.<br \/>\n\u2b50 Machen Sie dies zum ersten Schritt, um gesunde und gl\u00fcckliche Zahnpflegeroutinen f\u00fcr Ihr Baby zu etablieren. Kleinkindzahnb\u00fcrste ab 12 Monaten mit Kaugriff zur Stimulierung des Zahnfleisches (BPA und Phtalates Free).<br \/>\n\u2b50 Zahn\u00e4rzte empfehlen, die erste Babyb\u00fcrste zu verwenden, wenn der erste Zahn erscheint. Der ergonomisch geformte Griff mit gutem Griff macht es sowohl f\u00fcr Babys als auch f\u00fcr Eltern bequem. Farbige Borsten zeigen die Menge der zu verwendenden Fluorid-Zahnpasta an.<br \/>\n\u2b50 Packung Kinderzahnb\u00fcrste mit 4 Einheiten, jede mit verschiedenen und lustigen Farben. Red Dot Design Award &#8220;gewinnende Zahnb\u00fcrste.<br \/>\n<div class=\"main-cross-sell\" data-asin=\"B01CKKOIZU\">\n\n\t<div class=\"WooZone-cross-sell-loader\">\n\t\t<div>\n\t\t\t<div id=\"floatingBarsG\">\n\t\t\t\t<div class=\"blockG\" id=\"rotateG_01\"><\/div>\n\t\t\t\t<div class=\"blockG\" id=\"rotateG_02\"><\/div>\n\t\t\t\t<div class=\"blockG\" id=\"rotateG_03\"><\/div>\n\t\t\t\t<div class=\"blockG\" id=\"rotateG_04\"><\/div>\n\t\t\t\t<div class=\"blockG\" id=\"rotateG_05\"><\/div>\n\t\t\t\t<div class=\"blockG\" id=\"rotateG_06\"><\/div>\n\t\t\t\t<div class=\"blockG\" id=\"rotateG_07\"><\/div>\n\t\t\t\t<div class=\"blockG\" id=\"rotateG_08\"><\/div>\n\t\t\t<\/div>\n\t\t\t<div class=\"WooZone-cross-sell-loader-text\"><\/div>\n\t\t<\/div>\n\t<\/div>\n\n\t\t\n<\/div>\n<div style=\"clear:both;\"><\/div><\/p>\n","protected":false},"excerpt":{"rendered":"<p>\u2b50 Jordan * ist die Originalmarke dieser Babyzahnb\u00fcrste von 0 bis 2 Jahren, die mit extra weichen Borsten, einem weichen Bei\u00dfring f\u00fcr das Zahnfleisch von Babys und einem Griff f\u00fcr Erwachsene und Babys ausgestattet ist. Nicht in China hergestellt.<br \/>\n\u2b50 Jordan Baby Zahnb\u00fcrste Schritt 1 Zahnb\u00fcrste ist ma\u00dfgeschneidert, um das erste Putzerlebnis zu einem guten Erlebnis zu machen. Der kurze Hals und der einzigartige Zahnring verhindern das Schlucken oder Stechen beim Putzen.<br \/>\n\u2b50 Machen Sie dies zum ersten Schritt, um gesunde und gl\u00fcckliche Zahnpflegeroutinen f\u00fcr Ihr Baby zu etablieren. Kleinkindzahnb\u00fcrste ab 12 Monaten mit Kaugriff zur Stimulierung des Zahnfleisches (BPA und Phtalates Free).<\/p>\n","protected":false},"featured_media":140319,"comment_status":"open","ping_status":"closed","template":"","meta":[],"product_brand":[],"product_cat":[566],"product_tag":[],"class_list":{"0":"post-140318","1":"product","2":"type-product","3":"status-publish","4":"has-post-thumbnail","6":"product_cat-drogerie-koerperpflege","7":"pa_binding-babyartikel","8":"pa_brand-jordan","9":"pa_brand-thames-hudson","10":"pa_height-0-7874-zoll","11":"pa_languages-unbekannt-englisch","12":"pa_length-9-09447-zoll","13":"pa_manufacturer-jordan","14":"pa_model-jordan-step-1","15":"pa_weight-0-42-pfund","16":"pa_width-5-39369-zoll","18":"first","19":"instock","20":"shipping-taxable","21":"purchasable","22":"product-type-simple","23":"customify-col","24":"product-has-gallery"},"yoast_head":"<!-- This site is optimized with the Yoast SEO plugin v27.4 - https:\/\/yoast.com\/product\/yoast-seo-wordpress\/ -->\n<title>Jordan \u00ae Step 1 Baby Zahnb\u00fcrste | Baby Zahnb\u00fcrste 0-2 Jahre | Die Original Kleinkindzahnb\u00fcrste mit extra weichen Borsten\u2026 - Markt-XXL<\/title>\n<meta name=\"description\" content=\"Markt-XXL Jordan \u00ae Step 1 Baby Zahnb\u00fcrste | Baby Zahnb\u00fcrste 0-2 Jahre | Die Original Kleinkindzahnb\u00fcrste mit extra weichen Borsten\u2026\" \/>\n<meta name=\"robots\" content=\"index, follow, max-snippet:-1, max-image-preview:large, max-video-preview:-1\" \/>\n<link rel=\"canonical\" href=\"https:\/\/marktxxl.de\/markt\/produkt\/jordan-step-1-baby-zahnbuerste-baby-zahnbuerste-0-2-jahre-die-original-kleinkindzahnbuerste-mit-extra-weichen-borsten-und-weichem-beissring-fuer-babygummis-und-easy-grip-4-pack\/\" \/>\n<meta property=\"og:locale\" content=\"de_DE\" \/>\n<meta property=\"og:type\" content=\"article\" \/>\n<meta property=\"og:title\" content=\"Jordan \u00ae Step 1 Baby Zahnb\u00fcrste | Baby Zahnb\u00fcrste 0-2 Jahre | Die Original Kleinkindzahnb\u00fcrste mit extra weichen Borsten\u2026 - Markt-XXL\" \/>\n<meta property=\"og:description\" content=\"Markt-XXL Jordan \u00ae Step 1 Baby Zahnb\u00fcrste | Baby Zahnb\u00fcrste 0-2 Jahre | Die Original Kleinkindzahnb\u00fcrste mit extra weichen Borsten\u2026\" \/>\n<meta property=\"og:url\" content=\"https:\/\/marktxxl.de\/markt\/produkt\/jordan-step-1-baby-zahnbuerste-baby-zahnbuerste-0-2-jahre-die-original-kleinkindzahnbuerste-mit-extra-weichen-borsten-und-weichem-beissring-fuer-babygummis-und-easy-grip-4-pack\/\" \/>\n<meta property=\"og:site_name\" content=\"Markt-XXL\" \/>\n<meta property=\"article:modified_time\" content=\"2023-04-10T02:21:15+00:00\" \/>\n<meta property=\"og:image\" content=\"https:\/\/m.media-amazon.com\/images\/I\/417mowzJI5L._SL500_.jpg\" \/>\n\t<meta property=\"og:image:width\" content=\"500\" \/>\n\t<meta property=\"og:image:height\" content=\"500\" \/>\n\t<meta property=\"og:image:type\" content=\"image\/jpeg\" \/>\n<meta name=\"twitter:card\" content=\"summary_large_image\" \/>\n<meta name=\"twitter:label1\" content=\"Gesch\u00e4tzte Lesezeit\" \/>\n\t<meta name=\"twitter:data1\" content=\"1\u00a0Minute\" \/>\n<script type=\"application\/ld+json\" class=\"yoast-schema-graph\">{\"@context\":\"https:\\\/\\\/schema.org\",\"@graph\":[{\"@type\":\"WebPage\",\"@id\":\"https:\\\/\\\/marktxxl.de\\\/markt\\\/produkt\\\/jordan-step-1-baby-zahnbuerste-baby-zahnbuerste-0-2-jahre-die-original-kleinkindzahnbuerste-mit-extra-weichen-borsten-und-weichem-beissring-fuer-babygummis-und-easy-grip-4-pack\\\/\",\"url\":\"https:\\\/\\\/marktxxl.de\\\/markt\\\/produkt\\\/jordan-step-1-baby-zahnbuerste-baby-zahnbuerste-0-2-jahre-die-original-kleinkindzahnbuerste-mit-extra-weichen-borsten-und-weichem-beissring-fuer-babygummis-und-easy-grip-4-pack\\\/\",\"name\":\"Jordan \u00ae Step 1 Baby Zahnb\u00fcrste | Baby Zahnb\u00fcrste 0-2 Jahre | Die Original Kleinkindzahnb\u00fcrste mit extra weichen Borsten\u2026 - Markt-XXL\",\"isPartOf\":{\"@id\":\"https:\\\/\\\/marktxxl.de\\\/markt\\\/#website\"},\"primaryImageOfPage\":{\"@id\":\"https:\\\/\\\/marktxxl.de\\\/markt\\\/produkt\\\/jordan-step-1-baby-zahnbuerste-baby-zahnbuerste-0-2-jahre-die-original-kleinkindzahnbuerste-mit-extra-weichen-borsten-und-weichem-beissring-fuer-babygummis-und-easy-grip-4-pack\\\/#primaryimage\"},\"image\":{\"@id\":\"https:\\\/\\\/marktxxl.de\\\/markt\\\/produkt\\\/jordan-step-1-baby-zahnbuerste-baby-zahnbuerste-0-2-jahre-die-original-kleinkindzahnbuerste-mit-extra-weichen-borsten-und-weichem-beissring-fuer-babygummis-und-easy-grip-4-pack\\\/#primaryimage\"},\"thumbnailUrl\":\"https:\\\/\\\/m.media-amazon.com\\\/images\\\/I\\\/417mowzJI5L._SL500_.jpg\",\"datePublished\":\"2022-07-14T07:23:15+00:00\",\"dateModified\":\"2023-04-10T02:21:15+00:00\",\"description\":\"Markt-XXL Jordan \u00ae Step 1 Baby Zahnb\u00fcrste | Baby Zahnb\u00fcrste 0-2 Jahre | Die Original Kleinkindzahnb\u00fcrste mit extra weichen Borsten\u2026\",\"breadcrumb\":{\"@id\":\"https:\\\/\\\/marktxxl.de\\\/markt\\\/produkt\\\/jordan-step-1-baby-zahnbuerste-baby-zahnbuerste-0-2-jahre-die-original-kleinkindzahnbuerste-mit-extra-weichen-borsten-und-weichem-beissring-fuer-babygummis-und-easy-grip-4-pack\\\/#breadcrumb\"},\"inLanguage\":\"de\",\"potentialAction\":[{\"@type\":\"ReadAction\",\"target\":[\"https:\\\/\\\/marktxxl.de\\\/markt\\\/produkt\\\/jordan-step-1-baby-zahnbuerste-baby-zahnbuerste-0-2-jahre-die-original-kleinkindzahnbuerste-mit-extra-weichen-borsten-und-weichem-beissring-fuer-babygummis-und-easy-grip-4-pack\\\/\"]}]},{\"@type\":\"ImageObject\",\"inLanguage\":\"de\",\"@id\":\"https:\\\/\\\/marktxxl.de\\\/markt\\\/produkt\\\/jordan-step-1-baby-zahnbuerste-baby-zahnbuerste-0-2-jahre-die-original-kleinkindzahnbuerste-mit-extra-weichen-borsten-und-weichem-beissring-fuer-babygummis-und-easy-grip-4-pack\\\/#primaryimage\",\"url\":\"https:\\\/\\\/m.media-amazon.com\\\/images\\\/I\\\/417mowzJI5L._SL500_.jpg\",\"contentUrl\":\"https:\\\/\\\/m.media-amazon.com\\\/images\\\/I\\\/417mowzJI5L._SL500_.jpg\",\"width\":500,\"height\":500},{\"@type\":\"BreadcrumbList\",\"@id\":\"https:\\\/\\\/marktxxl.de\\\/markt\\\/produkt\\\/jordan-step-1-baby-zahnbuerste-baby-zahnbuerste-0-2-jahre-die-original-kleinkindzahnbuerste-mit-extra-weichen-borsten-und-weichem-beissring-fuer-babygummis-und-easy-grip-4-pack\\\/#breadcrumb\",\"itemListElement\":[{\"@type\":\"ListItem\",\"position\":1,\"name\":\"Startseite\",\"item\":\"https:\\\/\\\/marktxxl.de\\\/markt\\\/\"},{\"@type\":\"ListItem\",\"position\":2,\"name\":\"Markt\",\"item\":\"https:\\\/\\\/marktxxl.de\\\/markt\\\/\"},{\"@type\":\"ListItem\",\"position\":3,\"name\":\"Jordan \u00ae Step 1 Baby Zahnb\u00fcrste | Baby Zahnb\u00fcrste 0-2 Jahre | Die Original Kleinkindzahnb\u00fcrste mit extra weichen Borsten\u2026\"}]},{\"@type\":\"WebSite\",\"@id\":\"https:\\\/\\\/marktxxl.de\\\/markt\\\/#website\",\"url\":\"https:\\\/\\\/marktxxl.de\\\/markt\\\/\",\"name\":\"Markt-XXL\",\"description\":\"Ihr Markt Online\",\"publisher\":{\"@id\":\"https:\\\/\\\/marktxxl.de\\\/markt\\\/#organization\"},\"potentialAction\":[{\"@type\":\"SearchAction\",\"target\":{\"@type\":\"EntryPoint\",\"urlTemplate\":\"https:\\\/\\\/marktxxl.de\\\/markt\\\/?s={search_term_string}\"},\"query-input\":{\"@type\":\"PropertyValueSpecification\",\"valueRequired\":true,\"valueName\":\"search_term_string\"}}],\"inLanguage\":\"de\"},{\"@type\":\"Organization\",\"@id\":\"https:\\\/\\\/marktxxl.de\\\/markt\\\/#organization\",\"name\":\"Markt-XXL\",\"url\":\"https:\\\/\\\/marktxxl.de\\\/markt\\\/\",\"logo\":{\"@type\":\"ImageObject\",\"inLanguage\":\"de\",\"@id\":\"https:\\\/\\\/marktxxl.de\\\/markt\\\/#\\\/schema\\\/logo\\\/image\\\/\",\"url\":\"https:\\\/\\\/marktxxl.de\\\/markt\\\/wp-content\\\/uploads\\\/sites\\\/3\\\/2020\\\/12\\\/logo.png\",\"contentUrl\":\"https:\\\/\\\/marktxxl.de\\\/markt\\\/wp-content\\\/uploads\\\/sites\\\/3\\\/2020\\\/12\\\/logo.png\",\"width\":200,\"height\":70,\"caption\":\"Markt-XXL\"},\"image\":{\"@id\":\"https:\\\/\\\/marktxxl.de\\\/markt\\\/#\\\/schema\\\/logo\\\/image\\\/\"}}]}<\/script>\n<!-- \/ Yoast SEO plugin. -->","yoast_head_json":{"title":"Jordan \u00ae Step 1 Baby Zahnb\u00fcrste | Baby Zahnb\u00fcrste 0-2 Jahre | Die Original Kleinkindzahnb\u00fcrste mit extra weichen Borsten\u2026 - Markt-XXL","description":"Markt-XXL Jordan \u00ae Step 1 Baby Zahnb\u00fcrste | Baby Zahnb\u00fcrste 0-2 Jahre | Die Original Kleinkindzahnb\u00fcrste mit extra weichen Borsten\u2026","robots":{"index":"index","follow":"follow","max-snippet":"max-snippet:-1","max-image-preview":"max-image-preview:large","max-video-preview":"max-video-preview:-1"},"canonical":"https:\/\/marktxxl.de\/markt\/produkt\/jordan-step-1-baby-zahnbuerste-baby-zahnbuerste-0-2-jahre-die-original-kleinkindzahnbuerste-mit-extra-weichen-borsten-und-weichem-beissring-fuer-babygummis-und-easy-grip-4-pack\/","og_locale":"de_DE","og_type":"article","og_title":"Jordan \u00ae Step 1 Baby Zahnb\u00fcrste | Baby Zahnb\u00fcrste 0-2 Jahre | Die Original Kleinkindzahnb\u00fcrste mit extra weichen Borsten\u2026 - Markt-XXL","og_description":"Markt-XXL Jordan \u00ae Step 1 Baby Zahnb\u00fcrste | Baby Zahnb\u00fcrste 0-2 Jahre | Die Original Kleinkindzahnb\u00fcrste mit extra weichen Borsten\u2026","og_url":"https:\/\/marktxxl.de\/markt\/produkt\/jordan-step-1-baby-zahnbuerste-baby-zahnbuerste-0-2-jahre-die-original-kleinkindzahnbuerste-mit-extra-weichen-borsten-und-weichem-beissring-fuer-babygummis-und-easy-grip-4-pack\/","og_site_name":"Markt-XXL","article_modified_time":"2023-04-10T02:21:15+00:00","og_image":[{"width":500,"height":500,"url":"https:\/\/m.media-amazon.com\/images\/I\/417mowzJI5L._SL500_.jpg","type":"image\/jpeg"}],"twitter_card":"summary_large_image","twitter_misc":{"Gesch\u00e4tzte Lesezeit":"1\u00a0Minute"},"schema":{"@context":"https:\/\/schema.org","@graph":[{"@type":"WebPage","@id":"https:\/\/marktxxl.de\/markt\/produkt\/jordan-step-1-baby-zahnbuerste-baby-zahnbuerste-0-2-jahre-die-original-kleinkindzahnbuerste-mit-extra-weichen-borsten-und-weichem-beissring-fuer-babygummis-und-easy-grip-4-pack\/","url":"https:\/\/marktxxl.de\/markt\/produkt\/jordan-step-1-baby-zahnbuerste-baby-zahnbuerste-0-2-jahre-die-original-kleinkindzahnbuerste-mit-extra-weichen-borsten-und-weichem-beissring-fuer-babygummis-und-easy-grip-4-pack\/","name":"Jordan \u00ae Step 1 Baby Zahnb\u00fcrste | Baby Zahnb\u00fcrste 0-2 Jahre | Die Original Kleinkindzahnb\u00fcrste mit extra weichen Borsten\u2026 - Markt-XXL","isPartOf":{"@id":"https:\/\/marktxxl.de\/markt\/#website"},"primaryImageOfPage":{"@id":"https:\/\/marktxxl.de\/markt\/produkt\/jordan-step-1-baby-zahnbuerste-baby-zahnbuerste-0-2-jahre-die-original-kleinkindzahnbuerste-mit-extra-weichen-borsten-und-weichem-beissring-fuer-babygummis-und-easy-grip-4-pack\/#primaryimage"},"image":{"@id":"https:\/\/marktxxl.de\/markt\/produkt\/jordan-step-1-baby-zahnbuerste-baby-zahnbuerste-0-2-jahre-die-original-kleinkindzahnbuerste-mit-extra-weichen-borsten-und-weichem-beissring-fuer-babygummis-und-easy-grip-4-pack\/#primaryimage"},"thumbnailUrl":"https:\/\/m.media-amazon.com\/images\/I\/417mowzJI5L._SL500_.jpg","datePublished":"2022-07-14T07:23:15+00:00","dateModified":"2023-04-10T02:21:15+00:00","description":"Markt-XXL Jordan \u00ae Step 1 Baby Zahnb\u00fcrste | Baby Zahnb\u00fcrste 0-2 Jahre | Die Original Kleinkindzahnb\u00fcrste mit extra weichen Borsten\u2026","breadcrumb":{"@id":"https:\/\/marktxxl.de\/markt\/produkt\/jordan-step-1-baby-zahnbuerste-baby-zahnbuerste-0-2-jahre-die-original-kleinkindzahnbuerste-mit-extra-weichen-borsten-und-weichem-beissring-fuer-babygummis-und-easy-grip-4-pack\/#breadcrumb"},"inLanguage":"de","potentialAction":[{"@type":"ReadAction","target":["https:\/\/marktxxl.de\/markt\/produkt\/jordan-step-1-baby-zahnbuerste-baby-zahnbuerste-0-2-jahre-die-original-kleinkindzahnbuerste-mit-extra-weichen-borsten-und-weichem-beissring-fuer-babygummis-und-easy-grip-4-pack\/"]}]},{"@type":"ImageObject","inLanguage":"de","@id":"https:\/\/marktxxl.de\/markt\/produkt\/jordan-step-1-baby-zahnbuerste-baby-zahnbuerste-0-2-jahre-die-original-kleinkindzahnbuerste-mit-extra-weichen-borsten-und-weichem-beissring-fuer-babygummis-und-easy-grip-4-pack\/#primaryimage","url":"https:\/\/m.media-amazon.com\/images\/I\/417mowzJI5L._SL500_.jpg","contentUrl":"https:\/\/m.media-amazon.com\/images\/I\/417mowzJI5L._SL500_.jpg","width":500,"height":500},{"@type":"BreadcrumbList","@id":"https:\/\/marktxxl.de\/markt\/produkt\/jordan-step-1-baby-zahnbuerste-baby-zahnbuerste-0-2-jahre-die-original-kleinkindzahnbuerste-mit-extra-weichen-borsten-und-weichem-beissring-fuer-babygummis-und-easy-grip-4-pack\/#breadcrumb","itemListElement":[{"@type":"ListItem","position":1,"name":"Startseite","item":"https:\/\/marktxxl.de\/markt\/"},{"@type":"ListItem","position":2,"name":"Markt","item":"https:\/\/marktxxl.de\/markt\/"},{"@type":"ListItem","position":3,"name":"Jordan \u00ae Step 1 Baby Zahnb\u00fcrste | Baby Zahnb\u00fcrste 0-2 Jahre | Die Original Kleinkindzahnb\u00fcrste mit extra weichen Borsten\u2026"}]},{"@type":"WebSite","@id":"https:\/\/marktxxl.de\/markt\/#website","url":"https:\/\/marktxxl.de\/markt\/","name":"Markt-XXL","description":"Ihr Markt Online","publisher":{"@id":"https:\/\/marktxxl.de\/markt\/#organization"},"potentialAction":[{"@type":"SearchAction","target":{"@type":"EntryPoint","urlTemplate":"https:\/\/marktxxl.de\/markt\/?s={search_term_string}"},"query-input":{"@type":"PropertyValueSpecification","valueRequired":true,"valueName":"search_term_string"}}],"inLanguage":"de"},{"@type":"Organization","@id":"https:\/\/marktxxl.de\/markt\/#organization","name":"Markt-XXL","url":"https:\/\/marktxxl.de\/markt\/","logo":{"@type":"ImageObject","inLanguage":"de","@id":"https:\/\/marktxxl.de\/markt\/#\/schema\/logo\/image\/","url":"https:\/\/marktxxl.de\/markt\/wp-content\/uploads\/sites\/3\/2020\/12\/logo.png","contentUrl":"https:\/\/marktxxl.de\/markt\/wp-content\/uploads\/sites\/3\/2020\/12\/logo.png","width":200,"height":70,"caption":"Markt-XXL"},"image":{"@id":"https:\/\/marktxxl.de\/markt\/#\/schema\/logo\/image\/"}}]}},"_links":{"self":[{"href":"https:\/\/marktxxl.de\/markt\/wp-json\/wp\/v2\/product\/140318","targetHints":{"allow":["GET"]}}],"collection":[{"href":"https:\/\/marktxxl.de\/markt\/wp-json\/wp\/v2\/product"}],"about":[{"href":"https:\/\/marktxxl.de\/markt\/wp-json\/wp\/v2\/types\/product"}],"replies":[{"embeddable":true,"href":"https:\/\/marktxxl.de\/markt\/wp-json\/wp\/v2\/comments?post=140318"}],"wp:featuredmedia":[{"embeddable":true,"href":"https:\/\/marktxxl.de\/markt\/wp-json\/wp\/v2\/media\/140319"}],"wp:attachment":[{"href":"https:\/\/marktxxl.de\/markt\/wp-json\/wp\/v2\/media?parent=140318"}],"wp:term":[{"taxonomy":"product_brand","embeddable":true,"href":"https:\/\/marktxxl.de\/markt\/wp-json\/wp\/v2\/product_brand?post=140318"},{"taxonomy":"product_cat","embeddable":true,"href":"https:\/\/marktxxl.de\/markt\/wp-json\/wp\/v2\/product_cat?post=140318"},{"taxonomy":"product_tag","embeddable":true,"href":"https:\/\/marktxxl.de\/markt\/wp-json\/wp\/v2\/product_tag?post=140318"}],"curies":[{"name":"wp","href":"https:\/\/api.w.org\/{rel}","templated":true}]}}