{"id":140223,"date":"2022-07-14T09:19:29","date_gmt":"2022-07-14T07:19:29","guid":{"rendered":"https:\/\/marktxxl.de\/markt\/produkt\/ziciry-usb-stick-512gb-usb-3-0-speicherstick-usb-stick-wasserdicht-usb-flash-laufwerk-512gb-metall-usb-sticks-mit-schluesselring-fuer-pc-laptop-computer-tablet-car-geraete-externer\/"},"modified":"2023-04-10T04:21:14","modified_gmt":"2023-04-10T02:21:14","slug":"ziciry-usb-stick-512gb-usb-3-0-speicherstick-usb-stick-wasserdicht-usb-flash-laufwerk-512gb-metall-usb-sticks-mit-schluesselring-fuer-pc-laptop-computer-tablet-car-geraete-externer","status":"publish","type":"product","link":"https:\/\/marktxxl.de\/markt\/produkt\/ziciry-usb-stick-512gb-usb-3-0-speicherstick-usb-stick-wasserdicht-usb-flash-laufwerk-512gb-metall-usb-sticks-mit-schluesselring-fuer-pc-laptop-computer-tablet-car-geraete-externer\/","title":{"rendered":"ZICIRY USB Stick 512GB USB 3.0 Speicherstick USB-Stick Wasserdicht USB-Flash-Laufwerk 512GB Metall USB Sticks mit\u2026"},"content":{"rendered":"<p>\u3010Speicher mit Superkapazit\u00e4t\u3011 Der USB 3.0 Stick hat eine ultraschnelle Daten\u00fcbertragungsgeschwindigkeit und eine gro\u00dfe Kapazit\u00e4t von bis zu 512 GB, die alle Ihre Lieblingsmedien und wichtigen Dokumente aufnehmen kann. Es kann auch zwischen verschiedenen Ger\u00e4ten speichern, sichern und \u00fcbertragen, w\u00e4hrend es eine Vielzahl von Daten wie Musik, Videos, Fotos, Filme, Handb\u00fccher, Software usw. unterst\u00fctzt, um Ihren t\u00e4glichen Bedarf zu decken.<br \/>\n\u3010Umfangreiche Kompatibilit\u00e4t\u3011 Der USB-Stick unterst\u00fctzt fast alle Betriebssysteme und ist mit digitalen Ger\u00e4ten wie Computern mit USB-Anschl\u00fcssen, Smart-TVs und Musikplayern kompatibel.<br \/>\n\u3010Einfaches Plug &amp; Play\u3011 ZICIRY Hochgeschwindigkeits-Flash-Memory-Stick ist Plug-and-Play, es muss keine Software installiert werden, schlie\u00dfen Sie einfach das Flash-Laufwerk an und starten Sie die Datenspeicherung, Sicherung und \u00dcbertragung zwischen Ger\u00e4ten und Standorten.<br \/>\n\u3010Wasserdicht und sto\u00dffest\u3011 Das 512-GB-USB-3.0-Flash-Laufwerk verf\u00fcgt \u00fcber ein Metallgeh\u00e4use und erm\u00f6glicht es Ihnen, alle Ihre wichtigen Daten zu speichern und \u00fcberall hin mitzunehmen. Die USB-Laufwerke selbst sind wasserdicht, sto\u00dffest und k\u00f6nnen problemlos hohen Temperaturen standhalten.<br \/>\n\u3010High Speed \u200b\u200b\u200b\u200bUSB 3.0 Flash Drive\u3011Die \u00dcbertragungsgeschwindigkeit dieses USB ist schneller als die gew\u00f6hnliche 2.0-Version. Mit Kapazit\u00e4ten von bis zu 512 GB und USB 3.0-Supergeschwindigkeiten, um Zeit beim \u00dcbertragen zu sparen, k\u00f6nnen Sie Ihre Fotos, Videos, Musik und andere Dateien \u00fcberall hin mitnehmen.<br \/>\n<div class=\"main-cross-sell\" data-asin=\"B0B28NCZ1F\">\n\n\t<div class=\"WooZone-cross-sell-loader\">\n\t\t<div>\n\t\t\t<div id=\"floatingBarsG\">\n\t\t\t\t<div class=\"blockG\" id=\"rotateG_01\"><\/div>\n\t\t\t\t<div class=\"blockG\" id=\"rotateG_02\"><\/div>\n\t\t\t\t<div class=\"blockG\" id=\"rotateG_03\"><\/div>\n\t\t\t\t<div class=\"blockG\" id=\"rotateG_04\"><\/div>\n\t\t\t\t<div class=\"blockG\" id=\"rotateG_05\"><\/div>\n\t\t\t\t<div class=\"blockG\" id=\"rotateG_06\"><\/div>\n\t\t\t\t<div class=\"blockG\" id=\"rotateG_07\"><\/div>\n\t\t\t\t<div class=\"blockG\" id=\"rotateG_08\"><\/div>\n\t\t\t<\/div>\n\t\t\t<div class=\"WooZone-cross-sell-loader-text\"><\/div>\n\t\t<\/div>\n\t<\/div>\n\n\t\t\n<\/div>\n<div style=\"clear:both;\"><\/div><\/p>\n","protected":false},"excerpt":{"rendered":"<p>\u3010Speicher mit Superkapazit\u00e4t\u3011 Der USB 3.0 Stick hat eine ultraschnelle Daten\u00fcbertragungsgeschwindigkeit und eine gro\u00dfe Kapazit\u00e4t von bis zu 512 GB, die alle Ihre Lieblingsmedien und wichtigen Dokumente aufnehmen kann. Es kann auch zwischen verschiedenen Ger\u00e4ten speichern, sichern und \u00fcbertragen, w\u00e4hrend es eine Vielzahl von Daten wie Musik, Videos, Fotos, Filme, Handb\u00fccher, Software usw. unterst\u00fctzt, um Ihren t\u00e4glichen Bedarf zu decken.<br \/>\n\u3010Umfangreiche Kompatibilit\u00e4t\u3011 Der USB-Stick unterst\u00fctzt fast alle Betriebssysteme und ist mit digitalen Ger\u00e4ten wie Computern mit USB-Anschl\u00fcssen, Smart-TVs und Musikplayern kompatibel.<br \/>\n\u3010Einfaches Plug &amp; Play\u3011 ZICIRY Hochgeschwindigkeits-Flash-Memory-Stick ist Plug-and-Play, es muss keine Software installiert werden, schlie\u00dfen Sie einfach das Flash-Laufwerk an und starten Sie die Datenspeicherung, Sicherung und \u00dcbertragung zwischen Ger\u00e4ten und Standorten.<\/p>\n","protected":false},"featured_media":140224,"comment_status":"open","ping_status":"closed","template":"","meta":[],"product_brand":[],"product_cat":[863],"product_tag":[],"class_list":{"0":"post-140223","1":"product","2":"type-product","3":"status-publish","4":"has-post-thumbnail","6":"product_cat-computer-zubehoer","7":"pa_brand-ziciry","8":"pa_color-silver","9":"pa_manufacturer-ziciry","10":"pa_warranty-90days","11":"pa_weight-0-0220462262-pfund","13":"first","14":"instock","15":"shipping-taxable","16":"purchasable","17":"product-type-simple","18":"customify-col","19":"product-has-gallery"},"yoast_head":"<!-- This site is optimized with the Yoast SEO plugin v27.4 - https:\/\/yoast.com\/product\/yoast-seo-wordpress\/ -->\n<title>ZICIRY USB Stick 512GB USB 3.0 Speicherstick USB-Stick Wasserdicht USB-Flash-Laufwerk 512GB Metall USB Sticks mit\u2026 - Markt-XXL<\/title>\n<meta name=\"description\" content=\"Markt-XXL ZICIRY USB Stick 512GB USB 3.0 Speicherstick USB-Stick Wasserdicht USB-Flash-Laufwerk 512GB Metall USB Sticks mit\u2026\" \/>\n<meta name=\"robots\" content=\"index, follow, max-snippet:-1, max-image-preview:large, max-video-preview:-1\" \/>\n<link rel=\"canonical\" href=\"https:\/\/marktxxl.de\/markt\/produkt\/ziciry-usb-stick-512gb-usb-3-0-speicherstick-usb-stick-wasserdicht-usb-flash-laufwerk-512gb-metall-usb-sticks-mit-schluesselring-fuer-pc-laptop-computer-tablet-car-geraete-externer\/\" \/>\n<meta property=\"og:locale\" content=\"de_DE\" \/>\n<meta property=\"og:type\" content=\"article\" \/>\n<meta property=\"og:title\" content=\"ZICIRY USB Stick 512GB USB 3.0 Speicherstick USB-Stick Wasserdicht USB-Flash-Laufwerk 512GB Metall USB Sticks mit\u2026 - Markt-XXL\" \/>\n<meta property=\"og:description\" content=\"Markt-XXL ZICIRY USB Stick 512GB USB 3.0 Speicherstick USB-Stick Wasserdicht USB-Flash-Laufwerk 512GB Metall USB Sticks mit\u2026\" \/>\n<meta property=\"og:url\" content=\"https:\/\/marktxxl.de\/markt\/produkt\/ziciry-usb-stick-512gb-usb-3-0-speicherstick-usb-stick-wasserdicht-usb-flash-laufwerk-512gb-metall-usb-sticks-mit-schluesselring-fuer-pc-laptop-computer-tablet-car-geraete-externer\/\" \/>\n<meta property=\"og:site_name\" content=\"Markt-XXL\" \/>\n<meta property=\"article:modified_time\" content=\"2023-04-10T02:21:14+00:00\" \/>\n<meta property=\"og:image\" content=\"https:\/\/m.media-amazon.com\/images\/I\/31au+yAy4oL._SL500_.jpg\" \/>\n\t<meta property=\"og:image:width\" content=\"500\" \/>\n\t<meta property=\"og:image:height\" content=\"500\" \/>\n\t<meta property=\"og:image:type\" content=\"image\/jpeg\" \/>\n<meta name=\"twitter:card\" content=\"summary_large_image\" \/>\n<meta name=\"twitter:label1\" content=\"Gesch\u00e4tzte Lesezeit\" \/>\n\t<meta name=\"twitter:data1\" content=\"1\u00a0Minute\" \/>\n<script type=\"application\/ld+json\" class=\"yoast-schema-graph\">{\"@context\":\"https:\\\/\\\/schema.org\",\"@graph\":[{\"@type\":\"WebPage\",\"@id\":\"https:\\\/\\\/marktxxl.de\\\/markt\\\/produkt\\\/ziciry-usb-stick-512gb-usb-3-0-speicherstick-usb-stick-wasserdicht-usb-flash-laufwerk-512gb-metall-usb-sticks-mit-schluesselring-fuer-pc-laptop-computer-tablet-car-geraete-externer\\\/\",\"url\":\"https:\\\/\\\/marktxxl.de\\\/markt\\\/produkt\\\/ziciry-usb-stick-512gb-usb-3-0-speicherstick-usb-stick-wasserdicht-usb-flash-laufwerk-512gb-metall-usb-sticks-mit-schluesselring-fuer-pc-laptop-computer-tablet-car-geraete-externer\\\/\",\"name\":\"ZICIRY USB Stick 512GB USB 3.0 Speicherstick USB-Stick Wasserdicht USB-Flash-Laufwerk 512GB Metall USB Sticks mit\u2026 - Markt-XXL\",\"isPartOf\":{\"@id\":\"https:\\\/\\\/marktxxl.de\\\/markt\\\/#website\"},\"primaryImageOfPage\":{\"@id\":\"https:\\\/\\\/marktxxl.de\\\/markt\\\/produkt\\\/ziciry-usb-stick-512gb-usb-3-0-speicherstick-usb-stick-wasserdicht-usb-flash-laufwerk-512gb-metall-usb-sticks-mit-schluesselring-fuer-pc-laptop-computer-tablet-car-geraete-externer\\\/#primaryimage\"},\"image\":{\"@id\":\"https:\\\/\\\/marktxxl.de\\\/markt\\\/produkt\\\/ziciry-usb-stick-512gb-usb-3-0-speicherstick-usb-stick-wasserdicht-usb-flash-laufwerk-512gb-metall-usb-sticks-mit-schluesselring-fuer-pc-laptop-computer-tablet-car-geraete-externer\\\/#primaryimage\"},\"thumbnailUrl\":\"https:\\\/\\\/m.media-amazon.com\\\/images\\\/I\\\/31au+yAy4oL._SL500_.jpg\",\"datePublished\":\"2022-07-14T07:19:29+00:00\",\"dateModified\":\"2023-04-10T02:21:14+00:00\",\"description\":\"Markt-XXL ZICIRY USB Stick 512GB USB 3.0 Speicherstick USB-Stick Wasserdicht USB-Flash-Laufwerk 512GB Metall USB Sticks mit\u2026\",\"breadcrumb\":{\"@id\":\"https:\\\/\\\/marktxxl.de\\\/markt\\\/produkt\\\/ziciry-usb-stick-512gb-usb-3-0-speicherstick-usb-stick-wasserdicht-usb-flash-laufwerk-512gb-metall-usb-sticks-mit-schluesselring-fuer-pc-laptop-computer-tablet-car-geraete-externer\\\/#breadcrumb\"},\"inLanguage\":\"de\",\"potentialAction\":[{\"@type\":\"ReadAction\",\"target\":[\"https:\\\/\\\/marktxxl.de\\\/markt\\\/produkt\\\/ziciry-usb-stick-512gb-usb-3-0-speicherstick-usb-stick-wasserdicht-usb-flash-laufwerk-512gb-metall-usb-sticks-mit-schluesselring-fuer-pc-laptop-computer-tablet-car-geraete-externer\\\/\"]}]},{\"@type\":\"ImageObject\",\"inLanguage\":\"de\",\"@id\":\"https:\\\/\\\/marktxxl.de\\\/markt\\\/produkt\\\/ziciry-usb-stick-512gb-usb-3-0-speicherstick-usb-stick-wasserdicht-usb-flash-laufwerk-512gb-metall-usb-sticks-mit-schluesselring-fuer-pc-laptop-computer-tablet-car-geraete-externer\\\/#primaryimage\",\"url\":\"https:\\\/\\\/m.media-amazon.com\\\/images\\\/I\\\/31au+yAy4oL._SL500_.jpg\",\"contentUrl\":\"https:\\\/\\\/m.media-amazon.com\\\/images\\\/I\\\/31au+yAy4oL._SL500_.jpg\",\"width\":500,\"height\":500},{\"@type\":\"BreadcrumbList\",\"@id\":\"https:\\\/\\\/marktxxl.de\\\/markt\\\/produkt\\\/ziciry-usb-stick-512gb-usb-3-0-speicherstick-usb-stick-wasserdicht-usb-flash-laufwerk-512gb-metall-usb-sticks-mit-schluesselring-fuer-pc-laptop-computer-tablet-car-geraete-externer\\\/#breadcrumb\",\"itemListElement\":[{\"@type\":\"ListItem\",\"position\":1,\"name\":\"Startseite\",\"item\":\"https:\\\/\\\/marktxxl.de\\\/markt\\\/\"},{\"@type\":\"ListItem\",\"position\":2,\"name\":\"Markt\",\"item\":\"https:\\\/\\\/marktxxl.de\\\/markt\\\/\"},{\"@type\":\"ListItem\",\"position\":3,\"name\":\"ZICIRY USB Stick 512GB USB 3.0 Speicherstick USB-Stick Wasserdicht USB-Flash-Laufwerk 512GB Metall USB Sticks mit\u2026\"}]},{\"@type\":\"WebSite\",\"@id\":\"https:\\\/\\\/marktxxl.de\\\/markt\\\/#website\",\"url\":\"https:\\\/\\\/marktxxl.de\\\/markt\\\/\",\"name\":\"Markt-XXL\",\"description\":\"Ihr Markt Online\",\"publisher\":{\"@id\":\"https:\\\/\\\/marktxxl.de\\\/markt\\\/#organization\"},\"potentialAction\":[{\"@type\":\"SearchAction\",\"target\":{\"@type\":\"EntryPoint\",\"urlTemplate\":\"https:\\\/\\\/marktxxl.de\\\/markt\\\/?s={search_term_string}\"},\"query-input\":{\"@type\":\"PropertyValueSpecification\",\"valueRequired\":true,\"valueName\":\"search_term_string\"}}],\"inLanguage\":\"de\"},{\"@type\":\"Organization\",\"@id\":\"https:\\\/\\\/marktxxl.de\\\/markt\\\/#organization\",\"name\":\"Markt-XXL\",\"url\":\"https:\\\/\\\/marktxxl.de\\\/markt\\\/\",\"logo\":{\"@type\":\"ImageObject\",\"inLanguage\":\"de\",\"@id\":\"https:\\\/\\\/marktxxl.de\\\/markt\\\/#\\\/schema\\\/logo\\\/image\\\/\",\"url\":\"https:\\\/\\\/marktxxl.de\\\/markt\\\/wp-content\\\/uploads\\\/sites\\\/3\\\/2020\\\/12\\\/logo.png\",\"contentUrl\":\"https:\\\/\\\/marktxxl.de\\\/markt\\\/wp-content\\\/uploads\\\/sites\\\/3\\\/2020\\\/12\\\/logo.png\",\"width\":200,\"height\":70,\"caption\":\"Markt-XXL\"},\"image\":{\"@id\":\"https:\\\/\\\/marktxxl.de\\\/markt\\\/#\\\/schema\\\/logo\\\/image\\\/\"}}]}<\/script>\n<!-- \/ Yoast SEO plugin. -->","yoast_head_json":{"title":"ZICIRY USB Stick 512GB USB 3.0 Speicherstick USB-Stick Wasserdicht USB-Flash-Laufwerk 512GB Metall USB Sticks mit\u2026 - Markt-XXL","description":"Markt-XXL ZICIRY USB Stick 512GB USB 3.0 Speicherstick USB-Stick Wasserdicht USB-Flash-Laufwerk 512GB Metall USB Sticks mit\u2026","robots":{"index":"index","follow":"follow","max-snippet":"max-snippet:-1","max-image-preview":"max-image-preview:large","max-video-preview":"max-video-preview:-1"},"canonical":"https:\/\/marktxxl.de\/markt\/produkt\/ziciry-usb-stick-512gb-usb-3-0-speicherstick-usb-stick-wasserdicht-usb-flash-laufwerk-512gb-metall-usb-sticks-mit-schluesselring-fuer-pc-laptop-computer-tablet-car-geraete-externer\/","og_locale":"de_DE","og_type":"article","og_title":"ZICIRY USB Stick 512GB USB 3.0 Speicherstick USB-Stick Wasserdicht USB-Flash-Laufwerk 512GB Metall USB Sticks mit\u2026 - Markt-XXL","og_description":"Markt-XXL ZICIRY USB Stick 512GB USB 3.0 Speicherstick USB-Stick Wasserdicht USB-Flash-Laufwerk 512GB Metall USB Sticks mit\u2026","og_url":"https:\/\/marktxxl.de\/markt\/produkt\/ziciry-usb-stick-512gb-usb-3-0-speicherstick-usb-stick-wasserdicht-usb-flash-laufwerk-512gb-metall-usb-sticks-mit-schluesselring-fuer-pc-laptop-computer-tablet-car-geraete-externer\/","og_site_name":"Markt-XXL","article_modified_time":"2023-04-10T02:21:14+00:00","og_image":[{"width":500,"height":500,"url":"https:\/\/m.media-amazon.com\/images\/I\/31au+yAy4oL._SL500_.jpg","type":"image\/jpeg"}],"twitter_card":"summary_large_image","twitter_misc":{"Gesch\u00e4tzte Lesezeit":"1\u00a0Minute"},"schema":{"@context":"https:\/\/schema.org","@graph":[{"@type":"WebPage","@id":"https:\/\/marktxxl.de\/markt\/produkt\/ziciry-usb-stick-512gb-usb-3-0-speicherstick-usb-stick-wasserdicht-usb-flash-laufwerk-512gb-metall-usb-sticks-mit-schluesselring-fuer-pc-laptop-computer-tablet-car-geraete-externer\/","url":"https:\/\/marktxxl.de\/markt\/produkt\/ziciry-usb-stick-512gb-usb-3-0-speicherstick-usb-stick-wasserdicht-usb-flash-laufwerk-512gb-metall-usb-sticks-mit-schluesselring-fuer-pc-laptop-computer-tablet-car-geraete-externer\/","name":"ZICIRY USB Stick 512GB USB 3.0 Speicherstick USB-Stick Wasserdicht USB-Flash-Laufwerk 512GB Metall USB Sticks mit\u2026 - Markt-XXL","isPartOf":{"@id":"https:\/\/marktxxl.de\/markt\/#website"},"primaryImageOfPage":{"@id":"https:\/\/marktxxl.de\/markt\/produkt\/ziciry-usb-stick-512gb-usb-3-0-speicherstick-usb-stick-wasserdicht-usb-flash-laufwerk-512gb-metall-usb-sticks-mit-schluesselring-fuer-pc-laptop-computer-tablet-car-geraete-externer\/#primaryimage"},"image":{"@id":"https:\/\/marktxxl.de\/markt\/produkt\/ziciry-usb-stick-512gb-usb-3-0-speicherstick-usb-stick-wasserdicht-usb-flash-laufwerk-512gb-metall-usb-sticks-mit-schluesselring-fuer-pc-laptop-computer-tablet-car-geraete-externer\/#primaryimage"},"thumbnailUrl":"https:\/\/m.media-amazon.com\/images\/I\/31au+yAy4oL._SL500_.jpg","datePublished":"2022-07-14T07:19:29+00:00","dateModified":"2023-04-10T02:21:14+00:00","description":"Markt-XXL ZICIRY USB Stick 512GB USB 3.0 Speicherstick USB-Stick Wasserdicht USB-Flash-Laufwerk 512GB Metall USB Sticks mit\u2026","breadcrumb":{"@id":"https:\/\/marktxxl.de\/markt\/produkt\/ziciry-usb-stick-512gb-usb-3-0-speicherstick-usb-stick-wasserdicht-usb-flash-laufwerk-512gb-metall-usb-sticks-mit-schluesselring-fuer-pc-laptop-computer-tablet-car-geraete-externer\/#breadcrumb"},"inLanguage":"de","potentialAction":[{"@type":"ReadAction","target":["https:\/\/marktxxl.de\/markt\/produkt\/ziciry-usb-stick-512gb-usb-3-0-speicherstick-usb-stick-wasserdicht-usb-flash-laufwerk-512gb-metall-usb-sticks-mit-schluesselring-fuer-pc-laptop-computer-tablet-car-geraete-externer\/"]}]},{"@type":"ImageObject","inLanguage":"de","@id":"https:\/\/marktxxl.de\/markt\/produkt\/ziciry-usb-stick-512gb-usb-3-0-speicherstick-usb-stick-wasserdicht-usb-flash-laufwerk-512gb-metall-usb-sticks-mit-schluesselring-fuer-pc-laptop-computer-tablet-car-geraete-externer\/#primaryimage","url":"https:\/\/m.media-amazon.com\/images\/I\/31au+yAy4oL._SL500_.jpg","contentUrl":"https:\/\/m.media-amazon.com\/images\/I\/31au+yAy4oL._SL500_.jpg","width":500,"height":500},{"@type":"BreadcrumbList","@id":"https:\/\/marktxxl.de\/markt\/produkt\/ziciry-usb-stick-512gb-usb-3-0-speicherstick-usb-stick-wasserdicht-usb-flash-laufwerk-512gb-metall-usb-sticks-mit-schluesselring-fuer-pc-laptop-computer-tablet-car-geraete-externer\/#breadcrumb","itemListElement":[{"@type":"ListItem","position":1,"name":"Startseite","item":"https:\/\/marktxxl.de\/markt\/"},{"@type":"ListItem","position":2,"name":"Markt","item":"https:\/\/marktxxl.de\/markt\/"},{"@type":"ListItem","position":3,"name":"ZICIRY USB Stick 512GB USB 3.0 Speicherstick USB-Stick Wasserdicht USB-Flash-Laufwerk 512GB Metall USB Sticks mit\u2026"}]},{"@type":"WebSite","@id":"https:\/\/marktxxl.de\/markt\/#website","url":"https:\/\/marktxxl.de\/markt\/","name":"Markt-XXL","description":"Ihr Markt Online","publisher":{"@id":"https:\/\/marktxxl.de\/markt\/#organization"},"potentialAction":[{"@type":"SearchAction","target":{"@type":"EntryPoint","urlTemplate":"https:\/\/marktxxl.de\/markt\/?s={search_term_string}"},"query-input":{"@type":"PropertyValueSpecification","valueRequired":true,"valueName":"search_term_string"}}],"inLanguage":"de"},{"@type":"Organization","@id":"https:\/\/marktxxl.de\/markt\/#organization","name":"Markt-XXL","url":"https:\/\/marktxxl.de\/markt\/","logo":{"@type":"ImageObject","inLanguage":"de","@id":"https:\/\/marktxxl.de\/markt\/#\/schema\/logo\/image\/","url":"https:\/\/marktxxl.de\/markt\/wp-content\/uploads\/sites\/3\/2020\/12\/logo.png","contentUrl":"https:\/\/marktxxl.de\/markt\/wp-content\/uploads\/sites\/3\/2020\/12\/logo.png","width":200,"height":70,"caption":"Markt-XXL"},"image":{"@id":"https:\/\/marktxxl.de\/markt\/#\/schema\/logo\/image\/"}}]}},"_links":{"self":[{"href":"https:\/\/marktxxl.de\/markt\/wp-json\/wp\/v2\/product\/140223","targetHints":{"allow":["GET"]}}],"collection":[{"href":"https:\/\/marktxxl.de\/markt\/wp-json\/wp\/v2\/product"}],"about":[{"href":"https:\/\/marktxxl.de\/markt\/wp-json\/wp\/v2\/types\/product"}],"replies":[{"embeddable":true,"href":"https:\/\/marktxxl.de\/markt\/wp-json\/wp\/v2\/comments?post=140223"}],"wp:featuredmedia":[{"embeddable":true,"href":"https:\/\/marktxxl.de\/markt\/wp-json\/wp\/v2\/media\/140224"}],"wp:attachment":[{"href":"https:\/\/marktxxl.de\/markt\/wp-json\/wp\/v2\/media?parent=140223"}],"wp:term":[{"taxonomy":"product_brand","embeddable":true,"href":"https:\/\/marktxxl.de\/markt\/wp-json\/wp\/v2\/product_brand?post=140223"},{"taxonomy":"product_cat","embeddable":true,"href":"https:\/\/marktxxl.de\/markt\/wp-json\/wp\/v2\/product_cat?post=140223"},{"taxonomy":"product_tag","embeddable":true,"href":"https:\/\/marktxxl.de\/markt\/wp-json\/wp\/v2\/product_tag?post=140223"}],"curies":[{"name":"wp","href":"https:\/\/api.w.org\/{rel}","templated":true}]}}