{"id":140200,"date":"2022-07-14T09:19:02","date_gmt":"2022-07-14T07:19:02","guid":{"rendered":"https:\/\/marktxxl.de\/markt\/produkt\/seagtigau-bluetooth-tastatur-fuer-ipad-pc-tablet-macbook-iphone-smartphone-mini-wiederaufladbare-kabellose-tastatur-fuer-mac-os-ipad-os-windows-android-deutsches-qwertz-layout\/"},"modified":"2023-04-10T04:21:01","modified_gmt":"2023-04-10T02:21:01","slug":"seagtigau-bluetooth-tastatur-fuer-ipad-pc-tablet-macbook-iphone-smartphone-mini-wiederaufladbare-kabellose-tastatur-fuer-mac-os-ipad-os-windows-android-deutsches-qwertz-layout","status":"publish","type":"product","link":"https:\/\/marktxxl.de\/markt\/produkt\/seagtigau-bluetooth-tastatur-fuer-ipad-pc-tablet-macbook-iphone-smartphone-mini-wiederaufladbare-kabellose-tastatur-fuer-mac-os-ipad-os-windows-android-deutsches-qwertz-layout\/","title":{"rendered":"Seagtigau Bluetooth Tastatur f\u00fcr iPad\/PC\/Tablet\/MacBook\/iPhone\/Smartphone, Mini Wiederaufladbare Kabellose Tastatur f\u00fcr\u2026"},"content":{"rendered":"<p>\u3010Breite Kompatibilit\u00e4t\u3011Diese Bluetooth-Tastatur ist kompatibel mit Android, macOS, iPad OS, iOS und Windows-Systemen. Dr\u00fccken Sie einfach Fn + Q\/W\/E, um die entsprechenden Ger\u00e4te sofort zu wechseln, und funktioniert mit Ihrem MacBook, iPad, iPhone, Laptop, Tablet, Samsung Galaxy Tab, iMac, Macbook Pro Air und alle Bluetooth-f\u00e4higen Ger\u00e4te.<br \/>\n\u3010Stabile und zuverl\u00e4ssige Bluetooth-Verbindung\u3011 Diese Tablet-Tastatur funktioniert mit Bluetooth. Die fortschrittliche Bluetooth 3.0-Technologie kann eine stabile und zuverl\u00e4ssige Verbindung bieten. Der Arbeitsabstand betr\u00e4gt 10 Meter \/ 33 Fu\u00df. (Hinweis: Dr\u00fccken Sie nach dem Einschalten der EIN \/ AUS-Taste die Taste &#8220;Verbinden&#8221;, um die Bluetooth-Tastatur zu \u00f6ffnen. Andernfalls kann die Bluetooth-Verbindung nicht erfolgreich hergestellt werden.)<br \/>\n\u3010Deutsches QWERTZ-Layout\u3011 Das Tastaturlayout ist deutsch. Sehr einfach zu bedienen. Es gibt mehr Hotkeys wie beim Laptop. Die Tasten der Tastatur haben eine Scherenstruktur. Mit dieser Tastatur k\u00f6nnen Sie leise auf Ihrem Tablet, iPad, iPhone, Smartphone tippen und Ihnen ein komfortables und angenehmes Tipperlebnis bieten.<br \/>\n\u3010Eingebauter wiederaufladbarer Akku\u3011 Die Tastatur ist ein eingebauter wiederaufladbarer Akku, der Akku muss nicht ausgetauscht werden. Nach 3-4 Stunden voller Aufladung arbeitet die kabellose Tastatur 100 Stunden ununterbrochen \/ 100 Tage im Standby-Modus.<br \/>\n\u3010Tragbar und kompakt\u3011 Diese Tastatur ist viel leichter und kleiner als herk\u00f6mmliche Tastaturen. Sie k\u00f6nnen es leicht tragen, ohne mehr Platz auf Ihrem Schreibtisch oder Ihrer Tasche einzunehmen. Diese leichte Tastatur wurde f\u00fcr alle entwickelt, die eine tragbare Tastatur f\u00fcr die Arbeit oder zum Spielen ben\u00f6tigen, und ist auch ein idealer Begleiter f\u00fcr Gesch\u00e4ftsreisen.<br \/>\n<div class=\"main-cross-sell\" data-asin=\"B09YTKFCFJ\">\n\n\t<div class=\"WooZone-cross-sell-loader\">\n\t\t<div>\n\t\t\t<div id=\"floatingBarsG\">\n\t\t\t\t<div class=\"blockG\" id=\"rotateG_01\"><\/div>\n\t\t\t\t<div class=\"blockG\" id=\"rotateG_02\"><\/div>\n\t\t\t\t<div class=\"blockG\" id=\"rotateG_03\"><\/div>\n\t\t\t\t<div class=\"blockG\" id=\"rotateG_04\"><\/div>\n\t\t\t\t<div class=\"blockG\" id=\"rotateG_05\"><\/div>\n\t\t\t\t<div class=\"blockG\" id=\"rotateG_06\"><\/div>\n\t\t\t\t<div class=\"blockG\" id=\"rotateG_07\"><\/div>\n\t\t\t\t<div class=\"blockG\" id=\"rotateG_08\"><\/div>\n\t\t\t<\/div>\n\t\t\t<div class=\"WooZone-cross-sell-loader-text\"><\/div>\n\t\t<\/div>\n\t<\/div>\n\n\t\t\n<\/div>\n<div style=\"clear:both;\"><\/div><\/p>\n","protected":false},"excerpt":{"rendered":"<p>\u3010Breite Kompatibilit\u00e4t\u3011Diese Bluetooth-Tastatur ist kompatibel mit Android, macOS, iPad OS, iOS und Windows-Systemen. Dr\u00fccken Sie einfach Fn + Q\/W\/E, um die entsprechenden Ger\u00e4te sofort zu wechseln, und funktioniert mit Ihrem MacBook, iPad, iPhone, Laptop, Tablet, Samsung Galaxy Tab, iMac, Macbook Pro Air und alle Bluetooth-f\u00e4higen Ger\u00e4te.<br \/>\n\u3010Stabile und zuverl\u00e4ssige Bluetooth-Verbindung\u3011 Diese Tablet-Tastatur funktioniert mit Bluetooth. Die fortschrittliche Bluetooth 3.0-Technologie kann eine stabile und zuverl\u00e4ssige Verbindung bieten. Der Arbeitsabstand betr\u00e4gt 10 Meter \/ 33 Fu\u00df. (Hinweis: Dr\u00fccken Sie nach dem Einschalten der EIN \/ AUS-Taste die Taste &#8220;Verbinden&#8221;, um die Bluetooth-Tastatur zu \u00f6ffnen. Andernfalls kann die Bluetooth-Verbindung nicht erfolgreich hergestellt werden.)<br \/>\n\u3010Deutsches QWERTZ-Layout\u3011 Das Tastaturlayout ist deutsch. Sehr einfach zu bedienen. Es gibt mehr Hotkeys wie beim Laptop. Die Tasten der Tastatur haben eine Scherenstruktur. Mit dieser Tastatur k\u00f6nnen Sie leise auf Ihrem Tablet, iPad, iPhone, Smartphone tippen und Ihnen ein komfortables und angenehmes Tipperlebnis bieten.<\/p>\n","protected":false},"featured_media":140201,"comment_status":"open","ping_status":"closed","template":"","meta":[],"product_brand":[],"product_cat":[863],"product_tag":[],"class_list":{"0":"post-140200","1":"product","2":"type-product","3":"status-publish","4":"has-post-thumbnail","6":"product_cat-computer-zubehoer","7":"pa_brand-seagtigau","8":"pa_manufacturer-seagtigau","10":"first","11":"instock","12":"shipping-taxable","13":"purchasable","14":"product-type-simple","15":"customify-col","16":"product-has-gallery"},"yoast_head":"<!-- This site is optimized with the Yoast SEO plugin v27.4 - https:\/\/yoast.com\/product\/yoast-seo-wordpress\/ -->\n<title>Seagtigau Bluetooth Tastatur f\u00fcr iPad\/PC\/Tablet\/MacBook\/iPhone\/Smartphone, Mini Wiederaufladbare Kabellose Tastatur f\u00fcr\u2026 - Markt-XXL<\/title>\n<meta name=\"description\" content=\"Markt-XXL Seagtigau Bluetooth Tastatur f\u00fcr iPad\/PC\/Tablet\/MacBook\/iPhone\/Smartphone, Mini Wiederaufladbare Kabellose Tastatur f\u00fcr\u2026\" \/>\n<meta name=\"robots\" content=\"index, follow, max-snippet:-1, max-image-preview:large, max-video-preview:-1\" \/>\n<link rel=\"canonical\" href=\"https:\/\/marktxxl.de\/markt\/produkt\/seagtigau-bluetooth-tastatur-fuer-ipad-pc-tablet-macbook-iphone-smartphone-mini-wiederaufladbare-kabellose-tastatur-fuer-mac-os-ipad-os-windows-android-deutsches-qwertz-layout\/\" \/>\n<meta property=\"og:locale\" content=\"de_DE\" \/>\n<meta property=\"og:type\" content=\"article\" \/>\n<meta property=\"og:title\" content=\"Seagtigau Bluetooth Tastatur f\u00fcr iPad\/PC\/Tablet\/MacBook\/iPhone\/Smartphone, Mini Wiederaufladbare Kabellose Tastatur f\u00fcr\u2026 - Markt-XXL\" \/>\n<meta property=\"og:description\" content=\"Markt-XXL Seagtigau Bluetooth Tastatur f\u00fcr iPad\/PC\/Tablet\/MacBook\/iPhone\/Smartphone, Mini Wiederaufladbare Kabellose Tastatur f\u00fcr\u2026\" \/>\n<meta property=\"og:url\" content=\"https:\/\/marktxxl.de\/markt\/produkt\/seagtigau-bluetooth-tastatur-fuer-ipad-pc-tablet-macbook-iphone-smartphone-mini-wiederaufladbare-kabellose-tastatur-fuer-mac-os-ipad-os-windows-android-deutsches-qwertz-layout\/\" \/>\n<meta property=\"og:site_name\" content=\"Markt-XXL\" \/>\n<meta property=\"article:modified_time\" content=\"2023-04-10T02:21:01+00:00\" \/>\n<meta property=\"og:image\" content=\"https:\/\/m.media-amazon.com\/images\/I\/41Fyv+HU0nL._SL500_.jpg\" \/>\n\t<meta property=\"og:image:width\" content=\"500\" \/>\n\t<meta property=\"og:image:height\" content=\"500\" \/>\n\t<meta property=\"og:image:type\" content=\"image\/jpeg\" \/>\n<meta name=\"twitter:card\" content=\"summary_large_image\" \/>\n<meta name=\"twitter:label1\" content=\"Gesch\u00e4tzte Lesezeit\" \/>\n\t<meta name=\"twitter:data1\" content=\"1\u00a0Minute\" \/>\n<script type=\"application\/ld+json\" class=\"yoast-schema-graph\">{\"@context\":\"https:\\\/\\\/schema.org\",\"@graph\":[{\"@type\":\"WebPage\",\"@id\":\"https:\\\/\\\/marktxxl.de\\\/markt\\\/produkt\\\/seagtigau-bluetooth-tastatur-fuer-ipad-pc-tablet-macbook-iphone-smartphone-mini-wiederaufladbare-kabellose-tastatur-fuer-mac-os-ipad-os-windows-android-deutsches-qwertz-layout\\\/\",\"url\":\"https:\\\/\\\/marktxxl.de\\\/markt\\\/produkt\\\/seagtigau-bluetooth-tastatur-fuer-ipad-pc-tablet-macbook-iphone-smartphone-mini-wiederaufladbare-kabellose-tastatur-fuer-mac-os-ipad-os-windows-android-deutsches-qwertz-layout\\\/\",\"name\":\"Seagtigau Bluetooth Tastatur f\u00fcr iPad\\\/PC\\\/Tablet\\\/MacBook\\\/iPhone\\\/Smartphone, Mini Wiederaufladbare Kabellose Tastatur f\u00fcr\u2026 - Markt-XXL\",\"isPartOf\":{\"@id\":\"https:\\\/\\\/marktxxl.de\\\/markt\\\/#website\"},\"primaryImageOfPage\":{\"@id\":\"https:\\\/\\\/marktxxl.de\\\/markt\\\/produkt\\\/seagtigau-bluetooth-tastatur-fuer-ipad-pc-tablet-macbook-iphone-smartphone-mini-wiederaufladbare-kabellose-tastatur-fuer-mac-os-ipad-os-windows-android-deutsches-qwertz-layout\\\/#primaryimage\"},\"image\":{\"@id\":\"https:\\\/\\\/marktxxl.de\\\/markt\\\/produkt\\\/seagtigau-bluetooth-tastatur-fuer-ipad-pc-tablet-macbook-iphone-smartphone-mini-wiederaufladbare-kabellose-tastatur-fuer-mac-os-ipad-os-windows-android-deutsches-qwertz-layout\\\/#primaryimage\"},\"thumbnailUrl\":\"https:\\\/\\\/m.media-amazon.com\\\/images\\\/I\\\/41Fyv+HU0nL._SL500_.jpg\",\"datePublished\":\"2022-07-14T07:19:02+00:00\",\"dateModified\":\"2023-04-10T02:21:01+00:00\",\"description\":\"Markt-XXL Seagtigau Bluetooth Tastatur f\u00fcr iPad\\\/PC\\\/Tablet\\\/MacBook\\\/iPhone\\\/Smartphone, Mini Wiederaufladbare Kabellose Tastatur f\u00fcr\u2026\",\"breadcrumb\":{\"@id\":\"https:\\\/\\\/marktxxl.de\\\/markt\\\/produkt\\\/seagtigau-bluetooth-tastatur-fuer-ipad-pc-tablet-macbook-iphone-smartphone-mini-wiederaufladbare-kabellose-tastatur-fuer-mac-os-ipad-os-windows-android-deutsches-qwertz-layout\\\/#breadcrumb\"},\"inLanguage\":\"de\",\"potentialAction\":[{\"@type\":\"ReadAction\",\"target\":[\"https:\\\/\\\/marktxxl.de\\\/markt\\\/produkt\\\/seagtigau-bluetooth-tastatur-fuer-ipad-pc-tablet-macbook-iphone-smartphone-mini-wiederaufladbare-kabellose-tastatur-fuer-mac-os-ipad-os-windows-android-deutsches-qwertz-layout\\\/\"]}]},{\"@type\":\"ImageObject\",\"inLanguage\":\"de\",\"@id\":\"https:\\\/\\\/marktxxl.de\\\/markt\\\/produkt\\\/seagtigau-bluetooth-tastatur-fuer-ipad-pc-tablet-macbook-iphone-smartphone-mini-wiederaufladbare-kabellose-tastatur-fuer-mac-os-ipad-os-windows-android-deutsches-qwertz-layout\\\/#primaryimage\",\"url\":\"https:\\\/\\\/m.media-amazon.com\\\/images\\\/I\\\/41Fyv+HU0nL._SL500_.jpg\",\"contentUrl\":\"https:\\\/\\\/m.media-amazon.com\\\/images\\\/I\\\/41Fyv+HU0nL._SL500_.jpg\",\"width\":500,\"height\":500},{\"@type\":\"BreadcrumbList\",\"@id\":\"https:\\\/\\\/marktxxl.de\\\/markt\\\/produkt\\\/seagtigau-bluetooth-tastatur-fuer-ipad-pc-tablet-macbook-iphone-smartphone-mini-wiederaufladbare-kabellose-tastatur-fuer-mac-os-ipad-os-windows-android-deutsches-qwertz-layout\\\/#breadcrumb\",\"itemListElement\":[{\"@type\":\"ListItem\",\"position\":1,\"name\":\"Startseite\",\"item\":\"https:\\\/\\\/marktxxl.de\\\/markt\\\/\"},{\"@type\":\"ListItem\",\"position\":2,\"name\":\"Markt\",\"item\":\"https:\\\/\\\/marktxxl.de\\\/markt\\\/\"},{\"@type\":\"ListItem\",\"position\":3,\"name\":\"Seagtigau Bluetooth Tastatur f\u00fcr iPad\\\/PC\\\/Tablet\\\/MacBook\\\/iPhone\\\/Smartphone, Mini Wiederaufladbare Kabellose Tastatur f\u00fcr\u2026\"}]},{\"@type\":\"WebSite\",\"@id\":\"https:\\\/\\\/marktxxl.de\\\/markt\\\/#website\",\"url\":\"https:\\\/\\\/marktxxl.de\\\/markt\\\/\",\"name\":\"Markt-XXL\",\"description\":\"Ihr Markt Online\",\"publisher\":{\"@id\":\"https:\\\/\\\/marktxxl.de\\\/markt\\\/#organization\"},\"potentialAction\":[{\"@type\":\"SearchAction\",\"target\":{\"@type\":\"EntryPoint\",\"urlTemplate\":\"https:\\\/\\\/marktxxl.de\\\/markt\\\/?s={search_term_string}\"},\"query-input\":{\"@type\":\"PropertyValueSpecification\",\"valueRequired\":true,\"valueName\":\"search_term_string\"}}],\"inLanguage\":\"de\"},{\"@type\":\"Organization\",\"@id\":\"https:\\\/\\\/marktxxl.de\\\/markt\\\/#organization\",\"name\":\"Markt-XXL\",\"url\":\"https:\\\/\\\/marktxxl.de\\\/markt\\\/\",\"logo\":{\"@type\":\"ImageObject\",\"inLanguage\":\"de\",\"@id\":\"https:\\\/\\\/marktxxl.de\\\/markt\\\/#\\\/schema\\\/logo\\\/image\\\/\",\"url\":\"https:\\\/\\\/marktxxl.de\\\/markt\\\/wp-content\\\/uploads\\\/sites\\\/3\\\/2020\\\/12\\\/logo.png\",\"contentUrl\":\"https:\\\/\\\/marktxxl.de\\\/markt\\\/wp-content\\\/uploads\\\/sites\\\/3\\\/2020\\\/12\\\/logo.png\",\"width\":200,\"height\":70,\"caption\":\"Markt-XXL\"},\"image\":{\"@id\":\"https:\\\/\\\/marktxxl.de\\\/markt\\\/#\\\/schema\\\/logo\\\/image\\\/\"}}]}<\/script>\n<!-- \/ Yoast SEO plugin. -->","yoast_head_json":{"title":"Seagtigau Bluetooth Tastatur f\u00fcr iPad\/PC\/Tablet\/MacBook\/iPhone\/Smartphone, Mini Wiederaufladbare Kabellose Tastatur f\u00fcr\u2026 - Markt-XXL","description":"Markt-XXL Seagtigau Bluetooth Tastatur f\u00fcr iPad\/PC\/Tablet\/MacBook\/iPhone\/Smartphone, Mini Wiederaufladbare Kabellose Tastatur f\u00fcr\u2026","robots":{"index":"index","follow":"follow","max-snippet":"max-snippet:-1","max-image-preview":"max-image-preview:large","max-video-preview":"max-video-preview:-1"},"canonical":"https:\/\/marktxxl.de\/markt\/produkt\/seagtigau-bluetooth-tastatur-fuer-ipad-pc-tablet-macbook-iphone-smartphone-mini-wiederaufladbare-kabellose-tastatur-fuer-mac-os-ipad-os-windows-android-deutsches-qwertz-layout\/","og_locale":"de_DE","og_type":"article","og_title":"Seagtigau Bluetooth Tastatur f\u00fcr iPad\/PC\/Tablet\/MacBook\/iPhone\/Smartphone, Mini Wiederaufladbare Kabellose Tastatur f\u00fcr\u2026 - Markt-XXL","og_description":"Markt-XXL Seagtigau Bluetooth Tastatur f\u00fcr iPad\/PC\/Tablet\/MacBook\/iPhone\/Smartphone, Mini Wiederaufladbare Kabellose Tastatur f\u00fcr\u2026","og_url":"https:\/\/marktxxl.de\/markt\/produkt\/seagtigau-bluetooth-tastatur-fuer-ipad-pc-tablet-macbook-iphone-smartphone-mini-wiederaufladbare-kabellose-tastatur-fuer-mac-os-ipad-os-windows-android-deutsches-qwertz-layout\/","og_site_name":"Markt-XXL","article_modified_time":"2023-04-10T02:21:01+00:00","og_image":[{"width":500,"height":500,"url":"https:\/\/m.media-amazon.com\/images\/I\/41Fyv+HU0nL._SL500_.jpg","type":"image\/jpeg"}],"twitter_card":"summary_large_image","twitter_misc":{"Gesch\u00e4tzte Lesezeit":"1\u00a0Minute"},"schema":{"@context":"https:\/\/schema.org","@graph":[{"@type":"WebPage","@id":"https:\/\/marktxxl.de\/markt\/produkt\/seagtigau-bluetooth-tastatur-fuer-ipad-pc-tablet-macbook-iphone-smartphone-mini-wiederaufladbare-kabellose-tastatur-fuer-mac-os-ipad-os-windows-android-deutsches-qwertz-layout\/","url":"https:\/\/marktxxl.de\/markt\/produkt\/seagtigau-bluetooth-tastatur-fuer-ipad-pc-tablet-macbook-iphone-smartphone-mini-wiederaufladbare-kabellose-tastatur-fuer-mac-os-ipad-os-windows-android-deutsches-qwertz-layout\/","name":"Seagtigau Bluetooth Tastatur f\u00fcr iPad\/PC\/Tablet\/MacBook\/iPhone\/Smartphone, Mini Wiederaufladbare Kabellose Tastatur f\u00fcr\u2026 - Markt-XXL","isPartOf":{"@id":"https:\/\/marktxxl.de\/markt\/#website"},"primaryImageOfPage":{"@id":"https:\/\/marktxxl.de\/markt\/produkt\/seagtigau-bluetooth-tastatur-fuer-ipad-pc-tablet-macbook-iphone-smartphone-mini-wiederaufladbare-kabellose-tastatur-fuer-mac-os-ipad-os-windows-android-deutsches-qwertz-layout\/#primaryimage"},"image":{"@id":"https:\/\/marktxxl.de\/markt\/produkt\/seagtigau-bluetooth-tastatur-fuer-ipad-pc-tablet-macbook-iphone-smartphone-mini-wiederaufladbare-kabellose-tastatur-fuer-mac-os-ipad-os-windows-android-deutsches-qwertz-layout\/#primaryimage"},"thumbnailUrl":"https:\/\/m.media-amazon.com\/images\/I\/41Fyv+HU0nL._SL500_.jpg","datePublished":"2022-07-14T07:19:02+00:00","dateModified":"2023-04-10T02:21:01+00:00","description":"Markt-XXL Seagtigau Bluetooth Tastatur f\u00fcr iPad\/PC\/Tablet\/MacBook\/iPhone\/Smartphone, Mini Wiederaufladbare Kabellose Tastatur f\u00fcr\u2026","breadcrumb":{"@id":"https:\/\/marktxxl.de\/markt\/produkt\/seagtigau-bluetooth-tastatur-fuer-ipad-pc-tablet-macbook-iphone-smartphone-mini-wiederaufladbare-kabellose-tastatur-fuer-mac-os-ipad-os-windows-android-deutsches-qwertz-layout\/#breadcrumb"},"inLanguage":"de","potentialAction":[{"@type":"ReadAction","target":["https:\/\/marktxxl.de\/markt\/produkt\/seagtigau-bluetooth-tastatur-fuer-ipad-pc-tablet-macbook-iphone-smartphone-mini-wiederaufladbare-kabellose-tastatur-fuer-mac-os-ipad-os-windows-android-deutsches-qwertz-layout\/"]}]},{"@type":"ImageObject","inLanguage":"de","@id":"https:\/\/marktxxl.de\/markt\/produkt\/seagtigau-bluetooth-tastatur-fuer-ipad-pc-tablet-macbook-iphone-smartphone-mini-wiederaufladbare-kabellose-tastatur-fuer-mac-os-ipad-os-windows-android-deutsches-qwertz-layout\/#primaryimage","url":"https:\/\/m.media-amazon.com\/images\/I\/41Fyv+HU0nL._SL500_.jpg","contentUrl":"https:\/\/m.media-amazon.com\/images\/I\/41Fyv+HU0nL._SL500_.jpg","width":500,"height":500},{"@type":"BreadcrumbList","@id":"https:\/\/marktxxl.de\/markt\/produkt\/seagtigau-bluetooth-tastatur-fuer-ipad-pc-tablet-macbook-iphone-smartphone-mini-wiederaufladbare-kabellose-tastatur-fuer-mac-os-ipad-os-windows-android-deutsches-qwertz-layout\/#breadcrumb","itemListElement":[{"@type":"ListItem","position":1,"name":"Startseite","item":"https:\/\/marktxxl.de\/markt\/"},{"@type":"ListItem","position":2,"name":"Markt","item":"https:\/\/marktxxl.de\/markt\/"},{"@type":"ListItem","position":3,"name":"Seagtigau Bluetooth Tastatur f\u00fcr iPad\/PC\/Tablet\/MacBook\/iPhone\/Smartphone, Mini Wiederaufladbare Kabellose Tastatur f\u00fcr\u2026"}]},{"@type":"WebSite","@id":"https:\/\/marktxxl.de\/markt\/#website","url":"https:\/\/marktxxl.de\/markt\/","name":"Markt-XXL","description":"Ihr Markt Online","publisher":{"@id":"https:\/\/marktxxl.de\/markt\/#organization"},"potentialAction":[{"@type":"SearchAction","target":{"@type":"EntryPoint","urlTemplate":"https:\/\/marktxxl.de\/markt\/?s={search_term_string}"},"query-input":{"@type":"PropertyValueSpecification","valueRequired":true,"valueName":"search_term_string"}}],"inLanguage":"de"},{"@type":"Organization","@id":"https:\/\/marktxxl.de\/markt\/#organization","name":"Markt-XXL","url":"https:\/\/marktxxl.de\/markt\/","logo":{"@type":"ImageObject","inLanguage":"de","@id":"https:\/\/marktxxl.de\/markt\/#\/schema\/logo\/image\/","url":"https:\/\/marktxxl.de\/markt\/wp-content\/uploads\/sites\/3\/2020\/12\/logo.png","contentUrl":"https:\/\/marktxxl.de\/markt\/wp-content\/uploads\/sites\/3\/2020\/12\/logo.png","width":200,"height":70,"caption":"Markt-XXL"},"image":{"@id":"https:\/\/marktxxl.de\/markt\/#\/schema\/logo\/image\/"}}]}},"_links":{"self":[{"href":"https:\/\/marktxxl.de\/markt\/wp-json\/wp\/v2\/product\/140200","targetHints":{"allow":["GET"]}}],"collection":[{"href":"https:\/\/marktxxl.de\/markt\/wp-json\/wp\/v2\/product"}],"about":[{"href":"https:\/\/marktxxl.de\/markt\/wp-json\/wp\/v2\/types\/product"}],"replies":[{"embeddable":true,"href":"https:\/\/marktxxl.de\/markt\/wp-json\/wp\/v2\/comments?post=140200"}],"wp:featuredmedia":[{"embeddable":true,"href":"https:\/\/marktxxl.de\/markt\/wp-json\/wp\/v2\/media\/140201"}],"wp:attachment":[{"href":"https:\/\/marktxxl.de\/markt\/wp-json\/wp\/v2\/media?parent=140200"}],"wp:term":[{"taxonomy":"product_brand","embeddable":true,"href":"https:\/\/marktxxl.de\/markt\/wp-json\/wp\/v2\/product_brand?post=140200"},{"taxonomy":"product_cat","embeddable":true,"href":"https:\/\/marktxxl.de\/markt\/wp-json\/wp\/v2\/product_cat?post=140200"},{"taxonomy":"product_tag","embeddable":true,"href":"https:\/\/marktxxl.de\/markt\/wp-json\/wp\/v2\/product_tag?post=140200"}],"curies":[{"name":"wp","href":"https:\/\/api.w.org\/{rel}","templated":true}]}}