{"id":140133,"date":"2022-07-14T09:16:30","date_gmt":"2022-07-14T07:16:30","guid":{"rendered":"https:\/\/marktxxl.de\/markt\/produkt\/rupa-android-tv-box-11-0-smart-tv-box-8gb-ram-128gb-rom-rk3566-quad-core-64-bit-arm-cortex-a53-cpu-unterstuetzung-hd-3d-4k-6k-8k-2-4g-5ghz-wifi-bt-4-0-usb-3-0-lan-1000m-set-top-tv-box\/"},"modified":"2023-04-10T04:21:00","modified_gmt":"2023-04-10T02:21:00","slug":"rupa-android-tv-box-11-0-smart-tv-box-8gb-ram-128gb-rom-rk3566-quad-core-64-bit-arm-cortex-a53-cpu-unterstuetzung-hd-3d-4k-6k-8k-2-4g-5ghz-wifi-bt-4-0-usb-3-0-lan-1000m-set-top-tv-box","status":"publish","type":"product","link":"https:\/\/marktxxl.de\/markt\/produkt\/rupa-android-tv-box-11-0-smart-tv-box-8gb-ram-128gb-rom-rk3566-quad-core-64-bit-arm-cortex-a53-cpu-unterstuetzung-hd-3d-4k-6k-8k-2-4g-5ghz-wifi-bt-4-0-usb-3-0-lan-1000m-set-top-tv-box\/","title":{"rendered":"RUPA Android TV Box 11.0, Smart TV Box 8GB RAM 128GB ROM RK3566 Quad-Core CPU Unterst\u00fctzung HD 3D 8K 2.4G\/5Ghz WiFi BT 4\u2026"},"content":{"rendered":"<p>\u3010Neuester RK3566-Chip\u3011 Unsere Smart-TV-Box ist mit dem Android 11.0-System ausgestattet und bietet au\u00dferdem eine intelligente Optimierung und Fehlerbehebung zum Schutz der Privatsph\u00e4re und Datensicherheit. Ausgestattet mit einer leistungsstarken RK3566 Quad-Core 64-Bit-CPU, damit das Video schnell, stabil und fl\u00fcssig l\u00e4uft. Erleben Sie ein Kinoerlebnis, ohne sich Gedanken \u00fcber das Einfrieren und Puffern machen zu m\u00fcssen.<br \/>\n\u30108 GB RAM 128 GB ROM\u3011Die android 11 TV-box mit 8 GB DDR3 bietet eine extrem hohe frequenz und reaktionsschnelle Leistung und 128 GB eMMC reichlich platz, damit sie mehr filme, spiele oder andere dateien herunterladen k\u00f6nnen.<br \/>\n\u3010Dual Wi-Fi 1000M LAN\u3011Die android 11.0 TV-box unterst\u00fctzt h\u00f6here \u00fcbertragungsgeschwindigkeiten \u00fcber 2.4G\/5.8G dual wifi und 1000M ethernet. Die maximale \u00fcbertragungsbandbreite von USB 3.0 betr\u00e4gt bis zu 5,0 Gbit\/s (500 MB\/s), w\u00e4hrend USB 2.0 480 mbit\/s (60 MB\/s) betr\u00e4gt.<br \/>\n\u30103D 8K H.265 TV BOX\u3011 Die android TV box unterst\u00fctzt 8K ultra HD aufl\u00f6sung und 3D filme, mit professionellem HDR10 Medienprofil und H.265 Videodekodierungstechnologie, macht jedes Detail des Bildschirms gl\u00e4nzend, bringt Ihnen ein realistischeres film, spiel und musikerlebnis. (Bitte stellen sie sicher, dass Ihre videoquelle und Ihr fernseher eine 8K-aufl\u00f6sung unterst\u00fctzen).<br \/>\n\u3010Familien-Cloud &amp; Service\u3011 Die android-box verf\u00fcgt \u00fcber eine einzigartige familien-cloud-APK, die sicheren, schnellen und erschwinglichen cloud-speicher f\u00fcr familien bietet. Es ist die perfekte m\u00f6glichkeit, fotos oder videos \u00fcber mobiltelefone auf dem fernseher zu speichern und zu teilen.<br \/>\n<div class=\"main-cross-sell\" data-asin=\"B09ZPF9GW4\">\n\n\t<div class=\"WooZone-cross-sell-loader\">\n\t\t<div>\n\t\t\t<div id=\"floatingBarsG\">\n\t\t\t\t<div class=\"blockG\" id=\"rotateG_01\"><\/div>\n\t\t\t\t<div class=\"blockG\" id=\"rotateG_02\"><\/div>\n\t\t\t\t<div class=\"blockG\" id=\"rotateG_03\"><\/div>\n\t\t\t\t<div class=\"blockG\" id=\"rotateG_04\"><\/div>\n\t\t\t\t<div class=\"blockG\" id=\"rotateG_05\"><\/div>\n\t\t\t\t<div class=\"blockG\" id=\"rotateG_06\"><\/div>\n\t\t\t\t<div class=\"blockG\" id=\"rotateG_07\"><\/div>\n\t\t\t\t<div class=\"blockG\" id=\"rotateG_08\"><\/div>\n\t\t\t<\/div>\n\t\t\t<div class=\"WooZone-cross-sell-loader-text\"><\/div>\n\t\t<\/div>\n\t<\/div>\n\n\t\t\n<\/div>\n<div style=\"clear:both;\"><\/div><\/p>\n","protected":false},"excerpt":{"rendered":"<p>\u3010Neuester RK3566-Chip\u3011 Unsere Smart-TV-Box ist mit dem Android 11.0-System ausgestattet und bietet au\u00dferdem eine intelligente Optimierung und Fehlerbehebung zum Schutz der Privatsph\u00e4re und Datensicherheit. Ausgestattet mit einer leistungsstarken RK3566 Quad-Core 64-Bit-CPU, damit das Video schnell, stabil und fl\u00fcssig l\u00e4uft. Erleben Sie ein Kinoerlebnis, ohne sich Gedanken \u00fcber das Einfrieren und Puffern machen zu m\u00fcssen.<br \/>\n\u30108 GB RAM 128 GB ROM\u3011Die android 11 TV-box mit 8 GB DDR3 bietet eine extrem hohe frequenz und reaktionsschnelle Leistung und 128 GB eMMC reichlich platz, damit sie mehr filme, spiele oder andere dateien herunterladen k\u00f6nnen.<br \/>\n\u3010Dual Wi-Fi 1000M LAN\u3011Die android 11.0 TV-box unterst\u00fctzt h\u00f6here \u00fcbertragungsgeschwindigkeiten \u00fcber 2.4G\/5.8G dual wifi und 1000M ethernet. Die maximale \u00fcbertragungsbandbreite von USB 3.0 betr\u00e4gt bis zu 5,0 Gbit\/s (500 MB\/s), w\u00e4hrend USB 2.0 480 mbit\/s (60 MB\/s) betr\u00e4gt.<\/p>\n","protected":false},"featured_media":140134,"comment_status":"open","ping_status":"closed","template":"","meta":[],"product_brand":[],"product_cat":[863],"product_tag":[],"class_list":{"0":"post-140133","1":"product","2":"type-product","3":"status-publish","4":"has-post-thumbnail","6":"product_cat-computer-zubehoer","7":"pa_brand-rupa","8":"pa_color-8plus128g","9":"pa_height-1-181102361-zoll","10":"pa_length-3-149606296-zoll","11":"pa_manufacturer-rupa","12":"pa_width-3-149606296-zoll","14":"first","15":"instock","16":"shipping-taxable","17":"purchasable","18":"product-type-simple","19":"customify-col","20":"product-has-gallery"},"yoast_head":"<!-- This site is optimized with the Yoast SEO plugin v27.3 - https:\/\/yoast.com\/product\/yoast-seo-wordpress\/ -->\n<title>RUPA Android TV Box 11.0, Smart TV Box 8GB RAM 128GB ROM RK3566 Quad-Core CPU Unterst\u00fctzung HD 3D 8K 2.4G\/5Ghz WiFi BT 4\u2026 - Markt-XXL<\/title>\n<meta name=\"description\" content=\"Markt-XXL RUPA Android TV Box 11.0, Smart TV Box 8GB RAM 128GB ROM RK3566 Quad-Core CPU Unterst\u00fctzung HD 3D 8K 2.4G\/5Ghz WiFi BT 4\u2026\" \/>\n<meta name=\"robots\" content=\"index, follow, max-snippet:-1, max-image-preview:large, max-video-preview:-1\" \/>\n<link rel=\"canonical\" href=\"https:\/\/marktxxl.de\/markt\/produkt\/rupa-android-tv-box-11-0-smart-tv-box-8gb-ram-128gb-rom-rk3566-quad-core-64-bit-arm-cortex-a53-cpu-unterstuetzung-hd-3d-4k-6k-8k-2-4g-5ghz-wifi-bt-4-0-usb-3-0-lan-1000m-set-top-tv-box\/\" \/>\n<meta property=\"og:locale\" content=\"de_DE\" \/>\n<meta property=\"og:type\" content=\"article\" \/>\n<meta property=\"og:title\" content=\"RUPA Android TV Box 11.0, Smart TV Box 8GB RAM 128GB ROM RK3566 Quad-Core CPU Unterst\u00fctzung HD 3D 8K 2.4G\/5Ghz WiFi BT 4\u2026 - Markt-XXL\" \/>\n<meta property=\"og:description\" content=\"Markt-XXL RUPA Android TV Box 11.0, Smart TV Box 8GB RAM 128GB ROM RK3566 Quad-Core CPU Unterst\u00fctzung HD 3D 8K 2.4G\/5Ghz WiFi BT 4\u2026\" \/>\n<meta property=\"og:url\" content=\"https:\/\/marktxxl.de\/markt\/produkt\/rupa-android-tv-box-11-0-smart-tv-box-8gb-ram-128gb-rom-rk3566-quad-core-64-bit-arm-cortex-a53-cpu-unterstuetzung-hd-3d-4k-6k-8k-2-4g-5ghz-wifi-bt-4-0-usb-3-0-lan-1000m-set-top-tv-box\/\" \/>\n<meta property=\"og:site_name\" content=\"Markt-XXL\" \/>\n<meta property=\"article:modified_time\" content=\"2023-04-10T02:21:00+00:00\" \/>\n<meta property=\"og:image\" content=\"https:\/\/m.media-amazon.com\/images\/I\/41GeTnYhyTL._SL500_.jpg\" \/>\n\t<meta property=\"og:image:width\" content=\"375\" \/>\n\t<meta property=\"og:image:height\" content=\"500\" \/>\n\t<meta property=\"og:image:type\" content=\"image\/jpeg\" \/>\n<meta name=\"twitter:card\" content=\"summary_large_image\" \/>\n<meta name=\"twitter:label1\" content=\"Gesch\u00e4tzte Lesezeit\" \/>\n\t<meta name=\"twitter:data1\" content=\"1\u00a0Minute\" \/>\n<script type=\"application\/ld+json\" class=\"yoast-schema-graph\">{\"@context\":\"https:\\\/\\\/schema.org\",\"@graph\":[{\"@type\":\"WebPage\",\"@id\":\"https:\\\/\\\/marktxxl.de\\\/markt\\\/produkt\\\/rupa-android-tv-box-11-0-smart-tv-box-8gb-ram-128gb-rom-rk3566-quad-core-64-bit-arm-cortex-a53-cpu-unterstuetzung-hd-3d-4k-6k-8k-2-4g-5ghz-wifi-bt-4-0-usb-3-0-lan-1000m-set-top-tv-box\\\/\",\"url\":\"https:\\\/\\\/marktxxl.de\\\/markt\\\/produkt\\\/rupa-android-tv-box-11-0-smart-tv-box-8gb-ram-128gb-rom-rk3566-quad-core-64-bit-arm-cortex-a53-cpu-unterstuetzung-hd-3d-4k-6k-8k-2-4g-5ghz-wifi-bt-4-0-usb-3-0-lan-1000m-set-top-tv-box\\\/\",\"name\":\"RUPA Android TV Box 11.0, Smart TV Box 8GB RAM 128GB ROM RK3566 Quad-Core CPU Unterst\u00fctzung HD 3D 8K 2.4G\\\/5Ghz WiFi BT 4\u2026 - Markt-XXL\",\"isPartOf\":{\"@id\":\"https:\\\/\\\/marktxxl.de\\\/markt\\\/#website\"},\"primaryImageOfPage\":{\"@id\":\"https:\\\/\\\/marktxxl.de\\\/markt\\\/produkt\\\/rupa-android-tv-box-11-0-smart-tv-box-8gb-ram-128gb-rom-rk3566-quad-core-64-bit-arm-cortex-a53-cpu-unterstuetzung-hd-3d-4k-6k-8k-2-4g-5ghz-wifi-bt-4-0-usb-3-0-lan-1000m-set-top-tv-box\\\/#primaryimage\"},\"image\":{\"@id\":\"https:\\\/\\\/marktxxl.de\\\/markt\\\/produkt\\\/rupa-android-tv-box-11-0-smart-tv-box-8gb-ram-128gb-rom-rk3566-quad-core-64-bit-arm-cortex-a53-cpu-unterstuetzung-hd-3d-4k-6k-8k-2-4g-5ghz-wifi-bt-4-0-usb-3-0-lan-1000m-set-top-tv-box\\\/#primaryimage\"},\"thumbnailUrl\":\"https:\\\/\\\/m.media-amazon.com\\\/images\\\/I\\\/41GeTnYhyTL._SL500_.jpg\",\"datePublished\":\"2022-07-14T07:16:30+00:00\",\"dateModified\":\"2023-04-10T02:21:00+00:00\",\"description\":\"Markt-XXL RUPA Android TV Box 11.0, Smart TV Box 8GB RAM 128GB ROM RK3566 Quad-Core CPU Unterst\u00fctzung HD 3D 8K 2.4G\\\/5Ghz WiFi BT 4\u2026\",\"breadcrumb\":{\"@id\":\"https:\\\/\\\/marktxxl.de\\\/markt\\\/produkt\\\/rupa-android-tv-box-11-0-smart-tv-box-8gb-ram-128gb-rom-rk3566-quad-core-64-bit-arm-cortex-a53-cpu-unterstuetzung-hd-3d-4k-6k-8k-2-4g-5ghz-wifi-bt-4-0-usb-3-0-lan-1000m-set-top-tv-box\\\/#breadcrumb\"},\"inLanguage\":\"de\",\"potentialAction\":[{\"@type\":\"ReadAction\",\"target\":[\"https:\\\/\\\/marktxxl.de\\\/markt\\\/produkt\\\/rupa-android-tv-box-11-0-smart-tv-box-8gb-ram-128gb-rom-rk3566-quad-core-64-bit-arm-cortex-a53-cpu-unterstuetzung-hd-3d-4k-6k-8k-2-4g-5ghz-wifi-bt-4-0-usb-3-0-lan-1000m-set-top-tv-box\\\/\"]}]},{\"@type\":\"ImageObject\",\"inLanguage\":\"de\",\"@id\":\"https:\\\/\\\/marktxxl.de\\\/markt\\\/produkt\\\/rupa-android-tv-box-11-0-smart-tv-box-8gb-ram-128gb-rom-rk3566-quad-core-64-bit-arm-cortex-a53-cpu-unterstuetzung-hd-3d-4k-6k-8k-2-4g-5ghz-wifi-bt-4-0-usb-3-0-lan-1000m-set-top-tv-box\\\/#primaryimage\",\"url\":\"https:\\\/\\\/m.media-amazon.com\\\/images\\\/I\\\/41GeTnYhyTL._SL500_.jpg\",\"contentUrl\":\"https:\\\/\\\/m.media-amazon.com\\\/images\\\/I\\\/41GeTnYhyTL._SL500_.jpg\",\"width\":375,\"height\":500},{\"@type\":\"BreadcrumbList\",\"@id\":\"https:\\\/\\\/marktxxl.de\\\/markt\\\/produkt\\\/rupa-android-tv-box-11-0-smart-tv-box-8gb-ram-128gb-rom-rk3566-quad-core-64-bit-arm-cortex-a53-cpu-unterstuetzung-hd-3d-4k-6k-8k-2-4g-5ghz-wifi-bt-4-0-usb-3-0-lan-1000m-set-top-tv-box\\\/#breadcrumb\",\"itemListElement\":[{\"@type\":\"ListItem\",\"position\":1,\"name\":\"Startseite\",\"item\":\"https:\\\/\\\/marktxxl.de\\\/markt\\\/\"},{\"@type\":\"ListItem\",\"position\":2,\"name\":\"Markt\",\"item\":\"https:\\\/\\\/marktxxl.de\\\/markt\\\/\"},{\"@type\":\"ListItem\",\"position\":3,\"name\":\"RUPA Android TV Box 11.0, Smart TV Box 8GB RAM 128GB ROM RK3566 Quad-Core CPU Unterst\u00fctzung HD 3D 8K 2.4G\\\/5Ghz WiFi BT 4\u2026\"}]},{\"@type\":\"WebSite\",\"@id\":\"https:\\\/\\\/marktxxl.de\\\/markt\\\/#website\",\"url\":\"https:\\\/\\\/marktxxl.de\\\/markt\\\/\",\"name\":\"Markt-XXL\",\"description\":\"Ihr Markt Online\",\"publisher\":{\"@id\":\"https:\\\/\\\/marktxxl.de\\\/markt\\\/#organization\"},\"potentialAction\":[{\"@type\":\"SearchAction\",\"target\":{\"@type\":\"EntryPoint\",\"urlTemplate\":\"https:\\\/\\\/marktxxl.de\\\/markt\\\/?s={search_term_string}\"},\"query-input\":{\"@type\":\"PropertyValueSpecification\",\"valueRequired\":true,\"valueName\":\"search_term_string\"}}],\"inLanguage\":\"de\"},{\"@type\":\"Organization\",\"@id\":\"https:\\\/\\\/marktxxl.de\\\/markt\\\/#organization\",\"name\":\"Markt-XXL\",\"url\":\"https:\\\/\\\/marktxxl.de\\\/markt\\\/\",\"logo\":{\"@type\":\"ImageObject\",\"inLanguage\":\"de\",\"@id\":\"https:\\\/\\\/marktxxl.de\\\/markt\\\/#\\\/schema\\\/logo\\\/image\\\/\",\"url\":\"https:\\\/\\\/marktxxl.de\\\/markt\\\/wp-content\\\/uploads\\\/sites\\\/3\\\/2020\\\/12\\\/logo.png\",\"contentUrl\":\"https:\\\/\\\/marktxxl.de\\\/markt\\\/wp-content\\\/uploads\\\/sites\\\/3\\\/2020\\\/12\\\/logo.png\",\"width\":200,\"height\":70,\"caption\":\"Markt-XXL\"},\"image\":{\"@id\":\"https:\\\/\\\/marktxxl.de\\\/markt\\\/#\\\/schema\\\/logo\\\/image\\\/\"}}]}<\/script>\n<!-- \/ Yoast SEO plugin. -->","yoast_head_json":{"title":"RUPA Android TV Box 11.0, Smart TV Box 8GB RAM 128GB ROM RK3566 Quad-Core CPU Unterst\u00fctzung HD 3D 8K 2.4G\/5Ghz WiFi BT 4\u2026 - Markt-XXL","description":"Markt-XXL RUPA Android TV Box 11.0, Smart TV Box 8GB RAM 128GB ROM RK3566 Quad-Core CPU Unterst\u00fctzung HD 3D 8K 2.4G\/5Ghz WiFi BT 4\u2026","robots":{"index":"index","follow":"follow","max-snippet":"max-snippet:-1","max-image-preview":"max-image-preview:large","max-video-preview":"max-video-preview:-1"},"canonical":"https:\/\/marktxxl.de\/markt\/produkt\/rupa-android-tv-box-11-0-smart-tv-box-8gb-ram-128gb-rom-rk3566-quad-core-64-bit-arm-cortex-a53-cpu-unterstuetzung-hd-3d-4k-6k-8k-2-4g-5ghz-wifi-bt-4-0-usb-3-0-lan-1000m-set-top-tv-box\/","og_locale":"de_DE","og_type":"article","og_title":"RUPA Android TV Box 11.0, Smart TV Box 8GB RAM 128GB ROM RK3566 Quad-Core CPU Unterst\u00fctzung HD 3D 8K 2.4G\/5Ghz WiFi BT 4\u2026 - Markt-XXL","og_description":"Markt-XXL RUPA Android TV Box 11.0, Smart TV Box 8GB RAM 128GB ROM RK3566 Quad-Core CPU Unterst\u00fctzung HD 3D 8K 2.4G\/5Ghz WiFi BT 4\u2026","og_url":"https:\/\/marktxxl.de\/markt\/produkt\/rupa-android-tv-box-11-0-smart-tv-box-8gb-ram-128gb-rom-rk3566-quad-core-64-bit-arm-cortex-a53-cpu-unterstuetzung-hd-3d-4k-6k-8k-2-4g-5ghz-wifi-bt-4-0-usb-3-0-lan-1000m-set-top-tv-box\/","og_site_name":"Markt-XXL","article_modified_time":"2023-04-10T02:21:00+00:00","og_image":[{"width":375,"height":500,"url":"https:\/\/m.media-amazon.com\/images\/I\/41GeTnYhyTL._SL500_.jpg","type":"image\/jpeg"}],"twitter_card":"summary_large_image","twitter_misc":{"Gesch\u00e4tzte Lesezeit":"1\u00a0Minute"},"schema":{"@context":"https:\/\/schema.org","@graph":[{"@type":"WebPage","@id":"https:\/\/marktxxl.de\/markt\/produkt\/rupa-android-tv-box-11-0-smart-tv-box-8gb-ram-128gb-rom-rk3566-quad-core-64-bit-arm-cortex-a53-cpu-unterstuetzung-hd-3d-4k-6k-8k-2-4g-5ghz-wifi-bt-4-0-usb-3-0-lan-1000m-set-top-tv-box\/","url":"https:\/\/marktxxl.de\/markt\/produkt\/rupa-android-tv-box-11-0-smart-tv-box-8gb-ram-128gb-rom-rk3566-quad-core-64-bit-arm-cortex-a53-cpu-unterstuetzung-hd-3d-4k-6k-8k-2-4g-5ghz-wifi-bt-4-0-usb-3-0-lan-1000m-set-top-tv-box\/","name":"RUPA Android TV Box 11.0, Smart TV Box 8GB RAM 128GB ROM RK3566 Quad-Core CPU Unterst\u00fctzung HD 3D 8K 2.4G\/5Ghz WiFi BT 4\u2026 - Markt-XXL","isPartOf":{"@id":"https:\/\/marktxxl.de\/markt\/#website"},"primaryImageOfPage":{"@id":"https:\/\/marktxxl.de\/markt\/produkt\/rupa-android-tv-box-11-0-smart-tv-box-8gb-ram-128gb-rom-rk3566-quad-core-64-bit-arm-cortex-a53-cpu-unterstuetzung-hd-3d-4k-6k-8k-2-4g-5ghz-wifi-bt-4-0-usb-3-0-lan-1000m-set-top-tv-box\/#primaryimage"},"image":{"@id":"https:\/\/marktxxl.de\/markt\/produkt\/rupa-android-tv-box-11-0-smart-tv-box-8gb-ram-128gb-rom-rk3566-quad-core-64-bit-arm-cortex-a53-cpu-unterstuetzung-hd-3d-4k-6k-8k-2-4g-5ghz-wifi-bt-4-0-usb-3-0-lan-1000m-set-top-tv-box\/#primaryimage"},"thumbnailUrl":"https:\/\/m.media-amazon.com\/images\/I\/41GeTnYhyTL._SL500_.jpg","datePublished":"2022-07-14T07:16:30+00:00","dateModified":"2023-04-10T02:21:00+00:00","description":"Markt-XXL RUPA Android TV Box 11.0, Smart TV Box 8GB RAM 128GB ROM RK3566 Quad-Core CPU Unterst\u00fctzung HD 3D 8K 2.4G\/5Ghz WiFi BT 4\u2026","breadcrumb":{"@id":"https:\/\/marktxxl.de\/markt\/produkt\/rupa-android-tv-box-11-0-smart-tv-box-8gb-ram-128gb-rom-rk3566-quad-core-64-bit-arm-cortex-a53-cpu-unterstuetzung-hd-3d-4k-6k-8k-2-4g-5ghz-wifi-bt-4-0-usb-3-0-lan-1000m-set-top-tv-box\/#breadcrumb"},"inLanguage":"de","potentialAction":[{"@type":"ReadAction","target":["https:\/\/marktxxl.de\/markt\/produkt\/rupa-android-tv-box-11-0-smart-tv-box-8gb-ram-128gb-rom-rk3566-quad-core-64-bit-arm-cortex-a53-cpu-unterstuetzung-hd-3d-4k-6k-8k-2-4g-5ghz-wifi-bt-4-0-usb-3-0-lan-1000m-set-top-tv-box\/"]}]},{"@type":"ImageObject","inLanguage":"de","@id":"https:\/\/marktxxl.de\/markt\/produkt\/rupa-android-tv-box-11-0-smart-tv-box-8gb-ram-128gb-rom-rk3566-quad-core-64-bit-arm-cortex-a53-cpu-unterstuetzung-hd-3d-4k-6k-8k-2-4g-5ghz-wifi-bt-4-0-usb-3-0-lan-1000m-set-top-tv-box\/#primaryimage","url":"https:\/\/m.media-amazon.com\/images\/I\/41GeTnYhyTL._SL500_.jpg","contentUrl":"https:\/\/m.media-amazon.com\/images\/I\/41GeTnYhyTL._SL500_.jpg","width":375,"height":500},{"@type":"BreadcrumbList","@id":"https:\/\/marktxxl.de\/markt\/produkt\/rupa-android-tv-box-11-0-smart-tv-box-8gb-ram-128gb-rom-rk3566-quad-core-64-bit-arm-cortex-a53-cpu-unterstuetzung-hd-3d-4k-6k-8k-2-4g-5ghz-wifi-bt-4-0-usb-3-0-lan-1000m-set-top-tv-box\/#breadcrumb","itemListElement":[{"@type":"ListItem","position":1,"name":"Startseite","item":"https:\/\/marktxxl.de\/markt\/"},{"@type":"ListItem","position":2,"name":"Markt","item":"https:\/\/marktxxl.de\/markt\/"},{"@type":"ListItem","position":3,"name":"RUPA Android TV Box 11.0, Smart TV Box 8GB RAM 128GB ROM RK3566 Quad-Core CPU Unterst\u00fctzung HD 3D 8K 2.4G\/5Ghz WiFi BT 4\u2026"}]},{"@type":"WebSite","@id":"https:\/\/marktxxl.de\/markt\/#website","url":"https:\/\/marktxxl.de\/markt\/","name":"Markt-XXL","description":"Ihr Markt Online","publisher":{"@id":"https:\/\/marktxxl.de\/markt\/#organization"},"potentialAction":[{"@type":"SearchAction","target":{"@type":"EntryPoint","urlTemplate":"https:\/\/marktxxl.de\/markt\/?s={search_term_string}"},"query-input":{"@type":"PropertyValueSpecification","valueRequired":true,"valueName":"search_term_string"}}],"inLanguage":"de"},{"@type":"Organization","@id":"https:\/\/marktxxl.de\/markt\/#organization","name":"Markt-XXL","url":"https:\/\/marktxxl.de\/markt\/","logo":{"@type":"ImageObject","inLanguage":"de","@id":"https:\/\/marktxxl.de\/markt\/#\/schema\/logo\/image\/","url":"https:\/\/marktxxl.de\/markt\/wp-content\/uploads\/sites\/3\/2020\/12\/logo.png","contentUrl":"https:\/\/marktxxl.de\/markt\/wp-content\/uploads\/sites\/3\/2020\/12\/logo.png","width":200,"height":70,"caption":"Markt-XXL"},"image":{"@id":"https:\/\/marktxxl.de\/markt\/#\/schema\/logo\/image\/"}}]}},"_links":{"self":[{"href":"https:\/\/marktxxl.de\/markt\/wp-json\/wp\/v2\/product\/140133","targetHints":{"allow":["GET"]}}],"collection":[{"href":"https:\/\/marktxxl.de\/markt\/wp-json\/wp\/v2\/product"}],"about":[{"href":"https:\/\/marktxxl.de\/markt\/wp-json\/wp\/v2\/types\/product"}],"replies":[{"embeddable":true,"href":"https:\/\/marktxxl.de\/markt\/wp-json\/wp\/v2\/comments?post=140133"}],"wp:featuredmedia":[{"embeddable":true,"href":"https:\/\/marktxxl.de\/markt\/wp-json\/wp\/v2\/media\/140134"}],"wp:attachment":[{"href":"https:\/\/marktxxl.de\/markt\/wp-json\/wp\/v2\/media?parent=140133"}],"wp:term":[{"taxonomy":"product_brand","embeddable":true,"href":"https:\/\/marktxxl.de\/markt\/wp-json\/wp\/v2\/product_brand?post=140133"},{"taxonomy":"product_cat","embeddable":true,"href":"https:\/\/marktxxl.de\/markt\/wp-json\/wp\/v2\/product_cat?post=140133"},{"taxonomy":"product_tag","embeddable":true,"href":"https:\/\/marktxxl.de\/markt\/wp-json\/wp\/v2\/product_tag?post=140133"}],"curies":[{"name":"wp","href":"https:\/\/api.w.org\/{rel}","templated":true}]}}