{"id":140115,"date":"2022-07-14T09:16:13","date_gmt":"2022-07-14T07:16:13","guid":{"rendered":"https:\/\/marktxxl.de\/markt\/produkt\/vovipo-kindle-paperwhite-6-8-slim-huelle-light-shell-smart-cover-fuer-kindle-paperwhite-2021\/"},"modified":"2023-04-10T04:21:00","modified_gmt":"2023-04-10T02:21:00","slug":"vovipo-kindle-paperwhite-6-8-slim-huelle-light-shell-smart-cover-fuer-kindle-paperwhite-2021","status":"publish","type":"product","link":"https:\/\/marktxxl.de\/markt\/produkt\/vovipo-kindle-paperwhite-6-8-slim-huelle-light-shell-smart-cover-fuer-kindle-paperwhite-2021\/","title":{"rendered":"VOVIPO H\u00fclle f\u00fcr 6,8&#8243; Kindle Paperwhite (11. Generation &#8211; 2021) und Kindle Paperwhite Signature Edition &#8211; Die d\u00fcnnste und leichteste Schutzh\u00fclle Tasche mit Auto Sleep\/Wake-Black"},"content":{"rendered":"<p>Das Design passt perfekt zu Ihrem brandneuen Kindle Paperwhite 6.8 (11. Generation, nur 2021 ver\u00f6ffentlicht, passt nicht f\u00fcr Kindles der vorherigen Generation).<br \/>\nWeckt Ihren E-Reader automatisch auf oder versetzt ihn in den Ruhezustand, wenn der Deckel ge\u00f6ffnet und geschlossen wird<br \/>\nUltrad\u00fcnn und leicht, hergestellt aus hochwertigem PU-Leder, hartem Polycarbonat und hartem PC, bieten Ganzk\u00f6rperschutz vor Kratzern und St\u00f6\u00dfen<br \/>\nEinfache Clip-On-Anwendung. Integrierte Magnete halten die Abdeckung sicher geschlossen, keine Sorge vor versehentlichem \u00d6ffnen<br \/>\nEinfacher Zugriff auf Tasten oder Funktionen, ohne das Geh\u00e4use zu entfernen. Erh\u00e4ltlich in einer Vielzahl von ausgefallenen und lustigen Farben,Nur H\u00fclle,Ger\u00e4t nicht im Lieferumfang enthalten<br \/>\n<div class=\"main-cross-sell\" data-asin=\"B09Z2RNPPS\">\n\n\t<div class=\"WooZone-cross-sell-loader\">\n\t\t<div>\n\t\t\t<div id=\"floatingBarsG\">\n\t\t\t\t<div class=\"blockG\" id=\"rotateG_01\"><\/div>\n\t\t\t\t<div class=\"blockG\" id=\"rotateG_02\"><\/div>\n\t\t\t\t<div class=\"blockG\" id=\"rotateG_03\"><\/div>\n\t\t\t\t<div class=\"blockG\" id=\"rotateG_04\"><\/div>\n\t\t\t\t<div class=\"blockG\" id=\"rotateG_05\"><\/div>\n\t\t\t\t<div class=\"blockG\" id=\"rotateG_06\"><\/div>\n\t\t\t\t<div class=\"blockG\" id=\"rotateG_07\"><\/div>\n\t\t\t\t<div class=\"blockG\" id=\"rotateG_08\"><\/div>\n\t\t\t<\/div>\n\t\t\t<div class=\"WooZone-cross-sell-loader-text\"><\/div>\n\t\t<\/div>\n\t<\/div>\n\n\t\t\n<\/div>\n<div style=\"clear:both;\"><\/div><\/p>\n","protected":false},"excerpt":{"rendered":"<p>Das Design passt perfekt zu Ihrem brandneuen Kindle Paperwhite 6.8 (11. Generation, nur 2021 ver\u00f6ffentlicht, passt nicht f\u00fcr Kindles der vorherigen Generation).<br \/>\nWeckt Ihren E-Reader automatisch auf oder versetzt ihn in den Ruhezustand, wenn der Deckel ge\u00f6ffnet und geschlossen wird<br \/>\nUltrad\u00fcnn und leicht, hergestellt aus hochwertigem PU-Leder, hartem Polycarbonat und hartem PC, bieten Ganzk\u00f6rperschutz vor Kratzern und St\u00f6\u00dfen<\/p>\n","protected":false},"featured_media":140116,"comment_status":"open","ping_status":"closed","template":"","meta":[],"product_brand":[],"product_cat":[863],"product_tag":[],"class_list":{"0":"post-140115","1":"product","2":"type-product","3":"status-publish","4":"has-post-thumbnail","6":"product_cat-computer-zubehoer","7":"pa_brand-vovipo","8":"pa_height-0-4724409444-zoll","9":"pa_length-7-086614166-zoll","10":"pa_manufacturer-aodenuo","11":"pa_width-5-118110231-zoll","13":"first","14":"instock","15":"shipping-taxable","16":"purchasable","17":"product-type-simple","18":"customify-col","19":"product-has-gallery"},"yoast_head":"<!-- This site is optimized with the Yoast SEO plugin v27.4 - https:\/\/yoast.com\/product\/yoast-seo-wordpress\/ -->\n<title>VOVIPO H\u00fclle f\u00fcr 6,8&quot; Kindle Paperwhite (11. Generation - 2021) und Kindle Paperwhite Signature Edition - Die d\u00fcnnste und leichteste Schutzh\u00fclle Tasche mit Auto Sleep\/Wake-Black - Markt-XXL<\/title>\n<meta name=\"description\" content=\"Markt-XXL VOVIPO H\u00fclle f\u00fcr 6,8&quot; Kindle Paperwhite (11. Generation - 2021) und Kindle Paperwhite Signature Edition - Die d\u00fcnnste und leichteste Schutzh\u00fclle Tasche mit Auto Sleep\/Wake-Black\" \/>\n<meta name=\"robots\" content=\"index, follow, max-snippet:-1, max-image-preview:large, max-video-preview:-1\" \/>\n<link rel=\"canonical\" href=\"https:\/\/marktxxl.de\/markt\/produkt\/vovipo-kindle-paperwhite-6-8-slim-huelle-light-shell-smart-cover-fuer-kindle-paperwhite-2021\/\" \/>\n<meta property=\"og:locale\" content=\"de_DE\" \/>\n<meta property=\"og:type\" content=\"article\" \/>\n<meta property=\"og:title\" content=\"VOVIPO H\u00fclle f\u00fcr 6,8&quot; Kindle Paperwhite (11. Generation - 2021) und Kindle Paperwhite Signature Edition - Die d\u00fcnnste und leichteste Schutzh\u00fclle Tasche mit Auto Sleep\/Wake-Black - Markt-XXL\" \/>\n<meta property=\"og:description\" content=\"Markt-XXL VOVIPO H\u00fclle f\u00fcr 6,8&quot; Kindle Paperwhite (11. Generation - 2021) und Kindle Paperwhite Signature Edition - Die d\u00fcnnste und leichteste Schutzh\u00fclle Tasche mit Auto Sleep\/Wake-Black\" \/>\n<meta property=\"og:url\" content=\"https:\/\/marktxxl.de\/markt\/produkt\/vovipo-kindle-paperwhite-6-8-slim-huelle-light-shell-smart-cover-fuer-kindle-paperwhite-2021\/\" \/>\n<meta property=\"og:site_name\" content=\"Markt-XXL\" \/>\n<meta property=\"article:modified_time\" content=\"2023-04-10T02:21:00+00:00\" \/>\n<meta property=\"og:image\" content=\"https:\/\/m.media-amazon.com\/images\/I\/41xUY1-4-vL._SL500_.jpg\" \/>\n\t<meta property=\"og:image:width\" content=\"500\" \/>\n\t<meta property=\"og:image:height\" content=\"500\" \/>\n\t<meta property=\"og:image:type\" content=\"image\/jpeg\" \/>\n<meta name=\"twitter:card\" content=\"summary_large_image\" \/>\n<meta name=\"twitter:label1\" content=\"Gesch\u00e4tzte Lesezeit\" \/>\n\t<meta name=\"twitter:data1\" content=\"1\u00a0Minute\" \/>\n<script type=\"application\/ld+json\" class=\"yoast-schema-graph\">{\"@context\":\"https:\\\/\\\/schema.org\",\"@graph\":[{\"@type\":\"WebPage\",\"@id\":\"https:\\\/\\\/marktxxl.de\\\/markt\\\/produkt\\\/vovipo-kindle-paperwhite-6-8-slim-huelle-light-shell-smart-cover-fuer-kindle-paperwhite-2021\\\/\",\"url\":\"https:\\\/\\\/marktxxl.de\\\/markt\\\/produkt\\\/vovipo-kindle-paperwhite-6-8-slim-huelle-light-shell-smart-cover-fuer-kindle-paperwhite-2021\\\/\",\"name\":\"VOVIPO H\u00fclle f\u00fcr 6,8\\\" Kindle Paperwhite (11. Generation - 2021) und Kindle Paperwhite Signature Edition - Die d\u00fcnnste und leichteste Schutzh\u00fclle Tasche mit Auto Sleep\\\/Wake-Black - Markt-XXL\",\"isPartOf\":{\"@id\":\"https:\\\/\\\/marktxxl.de\\\/markt\\\/#website\"},\"primaryImageOfPage\":{\"@id\":\"https:\\\/\\\/marktxxl.de\\\/markt\\\/produkt\\\/vovipo-kindle-paperwhite-6-8-slim-huelle-light-shell-smart-cover-fuer-kindle-paperwhite-2021\\\/#primaryimage\"},\"image\":{\"@id\":\"https:\\\/\\\/marktxxl.de\\\/markt\\\/produkt\\\/vovipo-kindle-paperwhite-6-8-slim-huelle-light-shell-smart-cover-fuer-kindle-paperwhite-2021\\\/#primaryimage\"},\"thumbnailUrl\":\"https:\\\/\\\/m.media-amazon.com\\\/images\\\/I\\\/41xUY1-4-vL._SL500_.jpg\",\"datePublished\":\"2022-07-14T07:16:13+00:00\",\"dateModified\":\"2023-04-10T02:21:00+00:00\",\"description\":\"Markt-XXL VOVIPO H\u00fclle f\u00fcr 6,8\\\" Kindle Paperwhite (11. Generation - 2021) und Kindle Paperwhite Signature Edition - Die d\u00fcnnste und leichteste Schutzh\u00fclle Tasche mit Auto Sleep\\\/Wake-Black\",\"breadcrumb\":{\"@id\":\"https:\\\/\\\/marktxxl.de\\\/markt\\\/produkt\\\/vovipo-kindle-paperwhite-6-8-slim-huelle-light-shell-smart-cover-fuer-kindle-paperwhite-2021\\\/#breadcrumb\"},\"inLanguage\":\"de\",\"potentialAction\":[{\"@type\":\"ReadAction\",\"target\":[\"https:\\\/\\\/marktxxl.de\\\/markt\\\/produkt\\\/vovipo-kindle-paperwhite-6-8-slim-huelle-light-shell-smart-cover-fuer-kindle-paperwhite-2021\\\/\"]}]},{\"@type\":\"ImageObject\",\"inLanguage\":\"de\",\"@id\":\"https:\\\/\\\/marktxxl.de\\\/markt\\\/produkt\\\/vovipo-kindle-paperwhite-6-8-slim-huelle-light-shell-smart-cover-fuer-kindle-paperwhite-2021\\\/#primaryimage\",\"url\":\"https:\\\/\\\/m.media-amazon.com\\\/images\\\/I\\\/41xUY1-4-vL._SL500_.jpg\",\"contentUrl\":\"https:\\\/\\\/m.media-amazon.com\\\/images\\\/I\\\/41xUY1-4-vL._SL500_.jpg\",\"width\":500,\"height\":500},{\"@type\":\"BreadcrumbList\",\"@id\":\"https:\\\/\\\/marktxxl.de\\\/markt\\\/produkt\\\/vovipo-kindle-paperwhite-6-8-slim-huelle-light-shell-smart-cover-fuer-kindle-paperwhite-2021\\\/#breadcrumb\",\"itemListElement\":[{\"@type\":\"ListItem\",\"position\":1,\"name\":\"Startseite\",\"item\":\"https:\\\/\\\/marktxxl.de\\\/markt\\\/\"},{\"@type\":\"ListItem\",\"position\":2,\"name\":\"Markt\",\"item\":\"https:\\\/\\\/marktxxl.de\\\/markt\\\/\"},{\"@type\":\"ListItem\",\"position\":3,\"name\":\"VOVIPO H\u00fclle f\u00fcr 6,8&#8243; Kindle Paperwhite (11. Generation &#8211; 2021) und Kindle Paperwhite Signature Edition &#8211; Die d\u00fcnnste und leichteste Schutzh\u00fclle Tasche mit Auto Sleep\\\/Wake-Black\"}]},{\"@type\":\"WebSite\",\"@id\":\"https:\\\/\\\/marktxxl.de\\\/markt\\\/#website\",\"url\":\"https:\\\/\\\/marktxxl.de\\\/markt\\\/\",\"name\":\"Markt-XXL\",\"description\":\"Ihr Markt Online\",\"publisher\":{\"@id\":\"https:\\\/\\\/marktxxl.de\\\/markt\\\/#organization\"},\"potentialAction\":[{\"@type\":\"SearchAction\",\"target\":{\"@type\":\"EntryPoint\",\"urlTemplate\":\"https:\\\/\\\/marktxxl.de\\\/markt\\\/?s={search_term_string}\"},\"query-input\":{\"@type\":\"PropertyValueSpecification\",\"valueRequired\":true,\"valueName\":\"search_term_string\"}}],\"inLanguage\":\"de\"},{\"@type\":\"Organization\",\"@id\":\"https:\\\/\\\/marktxxl.de\\\/markt\\\/#organization\",\"name\":\"Markt-XXL\",\"url\":\"https:\\\/\\\/marktxxl.de\\\/markt\\\/\",\"logo\":{\"@type\":\"ImageObject\",\"inLanguage\":\"de\",\"@id\":\"https:\\\/\\\/marktxxl.de\\\/markt\\\/#\\\/schema\\\/logo\\\/image\\\/\",\"url\":\"https:\\\/\\\/marktxxl.de\\\/markt\\\/wp-content\\\/uploads\\\/sites\\\/3\\\/2020\\\/12\\\/logo.png\",\"contentUrl\":\"https:\\\/\\\/marktxxl.de\\\/markt\\\/wp-content\\\/uploads\\\/sites\\\/3\\\/2020\\\/12\\\/logo.png\",\"width\":200,\"height\":70,\"caption\":\"Markt-XXL\"},\"image\":{\"@id\":\"https:\\\/\\\/marktxxl.de\\\/markt\\\/#\\\/schema\\\/logo\\\/image\\\/\"}}]}<\/script>\n<!-- \/ Yoast SEO plugin. -->","yoast_head_json":{"title":"VOVIPO H\u00fclle f\u00fcr 6,8\" Kindle Paperwhite (11. Generation - 2021) und Kindle Paperwhite Signature Edition - Die d\u00fcnnste und leichteste Schutzh\u00fclle Tasche mit Auto Sleep\/Wake-Black - Markt-XXL","description":"Markt-XXL VOVIPO H\u00fclle f\u00fcr 6,8\" Kindle Paperwhite (11. Generation - 2021) und Kindle Paperwhite Signature Edition - Die d\u00fcnnste und leichteste Schutzh\u00fclle Tasche mit Auto Sleep\/Wake-Black","robots":{"index":"index","follow":"follow","max-snippet":"max-snippet:-1","max-image-preview":"max-image-preview:large","max-video-preview":"max-video-preview:-1"},"canonical":"https:\/\/marktxxl.de\/markt\/produkt\/vovipo-kindle-paperwhite-6-8-slim-huelle-light-shell-smart-cover-fuer-kindle-paperwhite-2021\/","og_locale":"de_DE","og_type":"article","og_title":"VOVIPO H\u00fclle f\u00fcr 6,8\" Kindle Paperwhite (11. Generation - 2021) und Kindle Paperwhite Signature Edition - Die d\u00fcnnste und leichteste Schutzh\u00fclle Tasche mit Auto Sleep\/Wake-Black - Markt-XXL","og_description":"Markt-XXL VOVIPO H\u00fclle f\u00fcr 6,8\" Kindle Paperwhite (11. Generation - 2021) und Kindle Paperwhite Signature Edition - Die d\u00fcnnste und leichteste Schutzh\u00fclle Tasche mit Auto Sleep\/Wake-Black","og_url":"https:\/\/marktxxl.de\/markt\/produkt\/vovipo-kindle-paperwhite-6-8-slim-huelle-light-shell-smart-cover-fuer-kindle-paperwhite-2021\/","og_site_name":"Markt-XXL","article_modified_time":"2023-04-10T02:21:00+00:00","og_image":[{"width":500,"height":500,"url":"https:\/\/m.media-amazon.com\/images\/I\/41xUY1-4-vL._SL500_.jpg","type":"image\/jpeg"}],"twitter_card":"summary_large_image","twitter_misc":{"Gesch\u00e4tzte Lesezeit":"1\u00a0Minute"},"schema":{"@context":"https:\/\/schema.org","@graph":[{"@type":"WebPage","@id":"https:\/\/marktxxl.de\/markt\/produkt\/vovipo-kindle-paperwhite-6-8-slim-huelle-light-shell-smart-cover-fuer-kindle-paperwhite-2021\/","url":"https:\/\/marktxxl.de\/markt\/produkt\/vovipo-kindle-paperwhite-6-8-slim-huelle-light-shell-smart-cover-fuer-kindle-paperwhite-2021\/","name":"VOVIPO H\u00fclle f\u00fcr 6,8\" Kindle Paperwhite (11. Generation - 2021) und Kindle Paperwhite Signature Edition - Die d\u00fcnnste und leichteste Schutzh\u00fclle Tasche mit Auto Sleep\/Wake-Black - Markt-XXL","isPartOf":{"@id":"https:\/\/marktxxl.de\/markt\/#website"},"primaryImageOfPage":{"@id":"https:\/\/marktxxl.de\/markt\/produkt\/vovipo-kindle-paperwhite-6-8-slim-huelle-light-shell-smart-cover-fuer-kindle-paperwhite-2021\/#primaryimage"},"image":{"@id":"https:\/\/marktxxl.de\/markt\/produkt\/vovipo-kindle-paperwhite-6-8-slim-huelle-light-shell-smart-cover-fuer-kindle-paperwhite-2021\/#primaryimage"},"thumbnailUrl":"https:\/\/m.media-amazon.com\/images\/I\/41xUY1-4-vL._SL500_.jpg","datePublished":"2022-07-14T07:16:13+00:00","dateModified":"2023-04-10T02:21:00+00:00","description":"Markt-XXL VOVIPO H\u00fclle f\u00fcr 6,8\" Kindle Paperwhite (11. Generation - 2021) und Kindle Paperwhite Signature Edition - Die d\u00fcnnste und leichteste Schutzh\u00fclle Tasche mit Auto Sleep\/Wake-Black","breadcrumb":{"@id":"https:\/\/marktxxl.de\/markt\/produkt\/vovipo-kindle-paperwhite-6-8-slim-huelle-light-shell-smart-cover-fuer-kindle-paperwhite-2021\/#breadcrumb"},"inLanguage":"de","potentialAction":[{"@type":"ReadAction","target":["https:\/\/marktxxl.de\/markt\/produkt\/vovipo-kindle-paperwhite-6-8-slim-huelle-light-shell-smart-cover-fuer-kindle-paperwhite-2021\/"]}]},{"@type":"ImageObject","inLanguage":"de","@id":"https:\/\/marktxxl.de\/markt\/produkt\/vovipo-kindle-paperwhite-6-8-slim-huelle-light-shell-smart-cover-fuer-kindle-paperwhite-2021\/#primaryimage","url":"https:\/\/m.media-amazon.com\/images\/I\/41xUY1-4-vL._SL500_.jpg","contentUrl":"https:\/\/m.media-amazon.com\/images\/I\/41xUY1-4-vL._SL500_.jpg","width":500,"height":500},{"@type":"BreadcrumbList","@id":"https:\/\/marktxxl.de\/markt\/produkt\/vovipo-kindle-paperwhite-6-8-slim-huelle-light-shell-smart-cover-fuer-kindle-paperwhite-2021\/#breadcrumb","itemListElement":[{"@type":"ListItem","position":1,"name":"Startseite","item":"https:\/\/marktxxl.de\/markt\/"},{"@type":"ListItem","position":2,"name":"Markt","item":"https:\/\/marktxxl.de\/markt\/"},{"@type":"ListItem","position":3,"name":"VOVIPO H\u00fclle f\u00fcr 6,8&#8243; Kindle Paperwhite (11. Generation &#8211; 2021) und Kindle Paperwhite Signature Edition &#8211; Die d\u00fcnnste und leichteste Schutzh\u00fclle Tasche mit Auto Sleep\/Wake-Black"}]},{"@type":"WebSite","@id":"https:\/\/marktxxl.de\/markt\/#website","url":"https:\/\/marktxxl.de\/markt\/","name":"Markt-XXL","description":"Ihr Markt Online","publisher":{"@id":"https:\/\/marktxxl.de\/markt\/#organization"},"potentialAction":[{"@type":"SearchAction","target":{"@type":"EntryPoint","urlTemplate":"https:\/\/marktxxl.de\/markt\/?s={search_term_string}"},"query-input":{"@type":"PropertyValueSpecification","valueRequired":true,"valueName":"search_term_string"}}],"inLanguage":"de"},{"@type":"Organization","@id":"https:\/\/marktxxl.de\/markt\/#organization","name":"Markt-XXL","url":"https:\/\/marktxxl.de\/markt\/","logo":{"@type":"ImageObject","inLanguage":"de","@id":"https:\/\/marktxxl.de\/markt\/#\/schema\/logo\/image\/","url":"https:\/\/marktxxl.de\/markt\/wp-content\/uploads\/sites\/3\/2020\/12\/logo.png","contentUrl":"https:\/\/marktxxl.de\/markt\/wp-content\/uploads\/sites\/3\/2020\/12\/logo.png","width":200,"height":70,"caption":"Markt-XXL"},"image":{"@id":"https:\/\/marktxxl.de\/markt\/#\/schema\/logo\/image\/"}}]}},"_links":{"self":[{"href":"https:\/\/marktxxl.de\/markt\/wp-json\/wp\/v2\/product\/140115","targetHints":{"allow":["GET"]}}],"collection":[{"href":"https:\/\/marktxxl.de\/markt\/wp-json\/wp\/v2\/product"}],"about":[{"href":"https:\/\/marktxxl.de\/markt\/wp-json\/wp\/v2\/types\/product"}],"replies":[{"embeddable":true,"href":"https:\/\/marktxxl.de\/markt\/wp-json\/wp\/v2\/comments?post=140115"}],"wp:featuredmedia":[{"embeddable":true,"href":"https:\/\/marktxxl.de\/markt\/wp-json\/wp\/v2\/media\/140116"}],"wp:attachment":[{"href":"https:\/\/marktxxl.de\/markt\/wp-json\/wp\/v2\/media?parent=140115"}],"wp:term":[{"taxonomy":"product_brand","embeddable":true,"href":"https:\/\/marktxxl.de\/markt\/wp-json\/wp\/v2\/product_brand?post=140115"},{"taxonomy":"product_cat","embeddable":true,"href":"https:\/\/marktxxl.de\/markt\/wp-json\/wp\/v2\/product_cat?post=140115"},{"taxonomy":"product_tag","embeddable":true,"href":"https:\/\/marktxxl.de\/markt\/wp-json\/wp\/v2\/product_tag?post=140115"}],"curies":[{"name":"wp","href":"https:\/\/api.w.org\/{rel}","templated":true}]}}