{"id":140081,"date":"2022-07-14T09:13:55","date_gmt":"2022-07-14T07:13:55","guid":{"rendered":"https:\/\/marktxxl.de\/markt\/produkt\/kabelkanal-schreibtisch-fuers-kabelmanagement-tray-40cm-stahl-kabelhalter-tisch-kabelfuehrung-kabelschacht-kabel-organizer-unter-dem-schreibtisch-schwarz-kabelrinne\/"},"modified":"2023-04-10T04:21:00","modified_gmt":"2023-04-10T02:21:00","slug":"kabelkanal-schreibtisch-fuers-kabelmanagement-tray-40cm-stahl-kabelhalter-tisch-kabelfuehrung-kabelschacht-kabel-organizer-unter-dem-schreibtisch-schwarz-kabelrinne","status":"publish","type":"product","link":"https:\/\/marktxxl.de\/markt\/produkt\/kabelkanal-schreibtisch-fuers-kabelmanagement-tray-40cm-stahl-kabelhalter-tisch-kabelfuehrung-kabelschacht-kabel-organizer-unter-dem-schreibtisch-schwarz-kabelrinne\/","title":{"rendered":"Kabelkanal Schreibtisch f\u00fcrs Ordnung am Arbeitsplatz, Kein Bohren Erforderlich Kabelmanagement, Tisch Kabelf\u00fchrung\u2026"},"content":{"rendered":"<p>ZWEI INSTALATION: Die &#8220;No Drill-Installation&#8221; und Wir kommen mit Anleitung, und diese Art von Draht-Management-Tray kann durch Schraube oder Schraube frei, No Drill-Installation f\u00fcr Ihren Schreibtisch zu Hause, Holz, Glas, Metall und Marmor-Tische verwendet werden k\u00f6nnen, und sind leicht zu demontieren, so dass keine Spuren oder Sch\u00e4den an der Tabelle, es ist stabil und leicht zu entfernen (Haartrockner zu erhitzen).Nicht geeignet f\u00fcr die Installation auf Papier Waben-gef\u00fcllten Schreibtischen.<br \/>\nNEUES DESIGN: Aus chichtetem Kohlenstoffstahl hergestellt, kann diese Kabelf\u00fchrungsrinne unter dem Schreibtisch an der Wand oder unter dem Schreibtisch installiert werden, was sehr stabil ist, Hollow gebogenes Design Kabelf\u00fchrungsrinne unter dem Schreibtisch kann leicht Steckdosenleiste halten und mehr einfach, um Kabelmanagement.<br \/>\nGROSSE KAPAZIT\u00c4T: Diese schwarze Kabelrinne hat mehr Kapazit\u00e4t als Kabelrinne unter dem Schreibtisch, 40*12*10cm(15.7&#8221;*4.7&#8221;*3.9&#8221;) Kabelrinne kann Powerstrip, Surge Protectors, Power Bricks und mehr Kabeldr\u00e4hte halten, 2 Pack kann flexibler an der Wand oder unter dem Schreibtisch angewendet werden.<br \/>\nGEN\u00dcGEND ZUBEH\u00d6R: Ausgestattet mit 5 Untertisch-Kabel-Organisatoren, 1 Computer-Kabel-Organisatoren und 1 Kabelschutz, wenn es viele Kabel unter dem Schreibtisch gibt, k\u00f6nnen diese Kabel-Organisatoren hilfreicher sein, das Kabelmanagement auf dem Schreibtisch kann einfacher sein.<br \/>\nTIDY &amp; CLEAN DESK SPACE: Kabelkanal Schreibtisch Kabelf\u00fchrun macht Ihren Arbeitsbereich mehr ordentlich, nicht mehr unordentlich Dr\u00e4hte und Steckdosenleiste, ist dieser Schreibtisch Kabeltr\u00e4ger ruhig anders als alte Cable Organizer Desk Veranstalter, mehr hilfreich, n\u00fctzlich und langlebig.<br \/>\n<div class=\"main-cross-sell\" data-asin=\"B09XMTCHFM\">\n\n\t<div class=\"WooZone-cross-sell-loader\">\n\t\t<div>\n\t\t\t<div id=\"floatingBarsG\">\n\t\t\t\t<div class=\"blockG\" id=\"rotateG_01\"><\/div>\n\t\t\t\t<div class=\"blockG\" id=\"rotateG_02\"><\/div>\n\t\t\t\t<div class=\"blockG\" id=\"rotateG_03\"><\/div>\n\t\t\t\t<div class=\"blockG\" id=\"rotateG_04\"><\/div>\n\t\t\t\t<div class=\"blockG\" id=\"rotateG_05\"><\/div>\n\t\t\t\t<div class=\"blockG\" id=\"rotateG_06\"><\/div>\n\t\t\t\t<div class=\"blockG\" id=\"rotateG_07\"><\/div>\n\t\t\t\t<div class=\"blockG\" id=\"rotateG_08\"><\/div>\n\t\t\t<\/div>\n\t\t\t<div class=\"WooZone-cross-sell-loader-text\"><\/div>\n\t\t<\/div>\n\t<\/div>\n\n\t\t\n<\/div>\n<div style=\"clear:both;\"><\/div><\/p>\n","protected":false},"excerpt":{"rendered":"<p>ZWEI INSTALATION: Die &#8220;No Drill-Installation&#8221; und Wir kommen mit Anleitung, und diese Art von Draht-Management-Tray kann durch Schraube oder Schraube frei, No Drill-Installation f\u00fcr Ihren Schreibtisch zu Hause, Holz, Glas, Metall und Marmor-Tische verwendet werden k\u00f6nnen, und sind leicht zu demontieren, so dass keine Spuren oder Sch\u00e4den an der Tabelle, es ist stabil und leicht zu entfernen (Haartrockner zu erhitzen).Nicht geeignet f\u00fcr die Installation auf Papier Waben-gef\u00fcllten Schreibtischen.<br \/>\nNEUES DESIGN: Aus chichtetem Kohlenstoffstahl hergestellt, kann diese Kabelf\u00fchrungsrinne unter dem Schreibtisch an der Wand oder unter dem Schreibtisch installiert werden, was sehr stabil ist, Hollow gebogenes Design Kabelf\u00fchrungsrinne unter dem Schreibtisch kann leicht Steckdosenleiste halten und mehr einfach, um Kabelmanagement.<br \/>\nGROSSE KAPAZIT\u00c4T: Diese schwarze Kabelrinne hat mehr Kapazit\u00e4t als Kabelrinne unter dem Schreibtisch, 40*12*10cm(15.7&#8221;*4.7&#8221;*3.9&#8221;) Kabelrinne kann Powerstrip, Surge Protectors, Power Bricks und mehr Kabeldr\u00e4hte halten, 2 Pack kann flexibler an der Wand oder unter dem Schreibtisch angewendet werden.<\/p>\n","protected":false},"featured_media":140082,"comment_status":"open","ping_status":"closed","template":"","meta":[],"product_brand":[],"product_cat":[863],"product_tag":[],"class_list":{"0":"post-140081","1":"product","2":"type-product","3":"status-publish","4":"has-post-thumbnail","6":"product_cat-computer-zubehoer","7":"pa_brand-enonci","8":"pa_manufacturer-enonci","9":"pa_warranty-no-warranty","11":"first","12":"instock","13":"shipping-taxable","14":"purchasable","15":"product-type-simple","16":"customify-col","17":"product-has-gallery"},"yoast_head":"<!-- This site is optimized with the Yoast SEO plugin v27.4 - https:\/\/yoast.com\/product\/yoast-seo-wordpress\/ -->\n<title>Kabelkanal Schreibtisch f\u00fcrs Ordnung am Arbeitsplatz, Kein Bohren Erforderlich Kabelmanagement, Tisch Kabelf\u00fchrung\u2026 - Markt-XXL<\/title>\n<meta name=\"description\" content=\"Markt-XXL Kabelkanal Schreibtisch f\u00fcrs Ordnung am Arbeitsplatz, Kein Bohren Erforderlich Kabelmanagement, Tisch Kabelf\u00fchrung\u2026\" \/>\n<meta name=\"robots\" content=\"index, follow, max-snippet:-1, max-image-preview:large, max-video-preview:-1\" \/>\n<link rel=\"canonical\" href=\"https:\/\/marktxxl.de\/markt\/produkt\/kabelkanal-schreibtisch-fuers-kabelmanagement-tray-40cm-stahl-kabelhalter-tisch-kabelfuehrung-kabelschacht-kabel-organizer-unter-dem-schreibtisch-schwarz-kabelrinne\/\" \/>\n<meta property=\"og:locale\" content=\"de_DE\" \/>\n<meta property=\"og:type\" content=\"article\" \/>\n<meta property=\"og:title\" content=\"Kabelkanal Schreibtisch f\u00fcrs Ordnung am Arbeitsplatz, Kein Bohren Erforderlich Kabelmanagement, Tisch Kabelf\u00fchrung\u2026 - Markt-XXL\" \/>\n<meta property=\"og:description\" content=\"Markt-XXL Kabelkanal Schreibtisch f\u00fcrs Ordnung am Arbeitsplatz, Kein Bohren Erforderlich Kabelmanagement, Tisch Kabelf\u00fchrung\u2026\" \/>\n<meta property=\"og:url\" content=\"https:\/\/marktxxl.de\/markt\/produkt\/kabelkanal-schreibtisch-fuers-kabelmanagement-tray-40cm-stahl-kabelhalter-tisch-kabelfuehrung-kabelschacht-kabel-organizer-unter-dem-schreibtisch-schwarz-kabelrinne\/\" \/>\n<meta property=\"og:site_name\" content=\"Markt-XXL\" \/>\n<meta property=\"article:modified_time\" content=\"2023-04-10T02:21:00+00:00\" \/>\n<meta property=\"og:image\" content=\"https:\/\/m.media-amazon.com\/images\/I\/41Y49lD9bzL._SL500_.jpg\" \/>\n\t<meta property=\"og:image:width\" content=\"500\" \/>\n\t<meta property=\"og:image:height\" content=\"500\" \/>\n\t<meta property=\"og:image:type\" content=\"image\/jpeg\" \/>\n<meta name=\"twitter:card\" content=\"summary_large_image\" \/>\n<meta name=\"twitter:label1\" content=\"Gesch\u00e4tzte Lesezeit\" \/>\n\t<meta name=\"twitter:data1\" content=\"1\u00a0Minute\" \/>\n<script type=\"application\/ld+json\" class=\"yoast-schema-graph\">{\"@context\":\"https:\\\/\\\/schema.org\",\"@graph\":[{\"@type\":\"WebPage\",\"@id\":\"https:\\\/\\\/marktxxl.de\\\/markt\\\/produkt\\\/kabelkanal-schreibtisch-fuers-kabelmanagement-tray-40cm-stahl-kabelhalter-tisch-kabelfuehrung-kabelschacht-kabel-organizer-unter-dem-schreibtisch-schwarz-kabelrinne\\\/\",\"url\":\"https:\\\/\\\/marktxxl.de\\\/markt\\\/produkt\\\/kabelkanal-schreibtisch-fuers-kabelmanagement-tray-40cm-stahl-kabelhalter-tisch-kabelfuehrung-kabelschacht-kabel-organizer-unter-dem-schreibtisch-schwarz-kabelrinne\\\/\",\"name\":\"Kabelkanal Schreibtisch f\u00fcrs Ordnung am Arbeitsplatz, Kein Bohren Erforderlich Kabelmanagement, Tisch Kabelf\u00fchrung\u2026 - Markt-XXL\",\"isPartOf\":{\"@id\":\"https:\\\/\\\/marktxxl.de\\\/markt\\\/#website\"},\"primaryImageOfPage\":{\"@id\":\"https:\\\/\\\/marktxxl.de\\\/markt\\\/produkt\\\/kabelkanal-schreibtisch-fuers-kabelmanagement-tray-40cm-stahl-kabelhalter-tisch-kabelfuehrung-kabelschacht-kabel-organizer-unter-dem-schreibtisch-schwarz-kabelrinne\\\/#primaryimage\"},\"image\":{\"@id\":\"https:\\\/\\\/marktxxl.de\\\/markt\\\/produkt\\\/kabelkanal-schreibtisch-fuers-kabelmanagement-tray-40cm-stahl-kabelhalter-tisch-kabelfuehrung-kabelschacht-kabel-organizer-unter-dem-schreibtisch-schwarz-kabelrinne\\\/#primaryimage\"},\"thumbnailUrl\":\"https:\\\/\\\/m.media-amazon.com\\\/images\\\/I\\\/41Y49lD9bzL._SL500_.jpg\",\"datePublished\":\"2022-07-14T07:13:55+00:00\",\"dateModified\":\"2023-04-10T02:21:00+00:00\",\"description\":\"Markt-XXL Kabelkanal Schreibtisch f\u00fcrs Ordnung am Arbeitsplatz, Kein Bohren Erforderlich Kabelmanagement, Tisch Kabelf\u00fchrung\u2026\",\"breadcrumb\":{\"@id\":\"https:\\\/\\\/marktxxl.de\\\/markt\\\/produkt\\\/kabelkanal-schreibtisch-fuers-kabelmanagement-tray-40cm-stahl-kabelhalter-tisch-kabelfuehrung-kabelschacht-kabel-organizer-unter-dem-schreibtisch-schwarz-kabelrinne\\\/#breadcrumb\"},\"inLanguage\":\"de\",\"potentialAction\":[{\"@type\":\"ReadAction\",\"target\":[\"https:\\\/\\\/marktxxl.de\\\/markt\\\/produkt\\\/kabelkanal-schreibtisch-fuers-kabelmanagement-tray-40cm-stahl-kabelhalter-tisch-kabelfuehrung-kabelschacht-kabel-organizer-unter-dem-schreibtisch-schwarz-kabelrinne\\\/\"]}]},{\"@type\":\"ImageObject\",\"inLanguage\":\"de\",\"@id\":\"https:\\\/\\\/marktxxl.de\\\/markt\\\/produkt\\\/kabelkanal-schreibtisch-fuers-kabelmanagement-tray-40cm-stahl-kabelhalter-tisch-kabelfuehrung-kabelschacht-kabel-organizer-unter-dem-schreibtisch-schwarz-kabelrinne\\\/#primaryimage\",\"url\":\"https:\\\/\\\/m.media-amazon.com\\\/images\\\/I\\\/41Y49lD9bzL._SL500_.jpg\",\"contentUrl\":\"https:\\\/\\\/m.media-amazon.com\\\/images\\\/I\\\/41Y49lD9bzL._SL500_.jpg\",\"width\":500,\"height\":500},{\"@type\":\"BreadcrumbList\",\"@id\":\"https:\\\/\\\/marktxxl.de\\\/markt\\\/produkt\\\/kabelkanal-schreibtisch-fuers-kabelmanagement-tray-40cm-stahl-kabelhalter-tisch-kabelfuehrung-kabelschacht-kabel-organizer-unter-dem-schreibtisch-schwarz-kabelrinne\\\/#breadcrumb\",\"itemListElement\":[{\"@type\":\"ListItem\",\"position\":1,\"name\":\"Startseite\",\"item\":\"https:\\\/\\\/marktxxl.de\\\/markt\\\/\"},{\"@type\":\"ListItem\",\"position\":2,\"name\":\"Markt\",\"item\":\"https:\\\/\\\/marktxxl.de\\\/markt\\\/\"},{\"@type\":\"ListItem\",\"position\":3,\"name\":\"Kabelkanal Schreibtisch f\u00fcrs Ordnung am Arbeitsplatz, Kein Bohren Erforderlich Kabelmanagement, Tisch Kabelf\u00fchrung\u2026\"}]},{\"@type\":\"WebSite\",\"@id\":\"https:\\\/\\\/marktxxl.de\\\/markt\\\/#website\",\"url\":\"https:\\\/\\\/marktxxl.de\\\/markt\\\/\",\"name\":\"Markt-XXL\",\"description\":\"Ihr Markt Online\",\"publisher\":{\"@id\":\"https:\\\/\\\/marktxxl.de\\\/markt\\\/#organization\"},\"potentialAction\":[{\"@type\":\"SearchAction\",\"target\":{\"@type\":\"EntryPoint\",\"urlTemplate\":\"https:\\\/\\\/marktxxl.de\\\/markt\\\/?s={search_term_string}\"},\"query-input\":{\"@type\":\"PropertyValueSpecification\",\"valueRequired\":true,\"valueName\":\"search_term_string\"}}],\"inLanguage\":\"de\"},{\"@type\":\"Organization\",\"@id\":\"https:\\\/\\\/marktxxl.de\\\/markt\\\/#organization\",\"name\":\"Markt-XXL\",\"url\":\"https:\\\/\\\/marktxxl.de\\\/markt\\\/\",\"logo\":{\"@type\":\"ImageObject\",\"inLanguage\":\"de\",\"@id\":\"https:\\\/\\\/marktxxl.de\\\/markt\\\/#\\\/schema\\\/logo\\\/image\\\/\",\"url\":\"https:\\\/\\\/marktxxl.de\\\/markt\\\/wp-content\\\/uploads\\\/sites\\\/3\\\/2020\\\/12\\\/logo.png\",\"contentUrl\":\"https:\\\/\\\/marktxxl.de\\\/markt\\\/wp-content\\\/uploads\\\/sites\\\/3\\\/2020\\\/12\\\/logo.png\",\"width\":200,\"height\":70,\"caption\":\"Markt-XXL\"},\"image\":{\"@id\":\"https:\\\/\\\/marktxxl.de\\\/markt\\\/#\\\/schema\\\/logo\\\/image\\\/\"}}]}<\/script>\n<!-- \/ Yoast SEO plugin. -->","yoast_head_json":{"title":"Kabelkanal Schreibtisch f\u00fcrs Ordnung am Arbeitsplatz, Kein Bohren Erforderlich Kabelmanagement, Tisch Kabelf\u00fchrung\u2026 - Markt-XXL","description":"Markt-XXL Kabelkanal Schreibtisch f\u00fcrs Ordnung am Arbeitsplatz, Kein Bohren Erforderlich Kabelmanagement, Tisch Kabelf\u00fchrung\u2026","robots":{"index":"index","follow":"follow","max-snippet":"max-snippet:-1","max-image-preview":"max-image-preview:large","max-video-preview":"max-video-preview:-1"},"canonical":"https:\/\/marktxxl.de\/markt\/produkt\/kabelkanal-schreibtisch-fuers-kabelmanagement-tray-40cm-stahl-kabelhalter-tisch-kabelfuehrung-kabelschacht-kabel-organizer-unter-dem-schreibtisch-schwarz-kabelrinne\/","og_locale":"de_DE","og_type":"article","og_title":"Kabelkanal Schreibtisch f\u00fcrs Ordnung am Arbeitsplatz, Kein Bohren Erforderlich Kabelmanagement, Tisch Kabelf\u00fchrung\u2026 - Markt-XXL","og_description":"Markt-XXL Kabelkanal Schreibtisch f\u00fcrs Ordnung am Arbeitsplatz, Kein Bohren Erforderlich Kabelmanagement, Tisch Kabelf\u00fchrung\u2026","og_url":"https:\/\/marktxxl.de\/markt\/produkt\/kabelkanal-schreibtisch-fuers-kabelmanagement-tray-40cm-stahl-kabelhalter-tisch-kabelfuehrung-kabelschacht-kabel-organizer-unter-dem-schreibtisch-schwarz-kabelrinne\/","og_site_name":"Markt-XXL","article_modified_time":"2023-04-10T02:21:00+00:00","og_image":[{"width":500,"height":500,"url":"https:\/\/m.media-amazon.com\/images\/I\/41Y49lD9bzL._SL500_.jpg","type":"image\/jpeg"}],"twitter_card":"summary_large_image","twitter_misc":{"Gesch\u00e4tzte Lesezeit":"1\u00a0Minute"},"schema":{"@context":"https:\/\/schema.org","@graph":[{"@type":"WebPage","@id":"https:\/\/marktxxl.de\/markt\/produkt\/kabelkanal-schreibtisch-fuers-kabelmanagement-tray-40cm-stahl-kabelhalter-tisch-kabelfuehrung-kabelschacht-kabel-organizer-unter-dem-schreibtisch-schwarz-kabelrinne\/","url":"https:\/\/marktxxl.de\/markt\/produkt\/kabelkanal-schreibtisch-fuers-kabelmanagement-tray-40cm-stahl-kabelhalter-tisch-kabelfuehrung-kabelschacht-kabel-organizer-unter-dem-schreibtisch-schwarz-kabelrinne\/","name":"Kabelkanal Schreibtisch f\u00fcrs Ordnung am Arbeitsplatz, Kein Bohren Erforderlich Kabelmanagement, Tisch Kabelf\u00fchrung\u2026 - Markt-XXL","isPartOf":{"@id":"https:\/\/marktxxl.de\/markt\/#website"},"primaryImageOfPage":{"@id":"https:\/\/marktxxl.de\/markt\/produkt\/kabelkanal-schreibtisch-fuers-kabelmanagement-tray-40cm-stahl-kabelhalter-tisch-kabelfuehrung-kabelschacht-kabel-organizer-unter-dem-schreibtisch-schwarz-kabelrinne\/#primaryimage"},"image":{"@id":"https:\/\/marktxxl.de\/markt\/produkt\/kabelkanal-schreibtisch-fuers-kabelmanagement-tray-40cm-stahl-kabelhalter-tisch-kabelfuehrung-kabelschacht-kabel-organizer-unter-dem-schreibtisch-schwarz-kabelrinne\/#primaryimage"},"thumbnailUrl":"https:\/\/m.media-amazon.com\/images\/I\/41Y49lD9bzL._SL500_.jpg","datePublished":"2022-07-14T07:13:55+00:00","dateModified":"2023-04-10T02:21:00+00:00","description":"Markt-XXL Kabelkanal Schreibtisch f\u00fcrs Ordnung am Arbeitsplatz, Kein Bohren Erforderlich Kabelmanagement, Tisch Kabelf\u00fchrung\u2026","breadcrumb":{"@id":"https:\/\/marktxxl.de\/markt\/produkt\/kabelkanal-schreibtisch-fuers-kabelmanagement-tray-40cm-stahl-kabelhalter-tisch-kabelfuehrung-kabelschacht-kabel-organizer-unter-dem-schreibtisch-schwarz-kabelrinne\/#breadcrumb"},"inLanguage":"de","potentialAction":[{"@type":"ReadAction","target":["https:\/\/marktxxl.de\/markt\/produkt\/kabelkanal-schreibtisch-fuers-kabelmanagement-tray-40cm-stahl-kabelhalter-tisch-kabelfuehrung-kabelschacht-kabel-organizer-unter-dem-schreibtisch-schwarz-kabelrinne\/"]}]},{"@type":"ImageObject","inLanguage":"de","@id":"https:\/\/marktxxl.de\/markt\/produkt\/kabelkanal-schreibtisch-fuers-kabelmanagement-tray-40cm-stahl-kabelhalter-tisch-kabelfuehrung-kabelschacht-kabel-organizer-unter-dem-schreibtisch-schwarz-kabelrinne\/#primaryimage","url":"https:\/\/m.media-amazon.com\/images\/I\/41Y49lD9bzL._SL500_.jpg","contentUrl":"https:\/\/m.media-amazon.com\/images\/I\/41Y49lD9bzL._SL500_.jpg","width":500,"height":500},{"@type":"BreadcrumbList","@id":"https:\/\/marktxxl.de\/markt\/produkt\/kabelkanal-schreibtisch-fuers-kabelmanagement-tray-40cm-stahl-kabelhalter-tisch-kabelfuehrung-kabelschacht-kabel-organizer-unter-dem-schreibtisch-schwarz-kabelrinne\/#breadcrumb","itemListElement":[{"@type":"ListItem","position":1,"name":"Startseite","item":"https:\/\/marktxxl.de\/markt\/"},{"@type":"ListItem","position":2,"name":"Markt","item":"https:\/\/marktxxl.de\/markt\/"},{"@type":"ListItem","position":3,"name":"Kabelkanal Schreibtisch f\u00fcrs Ordnung am Arbeitsplatz, Kein Bohren Erforderlich Kabelmanagement, Tisch Kabelf\u00fchrung\u2026"}]},{"@type":"WebSite","@id":"https:\/\/marktxxl.de\/markt\/#website","url":"https:\/\/marktxxl.de\/markt\/","name":"Markt-XXL","description":"Ihr Markt Online","publisher":{"@id":"https:\/\/marktxxl.de\/markt\/#organization"},"potentialAction":[{"@type":"SearchAction","target":{"@type":"EntryPoint","urlTemplate":"https:\/\/marktxxl.de\/markt\/?s={search_term_string}"},"query-input":{"@type":"PropertyValueSpecification","valueRequired":true,"valueName":"search_term_string"}}],"inLanguage":"de"},{"@type":"Organization","@id":"https:\/\/marktxxl.de\/markt\/#organization","name":"Markt-XXL","url":"https:\/\/marktxxl.de\/markt\/","logo":{"@type":"ImageObject","inLanguage":"de","@id":"https:\/\/marktxxl.de\/markt\/#\/schema\/logo\/image\/","url":"https:\/\/marktxxl.de\/markt\/wp-content\/uploads\/sites\/3\/2020\/12\/logo.png","contentUrl":"https:\/\/marktxxl.de\/markt\/wp-content\/uploads\/sites\/3\/2020\/12\/logo.png","width":200,"height":70,"caption":"Markt-XXL"},"image":{"@id":"https:\/\/marktxxl.de\/markt\/#\/schema\/logo\/image\/"}}]}},"_links":{"self":[{"href":"https:\/\/marktxxl.de\/markt\/wp-json\/wp\/v2\/product\/140081","targetHints":{"allow":["GET"]}}],"collection":[{"href":"https:\/\/marktxxl.de\/markt\/wp-json\/wp\/v2\/product"}],"about":[{"href":"https:\/\/marktxxl.de\/markt\/wp-json\/wp\/v2\/types\/product"}],"replies":[{"embeddable":true,"href":"https:\/\/marktxxl.de\/markt\/wp-json\/wp\/v2\/comments?post=140081"}],"wp:featuredmedia":[{"embeddable":true,"href":"https:\/\/marktxxl.de\/markt\/wp-json\/wp\/v2\/media\/140082"}],"wp:attachment":[{"href":"https:\/\/marktxxl.de\/markt\/wp-json\/wp\/v2\/media?parent=140081"}],"wp:term":[{"taxonomy":"product_brand","embeddable":true,"href":"https:\/\/marktxxl.de\/markt\/wp-json\/wp\/v2\/product_brand?post=140081"},{"taxonomy":"product_cat","embeddable":true,"href":"https:\/\/marktxxl.de\/markt\/wp-json\/wp\/v2\/product_cat?post=140081"},{"taxonomy":"product_tag","embeddable":true,"href":"https:\/\/marktxxl.de\/markt\/wp-json\/wp\/v2\/product_tag?post=140081"}],"curies":[{"name":"wp","href":"https:\/\/api.w.org\/{rel}","templated":true}]}}