{"id":140058,"date":"2022-07-14T09:13:30","date_gmt":"2022-07-14T07:13:30","guid":{"rendered":"https:\/\/marktxxl.de\/markt\/produkt\/tomor-usb-c-kabel-2m2m2-stueck3a-ladekabel-usb-c-schnellladung-kompatibel-fuer-samsung-galaxy-s20-s8-s9-s10-s20-fe-a50-a51-a40-a20ehuawei-p30-p20sony-xperia-xz-l1-2xiaomilg\/"},"modified":"2023-04-10T04:21:00","modified_gmt":"2023-04-10T02:21:00","slug":"tomor-usb-c-kabel-2m2m2-stueck3a-ladekabel-usb-c-schnellladung-kompatibel-fuer-samsung-galaxy-s20-s8-s9-s10-s20-fe-a50-a51-a40-a20ehuawei-p30-p20sony-xperia-xz-l1-2xiaomilg","status":"publish","type":"product","link":"https:\/\/marktxxl.de\/markt\/produkt\/tomor-usb-c-kabel-2m2m2-stueck3a-ladekabel-usb-c-schnellladung-kompatibel-fuer-samsung-galaxy-s20-s8-s9-s10-s20-fe-a50-a51-a40-a20ehuawei-p30-p20sony-xperia-xz-l1-2xiaomilg\/","title":{"rendered":"Tomor USB C Kabel [2M+2M,2 St\u00fcck],3A Ladekabel Usb C, Schnellladung Kompatibel f\u00fcr Samsung Galaxy S20 S8 S9 S10 S20 Fe\u2026"},"content":{"rendered":"<p>SUPER SCHNELLES LADEN UND DATEN SYNCHRONISIEREN \u2013 Laden Sie Ihr Telefon oder Tablet mit der Schnellladetechnologie 5 V\/3 A in nur einer Stunde zu 100 % auf. Das Ladekabel kann mit Android- und iOS-Ger\u00e4ten verwendet werden und ist mit Quick Charge 3.0 und mit Non kompatibel -Quick Charge-Ger\u00e4te. Synchronisieren Sie Ihre Film-, Musik- oder Fotobibliothek in Sekundenschnelle mit \u00dcbertragungsgeschwindigkeiten von bis zu 480 Mbit\/s.<br \/>\n90 GRAD ANSCHLUSS UND KOMFORTABLE PASSFORM &#8211; Unser geflochtenes Nylon-Ladekabel verf\u00fcgt \u00fcber einen rechtwinkligen 90-Grad-Anschluss anstelle eines geraden Endanschlusses, sodass Sie Ihr Telefon bequem im Querformat anzeigen k\u00f6nnen, um einen Film anzusehen oder im Vollbildmodus durch Medien zu scrollen. Der schlanke Metallstecker hat einen festen, sicheren Sitz am Ladeanschluss Ihres Telefons, selbst durch eine sperrige Telefonh\u00fclle.<br \/>\nLEBENSDAUER MIT \u00dcBER 10.000 BIEGEN GETESTET \u2013 Unser Ladekabel verf\u00fcgt \u00fcber verst\u00e4rkte Kabelverbindungen, ein langlebiges Aluminiumgeh\u00e4use, hochreinen Kupferdraht und robuste Anschl\u00fcsse an beiden Enden, wodurch es 10-mal st\u00e4rker ist als herk\u00f6mmliche Kabel. Mit einer nachgewiesenen Lebensdauer von \u00fcber 10.000 Biegungen und einem bruchfesten Design k\u00f6nnen Sie sicher sein, dass unsere Kabel f\u00fcr eine lange Lebensdauer ausgelegt sind.<br \/>\nERH\u00d6HTE N\u00dcTZLICHKEIT UND ZERTIFIZIERTE SICHERHEIT \u2013 Ihr Kauf beinhaltet ein 2er-Pack mit 2 m langen Kabeln, die perfekte L\u00e4nge, um Ihre Ger\u00e4te aufzuladen, w\u00e4hrend Sie auf der Couch sitzen, im Bett liegen, in Ihrem B\u00fcro arbeiten und an eine Autohalterung angeschlossen sind. Unser Kabel verwendet mehrere Schutzsysteme zum Schutz Ihrer Ger\u00e4te und ist UL-, FCC-, CE- und ROHS-zertifiziert.<br \/>\nPROBIEREN SIE HEUTE RISIKOFREI AUS! \u2013 Alle unsere USB-Typ-C-Kabel sind eine hervorragende Kombination aus Innovation, Design und Verarbeitungsqualit\u00e4t. Wir sind stolz darauf, Ihnen 30 TAGE GELD ZUR\u00dcCK und 18 MONATE GARANTIE anbieten zu k\u00f6nnen. Holen Sie sich noch heute ein Schnellladekabel und erleben Sie den Unterschied, den echte Qualit\u00e4t ausmacht!<br \/>\n<div class=\"main-cross-sell\" data-asin=\"B09XM441PL\">\n\n\t<div class=\"WooZone-cross-sell-loader\">\n\t\t<div>\n\t\t\t<div id=\"floatingBarsG\">\n\t\t\t\t<div class=\"blockG\" id=\"rotateG_01\"><\/div>\n\t\t\t\t<div class=\"blockG\" id=\"rotateG_02\"><\/div>\n\t\t\t\t<div class=\"blockG\" id=\"rotateG_03\"><\/div>\n\t\t\t\t<div class=\"blockG\" id=\"rotateG_04\"><\/div>\n\t\t\t\t<div class=\"blockG\" id=\"rotateG_05\"><\/div>\n\t\t\t\t<div class=\"blockG\" id=\"rotateG_06\"><\/div>\n\t\t\t\t<div class=\"blockG\" id=\"rotateG_07\"><\/div>\n\t\t\t\t<div class=\"blockG\" id=\"rotateG_08\"><\/div>\n\t\t\t<\/div>\n\t\t\t<div class=\"WooZone-cross-sell-loader-text\"><\/div>\n\t\t<\/div>\n\t<\/div>\n\n\t\t\n<\/div>\n<div style=\"clear:both;\"><\/div><\/p>\n","protected":false},"excerpt":{"rendered":"<p>SUPER SCHNELLES LADEN UND DATEN SYNCHRONISIEREN \u2013 Laden Sie Ihr Telefon oder Tablet mit der Schnellladetechnologie 5 V\/3 A in nur einer Stunde zu 100 % auf. Das Ladekabel kann mit Android- und iOS-Ger\u00e4ten verwendet werden und ist mit Quick Charge 3.0 und mit Non kompatibel -Quick Charge-Ger\u00e4te. Synchronisieren Sie Ihre Film-, Musik- oder Fotobibliothek in Sekundenschnelle mit \u00dcbertragungsgeschwindigkeiten von bis zu 480 Mbit\/s.<br \/>\n90 GRAD ANSCHLUSS UND KOMFORTABLE PASSFORM &#8211; Unser geflochtenes Nylon-Ladekabel verf\u00fcgt \u00fcber einen rechtwinkligen 90-Grad-Anschluss anstelle eines geraden Endanschlusses, sodass Sie Ihr Telefon bequem im Querformat anzeigen k\u00f6nnen, um einen Film anzusehen oder im Vollbildmodus durch Medien zu scrollen. Der schlanke Metallstecker hat einen festen, sicheren Sitz am Ladeanschluss Ihres Telefons, selbst durch eine sperrige Telefonh\u00fclle.<br \/>\nLEBENSDAUER MIT \u00dcBER 10.000 BIEGEN GETESTET \u2013 Unser Ladekabel verf\u00fcgt \u00fcber verst\u00e4rkte Kabelverbindungen, ein langlebiges Aluminiumgeh\u00e4use, hochreinen Kupferdraht und robuste Anschl\u00fcsse an beiden Enden, wodurch es 10-mal st\u00e4rker ist als herk\u00f6mmliche Kabel. Mit einer nachgewiesenen Lebensdauer von \u00fcber 10.000 Biegungen und einem bruchfesten Design k\u00f6nnen Sie sicher sein, dass unsere Kabel f\u00fcr eine lange Lebensdauer ausgelegt sind.<\/p>\n","protected":false},"featured_media":140059,"comment_status":"open","ping_status":"closed","template":"","meta":[],"product_brand":[],"product_cat":[863],"product_tag":[],"class_list":{"0":"post-140058","1":"product","2":"type-product","3":"status-publish","4":"has-post-thumbnail","6":"product_cat-computer-zubehoer","7":"pa_brand-tomor","8":"pa_manufacturer-tomor","10":"first","11":"instock","12":"shipping-taxable","13":"purchasable","14":"product-type-simple","15":"customify-col","16":"product-has-gallery"},"yoast_head":"<!-- This site is optimized with the Yoast SEO plugin v27.4 - https:\/\/yoast.com\/product\/yoast-seo-wordpress\/ -->\n<title>Tomor USB C Kabel [2M+2M,2 St\u00fcck],3A Ladekabel Usb C, Schnellladung Kompatibel f\u00fcr Samsung Galaxy S20 S8 S9 S10 S20 Fe\u2026 - Markt-XXL<\/title>\n<meta name=\"description\" content=\"Markt-XXL Tomor USB C Kabel [2M+2M,2 St\u00fcck],3A Ladekabel Usb C, Schnellladung Kompatibel f\u00fcr Samsung Galaxy S20 S8 S9 S10 S20 Fe\u2026\" \/>\n<meta name=\"robots\" content=\"index, follow, max-snippet:-1, max-image-preview:large, max-video-preview:-1\" \/>\n<link rel=\"canonical\" href=\"https:\/\/marktxxl.de\/markt\/produkt\/tomor-usb-c-kabel-2m2m2-stueck3a-ladekabel-usb-c-schnellladung-kompatibel-fuer-samsung-galaxy-s20-s8-s9-s10-s20-fe-a50-a51-a40-a20ehuawei-p30-p20sony-xperia-xz-l1-2xiaomilg\/\" \/>\n<meta property=\"og:locale\" content=\"de_DE\" \/>\n<meta property=\"og:type\" content=\"article\" \/>\n<meta property=\"og:title\" content=\"Tomor USB C Kabel [2M+2M,2 St\u00fcck],3A Ladekabel Usb C, Schnellladung Kompatibel f\u00fcr Samsung Galaxy S20 S8 S9 S10 S20 Fe\u2026 - Markt-XXL\" \/>\n<meta property=\"og:description\" content=\"Markt-XXL Tomor USB C Kabel [2M+2M,2 St\u00fcck],3A Ladekabel Usb C, Schnellladung Kompatibel f\u00fcr Samsung Galaxy S20 S8 S9 S10 S20 Fe\u2026\" \/>\n<meta property=\"og:url\" content=\"https:\/\/marktxxl.de\/markt\/produkt\/tomor-usb-c-kabel-2m2m2-stueck3a-ladekabel-usb-c-schnellladung-kompatibel-fuer-samsung-galaxy-s20-s8-s9-s10-s20-fe-a50-a51-a40-a20ehuawei-p30-p20sony-xperia-xz-l1-2xiaomilg\/\" \/>\n<meta property=\"og:site_name\" content=\"Markt-XXL\" \/>\n<meta property=\"article:modified_time\" content=\"2023-04-10T02:21:00+00:00\" \/>\n<meta property=\"og:image\" content=\"https:\/\/m.media-amazon.com\/images\/I\/41cO1c3XlAL._SL500_.jpg\" \/>\n\t<meta property=\"og:image:width\" content=\"500\" \/>\n\t<meta property=\"og:image:height\" content=\"500\" \/>\n\t<meta property=\"og:image:type\" content=\"image\/jpeg\" \/>\n<meta name=\"twitter:card\" content=\"summary_large_image\" \/>\n<meta name=\"twitter:label1\" content=\"Gesch\u00e4tzte Lesezeit\" \/>\n\t<meta name=\"twitter:data1\" content=\"2\u00a0Minuten\" \/>\n<script type=\"application\/ld+json\" class=\"yoast-schema-graph\">{\"@context\":\"https:\\\/\\\/schema.org\",\"@graph\":[{\"@type\":\"WebPage\",\"@id\":\"https:\\\/\\\/marktxxl.de\\\/markt\\\/produkt\\\/tomor-usb-c-kabel-2m2m2-stueck3a-ladekabel-usb-c-schnellladung-kompatibel-fuer-samsung-galaxy-s20-s8-s9-s10-s20-fe-a50-a51-a40-a20ehuawei-p30-p20sony-xperia-xz-l1-2xiaomilg\\\/\",\"url\":\"https:\\\/\\\/marktxxl.de\\\/markt\\\/produkt\\\/tomor-usb-c-kabel-2m2m2-stueck3a-ladekabel-usb-c-schnellladung-kompatibel-fuer-samsung-galaxy-s20-s8-s9-s10-s20-fe-a50-a51-a40-a20ehuawei-p30-p20sony-xperia-xz-l1-2xiaomilg\\\/\",\"name\":\"Tomor USB C Kabel [2M+2M,2 St\u00fcck],3A Ladekabel Usb C, Schnellladung Kompatibel f\u00fcr Samsung Galaxy S20 S8 S9 S10 S20 Fe\u2026 - Markt-XXL\",\"isPartOf\":{\"@id\":\"https:\\\/\\\/marktxxl.de\\\/markt\\\/#website\"},\"primaryImageOfPage\":{\"@id\":\"https:\\\/\\\/marktxxl.de\\\/markt\\\/produkt\\\/tomor-usb-c-kabel-2m2m2-stueck3a-ladekabel-usb-c-schnellladung-kompatibel-fuer-samsung-galaxy-s20-s8-s9-s10-s20-fe-a50-a51-a40-a20ehuawei-p30-p20sony-xperia-xz-l1-2xiaomilg\\\/#primaryimage\"},\"image\":{\"@id\":\"https:\\\/\\\/marktxxl.de\\\/markt\\\/produkt\\\/tomor-usb-c-kabel-2m2m2-stueck3a-ladekabel-usb-c-schnellladung-kompatibel-fuer-samsung-galaxy-s20-s8-s9-s10-s20-fe-a50-a51-a40-a20ehuawei-p30-p20sony-xperia-xz-l1-2xiaomilg\\\/#primaryimage\"},\"thumbnailUrl\":\"https:\\\/\\\/m.media-amazon.com\\\/images\\\/I\\\/41cO1c3XlAL._SL500_.jpg\",\"datePublished\":\"2022-07-14T07:13:30+00:00\",\"dateModified\":\"2023-04-10T02:21:00+00:00\",\"description\":\"Markt-XXL Tomor USB C Kabel [2M+2M,2 St\u00fcck],3A Ladekabel Usb C, Schnellladung Kompatibel f\u00fcr Samsung Galaxy S20 S8 S9 S10 S20 Fe\u2026\",\"breadcrumb\":{\"@id\":\"https:\\\/\\\/marktxxl.de\\\/markt\\\/produkt\\\/tomor-usb-c-kabel-2m2m2-stueck3a-ladekabel-usb-c-schnellladung-kompatibel-fuer-samsung-galaxy-s20-s8-s9-s10-s20-fe-a50-a51-a40-a20ehuawei-p30-p20sony-xperia-xz-l1-2xiaomilg\\\/#breadcrumb\"},\"inLanguage\":\"de\",\"potentialAction\":[{\"@type\":\"ReadAction\",\"target\":[\"https:\\\/\\\/marktxxl.de\\\/markt\\\/produkt\\\/tomor-usb-c-kabel-2m2m2-stueck3a-ladekabel-usb-c-schnellladung-kompatibel-fuer-samsung-galaxy-s20-s8-s9-s10-s20-fe-a50-a51-a40-a20ehuawei-p30-p20sony-xperia-xz-l1-2xiaomilg\\\/\"]}]},{\"@type\":\"ImageObject\",\"inLanguage\":\"de\",\"@id\":\"https:\\\/\\\/marktxxl.de\\\/markt\\\/produkt\\\/tomor-usb-c-kabel-2m2m2-stueck3a-ladekabel-usb-c-schnellladung-kompatibel-fuer-samsung-galaxy-s20-s8-s9-s10-s20-fe-a50-a51-a40-a20ehuawei-p30-p20sony-xperia-xz-l1-2xiaomilg\\\/#primaryimage\",\"url\":\"https:\\\/\\\/m.media-amazon.com\\\/images\\\/I\\\/41cO1c3XlAL._SL500_.jpg\",\"contentUrl\":\"https:\\\/\\\/m.media-amazon.com\\\/images\\\/I\\\/41cO1c3XlAL._SL500_.jpg\",\"width\":500,\"height\":500},{\"@type\":\"BreadcrumbList\",\"@id\":\"https:\\\/\\\/marktxxl.de\\\/markt\\\/produkt\\\/tomor-usb-c-kabel-2m2m2-stueck3a-ladekabel-usb-c-schnellladung-kompatibel-fuer-samsung-galaxy-s20-s8-s9-s10-s20-fe-a50-a51-a40-a20ehuawei-p30-p20sony-xperia-xz-l1-2xiaomilg\\\/#breadcrumb\",\"itemListElement\":[{\"@type\":\"ListItem\",\"position\":1,\"name\":\"Startseite\",\"item\":\"https:\\\/\\\/marktxxl.de\\\/markt\\\/\"},{\"@type\":\"ListItem\",\"position\":2,\"name\":\"Markt\",\"item\":\"https:\\\/\\\/marktxxl.de\\\/markt\\\/\"},{\"@type\":\"ListItem\",\"position\":3,\"name\":\"Tomor USB C Kabel [2M+2M,2 St\u00fcck],3A Ladekabel Usb C, Schnellladung Kompatibel f\u00fcr Samsung Galaxy S20 S8 S9 S10 S20 Fe\u2026\"}]},{\"@type\":\"WebSite\",\"@id\":\"https:\\\/\\\/marktxxl.de\\\/markt\\\/#website\",\"url\":\"https:\\\/\\\/marktxxl.de\\\/markt\\\/\",\"name\":\"Markt-XXL\",\"description\":\"Ihr Markt Online\",\"publisher\":{\"@id\":\"https:\\\/\\\/marktxxl.de\\\/markt\\\/#organization\"},\"potentialAction\":[{\"@type\":\"SearchAction\",\"target\":{\"@type\":\"EntryPoint\",\"urlTemplate\":\"https:\\\/\\\/marktxxl.de\\\/markt\\\/?s={search_term_string}\"},\"query-input\":{\"@type\":\"PropertyValueSpecification\",\"valueRequired\":true,\"valueName\":\"search_term_string\"}}],\"inLanguage\":\"de\"},{\"@type\":\"Organization\",\"@id\":\"https:\\\/\\\/marktxxl.de\\\/markt\\\/#organization\",\"name\":\"Markt-XXL\",\"url\":\"https:\\\/\\\/marktxxl.de\\\/markt\\\/\",\"logo\":{\"@type\":\"ImageObject\",\"inLanguage\":\"de\",\"@id\":\"https:\\\/\\\/marktxxl.de\\\/markt\\\/#\\\/schema\\\/logo\\\/image\\\/\",\"url\":\"https:\\\/\\\/marktxxl.de\\\/markt\\\/wp-content\\\/uploads\\\/sites\\\/3\\\/2020\\\/12\\\/logo.png\",\"contentUrl\":\"https:\\\/\\\/marktxxl.de\\\/markt\\\/wp-content\\\/uploads\\\/sites\\\/3\\\/2020\\\/12\\\/logo.png\",\"width\":200,\"height\":70,\"caption\":\"Markt-XXL\"},\"image\":{\"@id\":\"https:\\\/\\\/marktxxl.de\\\/markt\\\/#\\\/schema\\\/logo\\\/image\\\/\"}}]}<\/script>\n<!-- \/ Yoast SEO plugin. -->","yoast_head_json":{"title":"Tomor USB C Kabel [2M+2M,2 St\u00fcck],3A Ladekabel Usb C, Schnellladung Kompatibel f\u00fcr Samsung Galaxy S20 S8 S9 S10 S20 Fe\u2026 - Markt-XXL","description":"Markt-XXL Tomor USB C Kabel [2M+2M,2 St\u00fcck],3A Ladekabel Usb C, Schnellladung Kompatibel f\u00fcr Samsung Galaxy S20 S8 S9 S10 S20 Fe\u2026","robots":{"index":"index","follow":"follow","max-snippet":"max-snippet:-1","max-image-preview":"max-image-preview:large","max-video-preview":"max-video-preview:-1"},"canonical":"https:\/\/marktxxl.de\/markt\/produkt\/tomor-usb-c-kabel-2m2m2-stueck3a-ladekabel-usb-c-schnellladung-kompatibel-fuer-samsung-galaxy-s20-s8-s9-s10-s20-fe-a50-a51-a40-a20ehuawei-p30-p20sony-xperia-xz-l1-2xiaomilg\/","og_locale":"de_DE","og_type":"article","og_title":"Tomor USB C Kabel [2M+2M,2 St\u00fcck],3A Ladekabel Usb C, Schnellladung Kompatibel f\u00fcr Samsung Galaxy S20 S8 S9 S10 S20 Fe\u2026 - Markt-XXL","og_description":"Markt-XXL Tomor USB C Kabel [2M+2M,2 St\u00fcck],3A Ladekabel Usb C, Schnellladung Kompatibel f\u00fcr Samsung Galaxy S20 S8 S9 S10 S20 Fe\u2026","og_url":"https:\/\/marktxxl.de\/markt\/produkt\/tomor-usb-c-kabel-2m2m2-stueck3a-ladekabel-usb-c-schnellladung-kompatibel-fuer-samsung-galaxy-s20-s8-s9-s10-s20-fe-a50-a51-a40-a20ehuawei-p30-p20sony-xperia-xz-l1-2xiaomilg\/","og_site_name":"Markt-XXL","article_modified_time":"2023-04-10T02:21:00+00:00","og_image":[{"width":500,"height":500,"url":"https:\/\/m.media-amazon.com\/images\/I\/41cO1c3XlAL._SL500_.jpg","type":"image\/jpeg"}],"twitter_card":"summary_large_image","twitter_misc":{"Gesch\u00e4tzte Lesezeit":"2\u00a0Minuten"},"schema":{"@context":"https:\/\/schema.org","@graph":[{"@type":"WebPage","@id":"https:\/\/marktxxl.de\/markt\/produkt\/tomor-usb-c-kabel-2m2m2-stueck3a-ladekabel-usb-c-schnellladung-kompatibel-fuer-samsung-galaxy-s20-s8-s9-s10-s20-fe-a50-a51-a40-a20ehuawei-p30-p20sony-xperia-xz-l1-2xiaomilg\/","url":"https:\/\/marktxxl.de\/markt\/produkt\/tomor-usb-c-kabel-2m2m2-stueck3a-ladekabel-usb-c-schnellladung-kompatibel-fuer-samsung-galaxy-s20-s8-s9-s10-s20-fe-a50-a51-a40-a20ehuawei-p30-p20sony-xperia-xz-l1-2xiaomilg\/","name":"Tomor USB C Kabel [2M+2M,2 St\u00fcck],3A Ladekabel Usb C, Schnellladung Kompatibel f\u00fcr Samsung Galaxy S20 S8 S9 S10 S20 Fe\u2026 - Markt-XXL","isPartOf":{"@id":"https:\/\/marktxxl.de\/markt\/#website"},"primaryImageOfPage":{"@id":"https:\/\/marktxxl.de\/markt\/produkt\/tomor-usb-c-kabel-2m2m2-stueck3a-ladekabel-usb-c-schnellladung-kompatibel-fuer-samsung-galaxy-s20-s8-s9-s10-s20-fe-a50-a51-a40-a20ehuawei-p30-p20sony-xperia-xz-l1-2xiaomilg\/#primaryimage"},"image":{"@id":"https:\/\/marktxxl.de\/markt\/produkt\/tomor-usb-c-kabel-2m2m2-stueck3a-ladekabel-usb-c-schnellladung-kompatibel-fuer-samsung-galaxy-s20-s8-s9-s10-s20-fe-a50-a51-a40-a20ehuawei-p30-p20sony-xperia-xz-l1-2xiaomilg\/#primaryimage"},"thumbnailUrl":"https:\/\/m.media-amazon.com\/images\/I\/41cO1c3XlAL._SL500_.jpg","datePublished":"2022-07-14T07:13:30+00:00","dateModified":"2023-04-10T02:21:00+00:00","description":"Markt-XXL Tomor USB C Kabel [2M+2M,2 St\u00fcck],3A Ladekabel Usb C, Schnellladung Kompatibel f\u00fcr Samsung Galaxy S20 S8 S9 S10 S20 Fe\u2026","breadcrumb":{"@id":"https:\/\/marktxxl.de\/markt\/produkt\/tomor-usb-c-kabel-2m2m2-stueck3a-ladekabel-usb-c-schnellladung-kompatibel-fuer-samsung-galaxy-s20-s8-s9-s10-s20-fe-a50-a51-a40-a20ehuawei-p30-p20sony-xperia-xz-l1-2xiaomilg\/#breadcrumb"},"inLanguage":"de","potentialAction":[{"@type":"ReadAction","target":["https:\/\/marktxxl.de\/markt\/produkt\/tomor-usb-c-kabel-2m2m2-stueck3a-ladekabel-usb-c-schnellladung-kompatibel-fuer-samsung-galaxy-s20-s8-s9-s10-s20-fe-a50-a51-a40-a20ehuawei-p30-p20sony-xperia-xz-l1-2xiaomilg\/"]}]},{"@type":"ImageObject","inLanguage":"de","@id":"https:\/\/marktxxl.de\/markt\/produkt\/tomor-usb-c-kabel-2m2m2-stueck3a-ladekabel-usb-c-schnellladung-kompatibel-fuer-samsung-galaxy-s20-s8-s9-s10-s20-fe-a50-a51-a40-a20ehuawei-p30-p20sony-xperia-xz-l1-2xiaomilg\/#primaryimage","url":"https:\/\/m.media-amazon.com\/images\/I\/41cO1c3XlAL._SL500_.jpg","contentUrl":"https:\/\/m.media-amazon.com\/images\/I\/41cO1c3XlAL._SL500_.jpg","width":500,"height":500},{"@type":"BreadcrumbList","@id":"https:\/\/marktxxl.de\/markt\/produkt\/tomor-usb-c-kabel-2m2m2-stueck3a-ladekabel-usb-c-schnellladung-kompatibel-fuer-samsung-galaxy-s20-s8-s9-s10-s20-fe-a50-a51-a40-a20ehuawei-p30-p20sony-xperia-xz-l1-2xiaomilg\/#breadcrumb","itemListElement":[{"@type":"ListItem","position":1,"name":"Startseite","item":"https:\/\/marktxxl.de\/markt\/"},{"@type":"ListItem","position":2,"name":"Markt","item":"https:\/\/marktxxl.de\/markt\/"},{"@type":"ListItem","position":3,"name":"Tomor USB C Kabel [2M+2M,2 St\u00fcck],3A Ladekabel Usb C, Schnellladung Kompatibel f\u00fcr Samsung Galaxy S20 S8 S9 S10 S20 Fe\u2026"}]},{"@type":"WebSite","@id":"https:\/\/marktxxl.de\/markt\/#website","url":"https:\/\/marktxxl.de\/markt\/","name":"Markt-XXL","description":"Ihr Markt Online","publisher":{"@id":"https:\/\/marktxxl.de\/markt\/#organization"},"potentialAction":[{"@type":"SearchAction","target":{"@type":"EntryPoint","urlTemplate":"https:\/\/marktxxl.de\/markt\/?s={search_term_string}"},"query-input":{"@type":"PropertyValueSpecification","valueRequired":true,"valueName":"search_term_string"}}],"inLanguage":"de"},{"@type":"Organization","@id":"https:\/\/marktxxl.de\/markt\/#organization","name":"Markt-XXL","url":"https:\/\/marktxxl.de\/markt\/","logo":{"@type":"ImageObject","inLanguage":"de","@id":"https:\/\/marktxxl.de\/markt\/#\/schema\/logo\/image\/","url":"https:\/\/marktxxl.de\/markt\/wp-content\/uploads\/sites\/3\/2020\/12\/logo.png","contentUrl":"https:\/\/marktxxl.de\/markt\/wp-content\/uploads\/sites\/3\/2020\/12\/logo.png","width":200,"height":70,"caption":"Markt-XXL"},"image":{"@id":"https:\/\/marktxxl.de\/markt\/#\/schema\/logo\/image\/"}}]}},"_links":{"self":[{"href":"https:\/\/marktxxl.de\/markt\/wp-json\/wp\/v2\/product\/140058","targetHints":{"allow":["GET"]}}],"collection":[{"href":"https:\/\/marktxxl.de\/markt\/wp-json\/wp\/v2\/product"}],"about":[{"href":"https:\/\/marktxxl.de\/markt\/wp-json\/wp\/v2\/types\/product"}],"replies":[{"embeddable":true,"href":"https:\/\/marktxxl.de\/markt\/wp-json\/wp\/v2\/comments?post=140058"}],"wp:featuredmedia":[{"embeddable":true,"href":"https:\/\/marktxxl.de\/markt\/wp-json\/wp\/v2\/media\/140059"}],"wp:attachment":[{"href":"https:\/\/marktxxl.de\/markt\/wp-json\/wp\/v2\/media?parent=140058"}],"wp:term":[{"taxonomy":"product_brand","embeddable":true,"href":"https:\/\/marktxxl.de\/markt\/wp-json\/wp\/v2\/product_brand?post=140058"},{"taxonomy":"product_cat","embeddable":true,"href":"https:\/\/marktxxl.de\/markt\/wp-json\/wp\/v2\/product_cat?post=140058"},{"taxonomy":"product_tag","embeddable":true,"href":"https:\/\/marktxxl.de\/markt\/wp-json\/wp\/v2\/product_tag?post=140058"}],"curies":[{"name":"wp","href":"https:\/\/api.w.org\/{rel}","templated":true}]}}