{"id":140026,"date":"2022-07-14T09:11:17","date_gmt":"2022-07-14T07:11:17","guid":{"rendered":"https:\/\/marktxxl.de\/markt\/produkt\/tragbare-ssd-10-tb-mobile-solid-state-drive-externe-festplatte-ssd-usb-3-1-usb-c-high-speed-speicherstick-kompatibel-mit-pc-desktop-laptop-mac-ps4-und-xbox\/"},"modified":"2023-04-10T04:21:00","modified_gmt":"2023-04-10T02:21:00","slug":"tragbare-ssd-10-tb-mobile-solid-state-drive-externe-festplatte-ssd-usb-3-1-usb-c-high-speed-speicherstick-kompatibel-mit-pc-desktop-laptop-mac-ps4-und-xbox","status":"publish","type":"product","link":"https:\/\/marktxxl.de\/markt\/produkt\/tragbare-ssd-10-tb-mobile-solid-state-drive-externe-festplatte-ssd-usb-3-1-usb-c-high-speed-speicherstick-kompatibel-mit-pc-desktop-laptop-mac-ps4-und-xbox\/","title":{"rendered":"KIMLOUUY Tragbares SSD-Festplatte (2 TB, 2000 GB, externe Festplatte, SSD, USB 3.1, USB-C, High-Speed-Speicherstick\u2026"},"content":{"rendered":"<p>Plug-and-Play: Dieses externe Solid-State-Laufwerk unterst\u00fctzt Plug and Play. Sie m\u00fcssen nicht neu starten oder andere Treiber verwenden.<br \/>\n\u3010Hohe Geschwindigkeit\u3011: Mit USB 3.1 f\u00fcr ultraschnelle \u00dcbertragungsgeschwindigkeit, keine Notwendigkeit, manuell auszuw\u00e4hlen.<br \/>\nMaterial: Die Solid-State-Laufwerksschale besteht aus einer Aluminiumlegierung, die eine st\u00e4rkere Schlagfestigkeit, Festigkeit und Steifigkeit gew\u00e4hrleisten kann. Das kleine Design macht es einfach in der Tasche zu tragen, geeignet f\u00fcr Zuhause, B\u00fcro und Reisen.<br \/>\n\u3010Schutz\u3011: Interner Vibrationssensor, Rampenladetechnologie kann Ihr Laufwerk und Ihre Daten sch\u00fctzen.<br \/>\n\u3010Garantierte Zufriedenheit\u3011: 1 x tragbares Solid-State-Laufwerk, 1 x USB-3.1-Kabel.<br \/>\n<div class=\"main-cross-sell\" data-asin=\"B09X1LWLCX\">\n\n\t<div class=\"WooZone-cross-sell-loader\">\n\t\t<div>\n\t\t\t<div id=\"floatingBarsG\">\n\t\t\t\t<div class=\"blockG\" id=\"rotateG_01\"><\/div>\n\t\t\t\t<div class=\"blockG\" id=\"rotateG_02\"><\/div>\n\t\t\t\t<div class=\"blockG\" id=\"rotateG_03\"><\/div>\n\t\t\t\t<div class=\"blockG\" id=\"rotateG_04\"><\/div>\n\t\t\t\t<div class=\"blockG\" id=\"rotateG_05\"><\/div>\n\t\t\t\t<div class=\"blockG\" id=\"rotateG_06\"><\/div>\n\t\t\t\t<div class=\"blockG\" id=\"rotateG_07\"><\/div>\n\t\t\t\t<div class=\"blockG\" id=\"rotateG_08\"><\/div>\n\t\t\t<\/div>\n\t\t\t<div class=\"WooZone-cross-sell-loader-text\"><\/div>\n\t\t<\/div>\n\t<\/div>\n\n\t\t\n<\/div>\n<div style=\"clear:both;\"><\/div><\/p>\n","protected":false},"excerpt":{"rendered":"<p>Plug-and-Play: Dieses externe Solid-State-Laufwerk unterst\u00fctzt Plug and Play. Sie m\u00fcssen nicht neu starten oder andere Treiber verwenden.<br \/>\n\u3010Hohe Geschwindigkeit\u3011: Mit USB 3.1 f\u00fcr ultraschnelle \u00dcbertragungsgeschwindigkeit, keine Notwendigkeit, manuell auszuw\u00e4hlen.<br \/>\nMaterial: Die Solid-State-Laufwerksschale besteht aus einer Aluminiumlegierung, die eine st\u00e4rkere Schlagfestigkeit, Festigkeit und Steifigkeit gew\u00e4hrleisten kann. Das kleine Design macht es einfach in der Tasche zu tragen, geeignet f\u00fcr Zuhause, B\u00fcro und Reisen.<\/p>\n","protected":false},"featured_media":140027,"comment_status":"open","ping_status":"closed","template":"","meta":[],"product_brand":[],"product_cat":[863],"product_tag":[],"class_list":{"0":"post-140026","1":"product","2":"type-product","3":"status-publish","4":"has-post-thumbnail","6":"product_cat-computer-zubehoer","7":"pa_binding-elektronik","8":"pa_brand-kimlouuy","9":"pa_height-0-35-zoll","10":"pa_length-3-9-zoll","11":"pa_manufacturer-kimlouuy","12":"pa_width-1-3-zoll","14":"first","15":"instock","16":"shipping-taxable","17":"purchasable","18":"product-type-simple","19":"customify-col","20":"product-has-gallery"},"yoast_head":"<!-- This site is optimized with the Yoast SEO plugin v27.3 - https:\/\/yoast.com\/product\/yoast-seo-wordpress\/ -->\n<title>KIMLOUUY Tragbares SSD-Festplatte (2 TB, 2000 GB, externe Festplatte, SSD, USB 3.1, USB-C, High-Speed-Speicherstick\u2026 - Markt-XXL<\/title>\n<meta name=\"description\" content=\"Markt-XXL KIMLOUUY Tragbares SSD-Festplatte (2 TB, 2000 GB, externe Festplatte, SSD, USB 3.1, USB-C, High-Speed-Speicherstick\u2026\" \/>\n<meta name=\"robots\" content=\"index, follow, max-snippet:-1, max-image-preview:large, max-video-preview:-1\" \/>\n<link rel=\"canonical\" href=\"https:\/\/marktxxl.de\/markt\/produkt\/tragbare-ssd-10-tb-mobile-solid-state-drive-externe-festplatte-ssd-usb-3-1-usb-c-high-speed-speicherstick-kompatibel-mit-pc-desktop-laptop-mac-ps4-und-xbox\/\" \/>\n<meta property=\"og:locale\" content=\"de_DE\" \/>\n<meta property=\"og:type\" content=\"article\" \/>\n<meta property=\"og:title\" content=\"KIMLOUUY Tragbares SSD-Festplatte (2 TB, 2000 GB, externe Festplatte, SSD, USB 3.1, USB-C, High-Speed-Speicherstick\u2026 - Markt-XXL\" \/>\n<meta property=\"og:description\" content=\"Markt-XXL KIMLOUUY Tragbares SSD-Festplatte (2 TB, 2000 GB, externe Festplatte, SSD, USB 3.1, USB-C, High-Speed-Speicherstick\u2026\" \/>\n<meta property=\"og:url\" content=\"https:\/\/marktxxl.de\/markt\/produkt\/tragbare-ssd-10-tb-mobile-solid-state-drive-externe-festplatte-ssd-usb-3-1-usb-c-high-speed-speicherstick-kompatibel-mit-pc-desktop-laptop-mac-ps4-und-xbox\/\" \/>\n<meta property=\"og:site_name\" content=\"Markt-XXL\" \/>\n<meta property=\"article:modified_time\" content=\"2023-04-10T02:21:00+00:00\" \/>\n<meta property=\"og:image\" content=\"https:\/\/m.media-amazon.com\/images\/I\/311D5F0V3JL._SL500_.jpg\" \/>\n\t<meta property=\"og:image:width\" content=\"500\" \/>\n\t<meta property=\"og:image:height\" content=\"389\" \/>\n\t<meta property=\"og:image:type\" content=\"image\/jpeg\" \/>\n<meta name=\"twitter:card\" content=\"summary_large_image\" \/>\n<script type=\"application\/ld+json\" class=\"yoast-schema-graph\">{\"@context\":\"https:\\\/\\\/schema.org\",\"@graph\":[{\"@type\":\"WebPage\",\"@id\":\"https:\\\/\\\/marktxxl.de\\\/markt\\\/produkt\\\/tragbare-ssd-10-tb-mobile-solid-state-drive-externe-festplatte-ssd-usb-3-1-usb-c-high-speed-speicherstick-kompatibel-mit-pc-desktop-laptop-mac-ps4-und-xbox\\\/\",\"url\":\"https:\\\/\\\/marktxxl.de\\\/markt\\\/produkt\\\/tragbare-ssd-10-tb-mobile-solid-state-drive-externe-festplatte-ssd-usb-3-1-usb-c-high-speed-speicherstick-kompatibel-mit-pc-desktop-laptop-mac-ps4-und-xbox\\\/\",\"name\":\"KIMLOUUY Tragbares SSD-Festplatte (2 TB, 2000 GB, externe Festplatte, SSD, USB 3.1, USB-C, High-Speed-Speicherstick\u2026 - Markt-XXL\",\"isPartOf\":{\"@id\":\"https:\\\/\\\/marktxxl.de\\\/markt\\\/#website\"},\"primaryImageOfPage\":{\"@id\":\"https:\\\/\\\/marktxxl.de\\\/markt\\\/produkt\\\/tragbare-ssd-10-tb-mobile-solid-state-drive-externe-festplatte-ssd-usb-3-1-usb-c-high-speed-speicherstick-kompatibel-mit-pc-desktop-laptop-mac-ps4-und-xbox\\\/#primaryimage\"},\"image\":{\"@id\":\"https:\\\/\\\/marktxxl.de\\\/markt\\\/produkt\\\/tragbare-ssd-10-tb-mobile-solid-state-drive-externe-festplatte-ssd-usb-3-1-usb-c-high-speed-speicherstick-kompatibel-mit-pc-desktop-laptop-mac-ps4-und-xbox\\\/#primaryimage\"},\"thumbnailUrl\":\"https:\\\/\\\/m.media-amazon.com\\\/images\\\/I\\\/311D5F0V3JL._SL500_.jpg\",\"datePublished\":\"2022-07-14T07:11:17+00:00\",\"dateModified\":\"2023-04-10T02:21:00+00:00\",\"description\":\"Markt-XXL KIMLOUUY Tragbares SSD-Festplatte (2 TB, 2000 GB, externe Festplatte, SSD, USB 3.1, USB-C, High-Speed-Speicherstick\u2026\",\"breadcrumb\":{\"@id\":\"https:\\\/\\\/marktxxl.de\\\/markt\\\/produkt\\\/tragbare-ssd-10-tb-mobile-solid-state-drive-externe-festplatte-ssd-usb-3-1-usb-c-high-speed-speicherstick-kompatibel-mit-pc-desktop-laptop-mac-ps4-und-xbox\\\/#breadcrumb\"},\"inLanguage\":\"de\",\"potentialAction\":[{\"@type\":\"ReadAction\",\"target\":[\"https:\\\/\\\/marktxxl.de\\\/markt\\\/produkt\\\/tragbare-ssd-10-tb-mobile-solid-state-drive-externe-festplatte-ssd-usb-3-1-usb-c-high-speed-speicherstick-kompatibel-mit-pc-desktop-laptop-mac-ps4-und-xbox\\\/\"]}]},{\"@type\":\"ImageObject\",\"inLanguage\":\"de\",\"@id\":\"https:\\\/\\\/marktxxl.de\\\/markt\\\/produkt\\\/tragbare-ssd-10-tb-mobile-solid-state-drive-externe-festplatte-ssd-usb-3-1-usb-c-high-speed-speicherstick-kompatibel-mit-pc-desktop-laptop-mac-ps4-und-xbox\\\/#primaryimage\",\"url\":\"https:\\\/\\\/m.media-amazon.com\\\/images\\\/I\\\/311D5F0V3JL._SL500_.jpg\",\"contentUrl\":\"https:\\\/\\\/m.media-amazon.com\\\/images\\\/I\\\/311D5F0V3JL._SL500_.jpg\",\"width\":500,\"height\":389},{\"@type\":\"BreadcrumbList\",\"@id\":\"https:\\\/\\\/marktxxl.de\\\/markt\\\/produkt\\\/tragbare-ssd-10-tb-mobile-solid-state-drive-externe-festplatte-ssd-usb-3-1-usb-c-high-speed-speicherstick-kompatibel-mit-pc-desktop-laptop-mac-ps4-und-xbox\\\/#breadcrumb\",\"itemListElement\":[{\"@type\":\"ListItem\",\"position\":1,\"name\":\"Startseite\",\"item\":\"https:\\\/\\\/marktxxl.de\\\/markt\\\/\"},{\"@type\":\"ListItem\",\"position\":2,\"name\":\"Markt\",\"item\":\"https:\\\/\\\/marktxxl.de\\\/markt\\\/\"},{\"@type\":\"ListItem\",\"position\":3,\"name\":\"KIMLOUUY Tragbares SSD-Festplatte (2 TB, 2000 GB, externe Festplatte, SSD, USB 3.1, USB-C, High-Speed-Speicherstick\u2026\"}]},{\"@type\":\"WebSite\",\"@id\":\"https:\\\/\\\/marktxxl.de\\\/markt\\\/#website\",\"url\":\"https:\\\/\\\/marktxxl.de\\\/markt\\\/\",\"name\":\"Markt-XXL\",\"description\":\"Ihr Markt Online\",\"publisher\":{\"@id\":\"https:\\\/\\\/marktxxl.de\\\/markt\\\/#organization\"},\"potentialAction\":[{\"@type\":\"SearchAction\",\"target\":{\"@type\":\"EntryPoint\",\"urlTemplate\":\"https:\\\/\\\/marktxxl.de\\\/markt\\\/?s={search_term_string}\"},\"query-input\":{\"@type\":\"PropertyValueSpecification\",\"valueRequired\":true,\"valueName\":\"search_term_string\"}}],\"inLanguage\":\"de\"},{\"@type\":\"Organization\",\"@id\":\"https:\\\/\\\/marktxxl.de\\\/markt\\\/#organization\",\"name\":\"Markt-XXL\",\"url\":\"https:\\\/\\\/marktxxl.de\\\/markt\\\/\",\"logo\":{\"@type\":\"ImageObject\",\"inLanguage\":\"de\",\"@id\":\"https:\\\/\\\/marktxxl.de\\\/markt\\\/#\\\/schema\\\/logo\\\/image\\\/\",\"url\":\"https:\\\/\\\/marktxxl.de\\\/markt\\\/wp-content\\\/uploads\\\/sites\\\/3\\\/2020\\\/12\\\/logo.png\",\"contentUrl\":\"https:\\\/\\\/marktxxl.de\\\/markt\\\/wp-content\\\/uploads\\\/sites\\\/3\\\/2020\\\/12\\\/logo.png\",\"width\":200,\"height\":70,\"caption\":\"Markt-XXL\"},\"image\":{\"@id\":\"https:\\\/\\\/marktxxl.de\\\/markt\\\/#\\\/schema\\\/logo\\\/image\\\/\"}}]}<\/script>\n<!-- \/ Yoast SEO plugin. -->","yoast_head_json":{"title":"KIMLOUUY Tragbares SSD-Festplatte (2 TB, 2000 GB, externe Festplatte, SSD, USB 3.1, USB-C, High-Speed-Speicherstick\u2026 - Markt-XXL","description":"Markt-XXL KIMLOUUY Tragbares SSD-Festplatte (2 TB, 2000 GB, externe Festplatte, SSD, USB 3.1, USB-C, High-Speed-Speicherstick\u2026","robots":{"index":"index","follow":"follow","max-snippet":"max-snippet:-1","max-image-preview":"max-image-preview:large","max-video-preview":"max-video-preview:-1"},"canonical":"https:\/\/marktxxl.de\/markt\/produkt\/tragbare-ssd-10-tb-mobile-solid-state-drive-externe-festplatte-ssd-usb-3-1-usb-c-high-speed-speicherstick-kompatibel-mit-pc-desktop-laptop-mac-ps4-und-xbox\/","og_locale":"de_DE","og_type":"article","og_title":"KIMLOUUY Tragbares SSD-Festplatte (2 TB, 2000 GB, externe Festplatte, SSD, USB 3.1, USB-C, High-Speed-Speicherstick\u2026 - Markt-XXL","og_description":"Markt-XXL KIMLOUUY Tragbares SSD-Festplatte (2 TB, 2000 GB, externe Festplatte, SSD, USB 3.1, USB-C, High-Speed-Speicherstick\u2026","og_url":"https:\/\/marktxxl.de\/markt\/produkt\/tragbare-ssd-10-tb-mobile-solid-state-drive-externe-festplatte-ssd-usb-3-1-usb-c-high-speed-speicherstick-kompatibel-mit-pc-desktop-laptop-mac-ps4-und-xbox\/","og_site_name":"Markt-XXL","article_modified_time":"2023-04-10T02:21:00+00:00","og_image":[{"width":500,"height":389,"url":"https:\/\/m.media-amazon.com\/images\/I\/311D5F0V3JL._SL500_.jpg","type":"image\/jpeg"}],"twitter_card":"summary_large_image","schema":{"@context":"https:\/\/schema.org","@graph":[{"@type":"WebPage","@id":"https:\/\/marktxxl.de\/markt\/produkt\/tragbare-ssd-10-tb-mobile-solid-state-drive-externe-festplatte-ssd-usb-3-1-usb-c-high-speed-speicherstick-kompatibel-mit-pc-desktop-laptop-mac-ps4-und-xbox\/","url":"https:\/\/marktxxl.de\/markt\/produkt\/tragbare-ssd-10-tb-mobile-solid-state-drive-externe-festplatte-ssd-usb-3-1-usb-c-high-speed-speicherstick-kompatibel-mit-pc-desktop-laptop-mac-ps4-und-xbox\/","name":"KIMLOUUY Tragbares SSD-Festplatte (2 TB, 2000 GB, externe Festplatte, SSD, USB 3.1, USB-C, High-Speed-Speicherstick\u2026 - Markt-XXL","isPartOf":{"@id":"https:\/\/marktxxl.de\/markt\/#website"},"primaryImageOfPage":{"@id":"https:\/\/marktxxl.de\/markt\/produkt\/tragbare-ssd-10-tb-mobile-solid-state-drive-externe-festplatte-ssd-usb-3-1-usb-c-high-speed-speicherstick-kompatibel-mit-pc-desktop-laptop-mac-ps4-und-xbox\/#primaryimage"},"image":{"@id":"https:\/\/marktxxl.de\/markt\/produkt\/tragbare-ssd-10-tb-mobile-solid-state-drive-externe-festplatte-ssd-usb-3-1-usb-c-high-speed-speicherstick-kompatibel-mit-pc-desktop-laptop-mac-ps4-und-xbox\/#primaryimage"},"thumbnailUrl":"https:\/\/m.media-amazon.com\/images\/I\/311D5F0V3JL._SL500_.jpg","datePublished":"2022-07-14T07:11:17+00:00","dateModified":"2023-04-10T02:21:00+00:00","description":"Markt-XXL KIMLOUUY Tragbares SSD-Festplatte (2 TB, 2000 GB, externe Festplatte, SSD, USB 3.1, USB-C, High-Speed-Speicherstick\u2026","breadcrumb":{"@id":"https:\/\/marktxxl.de\/markt\/produkt\/tragbare-ssd-10-tb-mobile-solid-state-drive-externe-festplatte-ssd-usb-3-1-usb-c-high-speed-speicherstick-kompatibel-mit-pc-desktop-laptop-mac-ps4-und-xbox\/#breadcrumb"},"inLanguage":"de","potentialAction":[{"@type":"ReadAction","target":["https:\/\/marktxxl.de\/markt\/produkt\/tragbare-ssd-10-tb-mobile-solid-state-drive-externe-festplatte-ssd-usb-3-1-usb-c-high-speed-speicherstick-kompatibel-mit-pc-desktop-laptop-mac-ps4-und-xbox\/"]}]},{"@type":"ImageObject","inLanguage":"de","@id":"https:\/\/marktxxl.de\/markt\/produkt\/tragbare-ssd-10-tb-mobile-solid-state-drive-externe-festplatte-ssd-usb-3-1-usb-c-high-speed-speicherstick-kompatibel-mit-pc-desktop-laptop-mac-ps4-und-xbox\/#primaryimage","url":"https:\/\/m.media-amazon.com\/images\/I\/311D5F0V3JL._SL500_.jpg","contentUrl":"https:\/\/m.media-amazon.com\/images\/I\/311D5F0V3JL._SL500_.jpg","width":500,"height":389},{"@type":"BreadcrumbList","@id":"https:\/\/marktxxl.de\/markt\/produkt\/tragbare-ssd-10-tb-mobile-solid-state-drive-externe-festplatte-ssd-usb-3-1-usb-c-high-speed-speicherstick-kompatibel-mit-pc-desktop-laptop-mac-ps4-und-xbox\/#breadcrumb","itemListElement":[{"@type":"ListItem","position":1,"name":"Startseite","item":"https:\/\/marktxxl.de\/markt\/"},{"@type":"ListItem","position":2,"name":"Markt","item":"https:\/\/marktxxl.de\/markt\/"},{"@type":"ListItem","position":3,"name":"KIMLOUUY Tragbares SSD-Festplatte (2 TB, 2000 GB, externe Festplatte, SSD, USB 3.1, USB-C, High-Speed-Speicherstick\u2026"}]},{"@type":"WebSite","@id":"https:\/\/marktxxl.de\/markt\/#website","url":"https:\/\/marktxxl.de\/markt\/","name":"Markt-XXL","description":"Ihr Markt Online","publisher":{"@id":"https:\/\/marktxxl.de\/markt\/#organization"},"potentialAction":[{"@type":"SearchAction","target":{"@type":"EntryPoint","urlTemplate":"https:\/\/marktxxl.de\/markt\/?s={search_term_string}"},"query-input":{"@type":"PropertyValueSpecification","valueRequired":true,"valueName":"search_term_string"}}],"inLanguage":"de"},{"@type":"Organization","@id":"https:\/\/marktxxl.de\/markt\/#organization","name":"Markt-XXL","url":"https:\/\/marktxxl.de\/markt\/","logo":{"@type":"ImageObject","inLanguage":"de","@id":"https:\/\/marktxxl.de\/markt\/#\/schema\/logo\/image\/","url":"https:\/\/marktxxl.de\/markt\/wp-content\/uploads\/sites\/3\/2020\/12\/logo.png","contentUrl":"https:\/\/marktxxl.de\/markt\/wp-content\/uploads\/sites\/3\/2020\/12\/logo.png","width":200,"height":70,"caption":"Markt-XXL"},"image":{"@id":"https:\/\/marktxxl.de\/markt\/#\/schema\/logo\/image\/"}}]}},"_links":{"self":[{"href":"https:\/\/marktxxl.de\/markt\/wp-json\/wp\/v2\/product\/140026","targetHints":{"allow":["GET"]}}],"collection":[{"href":"https:\/\/marktxxl.de\/markt\/wp-json\/wp\/v2\/product"}],"about":[{"href":"https:\/\/marktxxl.de\/markt\/wp-json\/wp\/v2\/types\/product"}],"replies":[{"embeddable":true,"href":"https:\/\/marktxxl.de\/markt\/wp-json\/wp\/v2\/comments?post=140026"}],"wp:featuredmedia":[{"embeddable":true,"href":"https:\/\/marktxxl.de\/markt\/wp-json\/wp\/v2\/media\/140027"}],"wp:attachment":[{"href":"https:\/\/marktxxl.de\/markt\/wp-json\/wp\/v2\/media?parent=140026"}],"wp:term":[{"taxonomy":"product_brand","embeddable":true,"href":"https:\/\/marktxxl.de\/markt\/wp-json\/wp\/v2\/product_brand?post=140026"},{"taxonomy":"product_cat","embeddable":true,"href":"https:\/\/marktxxl.de\/markt\/wp-json\/wp\/v2\/product_cat?post=140026"},{"taxonomy":"product_tag","embeddable":true,"href":"https:\/\/marktxxl.de\/markt\/wp-json\/wp\/v2\/product_tag?post=140026"}],"curies":[{"name":"wp","href":"https:\/\/api.w.org\/{rel}","templated":true}]}}