{"id":139992,"date":"2022-07-14T09:10:36","date_gmt":"2022-07-14T07:10:36","guid":{"rendered":"https:\/\/marktxxl.de\/markt\/produkt\/usb-stick-982gb-speicherstick-usb-3-0-wasserdichte-usb-flash-laufwerk-datenspeicherung-usb-stick-mit-schluesselring-high-speed-datenstick-usb-flash-drive-fuer-pc-computer-laptop-tablet\/"},"modified":"2023-04-10T04:20:59","modified_gmt":"2023-04-10T02:20:59","slug":"usb-stick-982gb-speicherstick-usb-3-0-wasserdichte-usb-flash-laufwerk-datenspeicherung-usb-stick-mit-schluesselring-high-speed-datenstick-usb-flash-drive-fuer-pc-computer-laptop-tablet","status":"publish","type":"product","link":"https:\/\/marktxxl.de\/markt\/produkt\/usb-stick-982gb-speicherstick-usb-3-0-wasserdichte-usb-flash-laufwerk-datenspeicherung-usb-stick-mit-schluesselring-high-speed-datenstick-usb-flash-drive-fuer-pc-computer-laptop-tablet\/","title":{"rendered":"ZICIRY USB Stick 512 GB USB 3.0 Memory Stick USB Stick Waterproof USB Flash Drive 512 GB Metal USB Sticks with Key Ring\u2026"},"content":{"rendered":"<p>\u3010982GB Gro\u00dfe Speicherkapazit\u00e4t\u3011\uff1aSie m\u00fcssen nicht f\u00fcr zus\u00e4tzlichen Speicher bezahlen, legen Sie ihn einfach ein und genie\u00dfen Sie den zus\u00e4tzlichen Speicherplatz des Ger\u00e4ts. Die Flash-Laufwerke sind ausgezeichnete L\u00f6sungen, um Dateien, Videos und Bilder vom Telefon sowie von Computern hin und her zu \u00fcbertragen.<br \/>\n\u3010Breite Kompatibilit\u00e4t\u3011: Dieser USB 3.0 Stick unterst\u00fctzt fast alle Betriebssysteme, einschlie\u00dflich Windows 98\/NT\/ME\/XP\/7\/8.1\/10 und h\u00f6her, es ist auch kompatibel mit Linux und Mac OS 10.3 und h\u00f6her. Und es ist mit den meisten USB-Anschl\u00fcssen wie PC, Laptop, Fernseher, Auto und anderen USB-f\u00e4higen Ger\u00e4ten kompatibel. Und Speicherstick unterst\u00fctzt alle digitalen Daten wie: Musik, Videos, Fotos, Filme, Handb\u00fccher, Software usw.<br \/>\n\u3010High Speed \u3011\uff1aErleben Sie eine 10-mal schnellere Lese- und Schreibgeschwindigkeit als USB2.0, und Fotos, Videos und Dokumente k\u00f6nnen auf dem 982GB Flash-Laufwerk gesichert werden. Machen Sie schnell Speicherplatz auf Ihrem Ger\u00e4t frei.<br \/>\n\u3010Langlebig\u3011\uff1aDas Metallgeh\u00e4use bietet Schutz vor Staub, Wasser und Temperatur und ist au\u00dferdem sto\u00dffest. Das Innere verwendet den fortschrittlichsten importierten Smart-Chip Speichern Sie Ihre Daten sicherer. Verl\u00e4ngern Sie die Lebensdauer von USB.<br \/>\n\u3010Breites Einsatzspektrum\u3011: USB stick funktioniert mit Desktop, Laptop, Mac, Tablet, Macintosh, Lautsprechern, Drucker, Auto-Audiosystem und Smart TV (TV), das einen USB-Anschluss hat und die \u00dcbertragung erm\u00f6glicht Daten.<br \/>\n<div class=\"main-cross-sell\" data-asin=\"B0B3TCNJ54\">\n\n\t<div class=\"WooZone-cross-sell-loader\">\n\t\t<div>\n\t\t\t<div id=\"floatingBarsG\">\n\t\t\t\t<div class=\"blockG\" id=\"rotateG_01\"><\/div>\n\t\t\t\t<div class=\"blockG\" id=\"rotateG_02\"><\/div>\n\t\t\t\t<div class=\"blockG\" id=\"rotateG_03\"><\/div>\n\t\t\t\t<div class=\"blockG\" id=\"rotateG_04\"><\/div>\n\t\t\t\t<div class=\"blockG\" id=\"rotateG_05\"><\/div>\n\t\t\t\t<div class=\"blockG\" id=\"rotateG_06\"><\/div>\n\t\t\t\t<div class=\"blockG\" id=\"rotateG_07\"><\/div>\n\t\t\t\t<div class=\"blockG\" id=\"rotateG_08\"><\/div>\n\t\t\t<\/div>\n\t\t\t<div class=\"WooZone-cross-sell-loader-text\"><\/div>\n\t\t<\/div>\n\t<\/div>\n\n\t\t\n<\/div>\n<div style=\"clear:both;\"><\/div><\/p>\n","protected":false},"excerpt":{"rendered":"<p>\u3010982GB Gro\u00dfe Speicherkapazit\u00e4t\u3011\uff1aSie m\u00fcssen nicht f\u00fcr zus\u00e4tzlichen Speicher bezahlen, legen Sie ihn einfach ein und genie\u00dfen Sie den zus\u00e4tzlichen Speicherplatz des Ger\u00e4ts. Die Flash-Laufwerke sind ausgezeichnete L\u00f6sungen, um Dateien, Videos und Bilder vom Telefon sowie von Computern hin und her zu \u00fcbertragen.<br \/>\n\u3010Breite Kompatibilit\u00e4t\u3011: Dieser USB 3.0 Stick unterst\u00fctzt fast alle Betriebssysteme, einschlie\u00dflich Windows 98\/NT\/ME\/XP\/7\/8.1\/10 und h\u00f6her, es ist auch kompatibel mit Linux und Mac OS 10.3 und h\u00f6her. Und es ist mit den meisten USB-Anschl\u00fcssen wie PC, Laptop, Fernseher, Auto und anderen USB-f\u00e4higen Ger\u00e4ten kompatibel. Und Speicherstick unterst\u00fctzt alle digitalen Daten wie: Musik, Videos, Fotos, Filme, Handb\u00fccher, Software usw.<br \/>\n\u3010High Speed \u3011\uff1aErleben Sie eine 10-mal schnellere Lese- und Schreibgeschwindigkeit als USB2.0, und Fotos, Videos und Dokumente k\u00f6nnen auf dem 982GB Flash-Laufwerk gesichert werden. Machen Sie schnell Speicherplatz auf Ihrem Ger\u00e4t frei.<\/p>\n","protected":false},"featured_media":139993,"comment_status":"open","ping_status":"closed","template":"","meta":[],"product_brand":[],"product_cat":[863],"product_tag":[],"class_list":{"0":"post-139992","1":"product","2":"type-product","3":"status-publish","4":"has-post-thumbnail","6":"product_cat-computer-zubehoer","7":"pa_brand-windyrow","8":"pa_manufacturer-windyrow","9":"pa_warranty-no","11":"first","12":"instock","13":"shipping-taxable","14":"purchasable","15":"product-type-simple","16":"customify-col","17":"product-has-gallery"},"yoast_head":"<!-- This site is optimized with the Yoast SEO plugin v27.4 - https:\/\/yoast.com\/product\/yoast-seo-wordpress\/ -->\n<title>ZICIRY USB Stick 512 GB USB 3.0 Memory Stick USB Stick Waterproof USB Flash Drive 512 GB Metal USB Sticks with Key Ring\u2026 - Markt-XXL<\/title>\n<meta name=\"description\" content=\"Markt-XXL ZICIRY USB Stick 512 GB USB 3.0 Memory Stick USB Stick Waterproof USB Flash Drive 512 GB Metal USB Sticks with Key Ring\u2026\" \/>\n<meta name=\"robots\" content=\"index, follow, max-snippet:-1, max-image-preview:large, max-video-preview:-1\" \/>\n<link rel=\"canonical\" href=\"https:\/\/marktxxl.de\/markt\/produkt\/usb-stick-982gb-speicherstick-usb-3-0-wasserdichte-usb-flash-laufwerk-datenspeicherung-usb-stick-mit-schluesselring-high-speed-datenstick-usb-flash-drive-fuer-pc-computer-laptop-tablet\/\" \/>\n<meta property=\"og:locale\" content=\"de_DE\" \/>\n<meta property=\"og:type\" content=\"article\" \/>\n<meta property=\"og:title\" content=\"ZICIRY USB Stick 512 GB USB 3.0 Memory Stick USB Stick Waterproof USB Flash Drive 512 GB Metal USB Sticks with Key Ring\u2026 - Markt-XXL\" \/>\n<meta property=\"og:description\" content=\"Markt-XXL ZICIRY USB Stick 512 GB USB 3.0 Memory Stick USB Stick Waterproof USB Flash Drive 512 GB Metal USB Sticks with Key Ring\u2026\" \/>\n<meta property=\"og:url\" content=\"https:\/\/marktxxl.de\/markt\/produkt\/usb-stick-982gb-speicherstick-usb-3-0-wasserdichte-usb-flash-laufwerk-datenspeicherung-usb-stick-mit-schluesselring-high-speed-datenstick-usb-flash-drive-fuer-pc-computer-laptop-tablet\/\" \/>\n<meta property=\"og:site_name\" content=\"Markt-XXL\" \/>\n<meta property=\"article:modified_time\" content=\"2023-04-10T02:20:59+00:00\" \/>\n<meta property=\"og:image\" content=\"https:\/\/m.media-amazon.com\/images\/I\/31uoSgH1fOL._SL500_.jpg\" \/>\n\t<meta property=\"og:image:width\" content=\"500\" \/>\n\t<meta property=\"og:image:height\" content=\"500\" \/>\n\t<meta property=\"og:image:type\" content=\"image\/jpeg\" \/>\n<meta name=\"twitter:card\" content=\"summary_large_image\" \/>\n<meta name=\"twitter:label1\" content=\"Gesch\u00e4tzte Lesezeit\" \/>\n\t<meta name=\"twitter:data1\" content=\"1\u00a0Minute\" \/>\n<script type=\"application\/ld+json\" class=\"yoast-schema-graph\">{\"@context\":\"https:\\\/\\\/schema.org\",\"@graph\":[{\"@type\":\"WebPage\",\"@id\":\"https:\\\/\\\/marktxxl.de\\\/markt\\\/produkt\\\/usb-stick-982gb-speicherstick-usb-3-0-wasserdichte-usb-flash-laufwerk-datenspeicherung-usb-stick-mit-schluesselring-high-speed-datenstick-usb-flash-drive-fuer-pc-computer-laptop-tablet\\\/\",\"url\":\"https:\\\/\\\/marktxxl.de\\\/markt\\\/produkt\\\/usb-stick-982gb-speicherstick-usb-3-0-wasserdichte-usb-flash-laufwerk-datenspeicherung-usb-stick-mit-schluesselring-high-speed-datenstick-usb-flash-drive-fuer-pc-computer-laptop-tablet\\\/\",\"name\":\"ZICIRY USB Stick 512 GB USB 3.0 Memory Stick USB Stick Waterproof USB Flash Drive 512 GB Metal USB Sticks with Key Ring\u2026 - Markt-XXL\",\"isPartOf\":{\"@id\":\"https:\\\/\\\/marktxxl.de\\\/markt\\\/#website\"},\"primaryImageOfPage\":{\"@id\":\"https:\\\/\\\/marktxxl.de\\\/markt\\\/produkt\\\/usb-stick-982gb-speicherstick-usb-3-0-wasserdichte-usb-flash-laufwerk-datenspeicherung-usb-stick-mit-schluesselring-high-speed-datenstick-usb-flash-drive-fuer-pc-computer-laptop-tablet\\\/#primaryimage\"},\"image\":{\"@id\":\"https:\\\/\\\/marktxxl.de\\\/markt\\\/produkt\\\/usb-stick-982gb-speicherstick-usb-3-0-wasserdichte-usb-flash-laufwerk-datenspeicherung-usb-stick-mit-schluesselring-high-speed-datenstick-usb-flash-drive-fuer-pc-computer-laptop-tablet\\\/#primaryimage\"},\"thumbnailUrl\":\"https:\\\/\\\/m.media-amazon.com\\\/images\\\/I\\\/31uoSgH1fOL._SL500_.jpg\",\"datePublished\":\"2022-07-14T07:10:36+00:00\",\"dateModified\":\"2023-04-10T02:20:59+00:00\",\"description\":\"Markt-XXL ZICIRY USB Stick 512 GB USB 3.0 Memory Stick USB Stick Waterproof USB Flash Drive 512 GB Metal USB Sticks with Key Ring\u2026\",\"breadcrumb\":{\"@id\":\"https:\\\/\\\/marktxxl.de\\\/markt\\\/produkt\\\/usb-stick-982gb-speicherstick-usb-3-0-wasserdichte-usb-flash-laufwerk-datenspeicherung-usb-stick-mit-schluesselring-high-speed-datenstick-usb-flash-drive-fuer-pc-computer-laptop-tablet\\\/#breadcrumb\"},\"inLanguage\":\"de\",\"potentialAction\":[{\"@type\":\"ReadAction\",\"target\":[\"https:\\\/\\\/marktxxl.de\\\/markt\\\/produkt\\\/usb-stick-982gb-speicherstick-usb-3-0-wasserdichte-usb-flash-laufwerk-datenspeicherung-usb-stick-mit-schluesselring-high-speed-datenstick-usb-flash-drive-fuer-pc-computer-laptop-tablet\\\/\"]}]},{\"@type\":\"ImageObject\",\"inLanguage\":\"de\",\"@id\":\"https:\\\/\\\/marktxxl.de\\\/markt\\\/produkt\\\/usb-stick-982gb-speicherstick-usb-3-0-wasserdichte-usb-flash-laufwerk-datenspeicherung-usb-stick-mit-schluesselring-high-speed-datenstick-usb-flash-drive-fuer-pc-computer-laptop-tablet\\\/#primaryimage\",\"url\":\"https:\\\/\\\/m.media-amazon.com\\\/images\\\/I\\\/31uoSgH1fOL._SL500_.jpg\",\"contentUrl\":\"https:\\\/\\\/m.media-amazon.com\\\/images\\\/I\\\/31uoSgH1fOL._SL500_.jpg\",\"width\":500,\"height\":500},{\"@type\":\"BreadcrumbList\",\"@id\":\"https:\\\/\\\/marktxxl.de\\\/markt\\\/produkt\\\/usb-stick-982gb-speicherstick-usb-3-0-wasserdichte-usb-flash-laufwerk-datenspeicherung-usb-stick-mit-schluesselring-high-speed-datenstick-usb-flash-drive-fuer-pc-computer-laptop-tablet\\\/#breadcrumb\",\"itemListElement\":[{\"@type\":\"ListItem\",\"position\":1,\"name\":\"Startseite\",\"item\":\"https:\\\/\\\/marktxxl.de\\\/markt\\\/\"},{\"@type\":\"ListItem\",\"position\":2,\"name\":\"Markt\",\"item\":\"https:\\\/\\\/marktxxl.de\\\/markt\\\/\"},{\"@type\":\"ListItem\",\"position\":3,\"name\":\"ZICIRY USB Stick 512 GB USB 3.0 Memory Stick USB Stick Waterproof USB Flash Drive 512 GB Metal USB Sticks with Key Ring\u2026\"}]},{\"@type\":\"WebSite\",\"@id\":\"https:\\\/\\\/marktxxl.de\\\/markt\\\/#website\",\"url\":\"https:\\\/\\\/marktxxl.de\\\/markt\\\/\",\"name\":\"Markt-XXL\",\"description\":\"Ihr Markt Online\",\"publisher\":{\"@id\":\"https:\\\/\\\/marktxxl.de\\\/markt\\\/#organization\"},\"potentialAction\":[{\"@type\":\"SearchAction\",\"target\":{\"@type\":\"EntryPoint\",\"urlTemplate\":\"https:\\\/\\\/marktxxl.de\\\/markt\\\/?s={search_term_string}\"},\"query-input\":{\"@type\":\"PropertyValueSpecification\",\"valueRequired\":true,\"valueName\":\"search_term_string\"}}],\"inLanguage\":\"de\"},{\"@type\":\"Organization\",\"@id\":\"https:\\\/\\\/marktxxl.de\\\/markt\\\/#organization\",\"name\":\"Markt-XXL\",\"url\":\"https:\\\/\\\/marktxxl.de\\\/markt\\\/\",\"logo\":{\"@type\":\"ImageObject\",\"inLanguage\":\"de\",\"@id\":\"https:\\\/\\\/marktxxl.de\\\/markt\\\/#\\\/schema\\\/logo\\\/image\\\/\",\"url\":\"https:\\\/\\\/marktxxl.de\\\/markt\\\/wp-content\\\/uploads\\\/sites\\\/3\\\/2020\\\/12\\\/logo.png\",\"contentUrl\":\"https:\\\/\\\/marktxxl.de\\\/markt\\\/wp-content\\\/uploads\\\/sites\\\/3\\\/2020\\\/12\\\/logo.png\",\"width\":200,\"height\":70,\"caption\":\"Markt-XXL\"},\"image\":{\"@id\":\"https:\\\/\\\/marktxxl.de\\\/markt\\\/#\\\/schema\\\/logo\\\/image\\\/\"}}]}<\/script>\n<!-- \/ Yoast SEO plugin. -->","yoast_head_json":{"title":"ZICIRY USB Stick 512 GB USB 3.0 Memory Stick USB Stick Waterproof USB Flash Drive 512 GB Metal USB Sticks with Key Ring\u2026 - Markt-XXL","description":"Markt-XXL ZICIRY USB Stick 512 GB USB 3.0 Memory Stick USB Stick Waterproof USB Flash Drive 512 GB Metal USB Sticks with Key Ring\u2026","robots":{"index":"index","follow":"follow","max-snippet":"max-snippet:-1","max-image-preview":"max-image-preview:large","max-video-preview":"max-video-preview:-1"},"canonical":"https:\/\/marktxxl.de\/markt\/produkt\/usb-stick-982gb-speicherstick-usb-3-0-wasserdichte-usb-flash-laufwerk-datenspeicherung-usb-stick-mit-schluesselring-high-speed-datenstick-usb-flash-drive-fuer-pc-computer-laptop-tablet\/","og_locale":"de_DE","og_type":"article","og_title":"ZICIRY USB Stick 512 GB USB 3.0 Memory Stick USB Stick Waterproof USB Flash Drive 512 GB Metal USB Sticks with Key Ring\u2026 - Markt-XXL","og_description":"Markt-XXL ZICIRY USB Stick 512 GB USB 3.0 Memory Stick USB Stick Waterproof USB Flash Drive 512 GB Metal USB Sticks with Key Ring\u2026","og_url":"https:\/\/marktxxl.de\/markt\/produkt\/usb-stick-982gb-speicherstick-usb-3-0-wasserdichte-usb-flash-laufwerk-datenspeicherung-usb-stick-mit-schluesselring-high-speed-datenstick-usb-flash-drive-fuer-pc-computer-laptop-tablet\/","og_site_name":"Markt-XXL","article_modified_time":"2023-04-10T02:20:59+00:00","og_image":[{"width":500,"height":500,"url":"https:\/\/m.media-amazon.com\/images\/I\/31uoSgH1fOL._SL500_.jpg","type":"image\/jpeg"}],"twitter_card":"summary_large_image","twitter_misc":{"Gesch\u00e4tzte Lesezeit":"1\u00a0Minute"},"schema":{"@context":"https:\/\/schema.org","@graph":[{"@type":"WebPage","@id":"https:\/\/marktxxl.de\/markt\/produkt\/usb-stick-982gb-speicherstick-usb-3-0-wasserdichte-usb-flash-laufwerk-datenspeicherung-usb-stick-mit-schluesselring-high-speed-datenstick-usb-flash-drive-fuer-pc-computer-laptop-tablet\/","url":"https:\/\/marktxxl.de\/markt\/produkt\/usb-stick-982gb-speicherstick-usb-3-0-wasserdichte-usb-flash-laufwerk-datenspeicherung-usb-stick-mit-schluesselring-high-speed-datenstick-usb-flash-drive-fuer-pc-computer-laptop-tablet\/","name":"ZICIRY USB Stick 512 GB USB 3.0 Memory Stick USB Stick Waterproof USB Flash Drive 512 GB Metal USB Sticks with Key Ring\u2026 - Markt-XXL","isPartOf":{"@id":"https:\/\/marktxxl.de\/markt\/#website"},"primaryImageOfPage":{"@id":"https:\/\/marktxxl.de\/markt\/produkt\/usb-stick-982gb-speicherstick-usb-3-0-wasserdichte-usb-flash-laufwerk-datenspeicherung-usb-stick-mit-schluesselring-high-speed-datenstick-usb-flash-drive-fuer-pc-computer-laptop-tablet\/#primaryimage"},"image":{"@id":"https:\/\/marktxxl.de\/markt\/produkt\/usb-stick-982gb-speicherstick-usb-3-0-wasserdichte-usb-flash-laufwerk-datenspeicherung-usb-stick-mit-schluesselring-high-speed-datenstick-usb-flash-drive-fuer-pc-computer-laptop-tablet\/#primaryimage"},"thumbnailUrl":"https:\/\/m.media-amazon.com\/images\/I\/31uoSgH1fOL._SL500_.jpg","datePublished":"2022-07-14T07:10:36+00:00","dateModified":"2023-04-10T02:20:59+00:00","description":"Markt-XXL ZICIRY USB Stick 512 GB USB 3.0 Memory Stick USB Stick Waterproof USB Flash Drive 512 GB Metal USB Sticks with Key Ring\u2026","breadcrumb":{"@id":"https:\/\/marktxxl.de\/markt\/produkt\/usb-stick-982gb-speicherstick-usb-3-0-wasserdichte-usb-flash-laufwerk-datenspeicherung-usb-stick-mit-schluesselring-high-speed-datenstick-usb-flash-drive-fuer-pc-computer-laptop-tablet\/#breadcrumb"},"inLanguage":"de","potentialAction":[{"@type":"ReadAction","target":["https:\/\/marktxxl.de\/markt\/produkt\/usb-stick-982gb-speicherstick-usb-3-0-wasserdichte-usb-flash-laufwerk-datenspeicherung-usb-stick-mit-schluesselring-high-speed-datenstick-usb-flash-drive-fuer-pc-computer-laptop-tablet\/"]}]},{"@type":"ImageObject","inLanguage":"de","@id":"https:\/\/marktxxl.de\/markt\/produkt\/usb-stick-982gb-speicherstick-usb-3-0-wasserdichte-usb-flash-laufwerk-datenspeicherung-usb-stick-mit-schluesselring-high-speed-datenstick-usb-flash-drive-fuer-pc-computer-laptop-tablet\/#primaryimage","url":"https:\/\/m.media-amazon.com\/images\/I\/31uoSgH1fOL._SL500_.jpg","contentUrl":"https:\/\/m.media-amazon.com\/images\/I\/31uoSgH1fOL._SL500_.jpg","width":500,"height":500},{"@type":"BreadcrumbList","@id":"https:\/\/marktxxl.de\/markt\/produkt\/usb-stick-982gb-speicherstick-usb-3-0-wasserdichte-usb-flash-laufwerk-datenspeicherung-usb-stick-mit-schluesselring-high-speed-datenstick-usb-flash-drive-fuer-pc-computer-laptop-tablet\/#breadcrumb","itemListElement":[{"@type":"ListItem","position":1,"name":"Startseite","item":"https:\/\/marktxxl.de\/markt\/"},{"@type":"ListItem","position":2,"name":"Markt","item":"https:\/\/marktxxl.de\/markt\/"},{"@type":"ListItem","position":3,"name":"ZICIRY USB Stick 512 GB USB 3.0 Memory Stick USB Stick Waterproof USB Flash Drive 512 GB Metal USB Sticks with Key Ring\u2026"}]},{"@type":"WebSite","@id":"https:\/\/marktxxl.de\/markt\/#website","url":"https:\/\/marktxxl.de\/markt\/","name":"Markt-XXL","description":"Ihr Markt Online","publisher":{"@id":"https:\/\/marktxxl.de\/markt\/#organization"},"potentialAction":[{"@type":"SearchAction","target":{"@type":"EntryPoint","urlTemplate":"https:\/\/marktxxl.de\/markt\/?s={search_term_string}"},"query-input":{"@type":"PropertyValueSpecification","valueRequired":true,"valueName":"search_term_string"}}],"inLanguage":"de"},{"@type":"Organization","@id":"https:\/\/marktxxl.de\/markt\/#organization","name":"Markt-XXL","url":"https:\/\/marktxxl.de\/markt\/","logo":{"@type":"ImageObject","inLanguage":"de","@id":"https:\/\/marktxxl.de\/markt\/#\/schema\/logo\/image\/","url":"https:\/\/marktxxl.de\/markt\/wp-content\/uploads\/sites\/3\/2020\/12\/logo.png","contentUrl":"https:\/\/marktxxl.de\/markt\/wp-content\/uploads\/sites\/3\/2020\/12\/logo.png","width":200,"height":70,"caption":"Markt-XXL"},"image":{"@id":"https:\/\/marktxxl.de\/markt\/#\/schema\/logo\/image\/"}}]}},"_links":{"self":[{"href":"https:\/\/marktxxl.de\/markt\/wp-json\/wp\/v2\/product\/139992","targetHints":{"allow":["GET"]}}],"collection":[{"href":"https:\/\/marktxxl.de\/markt\/wp-json\/wp\/v2\/product"}],"about":[{"href":"https:\/\/marktxxl.de\/markt\/wp-json\/wp\/v2\/types\/product"}],"replies":[{"embeddable":true,"href":"https:\/\/marktxxl.de\/markt\/wp-json\/wp\/v2\/comments?post=139992"}],"wp:featuredmedia":[{"embeddable":true,"href":"https:\/\/marktxxl.de\/markt\/wp-json\/wp\/v2\/media\/139993"}],"wp:attachment":[{"href":"https:\/\/marktxxl.de\/markt\/wp-json\/wp\/v2\/media?parent=139992"}],"wp:term":[{"taxonomy":"product_brand","embeddable":true,"href":"https:\/\/marktxxl.de\/markt\/wp-json\/wp\/v2\/product_brand?post=139992"},{"taxonomy":"product_cat","embeddable":true,"href":"https:\/\/marktxxl.de\/markt\/wp-json\/wp\/v2\/product_cat?post=139992"},{"taxonomy":"product_tag","embeddable":true,"href":"https:\/\/marktxxl.de\/markt\/wp-json\/wp\/v2\/product_tag?post=139992"}],"curies":[{"name":"wp","href":"https:\/\/api.w.org\/{rel}","templated":true}]}}