{"id":139801,"date":"2022-07-14T08:44:49","date_gmt":"2022-07-14T06:44:49","guid":{"rendered":"https:\/\/marktxxl.de\/markt\/produkt\/acer-nitro-5-an517-54-961e-gaming-laptop-17-3-fhd-144-hz-display-intel-core-i9-11900h-32gb-ram-1tb-ssd-speicher-nvidia-rtx-3070-grafik-qwertz-tastatur-windows-11\/"},"modified":"2023-04-10T04:20:58","modified_gmt":"2023-04-10T02:20:58","slug":"acer-nitro-5-an517-54-961e-gaming-laptop-17-3-fhd-144-hz-display-intel-core-i9-11900h-32gb-ram-1tb-ssd-speicher-nvidia-rtx-3070-grafik-qwertz-tastatur-windows-11","status":"publish","type":"product","link":"https:\/\/marktxxl.de\/markt\/produkt\/acer-nitro-5-an517-54-961e-gaming-laptop-17-3-fhd-144-hz-display-intel-core-i9-11900h-32gb-ram-1tb-ssd-speicher-nvidia-rtx-3070-grafik-qwertz-tastatur-windows-11\/","title":{"rendered":"Acer Nitro 5 (AN517-54-961E) Gaming Laptop | 17.3&#8243; FHD 144 Hz Display | Intel Core i9-11900H | 32GB RAM | 1TB SSD Speicher | NVIDIA RTX 3070 Grafik | QWERTZ Tastatur | Windows 11, Schwarz"},"content":{"rendered":"<p>PROZESSOR: Intel Core i9-11900H (2,1 GHz bis zu 4,90 GHz Burst-Frequenz) DISPLAY: Dank dem FHD Bildschirm erleben Sie gestochen scharfe Bilder. Mit der IPS Technologie genie\u00dfen Sie kr\u00e4ftige Farben und einen stabilen Blickwinkel. Genie\u00dfen Sie fl\u00fcssiges Gameplay ohne Unsch\u00e4rfen, mit 144 Hz Bildwiederholfrequenz. TASTATUR: beleuchtet(RGB), QWERTZ Layout<br \/>\nGRAFIKKARTE: NVIDIA GeForce RTX 3070 &#8211; 8 GB GDDR6 VRAM Diese GPUs bieten ultimative Leistung f\u00fcr Gamer und Kreative. Sie basieren auf NVIDIAs RTX Ampere-Architektur der 2. Generation und verf\u00fcgen \u00fcber neue Raytracing-Cores, Tensor-Cores und Streaming-Multiprozessoren, die einen enormen Leistungsboost garantieren. Das Notebook verwendet au\u00dferdem NVIDIA Max-Q-Technologien f\u00fcr maximale Leistung und Effizienz<br \/>\nAKKU: Bis zu 8 Stunden (basierend auf Video-Playback Test) \/ 4 Zellen ANSCHL\u00dcSSE: 1xHDMI, 4xUSB 3.2 (1x Type-C Gen. 2; 2x Gen 1; 1x Gen2 mit Power-Off USB Charging), Killer LAN E2600, 1xAudio Anschluss, KABELLOS: Bluetooth 5.1, WLAN(AX)<br \/>\nANWENDUNGSBEREICH: Ideal f\u00fcr jede Art von Gaming dank variabler Speicher- und Grafikkartenkombinationen &#8211; egal ob Casual, Pro oder Hardcore Segment. Seine leichte und flache Bauweise machen es perfekt f\u00fcr den mobilen Einsatz.<br \/>\nHERSTELLERGARANTIE: 24 Monate bei Verkauf und Versand durch Amazon. Bei Verkauf und Versand durch einen Drittanbieter gelten die Angaben des jeweiligen Verk\u00e4ufers. LIEFERUMFANG: Acer Nitro 5, 180 Watt Netzteil<br \/>\n<div class=\"main-cross-sell\" data-asin=\"B0B346944F\">\n\n\t<div class=\"WooZone-cross-sell-loader\">\n\t\t<div>\n\t\t\t<div id=\"floatingBarsG\">\n\t\t\t\t<div class=\"blockG\" id=\"rotateG_01\"><\/div>\n\t\t\t\t<div class=\"blockG\" id=\"rotateG_02\"><\/div>\n\t\t\t\t<div class=\"blockG\" id=\"rotateG_03\"><\/div>\n\t\t\t\t<div class=\"blockG\" id=\"rotateG_04\"><\/div>\n\t\t\t\t<div class=\"blockG\" id=\"rotateG_05\"><\/div>\n\t\t\t\t<div class=\"blockG\" id=\"rotateG_06\"><\/div>\n\t\t\t\t<div class=\"blockG\" id=\"rotateG_07\"><\/div>\n\t\t\t\t<div class=\"blockG\" id=\"rotateG_08\"><\/div>\n\t\t\t<\/div>\n\t\t\t<div class=\"WooZone-cross-sell-loader-text\"><\/div>\n\t\t<\/div>\n\t<\/div>\n\n\t\t\n<\/div>\n<div style=\"clear:both;\"><\/div><\/p>\n","protected":false},"excerpt":{"rendered":"<p>PROZESSOR: Intel Core i9-11900H (2,1 GHz bis zu 4,90 GHz Burst-Frequenz) DISPLAY: Dank dem FHD Bildschirm erleben Sie gestochen scharfe Bilder. Mit der IPS Technologie genie\u00dfen Sie kr\u00e4ftige Farben und einen stabilen Blickwinkel. Genie\u00dfen Sie fl\u00fcssiges Gameplay ohne Unsch\u00e4rfen, mit 144 Hz Bildwiederholfrequenz. TASTATUR: beleuchtet(RGB), QWERTZ Layout<br \/>\nGRAFIKKARTE: NVIDIA GeForce RTX 3070 &#8211; 8 GB GDDR6 VRAM Diese GPUs bieten ultimative Leistung f\u00fcr Gamer und Kreative. Sie basieren auf NVIDIAs RTX Ampere-Architektur der 2. Generation und verf\u00fcgen \u00fcber neue Raytracing-Cores, Tensor-Cores und Streaming-Multiprozessoren, die einen enormen Leistungsboost garantieren. Das Notebook verwendet au\u00dferdem NVIDIA Max-Q-Technologien f\u00fcr maximale Leistung und Effizienz<br \/>\nAKKU: Bis zu 8 Stunden (basierend auf Video-Playback Test) \/ 4 Zellen ANSCHL\u00dcSSE: 1xHDMI, 4xUSB 3.2 (1x Type-C Gen. 2; 2x Gen 1; 1x Gen2 mit Power-Off USB Charging), Killer LAN E2600, 1xAudio Anschluss, KABELLOS: Bluetooth 5.1, WLAN(AX)<\/p>\n","protected":false},"featured_media":139802,"comment_status":"open","ping_status":"closed","template":"","meta":[],"product_brand":[],"product_cat":[863],"product_tag":[],"class_list":{"0":"post-139801","1":"product","2":"type-product","3":"status-publish","4":"has-post-thumbnail","6":"product_cat-computer-zubehoer","7":"pa_binding-personal-computers","8":"pa_brand-acer","9":"pa_color-schwarz","10":"pa_manufacturer-acer","11":"pa_model-nh-qfcev-00d","12":"pa_warranty-2-jahre-einsende-ruecksendeservice","13":"pa_weight-9-0169065158-pfund","15":"first","16":"instock","17":"shipping-taxable","18":"purchasable","19":"product-type-simple","20":"customify-col","21":"product-has-gallery"},"yoast_head":"<!-- This site is optimized with the Yoast SEO plugin v27.4 - https:\/\/yoast.com\/product\/yoast-seo-wordpress\/ -->\n<title>Acer Nitro 5 (AN517-54-961E) Gaming Laptop | 17.3&quot; FHD 144 Hz Display | Intel Core i9-11900H | 32GB RAM | 1TB SSD Speicher | NVIDIA RTX 3070 Grafik | QWERTZ Tastatur | Windows 11, Schwarz - Markt-XXL<\/title>\n<meta name=\"description\" content=\"Markt-XXL Acer Nitro 5 (AN517-54-961E) Gaming Laptop | 17.3&quot; FHD 144 Hz Display | Intel Core i9-11900H | 32GB RAM | 1TB SSD Speicher | NVIDIA RTX 3070 Grafik | QWERTZ Tastatur | Windows 11, Schwarz\" \/>\n<meta name=\"robots\" content=\"index, follow, max-snippet:-1, max-image-preview:large, max-video-preview:-1\" \/>\n<link rel=\"canonical\" href=\"https:\/\/marktxxl.de\/markt\/produkt\/acer-nitro-5-an517-54-961e-gaming-laptop-17-3-fhd-144-hz-display-intel-core-i9-11900h-32gb-ram-1tb-ssd-speicher-nvidia-rtx-3070-grafik-qwertz-tastatur-windows-11\/\" \/>\n<meta property=\"og:locale\" content=\"de_DE\" \/>\n<meta property=\"og:type\" content=\"article\" \/>\n<meta property=\"og:title\" content=\"Acer Nitro 5 (AN517-54-961E) Gaming Laptop | 17.3&quot; FHD 144 Hz Display | Intel Core i9-11900H | 32GB RAM | 1TB SSD Speicher | NVIDIA RTX 3070 Grafik | QWERTZ Tastatur | Windows 11, Schwarz - Markt-XXL\" \/>\n<meta property=\"og:description\" content=\"Markt-XXL Acer Nitro 5 (AN517-54-961E) Gaming Laptop | 17.3&quot; FHD 144 Hz Display | Intel Core i9-11900H | 32GB RAM | 1TB SSD Speicher | NVIDIA RTX 3070 Grafik | QWERTZ Tastatur | Windows 11, Schwarz\" \/>\n<meta property=\"og:url\" content=\"https:\/\/marktxxl.de\/markt\/produkt\/acer-nitro-5-an517-54-961e-gaming-laptop-17-3-fhd-144-hz-display-intel-core-i9-11900h-32gb-ram-1tb-ssd-speicher-nvidia-rtx-3070-grafik-qwertz-tastatur-windows-11\/\" \/>\n<meta property=\"og:site_name\" content=\"Markt-XXL\" \/>\n<meta property=\"article:modified_time\" content=\"2023-04-10T02:20:58+00:00\" \/>\n<meta property=\"og:image\" content=\"https:\/\/m.media-amazon.com\/images\/I\/415Sly7EOGS._SL500_.jpg\" \/>\n\t<meta property=\"og:image:width\" content=\"500\" \/>\n\t<meta property=\"og:image:height\" content=\"390\" \/>\n\t<meta property=\"og:image:type\" content=\"image\/jpeg\" \/>\n<meta name=\"twitter:card\" content=\"summary_large_image\" \/>\n<meta name=\"twitter:label1\" content=\"Gesch\u00e4tzte Lesezeit\" \/>\n\t<meta name=\"twitter:data1\" content=\"1\u00a0Minute\" \/>\n<script type=\"application\/ld+json\" class=\"yoast-schema-graph\">{\"@context\":\"https:\\\/\\\/schema.org\",\"@graph\":[{\"@type\":\"WebPage\",\"@id\":\"https:\\\/\\\/marktxxl.de\\\/markt\\\/produkt\\\/acer-nitro-5-an517-54-961e-gaming-laptop-17-3-fhd-144-hz-display-intel-core-i9-11900h-32gb-ram-1tb-ssd-speicher-nvidia-rtx-3070-grafik-qwertz-tastatur-windows-11\\\/\",\"url\":\"https:\\\/\\\/marktxxl.de\\\/markt\\\/produkt\\\/acer-nitro-5-an517-54-961e-gaming-laptop-17-3-fhd-144-hz-display-intel-core-i9-11900h-32gb-ram-1tb-ssd-speicher-nvidia-rtx-3070-grafik-qwertz-tastatur-windows-11\\\/\",\"name\":\"Acer Nitro 5 (AN517-54-961E) Gaming Laptop | 17.3\\\" FHD 144 Hz Display | Intel Core i9-11900H | 32GB RAM | 1TB SSD Speicher | NVIDIA RTX 3070 Grafik | QWERTZ Tastatur | Windows 11, Schwarz - Markt-XXL\",\"isPartOf\":{\"@id\":\"https:\\\/\\\/marktxxl.de\\\/markt\\\/#website\"},\"primaryImageOfPage\":{\"@id\":\"https:\\\/\\\/marktxxl.de\\\/markt\\\/produkt\\\/acer-nitro-5-an517-54-961e-gaming-laptop-17-3-fhd-144-hz-display-intel-core-i9-11900h-32gb-ram-1tb-ssd-speicher-nvidia-rtx-3070-grafik-qwertz-tastatur-windows-11\\\/#primaryimage\"},\"image\":{\"@id\":\"https:\\\/\\\/marktxxl.de\\\/markt\\\/produkt\\\/acer-nitro-5-an517-54-961e-gaming-laptop-17-3-fhd-144-hz-display-intel-core-i9-11900h-32gb-ram-1tb-ssd-speicher-nvidia-rtx-3070-grafik-qwertz-tastatur-windows-11\\\/#primaryimage\"},\"thumbnailUrl\":\"https:\\\/\\\/m.media-amazon.com\\\/images\\\/I\\\/415Sly7EOGS._SL500_.jpg\",\"datePublished\":\"2022-07-14T06:44:49+00:00\",\"dateModified\":\"2023-04-10T02:20:58+00:00\",\"description\":\"Markt-XXL Acer Nitro 5 (AN517-54-961E) Gaming Laptop | 17.3\\\" FHD 144 Hz Display | Intel Core i9-11900H | 32GB RAM | 1TB SSD Speicher | NVIDIA RTX 3070 Grafik | QWERTZ Tastatur | Windows 11, Schwarz\",\"breadcrumb\":{\"@id\":\"https:\\\/\\\/marktxxl.de\\\/markt\\\/produkt\\\/acer-nitro-5-an517-54-961e-gaming-laptop-17-3-fhd-144-hz-display-intel-core-i9-11900h-32gb-ram-1tb-ssd-speicher-nvidia-rtx-3070-grafik-qwertz-tastatur-windows-11\\\/#breadcrumb\"},\"inLanguage\":\"de\",\"potentialAction\":[{\"@type\":\"ReadAction\",\"target\":[\"https:\\\/\\\/marktxxl.de\\\/markt\\\/produkt\\\/acer-nitro-5-an517-54-961e-gaming-laptop-17-3-fhd-144-hz-display-intel-core-i9-11900h-32gb-ram-1tb-ssd-speicher-nvidia-rtx-3070-grafik-qwertz-tastatur-windows-11\\\/\"]}]},{\"@type\":\"ImageObject\",\"inLanguage\":\"de\",\"@id\":\"https:\\\/\\\/marktxxl.de\\\/markt\\\/produkt\\\/acer-nitro-5-an517-54-961e-gaming-laptop-17-3-fhd-144-hz-display-intel-core-i9-11900h-32gb-ram-1tb-ssd-speicher-nvidia-rtx-3070-grafik-qwertz-tastatur-windows-11\\\/#primaryimage\",\"url\":\"https:\\\/\\\/m.media-amazon.com\\\/images\\\/I\\\/415Sly7EOGS._SL500_.jpg\",\"contentUrl\":\"https:\\\/\\\/m.media-amazon.com\\\/images\\\/I\\\/415Sly7EOGS._SL500_.jpg\",\"width\":500,\"height\":390},{\"@type\":\"BreadcrumbList\",\"@id\":\"https:\\\/\\\/marktxxl.de\\\/markt\\\/produkt\\\/acer-nitro-5-an517-54-961e-gaming-laptop-17-3-fhd-144-hz-display-intel-core-i9-11900h-32gb-ram-1tb-ssd-speicher-nvidia-rtx-3070-grafik-qwertz-tastatur-windows-11\\\/#breadcrumb\",\"itemListElement\":[{\"@type\":\"ListItem\",\"position\":1,\"name\":\"Startseite\",\"item\":\"https:\\\/\\\/marktxxl.de\\\/markt\\\/\"},{\"@type\":\"ListItem\",\"position\":2,\"name\":\"Markt\",\"item\":\"https:\\\/\\\/marktxxl.de\\\/markt\\\/\"},{\"@type\":\"ListItem\",\"position\":3,\"name\":\"Acer Nitro 5 (AN517-54-961E) Gaming Laptop | 17.3&#8243; FHD 144 Hz Display | Intel Core i9-11900H | 32GB RAM | 1TB SSD Speicher | NVIDIA RTX 3070 Grafik | QWERTZ Tastatur | Windows 11, Schwarz\"}]},{\"@type\":\"WebSite\",\"@id\":\"https:\\\/\\\/marktxxl.de\\\/markt\\\/#website\",\"url\":\"https:\\\/\\\/marktxxl.de\\\/markt\\\/\",\"name\":\"Markt-XXL\",\"description\":\"Ihr Markt Online\",\"publisher\":{\"@id\":\"https:\\\/\\\/marktxxl.de\\\/markt\\\/#organization\"},\"potentialAction\":[{\"@type\":\"SearchAction\",\"target\":{\"@type\":\"EntryPoint\",\"urlTemplate\":\"https:\\\/\\\/marktxxl.de\\\/markt\\\/?s={search_term_string}\"},\"query-input\":{\"@type\":\"PropertyValueSpecification\",\"valueRequired\":true,\"valueName\":\"search_term_string\"}}],\"inLanguage\":\"de\"},{\"@type\":\"Organization\",\"@id\":\"https:\\\/\\\/marktxxl.de\\\/markt\\\/#organization\",\"name\":\"Markt-XXL\",\"url\":\"https:\\\/\\\/marktxxl.de\\\/markt\\\/\",\"logo\":{\"@type\":\"ImageObject\",\"inLanguage\":\"de\",\"@id\":\"https:\\\/\\\/marktxxl.de\\\/markt\\\/#\\\/schema\\\/logo\\\/image\\\/\",\"url\":\"https:\\\/\\\/marktxxl.de\\\/markt\\\/wp-content\\\/uploads\\\/sites\\\/3\\\/2020\\\/12\\\/logo.png\",\"contentUrl\":\"https:\\\/\\\/marktxxl.de\\\/markt\\\/wp-content\\\/uploads\\\/sites\\\/3\\\/2020\\\/12\\\/logo.png\",\"width\":200,\"height\":70,\"caption\":\"Markt-XXL\"},\"image\":{\"@id\":\"https:\\\/\\\/marktxxl.de\\\/markt\\\/#\\\/schema\\\/logo\\\/image\\\/\"}}]}<\/script>\n<!-- \/ Yoast SEO plugin. -->","yoast_head_json":{"title":"Acer Nitro 5 (AN517-54-961E) Gaming Laptop | 17.3\" FHD 144 Hz Display | Intel Core i9-11900H | 32GB RAM | 1TB SSD Speicher | NVIDIA RTX 3070 Grafik | QWERTZ Tastatur | Windows 11, Schwarz - Markt-XXL","description":"Markt-XXL Acer Nitro 5 (AN517-54-961E) Gaming Laptop | 17.3\" FHD 144 Hz Display | Intel Core i9-11900H | 32GB RAM | 1TB SSD Speicher | NVIDIA RTX 3070 Grafik | QWERTZ Tastatur | Windows 11, Schwarz","robots":{"index":"index","follow":"follow","max-snippet":"max-snippet:-1","max-image-preview":"max-image-preview:large","max-video-preview":"max-video-preview:-1"},"canonical":"https:\/\/marktxxl.de\/markt\/produkt\/acer-nitro-5-an517-54-961e-gaming-laptop-17-3-fhd-144-hz-display-intel-core-i9-11900h-32gb-ram-1tb-ssd-speicher-nvidia-rtx-3070-grafik-qwertz-tastatur-windows-11\/","og_locale":"de_DE","og_type":"article","og_title":"Acer Nitro 5 (AN517-54-961E) Gaming Laptop | 17.3\" FHD 144 Hz Display | Intel Core i9-11900H | 32GB RAM | 1TB SSD Speicher | NVIDIA RTX 3070 Grafik | QWERTZ Tastatur | Windows 11, Schwarz - Markt-XXL","og_description":"Markt-XXL Acer Nitro 5 (AN517-54-961E) Gaming Laptop | 17.3\" FHD 144 Hz Display | Intel Core i9-11900H | 32GB RAM | 1TB SSD Speicher | NVIDIA RTX 3070 Grafik | QWERTZ Tastatur | Windows 11, Schwarz","og_url":"https:\/\/marktxxl.de\/markt\/produkt\/acer-nitro-5-an517-54-961e-gaming-laptop-17-3-fhd-144-hz-display-intel-core-i9-11900h-32gb-ram-1tb-ssd-speicher-nvidia-rtx-3070-grafik-qwertz-tastatur-windows-11\/","og_site_name":"Markt-XXL","article_modified_time":"2023-04-10T02:20:58+00:00","og_image":[{"width":500,"height":390,"url":"https:\/\/m.media-amazon.com\/images\/I\/415Sly7EOGS._SL500_.jpg","type":"image\/jpeg"}],"twitter_card":"summary_large_image","twitter_misc":{"Gesch\u00e4tzte Lesezeit":"1\u00a0Minute"},"schema":{"@context":"https:\/\/schema.org","@graph":[{"@type":"WebPage","@id":"https:\/\/marktxxl.de\/markt\/produkt\/acer-nitro-5-an517-54-961e-gaming-laptop-17-3-fhd-144-hz-display-intel-core-i9-11900h-32gb-ram-1tb-ssd-speicher-nvidia-rtx-3070-grafik-qwertz-tastatur-windows-11\/","url":"https:\/\/marktxxl.de\/markt\/produkt\/acer-nitro-5-an517-54-961e-gaming-laptop-17-3-fhd-144-hz-display-intel-core-i9-11900h-32gb-ram-1tb-ssd-speicher-nvidia-rtx-3070-grafik-qwertz-tastatur-windows-11\/","name":"Acer Nitro 5 (AN517-54-961E) Gaming Laptop | 17.3\" FHD 144 Hz Display | Intel Core i9-11900H | 32GB RAM | 1TB SSD Speicher | NVIDIA RTX 3070 Grafik | QWERTZ Tastatur | Windows 11, Schwarz - Markt-XXL","isPartOf":{"@id":"https:\/\/marktxxl.de\/markt\/#website"},"primaryImageOfPage":{"@id":"https:\/\/marktxxl.de\/markt\/produkt\/acer-nitro-5-an517-54-961e-gaming-laptop-17-3-fhd-144-hz-display-intel-core-i9-11900h-32gb-ram-1tb-ssd-speicher-nvidia-rtx-3070-grafik-qwertz-tastatur-windows-11\/#primaryimage"},"image":{"@id":"https:\/\/marktxxl.de\/markt\/produkt\/acer-nitro-5-an517-54-961e-gaming-laptop-17-3-fhd-144-hz-display-intel-core-i9-11900h-32gb-ram-1tb-ssd-speicher-nvidia-rtx-3070-grafik-qwertz-tastatur-windows-11\/#primaryimage"},"thumbnailUrl":"https:\/\/m.media-amazon.com\/images\/I\/415Sly7EOGS._SL500_.jpg","datePublished":"2022-07-14T06:44:49+00:00","dateModified":"2023-04-10T02:20:58+00:00","description":"Markt-XXL Acer Nitro 5 (AN517-54-961E) Gaming Laptop | 17.3\" FHD 144 Hz Display | Intel Core i9-11900H | 32GB RAM | 1TB SSD Speicher | NVIDIA RTX 3070 Grafik | QWERTZ Tastatur | Windows 11, Schwarz","breadcrumb":{"@id":"https:\/\/marktxxl.de\/markt\/produkt\/acer-nitro-5-an517-54-961e-gaming-laptop-17-3-fhd-144-hz-display-intel-core-i9-11900h-32gb-ram-1tb-ssd-speicher-nvidia-rtx-3070-grafik-qwertz-tastatur-windows-11\/#breadcrumb"},"inLanguage":"de","potentialAction":[{"@type":"ReadAction","target":["https:\/\/marktxxl.de\/markt\/produkt\/acer-nitro-5-an517-54-961e-gaming-laptop-17-3-fhd-144-hz-display-intel-core-i9-11900h-32gb-ram-1tb-ssd-speicher-nvidia-rtx-3070-grafik-qwertz-tastatur-windows-11\/"]}]},{"@type":"ImageObject","inLanguage":"de","@id":"https:\/\/marktxxl.de\/markt\/produkt\/acer-nitro-5-an517-54-961e-gaming-laptop-17-3-fhd-144-hz-display-intel-core-i9-11900h-32gb-ram-1tb-ssd-speicher-nvidia-rtx-3070-grafik-qwertz-tastatur-windows-11\/#primaryimage","url":"https:\/\/m.media-amazon.com\/images\/I\/415Sly7EOGS._SL500_.jpg","contentUrl":"https:\/\/m.media-amazon.com\/images\/I\/415Sly7EOGS._SL500_.jpg","width":500,"height":390},{"@type":"BreadcrumbList","@id":"https:\/\/marktxxl.de\/markt\/produkt\/acer-nitro-5-an517-54-961e-gaming-laptop-17-3-fhd-144-hz-display-intel-core-i9-11900h-32gb-ram-1tb-ssd-speicher-nvidia-rtx-3070-grafik-qwertz-tastatur-windows-11\/#breadcrumb","itemListElement":[{"@type":"ListItem","position":1,"name":"Startseite","item":"https:\/\/marktxxl.de\/markt\/"},{"@type":"ListItem","position":2,"name":"Markt","item":"https:\/\/marktxxl.de\/markt\/"},{"@type":"ListItem","position":3,"name":"Acer Nitro 5 (AN517-54-961E) Gaming Laptop | 17.3&#8243; FHD 144 Hz Display | Intel Core i9-11900H | 32GB RAM | 1TB SSD Speicher | NVIDIA RTX 3070 Grafik | QWERTZ Tastatur | Windows 11, Schwarz"}]},{"@type":"WebSite","@id":"https:\/\/marktxxl.de\/markt\/#website","url":"https:\/\/marktxxl.de\/markt\/","name":"Markt-XXL","description":"Ihr Markt Online","publisher":{"@id":"https:\/\/marktxxl.de\/markt\/#organization"},"potentialAction":[{"@type":"SearchAction","target":{"@type":"EntryPoint","urlTemplate":"https:\/\/marktxxl.de\/markt\/?s={search_term_string}"},"query-input":{"@type":"PropertyValueSpecification","valueRequired":true,"valueName":"search_term_string"}}],"inLanguage":"de"},{"@type":"Organization","@id":"https:\/\/marktxxl.de\/markt\/#organization","name":"Markt-XXL","url":"https:\/\/marktxxl.de\/markt\/","logo":{"@type":"ImageObject","inLanguage":"de","@id":"https:\/\/marktxxl.de\/markt\/#\/schema\/logo\/image\/","url":"https:\/\/marktxxl.de\/markt\/wp-content\/uploads\/sites\/3\/2020\/12\/logo.png","contentUrl":"https:\/\/marktxxl.de\/markt\/wp-content\/uploads\/sites\/3\/2020\/12\/logo.png","width":200,"height":70,"caption":"Markt-XXL"},"image":{"@id":"https:\/\/marktxxl.de\/markt\/#\/schema\/logo\/image\/"}}]}},"_links":{"self":[{"href":"https:\/\/marktxxl.de\/markt\/wp-json\/wp\/v2\/product\/139801","targetHints":{"allow":["GET"]}}],"collection":[{"href":"https:\/\/marktxxl.de\/markt\/wp-json\/wp\/v2\/product"}],"about":[{"href":"https:\/\/marktxxl.de\/markt\/wp-json\/wp\/v2\/types\/product"}],"replies":[{"embeddable":true,"href":"https:\/\/marktxxl.de\/markt\/wp-json\/wp\/v2\/comments?post=139801"}],"wp:featuredmedia":[{"embeddable":true,"href":"https:\/\/marktxxl.de\/markt\/wp-json\/wp\/v2\/media\/139802"}],"wp:attachment":[{"href":"https:\/\/marktxxl.de\/markt\/wp-json\/wp\/v2\/media?parent=139801"}],"wp:term":[{"taxonomy":"product_brand","embeddable":true,"href":"https:\/\/marktxxl.de\/markt\/wp-json\/wp\/v2\/product_brand?post=139801"},{"taxonomy":"product_cat","embeddable":true,"href":"https:\/\/marktxxl.de\/markt\/wp-json\/wp\/v2\/product_cat?post=139801"},{"taxonomy":"product_tag","embeddable":true,"href":"https:\/\/marktxxl.de\/markt\/wp-json\/wp\/v2\/product_tag?post=139801"}],"curies":[{"name":"wp","href":"https:\/\/api.w.org\/{rel}","templated":true}]}}