{"id":139002,"date":"2022-07-14T07:38:08","date_gmt":"2022-07-14T05:38:08","guid":{"rendered":"https:\/\/marktxxl.de\/markt\/produkt\/zen-buldak-nudelschalen-set-mit-huhngeschmack-samyang-large\/"},"modified":"2023-04-09T03:55:21","modified_gmt":"2023-04-09T01:55:21","slug":"zen-buldak-nudelschalen-set-mit-huhngeschmack-samyang-large","status":"publish","type":"product","link":"https:\/\/marktxxl.de\/markt\/produkt\/zen-buldak-nudelschalen-set-mit-huhngeschmack-samyang-large\/","title":{"rendered":"ZEN Buldak Nudelschalen-Set mit Huhngeschmack (Samyang), large"},"content":{"rendered":"<p>Umweltfreundlich Zen, die Marke, der Sie f\u00fcr Qualit\u00e4t vertrauen k\u00f6nnen. Leicht und d\u00fcnn, aber stark. Aus wei\u00dfem Zen-Porzellan, das stark gegen Absplitterungen und Absplitterungen ist<br \/>\nGesundes Porzellan: Erf\u00fcllt die California Proposition 65 Standards f\u00fcr Blei und Cadmium. Machen Sie sich keine Sorgen \u00fcber sch\u00e4dliche Giftstoffe, die in Ihre Lebensmittel gelangen. Sicher f\u00fcr Ihre Familie<br \/>\nLeicht zu reinigen: Im Gegensatz zu Kunststoffprodukten werden Lebensmittelflecken durch Waschen leicht entfernt. Sp\u00fclmaschinen-, gefrierschranktau, mikrowellenfest und ofenfest<br \/>\nEs ist ein einfacher Mikrowellenherd. (1) Legen Sie die Nudeln in den Topf. (2) Gie\u00dfen Sie das Wasser in die Gitterlinien im Inneren des Topfes und stellen Sie den Timer ein. (Cup-Nudel: 3 Minuten \/ Paket: 7 Minuten) (4) Deckel \u00f6ffnen, gut umr\u00fchren, dann Wasser gie\u00dfen, fl\u00fcssige Suppe hinzuf\u00fcgen und mischen. (5) Flocken hineingeben und gut umr\u00fchren und servieren<br \/>\n15,2 cm Durchmesser, 900 ml Fassungsverm\u00f6gen, ein gutes Geschenk f\u00fcr jemanden, der Buldak Hot Chicken Flavor Nudeln (Samyang) mag. Dieses Produkt ist kein Set. Sie k\u00f6nnen aus drei Optionen w\u00e4hlen. (1) gro\u00dfe Schale (f\u00fcr Paket), (2) kleine Tasse (rosa f\u00fcr Nudel), (3) kleine Tasse (schwarz f\u00fcr Nudel)<br \/>\n<div class=\"main-cross-sell\" data-asin=\"B083XVZXTL\">\n\n\t<div class=\"WooZone-cross-sell-loader\">\n\t\t<div>\n\t\t\t<div id=\"floatingBarsG\">\n\t\t\t\t<div class=\"blockG\" id=\"rotateG_01\"><\/div>\n\t\t\t\t<div class=\"blockG\" id=\"rotateG_02\"><\/div>\n\t\t\t\t<div class=\"blockG\" id=\"rotateG_03\"><\/div>\n\t\t\t\t<div class=\"blockG\" id=\"rotateG_04\"><\/div>\n\t\t\t\t<div class=\"blockG\" id=\"rotateG_05\"><\/div>\n\t\t\t\t<div class=\"blockG\" id=\"rotateG_06\"><\/div>\n\t\t\t\t<div class=\"blockG\" id=\"rotateG_07\"><\/div>\n\t\t\t\t<div class=\"blockG\" id=\"rotateG_08\"><\/div>\n\t\t\t<\/div>\n\t\t\t<div class=\"WooZone-cross-sell-loader-text\"><\/div>\n\t\t<\/div>\n\t<\/div>\n\n\t\t\n<\/div>\n<div style=\"clear:both;\"><\/div><\/p>\n","protected":false},"excerpt":{"rendered":"<p>Umweltfreundlich Zen, die Marke, der Sie f\u00fcr Qualit\u00e4t vertrauen k\u00f6nnen. Leicht und d\u00fcnn, aber stark. Aus wei\u00dfem Zen-Porzellan, das stark gegen Absplitterungen und Absplitterungen ist<br \/>\nGesundes Porzellan: Erf\u00fcllt die California Proposition 65 Standards f\u00fcr Blei und Cadmium. Machen Sie sich keine Sorgen \u00fcber sch\u00e4dliche Giftstoffe, die in Ihre Lebensmittel gelangen. Sicher f\u00fcr Ihre Familie<br \/>\nLeicht zu reinigen: Im Gegensatz zu Kunststoffprodukten werden Lebensmittelflecken durch Waschen leicht entfernt. Sp\u00fclmaschinen-, gefrierschranktau, mikrowellenfest und ofenfest<\/p>\n","protected":false},"featured_media":139003,"comment_status":"open","ping_status":"closed","template":"","meta":[],"product_brand":[],"product_cat":[504,8312],"product_tag":[],"class_list":{"0":"post-139002","1":"product","2":"type-product","3":"status-publish","4":"has-post-thumbnail","6":"product_cat-buerobedarf-schreibwaren","7":"product_cat-bueromoebel-beleuchtung","8":"pa_binding-haushaltswaren","9":"pa_brand-dendawen","10":"pa_height-4-9-zoll","11":"pa_length-6-9-zoll","12":"pa_manufacturer-dendawen","13":"pa_model-mkafv-830","14":"pa_weight-2-31-pfund","15":"pa_width-6-6-zoll","17":"first","18":"instock","19":"shipping-taxable","20":"purchasable","21":"product-type-simple","22":"customify-col","23":"product-has-gallery"},"yoast_head":"<!-- This site is optimized with the Yoast SEO plugin v27.4 - https:\/\/yoast.com\/product\/yoast-seo-wordpress\/ -->\n<title>ZEN Buldak Nudelschalen-Set mit Huhngeschmack (Samyang), large - Markt-XXL<\/title>\n<meta name=\"description\" content=\"Markt-XXL ZEN Buldak Nudelschalen-Set mit Huhngeschmack (Samyang), large\" \/>\n<meta name=\"robots\" content=\"index, follow, max-snippet:-1, max-image-preview:large, max-video-preview:-1\" \/>\n<link rel=\"canonical\" href=\"https:\/\/marktxxl.de\/markt\/produkt\/zen-buldak-nudelschalen-set-mit-huhngeschmack-samyang-large\/\" \/>\n<meta property=\"og:locale\" content=\"de_DE\" \/>\n<meta property=\"og:type\" content=\"article\" \/>\n<meta property=\"og:title\" content=\"ZEN Buldak Nudelschalen-Set mit Huhngeschmack (Samyang), large - Markt-XXL\" \/>\n<meta property=\"og:description\" content=\"Markt-XXL ZEN Buldak Nudelschalen-Set mit Huhngeschmack (Samyang), large\" \/>\n<meta property=\"og:url\" content=\"https:\/\/marktxxl.de\/markt\/produkt\/zen-buldak-nudelschalen-set-mit-huhngeschmack-samyang-large\/\" \/>\n<meta property=\"og:site_name\" content=\"Markt-XXL\" \/>\n<meta property=\"article:modified_time\" content=\"2023-04-09T01:55:21+00:00\" \/>\n<meta property=\"og:image\" content=\"https:\/\/m.media-amazon.com\/images\/I\/3108eUDlF4L._SL500_.jpg\" \/>\n\t<meta property=\"og:image:width\" content=\"500\" \/>\n\t<meta property=\"og:image:height\" content=\"500\" \/>\n\t<meta property=\"og:image:type\" content=\"image\/jpeg\" \/>\n<meta name=\"twitter:card\" content=\"summary_large_image\" \/>\n<meta name=\"twitter:label1\" content=\"Gesch\u00e4tzte Lesezeit\" \/>\n\t<meta name=\"twitter:data1\" content=\"1\u00a0Minute\" \/>\n<script type=\"application\/ld+json\" class=\"yoast-schema-graph\">{\"@context\":\"https:\\\/\\\/schema.org\",\"@graph\":[{\"@type\":\"WebPage\",\"@id\":\"https:\\\/\\\/marktxxl.de\\\/markt\\\/produkt\\\/zen-buldak-nudelschalen-set-mit-huhngeschmack-samyang-large\\\/\",\"url\":\"https:\\\/\\\/marktxxl.de\\\/markt\\\/produkt\\\/zen-buldak-nudelschalen-set-mit-huhngeschmack-samyang-large\\\/\",\"name\":\"ZEN Buldak Nudelschalen-Set mit Huhngeschmack (Samyang), large - Markt-XXL\",\"isPartOf\":{\"@id\":\"https:\\\/\\\/marktxxl.de\\\/markt\\\/#website\"},\"primaryImageOfPage\":{\"@id\":\"https:\\\/\\\/marktxxl.de\\\/markt\\\/produkt\\\/zen-buldak-nudelschalen-set-mit-huhngeschmack-samyang-large\\\/#primaryimage\"},\"image\":{\"@id\":\"https:\\\/\\\/marktxxl.de\\\/markt\\\/produkt\\\/zen-buldak-nudelschalen-set-mit-huhngeschmack-samyang-large\\\/#primaryimage\"},\"thumbnailUrl\":\"https:\\\/\\\/m.media-amazon.com\\\/images\\\/I\\\/3108eUDlF4L._SL500_.jpg\",\"datePublished\":\"2022-07-14T05:38:08+00:00\",\"dateModified\":\"2023-04-09T01:55:21+00:00\",\"description\":\"Markt-XXL ZEN Buldak Nudelschalen-Set mit Huhngeschmack (Samyang), large\",\"breadcrumb\":{\"@id\":\"https:\\\/\\\/marktxxl.de\\\/markt\\\/produkt\\\/zen-buldak-nudelschalen-set-mit-huhngeschmack-samyang-large\\\/#breadcrumb\"},\"inLanguage\":\"de\",\"potentialAction\":[{\"@type\":\"ReadAction\",\"target\":[\"https:\\\/\\\/marktxxl.de\\\/markt\\\/produkt\\\/zen-buldak-nudelschalen-set-mit-huhngeschmack-samyang-large\\\/\"]}]},{\"@type\":\"ImageObject\",\"inLanguage\":\"de\",\"@id\":\"https:\\\/\\\/marktxxl.de\\\/markt\\\/produkt\\\/zen-buldak-nudelschalen-set-mit-huhngeschmack-samyang-large\\\/#primaryimage\",\"url\":\"https:\\\/\\\/m.media-amazon.com\\\/images\\\/I\\\/3108eUDlF4L._SL500_.jpg\",\"contentUrl\":\"https:\\\/\\\/m.media-amazon.com\\\/images\\\/I\\\/3108eUDlF4L._SL500_.jpg\",\"width\":500,\"height\":500},{\"@type\":\"BreadcrumbList\",\"@id\":\"https:\\\/\\\/marktxxl.de\\\/markt\\\/produkt\\\/zen-buldak-nudelschalen-set-mit-huhngeschmack-samyang-large\\\/#breadcrumb\",\"itemListElement\":[{\"@type\":\"ListItem\",\"position\":1,\"name\":\"Startseite\",\"item\":\"https:\\\/\\\/marktxxl.de\\\/markt\\\/\"},{\"@type\":\"ListItem\",\"position\":2,\"name\":\"Markt\",\"item\":\"https:\\\/\\\/marktxxl.de\\\/markt\\\/\"},{\"@type\":\"ListItem\",\"position\":3,\"name\":\"ZEN Buldak Nudelschalen-Set mit Huhngeschmack (Samyang), large\"}]},{\"@type\":\"WebSite\",\"@id\":\"https:\\\/\\\/marktxxl.de\\\/markt\\\/#website\",\"url\":\"https:\\\/\\\/marktxxl.de\\\/markt\\\/\",\"name\":\"Markt-XXL\",\"description\":\"Ihr Markt Online\",\"publisher\":{\"@id\":\"https:\\\/\\\/marktxxl.de\\\/markt\\\/#organization\"},\"potentialAction\":[{\"@type\":\"SearchAction\",\"target\":{\"@type\":\"EntryPoint\",\"urlTemplate\":\"https:\\\/\\\/marktxxl.de\\\/markt\\\/?s={search_term_string}\"},\"query-input\":{\"@type\":\"PropertyValueSpecification\",\"valueRequired\":true,\"valueName\":\"search_term_string\"}}],\"inLanguage\":\"de\"},{\"@type\":\"Organization\",\"@id\":\"https:\\\/\\\/marktxxl.de\\\/markt\\\/#organization\",\"name\":\"Markt-XXL\",\"url\":\"https:\\\/\\\/marktxxl.de\\\/markt\\\/\",\"logo\":{\"@type\":\"ImageObject\",\"inLanguage\":\"de\",\"@id\":\"https:\\\/\\\/marktxxl.de\\\/markt\\\/#\\\/schema\\\/logo\\\/image\\\/\",\"url\":\"https:\\\/\\\/marktxxl.de\\\/markt\\\/wp-content\\\/uploads\\\/sites\\\/3\\\/2020\\\/12\\\/logo.png\",\"contentUrl\":\"https:\\\/\\\/marktxxl.de\\\/markt\\\/wp-content\\\/uploads\\\/sites\\\/3\\\/2020\\\/12\\\/logo.png\",\"width\":200,\"height\":70,\"caption\":\"Markt-XXL\"},\"image\":{\"@id\":\"https:\\\/\\\/marktxxl.de\\\/markt\\\/#\\\/schema\\\/logo\\\/image\\\/\"}}]}<\/script>\n<!-- \/ Yoast SEO plugin. -->","yoast_head_json":{"title":"ZEN Buldak Nudelschalen-Set mit Huhngeschmack (Samyang), large - Markt-XXL","description":"Markt-XXL ZEN Buldak Nudelschalen-Set mit Huhngeschmack (Samyang), large","robots":{"index":"index","follow":"follow","max-snippet":"max-snippet:-1","max-image-preview":"max-image-preview:large","max-video-preview":"max-video-preview:-1"},"canonical":"https:\/\/marktxxl.de\/markt\/produkt\/zen-buldak-nudelschalen-set-mit-huhngeschmack-samyang-large\/","og_locale":"de_DE","og_type":"article","og_title":"ZEN Buldak Nudelschalen-Set mit Huhngeschmack (Samyang), large - Markt-XXL","og_description":"Markt-XXL ZEN Buldak Nudelschalen-Set mit Huhngeschmack (Samyang), large","og_url":"https:\/\/marktxxl.de\/markt\/produkt\/zen-buldak-nudelschalen-set-mit-huhngeschmack-samyang-large\/","og_site_name":"Markt-XXL","article_modified_time":"2023-04-09T01:55:21+00:00","og_image":[{"width":500,"height":500,"url":"https:\/\/m.media-amazon.com\/images\/I\/3108eUDlF4L._SL500_.jpg","type":"image\/jpeg"}],"twitter_card":"summary_large_image","twitter_misc":{"Gesch\u00e4tzte Lesezeit":"1\u00a0Minute"},"schema":{"@context":"https:\/\/schema.org","@graph":[{"@type":"WebPage","@id":"https:\/\/marktxxl.de\/markt\/produkt\/zen-buldak-nudelschalen-set-mit-huhngeschmack-samyang-large\/","url":"https:\/\/marktxxl.de\/markt\/produkt\/zen-buldak-nudelschalen-set-mit-huhngeschmack-samyang-large\/","name":"ZEN Buldak Nudelschalen-Set mit Huhngeschmack (Samyang), large - Markt-XXL","isPartOf":{"@id":"https:\/\/marktxxl.de\/markt\/#website"},"primaryImageOfPage":{"@id":"https:\/\/marktxxl.de\/markt\/produkt\/zen-buldak-nudelschalen-set-mit-huhngeschmack-samyang-large\/#primaryimage"},"image":{"@id":"https:\/\/marktxxl.de\/markt\/produkt\/zen-buldak-nudelschalen-set-mit-huhngeschmack-samyang-large\/#primaryimage"},"thumbnailUrl":"https:\/\/m.media-amazon.com\/images\/I\/3108eUDlF4L._SL500_.jpg","datePublished":"2022-07-14T05:38:08+00:00","dateModified":"2023-04-09T01:55:21+00:00","description":"Markt-XXL ZEN Buldak Nudelschalen-Set mit Huhngeschmack (Samyang), large","breadcrumb":{"@id":"https:\/\/marktxxl.de\/markt\/produkt\/zen-buldak-nudelschalen-set-mit-huhngeschmack-samyang-large\/#breadcrumb"},"inLanguage":"de","potentialAction":[{"@type":"ReadAction","target":["https:\/\/marktxxl.de\/markt\/produkt\/zen-buldak-nudelschalen-set-mit-huhngeschmack-samyang-large\/"]}]},{"@type":"ImageObject","inLanguage":"de","@id":"https:\/\/marktxxl.de\/markt\/produkt\/zen-buldak-nudelschalen-set-mit-huhngeschmack-samyang-large\/#primaryimage","url":"https:\/\/m.media-amazon.com\/images\/I\/3108eUDlF4L._SL500_.jpg","contentUrl":"https:\/\/m.media-amazon.com\/images\/I\/3108eUDlF4L._SL500_.jpg","width":500,"height":500},{"@type":"BreadcrumbList","@id":"https:\/\/marktxxl.de\/markt\/produkt\/zen-buldak-nudelschalen-set-mit-huhngeschmack-samyang-large\/#breadcrumb","itemListElement":[{"@type":"ListItem","position":1,"name":"Startseite","item":"https:\/\/marktxxl.de\/markt\/"},{"@type":"ListItem","position":2,"name":"Markt","item":"https:\/\/marktxxl.de\/markt\/"},{"@type":"ListItem","position":3,"name":"ZEN Buldak Nudelschalen-Set mit Huhngeschmack (Samyang), large"}]},{"@type":"WebSite","@id":"https:\/\/marktxxl.de\/markt\/#website","url":"https:\/\/marktxxl.de\/markt\/","name":"Markt-XXL","description":"Ihr Markt Online","publisher":{"@id":"https:\/\/marktxxl.de\/markt\/#organization"},"potentialAction":[{"@type":"SearchAction","target":{"@type":"EntryPoint","urlTemplate":"https:\/\/marktxxl.de\/markt\/?s={search_term_string}"},"query-input":{"@type":"PropertyValueSpecification","valueRequired":true,"valueName":"search_term_string"}}],"inLanguage":"de"},{"@type":"Organization","@id":"https:\/\/marktxxl.de\/markt\/#organization","name":"Markt-XXL","url":"https:\/\/marktxxl.de\/markt\/","logo":{"@type":"ImageObject","inLanguage":"de","@id":"https:\/\/marktxxl.de\/markt\/#\/schema\/logo\/image\/","url":"https:\/\/marktxxl.de\/markt\/wp-content\/uploads\/sites\/3\/2020\/12\/logo.png","contentUrl":"https:\/\/marktxxl.de\/markt\/wp-content\/uploads\/sites\/3\/2020\/12\/logo.png","width":200,"height":70,"caption":"Markt-XXL"},"image":{"@id":"https:\/\/marktxxl.de\/markt\/#\/schema\/logo\/image\/"}}]}},"_links":{"self":[{"href":"https:\/\/marktxxl.de\/markt\/wp-json\/wp\/v2\/product\/139002","targetHints":{"allow":["GET"]}}],"collection":[{"href":"https:\/\/marktxxl.de\/markt\/wp-json\/wp\/v2\/product"}],"about":[{"href":"https:\/\/marktxxl.de\/markt\/wp-json\/wp\/v2\/types\/product"}],"replies":[{"embeddable":true,"href":"https:\/\/marktxxl.de\/markt\/wp-json\/wp\/v2\/comments?post=139002"}],"wp:featuredmedia":[{"embeddable":true,"href":"https:\/\/marktxxl.de\/markt\/wp-json\/wp\/v2\/media\/139003"}],"wp:attachment":[{"href":"https:\/\/marktxxl.de\/markt\/wp-json\/wp\/v2\/media?parent=139002"}],"wp:term":[{"taxonomy":"product_brand","embeddable":true,"href":"https:\/\/marktxxl.de\/markt\/wp-json\/wp\/v2\/product_brand?post=139002"},{"taxonomy":"product_cat","embeddable":true,"href":"https:\/\/marktxxl.de\/markt\/wp-json\/wp\/v2\/product_cat?post=139002"},{"taxonomy":"product_tag","embeddable":true,"href":"https:\/\/marktxxl.de\/markt\/wp-json\/wp\/v2\/product_tag?post=139002"}],"curies":[{"name":"wp","href":"https:\/\/api.w.org\/{rel}","templated":true}]}}