{"id":137843,"date":"2022-07-14T04:01:35","date_gmt":"2022-07-14T02:01:35","guid":{"rendered":"https:\/\/marktxxl.de\/markt\/produkt\/flackernde-flammenlose-kerzen-realistische-wasserdichte-led-kerzen-mit-fernbedienung-und-timer-set-mit-3-batteriebetriebenen-stumpenkerzen-fuer-kinder-zuhause-hochzeit-halloween-dekoration\/"},"modified":"2023-04-11T04:13:25","modified_gmt":"2023-04-11T02:13:25","slug":"flackernde-flammenlose-kerzen-realistische-wasserdichte-led-kerzen-mit-fernbedienung-und-timer-set-mit-3-batteriebetriebenen-stumpenkerzen-fuer-kinder-zuhause-hochzeit-halloween-dekoration","status":"publish","type":"product","link":"https:\/\/marktxxl.de\/markt\/produkt\/flackernde-flammenlose-kerzen-realistische-wasserdichte-led-kerzen-mit-fernbedienung-und-timer-set-mit-3-batteriebetriebenen-stumpenkerzen-fuer-kinder-zuhause-hochzeit-halloween-dekoration\/","title":{"rendered":"Flackernde, flammenlose Kerzen, realistische, wasserdichte LED-Kerzen mit Fernbedienung und Timer, Set mit 3\u2026"},"content":{"rendered":"<p>Realistische Fernbedienungskerzen: 3D-LED-Flammenkerze, simulierter schwarzer Docht \u2013 beruhigende romantische Atmosph\u00e4re machen elektrische Kerzen wie herk\u00f6mmliche Stumpenkerzen, so sch\u00f6n.<br \/>\nFlammenlose Stumpenkerzen f\u00fcr drinnen und drau\u00dfen: geformte Kunststoff-Stumpenkerzen, elegante, wasserdichte flammenlose Kerzen mit Timer, funktionieren gut innen und au\u00dfen. Kein l\u00e4stiges Eintauchen von Kerzenwachs und offener Flamme, tolle LED-Kerzen f\u00fcr Kinder und Haustiere.<br \/>\nHohe Qualit\u00e4t und einfache Bedienung: Super Harz-Kerzen mit Fernbedienung, kein Verblassen. 4\/5\/6\/8 Stunden Timer-Funktion, 2 AA-Batterien (nicht im Lieferumfang enthalten), betrieben mit 800+ Stunden Arbeitszeit. Inklusive 8 Schl\u00fcssel-Kerzenfernbedienung erm\u00f6glicht es Ihnen, diese 3 ferngesteuerten Kerzen auf hohen Regalen und anderen schwer zug\u00e4nglichen Stellen zu pr\u00e4sentieren.<br \/>\nVielseitig: geruchloses LED-Kerzen-Set aus Plasitc in klassischem Elfenbein, passt zu jeder Einrichtung in jedem Raum. Ideal f\u00fcr Valentinstag, Erntedankfest, Hochzeit, Babyparty oder Brautparty. Setzen Sie sie einfach in Ihre Lieblingslaterne, Kronleuchter, Leuchter oder Kerzenhalter oder mischen Sie sie mit anderen Dekorationen.<br \/>\n<div class=\"main-cross-sell\" data-asin=\"B07RW682K2\">\n\n\t<div class=\"WooZone-cross-sell-loader\">\n\t\t<div>\n\t\t\t<div id=\"floatingBarsG\">\n\t\t\t\t<div class=\"blockG\" id=\"rotateG_01\"><\/div>\n\t\t\t\t<div class=\"blockG\" id=\"rotateG_02\"><\/div>\n\t\t\t\t<div class=\"blockG\" id=\"rotateG_03\"><\/div>\n\t\t\t\t<div class=\"blockG\" id=\"rotateG_04\"><\/div>\n\t\t\t\t<div class=\"blockG\" id=\"rotateG_05\"><\/div>\n\t\t\t\t<div class=\"blockG\" id=\"rotateG_06\"><\/div>\n\t\t\t\t<div class=\"blockG\" id=\"rotateG_07\"><\/div>\n\t\t\t\t<div class=\"blockG\" id=\"rotateG_08\"><\/div>\n\t\t\t<\/div>\n\t\t\t<div class=\"WooZone-cross-sell-loader-text\"><\/div>\n\t\t<\/div>\n\t<\/div>\n\n\t\t\n<\/div>\n<div style=\"clear:both;\"><\/div><\/p>\n","protected":false},"excerpt":{"rendered":"<p>Realistische Fernbedienungskerzen: 3D-LED-Flammenkerze, simulierter schwarzer Docht \u2013 beruhigende romantische Atmosph\u00e4re machen elektrische Kerzen wie herk\u00f6mmliche Stumpenkerzen, so sch\u00f6n.<br \/>\nFlammenlose Stumpenkerzen f\u00fcr drinnen und drau\u00dfen: geformte Kunststoff-Stumpenkerzen, elegante, wasserdichte flammenlose Kerzen mit Timer, funktionieren gut innen und au\u00dfen. Kein l\u00e4stiges Eintauchen von Kerzenwachs und offener Flamme, tolle LED-Kerzen f\u00fcr Kinder und Haustiere.<br \/>\nHohe Qualit\u00e4t und einfache Bedienung: Super Harz-Kerzen mit Fernbedienung, kein Verblassen. 4\/5\/6\/8 Stunden Timer-Funktion, 2 AA-Batterien (nicht im Lieferumfang enthalten), betrieben mit 800+ Stunden Arbeitszeit. Inklusive 8 Schl\u00fcssel-Kerzenfernbedienung erm\u00f6glicht es Ihnen, diese 3 ferngesteuerten Kerzen auf hohen Regalen und anderen schwer zug\u00e4nglichen Stellen zu pr\u00e4sentieren.<\/p>\n","protected":false},"featured_media":137844,"comment_status":"open","ping_status":"closed","template":"","meta":[],"product_brand":[],"product_cat":[11446,2108],"product_tag":[],"class_list":{"0":"post-137843","1":"product","2":"type-product","3":"status-publish","4":"has-post-thumbnail","6":"product_cat-aussenbeleuchtung","7":"product_cat-beleuchtung","8":"pa_binding-haushaltswaren","9":"pa_brand-angelloong","10":"pa_color-3er-pack-mit-schwarzem-docht","11":"pa_height-6-zoll","12":"pa_length-3-zoll","13":"pa_manufacturer-angelloong","14":"pa_size-3-pack-remote-candles","15":"pa_weight-0-8-pfund","16":"pa_width-3-zoll","18":"first","19":"instock","20":"shipping-taxable","21":"purchasable","22":"product-type-simple","23":"customify-col","24":"product-has-gallery"},"yoast_head":"<!-- This site is optimized with the Yoast SEO plugin v27.4 - https:\/\/yoast.com\/product\/yoast-seo-wordpress\/ -->\n<title>Flackernde, flammenlose Kerzen, realistische, wasserdichte LED-Kerzen mit Fernbedienung und Timer, Set mit 3\u2026 - Markt-XXL<\/title>\n<meta name=\"description\" content=\"Markt-XXL Flackernde, flammenlose Kerzen, realistische, wasserdichte LED-Kerzen mit Fernbedienung und Timer, Set mit 3\u2026\" \/>\n<meta name=\"robots\" content=\"index, follow, max-snippet:-1, max-image-preview:large, max-video-preview:-1\" \/>\n<link rel=\"canonical\" href=\"https:\/\/marktxxl.de\/markt\/produkt\/flackernde-flammenlose-kerzen-realistische-wasserdichte-led-kerzen-mit-fernbedienung-und-timer-set-mit-3-batteriebetriebenen-stumpenkerzen-fuer-kinder-zuhause-hochzeit-halloween-dekoration\/\" \/>\n<meta property=\"og:locale\" content=\"de_DE\" \/>\n<meta property=\"og:type\" content=\"article\" \/>\n<meta property=\"og:title\" content=\"Flackernde, flammenlose Kerzen, realistische, wasserdichte LED-Kerzen mit Fernbedienung und Timer, Set mit 3\u2026 - Markt-XXL\" \/>\n<meta property=\"og:description\" content=\"Markt-XXL Flackernde, flammenlose Kerzen, realistische, wasserdichte LED-Kerzen mit Fernbedienung und Timer, Set mit 3\u2026\" \/>\n<meta property=\"og:url\" content=\"https:\/\/marktxxl.de\/markt\/produkt\/flackernde-flammenlose-kerzen-realistische-wasserdichte-led-kerzen-mit-fernbedienung-und-timer-set-mit-3-batteriebetriebenen-stumpenkerzen-fuer-kinder-zuhause-hochzeit-halloween-dekoration\/\" \/>\n<meta property=\"og:site_name\" content=\"Markt-XXL\" \/>\n<meta property=\"article:modified_time\" content=\"2023-04-11T02:13:25+00:00\" \/>\n<meta property=\"og:image\" content=\"https:\/\/m.media-amazon.com\/images\/I\/31ux1aTCaIL._SL500_.jpg\" \/>\n\t<meta property=\"og:image:width\" content=\"500\" \/>\n\t<meta property=\"og:image:height\" content=\"500\" \/>\n\t<meta property=\"og:image:type\" content=\"image\/jpeg\" \/>\n<meta name=\"twitter:card\" content=\"summary_large_image\" \/>\n<meta name=\"twitter:label1\" content=\"Gesch\u00e4tzte Lesezeit\" \/>\n\t<meta name=\"twitter:data1\" content=\"1\u00a0Minute\" \/>\n<script type=\"application\/ld+json\" class=\"yoast-schema-graph\">{\"@context\":\"https:\\\/\\\/schema.org\",\"@graph\":[{\"@type\":\"WebPage\",\"@id\":\"https:\\\/\\\/marktxxl.de\\\/markt\\\/produkt\\\/flackernde-flammenlose-kerzen-realistische-wasserdichte-led-kerzen-mit-fernbedienung-und-timer-set-mit-3-batteriebetriebenen-stumpenkerzen-fuer-kinder-zuhause-hochzeit-halloween-dekoration\\\/\",\"url\":\"https:\\\/\\\/marktxxl.de\\\/markt\\\/produkt\\\/flackernde-flammenlose-kerzen-realistische-wasserdichte-led-kerzen-mit-fernbedienung-und-timer-set-mit-3-batteriebetriebenen-stumpenkerzen-fuer-kinder-zuhause-hochzeit-halloween-dekoration\\\/\",\"name\":\"Flackernde, flammenlose Kerzen, realistische, wasserdichte LED-Kerzen mit Fernbedienung und Timer, Set mit 3\u2026 - Markt-XXL\",\"isPartOf\":{\"@id\":\"https:\\\/\\\/marktxxl.de\\\/markt\\\/#website\"},\"primaryImageOfPage\":{\"@id\":\"https:\\\/\\\/marktxxl.de\\\/markt\\\/produkt\\\/flackernde-flammenlose-kerzen-realistische-wasserdichte-led-kerzen-mit-fernbedienung-und-timer-set-mit-3-batteriebetriebenen-stumpenkerzen-fuer-kinder-zuhause-hochzeit-halloween-dekoration\\\/#primaryimage\"},\"image\":{\"@id\":\"https:\\\/\\\/marktxxl.de\\\/markt\\\/produkt\\\/flackernde-flammenlose-kerzen-realistische-wasserdichte-led-kerzen-mit-fernbedienung-und-timer-set-mit-3-batteriebetriebenen-stumpenkerzen-fuer-kinder-zuhause-hochzeit-halloween-dekoration\\\/#primaryimage\"},\"thumbnailUrl\":\"https:\\\/\\\/m.media-amazon.com\\\/images\\\/I\\\/31ux1aTCaIL._SL500_.jpg\",\"datePublished\":\"2022-07-14T02:01:35+00:00\",\"dateModified\":\"2023-04-11T02:13:25+00:00\",\"description\":\"Markt-XXL Flackernde, flammenlose Kerzen, realistische, wasserdichte LED-Kerzen mit Fernbedienung und Timer, Set mit 3\u2026\",\"breadcrumb\":{\"@id\":\"https:\\\/\\\/marktxxl.de\\\/markt\\\/produkt\\\/flackernde-flammenlose-kerzen-realistische-wasserdichte-led-kerzen-mit-fernbedienung-und-timer-set-mit-3-batteriebetriebenen-stumpenkerzen-fuer-kinder-zuhause-hochzeit-halloween-dekoration\\\/#breadcrumb\"},\"inLanguage\":\"de\",\"potentialAction\":[{\"@type\":\"ReadAction\",\"target\":[\"https:\\\/\\\/marktxxl.de\\\/markt\\\/produkt\\\/flackernde-flammenlose-kerzen-realistische-wasserdichte-led-kerzen-mit-fernbedienung-und-timer-set-mit-3-batteriebetriebenen-stumpenkerzen-fuer-kinder-zuhause-hochzeit-halloween-dekoration\\\/\"]}]},{\"@type\":\"ImageObject\",\"inLanguage\":\"de\",\"@id\":\"https:\\\/\\\/marktxxl.de\\\/markt\\\/produkt\\\/flackernde-flammenlose-kerzen-realistische-wasserdichte-led-kerzen-mit-fernbedienung-und-timer-set-mit-3-batteriebetriebenen-stumpenkerzen-fuer-kinder-zuhause-hochzeit-halloween-dekoration\\\/#primaryimage\",\"url\":\"https:\\\/\\\/m.media-amazon.com\\\/images\\\/I\\\/31ux1aTCaIL._SL500_.jpg\",\"contentUrl\":\"https:\\\/\\\/m.media-amazon.com\\\/images\\\/I\\\/31ux1aTCaIL._SL500_.jpg\",\"width\":500,\"height\":500},{\"@type\":\"BreadcrumbList\",\"@id\":\"https:\\\/\\\/marktxxl.de\\\/markt\\\/produkt\\\/flackernde-flammenlose-kerzen-realistische-wasserdichte-led-kerzen-mit-fernbedienung-und-timer-set-mit-3-batteriebetriebenen-stumpenkerzen-fuer-kinder-zuhause-hochzeit-halloween-dekoration\\\/#breadcrumb\",\"itemListElement\":[{\"@type\":\"ListItem\",\"position\":1,\"name\":\"Startseite\",\"item\":\"https:\\\/\\\/marktxxl.de\\\/markt\\\/\"},{\"@type\":\"ListItem\",\"position\":2,\"name\":\"Markt\",\"item\":\"https:\\\/\\\/marktxxl.de\\\/markt\\\/\"},{\"@type\":\"ListItem\",\"position\":3,\"name\":\"Flackernde, flammenlose Kerzen, realistische, wasserdichte LED-Kerzen mit Fernbedienung und Timer, Set mit 3\u2026\"}]},{\"@type\":\"WebSite\",\"@id\":\"https:\\\/\\\/marktxxl.de\\\/markt\\\/#website\",\"url\":\"https:\\\/\\\/marktxxl.de\\\/markt\\\/\",\"name\":\"Markt-XXL\",\"description\":\"Ihr Markt Online\",\"publisher\":{\"@id\":\"https:\\\/\\\/marktxxl.de\\\/markt\\\/#organization\"},\"potentialAction\":[{\"@type\":\"SearchAction\",\"target\":{\"@type\":\"EntryPoint\",\"urlTemplate\":\"https:\\\/\\\/marktxxl.de\\\/markt\\\/?s={search_term_string}\"},\"query-input\":{\"@type\":\"PropertyValueSpecification\",\"valueRequired\":true,\"valueName\":\"search_term_string\"}}],\"inLanguage\":\"de\"},{\"@type\":\"Organization\",\"@id\":\"https:\\\/\\\/marktxxl.de\\\/markt\\\/#organization\",\"name\":\"Markt-XXL\",\"url\":\"https:\\\/\\\/marktxxl.de\\\/markt\\\/\",\"logo\":{\"@type\":\"ImageObject\",\"inLanguage\":\"de\",\"@id\":\"https:\\\/\\\/marktxxl.de\\\/markt\\\/#\\\/schema\\\/logo\\\/image\\\/\",\"url\":\"https:\\\/\\\/marktxxl.de\\\/markt\\\/wp-content\\\/uploads\\\/sites\\\/3\\\/2020\\\/12\\\/logo.png\",\"contentUrl\":\"https:\\\/\\\/marktxxl.de\\\/markt\\\/wp-content\\\/uploads\\\/sites\\\/3\\\/2020\\\/12\\\/logo.png\",\"width\":200,\"height\":70,\"caption\":\"Markt-XXL\"},\"image\":{\"@id\":\"https:\\\/\\\/marktxxl.de\\\/markt\\\/#\\\/schema\\\/logo\\\/image\\\/\"}}]}<\/script>\n<!-- \/ Yoast SEO plugin. -->","yoast_head_json":{"title":"Flackernde, flammenlose Kerzen, realistische, wasserdichte LED-Kerzen mit Fernbedienung und Timer, Set mit 3\u2026 - Markt-XXL","description":"Markt-XXL Flackernde, flammenlose Kerzen, realistische, wasserdichte LED-Kerzen mit Fernbedienung und Timer, Set mit 3\u2026","robots":{"index":"index","follow":"follow","max-snippet":"max-snippet:-1","max-image-preview":"max-image-preview:large","max-video-preview":"max-video-preview:-1"},"canonical":"https:\/\/marktxxl.de\/markt\/produkt\/flackernde-flammenlose-kerzen-realistische-wasserdichte-led-kerzen-mit-fernbedienung-und-timer-set-mit-3-batteriebetriebenen-stumpenkerzen-fuer-kinder-zuhause-hochzeit-halloween-dekoration\/","og_locale":"de_DE","og_type":"article","og_title":"Flackernde, flammenlose Kerzen, realistische, wasserdichte LED-Kerzen mit Fernbedienung und Timer, Set mit 3\u2026 - Markt-XXL","og_description":"Markt-XXL Flackernde, flammenlose Kerzen, realistische, wasserdichte LED-Kerzen mit Fernbedienung und Timer, Set mit 3\u2026","og_url":"https:\/\/marktxxl.de\/markt\/produkt\/flackernde-flammenlose-kerzen-realistische-wasserdichte-led-kerzen-mit-fernbedienung-und-timer-set-mit-3-batteriebetriebenen-stumpenkerzen-fuer-kinder-zuhause-hochzeit-halloween-dekoration\/","og_site_name":"Markt-XXL","article_modified_time":"2023-04-11T02:13:25+00:00","og_image":[{"width":500,"height":500,"url":"https:\/\/m.media-amazon.com\/images\/I\/31ux1aTCaIL._SL500_.jpg","type":"image\/jpeg"}],"twitter_card":"summary_large_image","twitter_misc":{"Gesch\u00e4tzte Lesezeit":"1\u00a0Minute"},"schema":{"@context":"https:\/\/schema.org","@graph":[{"@type":"WebPage","@id":"https:\/\/marktxxl.de\/markt\/produkt\/flackernde-flammenlose-kerzen-realistische-wasserdichte-led-kerzen-mit-fernbedienung-und-timer-set-mit-3-batteriebetriebenen-stumpenkerzen-fuer-kinder-zuhause-hochzeit-halloween-dekoration\/","url":"https:\/\/marktxxl.de\/markt\/produkt\/flackernde-flammenlose-kerzen-realistische-wasserdichte-led-kerzen-mit-fernbedienung-und-timer-set-mit-3-batteriebetriebenen-stumpenkerzen-fuer-kinder-zuhause-hochzeit-halloween-dekoration\/","name":"Flackernde, flammenlose Kerzen, realistische, wasserdichte LED-Kerzen mit Fernbedienung und Timer, Set mit 3\u2026 - Markt-XXL","isPartOf":{"@id":"https:\/\/marktxxl.de\/markt\/#website"},"primaryImageOfPage":{"@id":"https:\/\/marktxxl.de\/markt\/produkt\/flackernde-flammenlose-kerzen-realistische-wasserdichte-led-kerzen-mit-fernbedienung-und-timer-set-mit-3-batteriebetriebenen-stumpenkerzen-fuer-kinder-zuhause-hochzeit-halloween-dekoration\/#primaryimage"},"image":{"@id":"https:\/\/marktxxl.de\/markt\/produkt\/flackernde-flammenlose-kerzen-realistische-wasserdichte-led-kerzen-mit-fernbedienung-und-timer-set-mit-3-batteriebetriebenen-stumpenkerzen-fuer-kinder-zuhause-hochzeit-halloween-dekoration\/#primaryimage"},"thumbnailUrl":"https:\/\/m.media-amazon.com\/images\/I\/31ux1aTCaIL._SL500_.jpg","datePublished":"2022-07-14T02:01:35+00:00","dateModified":"2023-04-11T02:13:25+00:00","description":"Markt-XXL Flackernde, flammenlose Kerzen, realistische, wasserdichte LED-Kerzen mit Fernbedienung und Timer, Set mit 3\u2026","breadcrumb":{"@id":"https:\/\/marktxxl.de\/markt\/produkt\/flackernde-flammenlose-kerzen-realistische-wasserdichte-led-kerzen-mit-fernbedienung-und-timer-set-mit-3-batteriebetriebenen-stumpenkerzen-fuer-kinder-zuhause-hochzeit-halloween-dekoration\/#breadcrumb"},"inLanguage":"de","potentialAction":[{"@type":"ReadAction","target":["https:\/\/marktxxl.de\/markt\/produkt\/flackernde-flammenlose-kerzen-realistische-wasserdichte-led-kerzen-mit-fernbedienung-und-timer-set-mit-3-batteriebetriebenen-stumpenkerzen-fuer-kinder-zuhause-hochzeit-halloween-dekoration\/"]}]},{"@type":"ImageObject","inLanguage":"de","@id":"https:\/\/marktxxl.de\/markt\/produkt\/flackernde-flammenlose-kerzen-realistische-wasserdichte-led-kerzen-mit-fernbedienung-und-timer-set-mit-3-batteriebetriebenen-stumpenkerzen-fuer-kinder-zuhause-hochzeit-halloween-dekoration\/#primaryimage","url":"https:\/\/m.media-amazon.com\/images\/I\/31ux1aTCaIL._SL500_.jpg","contentUrl":"https:\/\/m.media-amazon.com\/images\/I\/31ux1aTCaIL._SL500_.jpg","width":500,"height":500},{"@type":"BreadcrumbList","@id":"https:\/\/marktxxl.de\/markt\/produkt\/flackernde-flammenlose-kerzen-realistische-wasserdichte-led-kerzen-mit-fernbedienung-und-timer-set-mit-3-batteriebetriebenen-stumpenkerzen-fuer-kinder-zuhause-hochzeit-halloween-dekoration\/#breadcrumb","itemListElement":[{"@type":"ListItem","position":1,"name":"Startseite","item":"https:\/\/marktxxl.de\/markt\/"},{"@type":"ListItem","position":2,"name":"Markt","item":"https:\/\/marktxxl.de\/markt\/"},{"@type":"ListItem","position":3,"name":"Flackernde, flammenlose Kerzen, realistische, wasserdichte LED-Kerzen mit Fernbedienung und Timer, Set mit 3\u2026"}]},{"@type":"WebSite","@id":"https:\/\/marktxxl.de\/markt\/#website","url":"https:\/\/marktxxl.de\/markt\/","name":"Markt-XXL","description":"Ihr Markt Online","publisher":{"@id":"https:\/\/marktxxl.de\/markt\/#organization"},"potentialAction":[{"@type":"SearchAction","target":{"@type":"EntryPoint","urlTemplate":"https:\/\/marktxxl.de\/markt\/?s={search_term_string}"},"query-input":{"@type":"PropertyValueSpecification","valueRequired":true,"valueName":"search_term_string"}}],"inLanguage":"de"},{"@type":"Organization","@id":"https:\/\/marktxxl.de\/markt\/#organization","name":"Markt-XXL","url":"https:\/\/marktxxl.de\/markt\/","logo":{"@type":"ImageObject","inLanguage":"de","@id":"https:\/\/marktxxl.de\/markt\/#\/schema\/logo\/image\/","url":"https:\/\/marktxxl.de\/markt\/wp-content\/uploads\/sites\/3\/2020\/12\/logo.png","contentUrl":"https:\/\/marktxxl.de\/markt\/wp-content\/uploads\/sites\/3\/2020\/12\/logo.png","width":200,"height":70,"caption":"Markt-XXL"},"image":{"@id":"https:\/\/marktxxl.de\/markt\/#\/schema\/logo\/image\/"}}]}},"_links":{"self":[{"href":"https:\/\/marktxxl.de\/markt\/wp-json\/wp\/v2\/product\/137843","targetHints":{"allow":["GET"]}}],"collection":[{"href":"https:\/\/marktxxl.de\/markt\/wp-json\/wp\/v2\/product"}],"about":[{"href":"https:\/\/marktxxl.de\/markt\/wp-json\/wp\/v2\/types\/product"}],"replies":[{"embeddable":true,"href":"https:\/\/marktxxl.de\/markt\/wp-json\/wp\/v2\/comments?post=137843"}],"wp:featuredmedia":[{"embeddable":true,"href":"https:\/\/marktxxl.de\/markt\/wp-json\/wp\/v2\/media\/137844"}],"wp:attachment":[{"href":"https:\/\/marktxxl.de\/markt\/wp-json\/wp\/v2\/media?parent=137843"}],"wp:term":[{"taxonomy":"product_brand","embeddable":true,"href":"https:\/\/marktxxl.de\/markt\/wp-json\/wp\/v2\/product_brand?post=137843"},{"taxonomy":"product_cat","embeddable":true,"href":"https:\/\/marktxxl.de\/markt\/wp-json\/wp\/v2\/product_cat?post=137843"},{"taxonomy":"product_tag","embeddable":true,"href":"https:\/\/marktxxl.de\/markt\/wp-json\/wp\/v2\/product_tag?post=137843"}],"curies":[{"name":"wp","href":"https:\/\/api.w.org\/{rel}","templated":true}]}}