{"id":137402,"date":"2022-07-14T03:38:12","date_gmt":"2022-07-14T01:38:12","guid":{"rendered":"https:\/\/marktxxl.de\/markt\/produkt\/wimpernlifting-set-and-toenungs-kit-professionelles-augenbrauen-toenungs-3-in-1-set-haelt-6-8-wochen-schnelles-anheben-und-faerben-mit-allen-werkzeugen-fuer-den-heimwerkersalon-schwarz\/"},"modified":"2023-04-11T04:13:17","modified_gmt":"2023-04-11T02:13:17","slug":"wimpernlifting-set-and-toenungs-kit-professionelles-augenbrauen-toenungs-3-in-1-set-haelt-6-8-wochen-schnelles-anheben-und-faerben-mit-allen-werkzeugen-fuer-den-heimwerkersalon-schwarz","status":"publish","type":"product","link":"https:\/\/marktxxl.de\/markt\/produkt\/wimpernlifting-set-and-toenungs-kit-professionelles-augenbrauen-toenungs-3-in-1-set-haelt-6-8-wochen-schnelles-anheben-und-faerben-mit-allen-werkzeugen-fuer-den-heimwerkersalon-schwarz\/","title":{"rendered":"Wimpernlifting Set and T\u00f6nungs-Kit, professionelles Augenbrauen-T\u00f6nungs 3-in-1-Set, h\u00e4lt 6-8 Wochen, schnelles Anheben\u2026"},"content":{"rendered":"<p>&#8211;\u25cf3 in 1 Wimpernlifting Set und Brow Lifting Set \u25cf&#8211; : Im Gegensatz zu anderen Wimpernlifting Set k\u00f6nnen nur Wimpern angehoben werden. Das Missicee 3-in-1 Wimpernlifting Set mit Farbe kann Ihre Wimpern nicht nur liften, sondern auch f\u00e4rben und gibt Ihnen nat\u00fcrliche, dunkle, volumin\u00f6se und lockige Wimpern. Mascara und Wimpernverl\u00e4ngerungen w\u00e4ren nicht mehr n\u00f6tig. Verabschieden Sie sich von schwerem Make-up!<br \/>\n&#8211;\u25cfWimpern Lifting L\u00e4ngste Ergebnisse f\u00fcr 2-3 Monate\u25cf&#8211;: Missicee lash lifting set-LIFT F\u00c4LLT NICHT MIT DER ZEIT AB, Lifts halten 2-3 Monate mit voller Zuversicht, da ein Wimpernlifting mit dieser L\u00f6sung im Laufe der Zeit nicht nachl\u00e4sst &#8211; das Lifting wird einfach wachsen aus, wenn Ihre Wimpern wachsen.<br \/>\n&#8211;\u25cf Sicher und professionell\u25cf&#8211; : Im Gegensatz zu anderen chemischen Produkten besteht unser lash lifting set mit farbe ausschlie\u00dflich aus Pflanzenextrakten und nicht reizenden Inhaltsstoffen, die die Augen und die umgebende Haut nicht sch\u00e4digen. (Warme Anmerkung): F\u00fchren Sie vor dem ersten Gebrauch einen Hauttest am Augenlid durch. Wenn keine Beschwerden oder Reizungen auftreten, k\u00f6nnen Sie es verwenden.<br \/>\n&#8211;\u25cfSparen Sie Geld und Zeit\u25cf&#8211;: Es kostet viel Geld und Zeit, Ihre Wimpern jeden Monat in einem Salon machen zu lassen. Jetzt k\u00f6nnen Sie das gleiche professionelle Ergebnis auch zu Hause erzielen! Mit dem Missicee lashliftingset k\u00f6nnen Sie die L\u00f6sung je nach Augenbrauendichte\/Wimperndichte bis zu 15 Mal wiederverwenden. Aber Sch\u00f6nheitssalons verlangen normalerweise zwischen 80 \u20ac und 200 \u20ac f\u00fcr eine einzelne Sitzung.<br \/>\n&#8211;\u25cfEinfach zu bedienen\u25cf&#8211;: Ein wimpernlifting set und ein Wimpernf\u00e4rbe-Kit zusammen, ein komplettes Kit mit allen Werkzeugen, die f\u00fcr ein Wimpernlifting und das F\u00e4rben schwarzer Wimpern ben\u00f6tigt werden, sowie eine detaillierte und einfache Bedienungsanleitung du bist neu.<br \/>\n<div class=\"main-cross-sell\" data-asin=\"B09JK1T62L\">\n\n\t<div class=\"WooZone-cross-sell-loader\">\n\t\t<div>\n\t\t\t<div id=\"floatingBarsG\">\n\t\t\t\t<div class=\"blockG\" id=\"rotateG_01\"><\/div>\n\t\t\t\t<div class=\"blockG\" id=\"rotateG_02\"><\/div>\n\t\t\t\t<div class=\"blockG\" id=\"rotateG_03\"><\/div>\n\t\t\t\t<div class=\"blockG\" id=\"rotateG_04\"><\/div>\n\t\t\t\t<div class=\"blockG\" id=\"rotateG_05\"><\/div>\n\t\t\t\t<div class=\"blockG\" id=\"rotateG_06\"><\/div>\n\t\t\t\t<div class=\"blockG\" id=\"rotateG_07\"><\/div>\n\t\t\t\t<div class=\"blockG\" id=\"rotateG_08\"><\/div>\n\t\t\t<\/div>\n\t\t\t<div class=\"WooZone-cross-sell-loader-text\"><\/div>\n\t\t<\/div>\n\t<\/div>\n\n\t\t\n<\/div>\n<div style=\"clear:both;\"><\/div><\/p>\n","protected":false},"excerpt":{"rendered":"<p>&#8211;\u25cf3 in 1 Wimpernlifting Set und Brow Lifting Set \u25cf&#8211; : Im Gegensatz zu anderen Wimpernlifting Set k\u00f6nnen nur Wimpern angehoben werden. Das Missicee 3-in-1 Wimpernlifting Set mit Farbe kann Ihre Wimpern nicht nur liften, sondern auch f\u00e4rben und gibt Ihnen nat\u00fcrliche, dunkle, volumin\u00f6se und lockige Wimpern. Mascara und Wimpernverl\u00e4ngerungen w\u00e4ren nicht mehr n\u00f6tig. Verabschieden Sie sich von schwerem Make-up!<br \/>\n&#8211;\u25cfWimpern Lifting L\u00e4ngste Ergebnisse f\u00fcr 2-3 Monate\u25cf&#8211;: Missicee lash lifting set-LIFT F\u00c4LLT NICHT MIT DER ZEIT AB, Lifts halten 2-3 Monate mit voller Zuversicht, da ein Wimpernlifting mit dieser L\u00f6sung im Laufe der Zeit nicht nachl\u00e4sst &#8211; das Lifting wird einfach wachsen aus, wenn Ihre Wimpern wachsen.<br \/>\n&#8211;\u25cf Sicher und professionell\u25cf&#8211; : Im Gegensatz zu anderen chemischen Produkten besteht unser lash lifting set mit farbe ausschlie\u00dflich aus Pflanzenextrakten und nicht reizenden Inhaltsstoffen, die die Augen und die umgebende Haut nicht sch\u00e4digen. (Warme Anmerkung): F\u00fchren Sie vor dem ersten Gebrauch einen Hauttest am Augenlid durch. Wenn keine Beschwerden oder Reizungen auftreten, k\u00f6nnen Sie es verwenden.<\/p>\n","protected":false},"featured_media":137403,"comment_status":"open","ping_status":"closed","template":"","meta":[],"product_brand":[],"product_cat":[2858,7726],"product_tag":[],"class_list":{"0":"post-137402","1":"product","2":"type-product","3":"status-publish","4":"has-post-thumbnail","6":"product_cat-beauty","7":"product_cat-zubehoer-beauty","8":"pa_brand-missicee","9":"pa_color-pink","10":"pa_manufacturer-missicee","12":"first","13":"instock","14":"shipping-taxable","15":"purchasable","16":"product-type-simple","17":"customify-col","18":"product-has-gallery"},"yoast_head":"<!-- This site is optimized with the Yoast SEO plugin v27.4 - https:\/\/yoast.com\/product\/yoast-seo-wordpress\/ -->\n<title>Wimpernlifting Set and T\u00f6nungs-Kit, professionelles Augenbrauen-T\u00f6nungs 3-in-1-Set, h\u00e4lt 6-8 Wochen, schnelles Anheben\u2026 - Markt-XXL<\/title>\n<meta name=\"description\" content=\"Markt-XXL Wimpernlifting Set and T\u00f6nungs-Kit, professionelles Augenbrauen-T\u00f6nungs 3-in-1-Set, h\u00e4lt 6-8 Wochen, schnelles Anheben\u2026\" \/>\n<meta name=\"robots\" content=\"index, follow, max-snippet:-1, max-image-preview:large, max-video-preview:-1\" \/>\n<link rel=\"canonical\" href=\"https:\/\/marktxxl.de\/markt\/produkt\/wimpernlifting-set-and-toenungs-kit-professionelles-augenbrauen-toenungs-3-in-1-set-haelt-6-8-wochen-schnelles-anheben-und-faerben-mit-allen-werkzeugen-fuer-den-heimwerkersalon-schwarz\/\" \/>\n<meta property=\"og:locale\" content=\"de_DE\" \/>\n<meta property=\"og:type\" content=\"article\" \/>\n<meta property=\"og:title\" content=\"Wimpernlifting Set and T\u00f6nungs-Kit, professionelles Augenbrauen-T\u00f6nungs 3-in-1-Set, h\u00e4lt 6-8 Wochen, schnelles Anheben\u2026 - Markt-XXL\" \/>\n<meta property=\"og:description\" content=\"Markt-XXL Wimpernlifting Set and T\u00f6nungs-Kit, professionelles Augenbrauen-T\u00f6nungs 3-in-1-Set, h\u00e4lt 6-8 Wochen, schnelles Anheben\u2026\" \/>\n<meta property=\"og:url\" content=\"https:\/\/marktxxl.de\/markt\/produkt\/wimpernlifting-set-and-toenungs-kit-professionelles-augenbrauen-toenungs-3-in-1-set-haelt-6-8-wochen-schnelles-anheben-und-faerben-mit-allen-werkzeugen-fuer-den-heimwerkersalon-schwarz\/\" \/>\n<meta property=\"og:site_name\" content=\"Markt-XXL\" \/>\n<meta property=\"article:modified_time\" content=\"2023-04-11T02:13:17+00:00\" \/>\n<meta property=\"og:image\" content=\"https:\/\/m.media-amazon.com\/images\/I\/51OjkNnssDL._SL500_.jpg\" \/>\n\t<meta property=\"og:image:width\" content=\"500\" \/>\n\t<meta property=\"og:image:height\" content=\"500\" \/>\n\t<meta property=\"og:image:type\" content=\"image\/jpeg\" \/>\n<meta name=\"twitter:card\" content=\"summary_large_image\" \/>\n<meta name=\"twitter:label1\" content=\"Gesch\u00e4tzte Lesezeit\" \/>\n\t<meta name=\"twitter:data1\" content=\"1\u00a0Minute\" \/>\n<script type=\"application\/ld+json\" class=\"yoast-schema-graph\">{\"@context\":\"https:\\\/\\\/schema.org\",\"@graph\":[{\"@type\":\"WebPage\",\"@id\":\"https:\\\/\\\/marktxxl.de\\\/markt\\\/produkt\\\/wimpernlifting-set-and-toenungs-kit-professionelles-augenbrauen-toenungs-3-in-1-set-haelt-6-8-wochen-schnelles-anheben-und-faerben-mit-allen-werkzeugen-fuer-den-heimwerkersalon-schwarz\\\/\",\"url\":\"https:\\\/\\\/marktxxl.de\\\/markt\\\/produkt\\\/wimpernlifting-set-and-toenungs-kit-professionelles-augenbrauen-toenungs-3-in-1-set-haelt-6-8-wochen-schnelles-anheben-und-faerben-mit-allen-werkzeugen-fuer-den-heimwerkersalon-schwarz\\\/\",\"name\":\"Wimpernlifting Set and T\u00f6nungs-Kit, professionelles Augenbrauen-T\u00f6nungs 3-in-1-Set, h\u00e4lt 6-8 Wochen, schnelles Anheben\u2026 - Markt-XXL\",\"isPartOf\":{\"@id\":\"https:\\\/\\\/marktxxl.de\\\/markt\\\/#website\"},\"primaryImageOfPage\":{\"@id\":\"https:\\\/\\\/marktxxl.de\\\/markt\\\/produkt\\\/wimpernlifting-set-and-toenungs-kit-professionelles-augenbrauen-toenungs-3-in-1-set-haelt-6-8-wochen-schnelles-anheben-und-faerben-mit-allen-werkzeugen-fuer-den-heimwerkersalon-schwarz\\\/#primaryimage\"},\"image\":{\"@id\":\"https:\\\/\\\/marktxxl.de\\\/markt\\\/produkt\\\/wimpernlifting-set-and-toenungs-kit-professionelles-augenbrauen-toenungs-3-in-1-set-haelt-6-8-wochen-schnelles-anheben-und-faerben-mit-allen-werkzeugen-fuer-den-heimwerkersalon-schwarz\\\/#primaryimage\"},\"thumbnailUrl\":\"https:\\\/\\\/m.media-amazon.com\\\/images\\\/I\\\/51OjkNnssDL._SL500_.jpg\",\"datePublished\":\"2022-07-14T01:38:12+00:00\",\"dateModified\":\"2023-04-11T02:13:17+00:00\",\"description\":\"Markt-XXL Wimpernlifting Set and T\u00f6nungs-Kit, professionelles Augenbrauen-T\u00f6nungs 3-in-1-Set, h\u00e4lt 6-8 Wochen, schnelles Anheben\u2026\",\"breadcrumb\":{\"@id\":\"https:\\\/\\\/marktxxl.de\\\/markt\\\/produkt\\\/wimpernlifting-set-and-toenungs-kit-professionelles-augenbrauen-toenungs-3-in-1-set-haelt-6-8-wochen-schnelles-anheben-und-faerben-mit-allen-werkzeugen-fuer-den-heimwerkersalon-schwarz\\\/#breadcrumb\"},\"inLanguage\":\"de\",\"potentialAction\":[{\"@type\":\"ReadAction\",\"target\":[\"https:\\\/\\\/marktxxl.de\\\/markt\\\/produkt\\\/wimpernlifting-set-and-toenungs-kit-professionelles-augenbrauen-toenungs-3-in-1-set-haelt-6-8-wochen-schnelles-anheben-und-faerben-mit-allen-werkzeugen-fuer-den-heimwerkersalon-schwarz\\\/\"]}]},{\"@type\":\"ImageObject\",\"inLanguage\":\"de\",\"@id\":\"https:\\\/\\\/marktxxl.de\\\/markt\\\/produkt\\\/wimpernlifting-set-and-toenungs-kit-professionelles-augenbrauen-toenungs-3-in-1-set-haelt-6-8-wochen-schnelles-anheben-und-faerben-mit-allen-werkzeugen-fuer-den-heimwerkersalon-schwarz\\\/#primaryimage\",\"url\":\"https:\\\/\\\/m.media-amazon.com\\\/images\\\/I\\\/51OjkNnssDL._SL500_.jpg\",\"contentUrl\":\"https:\\\/\\\/m.media-amazon.com\\\/images\\\/I\\\/51OjkNnssDL._SL500_.jpg\",\"width\":500,\"height\":500},{\"@type\":\"BreadcrumbList\",\"@id\":\"https:\\\/\\\/marktxxl.de\\\/markt\\\/produkt\\\/wimpernlifting-set-and-toenungs-kit-professionelles-augenbrauen-toenungs-3-in-1-set-haelt-6-8-wochen-schnelles-anheben-und-faerben-mit-allen-werkzeugen-fuer-den-heimwerkersalon-schwarz\\\/#breadcrumb\",\"itemListElement\":[{\"@type\":\"ListItem\",\"position\":1,\"name\":\"Startseite\",\"item\":\"https:\\\/\\\/marktxxl.de\\\/markt\\\/\"},{\"@type\":\"ListItem\",\"position\":2,\"name\":\"Markt\",\"item\":\"https:\\\/\\\/marktxxl.de\\\/markt\\\/\"},{\"@type\":\"ListItem\",\"position\":3,\"name\":\"Wimpernlifting Set and T\u00f6nungs-Kit, professionelles Augenbrauen-T\u00f6nungs 3-in-1-Set, h\u00e4lt 6-8 Wochen, schnelles Anheben\u2026\"}]},{\"@type\":\"WebSite\",\"@id\":\"https:\\\/\\\/marktxxl.de\\\/markt\\\/#website\",\"url\":\"https:\\\/\\\/marktxxl.de\\\/markt\\\/\",\"name\":\"Markt-XXL\",\"description\":\"Ihr Markt Online\",\"publisher\":{\"@id\":\"https:\\\/\\\/marktxxl.de\\\/markt\\\/#organization\"},\"potentialAction\":[{\"@type\":\"SearchAction\",\"target\":{\"@type\":\"EntryPoint\",\"urlTemplate\":\"https:\\\/\\\/marktxxl.de\\\/markt\\\/?s={search_term_string}\"},\"query-input\":{\"@type\":\"PropertyValueSpecification\",\"valueRequired\":true,\"valueName\":\"search_term_string\"}}],\"inLanguage\":\"de\"},{\"@type\":\"Organization\",\"@id\":\"https:\\\/\\\/marktxxl.de\\\/markt\\\/#organization\",\"name\":\"Markt-XXL\",\"url\":\"https:\\\/\\\/marktxxl.de\\\/markt\\\/\",\"logo\":{\"@type\":\"ImageObject\",\"inLanguage\":\"de\",\"@id\":\"https:\\\/\\\/marktxxl.de\\\/markt\\\/#\\\/schema\\\/logo\\\/image\\\/\",\"url\":\"https:\\\/\\\/marktxxl.de\\\/markt\\\/wp-content\\\/uploads\\\/sites\\\/3\\\/2020\\\/12\\\/logo.png\",\"contentUrl\":\"https:\\\/\\\/marktxxl.de\\\/markt\\\/wp-content\\\/uploads\\\/sites\\\/3\\\/2020\\\/12\\\/logo.png\",\"width\":200,\"height\":70,\"caption\":\"Markt-XXL\"},\"image\":{\"@id\":\"https:\\\/\\\/marktxxl.de\\\/markt\\\/#\\\/schema\\\/logo\\\/image\\\/\"}}]}<\/script>\n<!-- \/ Yoast SEO plugin. -->","yoast_head_json":{"title":"Wimpernlifting Set and T\u00f6nungs-Kit, professionelles Augenbrauen-T\u00f6nungs 3-in-1-Set, h\u00e4lt 6-8 Wochen, schnelles Anheben\u2026 - Markt-XXL","description":"Markt-XXL Wimpernlifting Set and T\u00f6nungs-Kit, professionelles Augenbrauen-T\u00f6nungs 3-in-1-Set, h\u00e4lt 6-8 Wochen, schnelles Anheben\u2026","robots":{"index":"index","follow":"follow","max-snippet":"max-snippet:-1","max-image-preview":"max-image-preview:large","max-video-preview":"max-video-preview:-1"},"canonical":"https:\/\/marktxxl.de\/markt\/produkt\/wimpernlifting-set-and-toenungs-kit-professionelles-augenbrauen-toenungs-3-in-1-set-haelt-6-8-wochen-schnelles-anheben-und-faerben-mit-allen-werkzeugen-fuer-den-heimwerkersalon-schwarz\/","og_locale":"de_DE","og_type":"article","og_title":"Wimpernlifting Set and T\u00f6nungs-Kit, professionelles Augenbrauen-T\u00f6nungs 3-in-1-Set, h\u00e4lt 6-8 Wochen, schnelles Anheben\u2026 - Markt-XXL","og_description":"Markt-XXL Wimpernlifting Set and T\u00f6nungs-Kit, professionelles Augenbrauen-T\u00f6nungs 3-in-1-Set, h\u00e4lt 6-8 Wochen, schnelles Anheben\u2026","og_url":"https:\/\/marktxxl.de\/markt\/produkt\/wimpernlifting-set-and-toenungs-kit-professionelles-augenbrauen-toenungs-3-in-1-set-haelt-6-8-wochen-schnelles-anheben-und-faerben-mit-allen-werkzeugen-fuer-den-heimwerkersalon-schwarz\/","og_site_name":"Markt-XXL","article_modified_time":"2023-04-11T02:13:17+00:00","og_image":[{"width":500,"height":500,"url":"https:\/\/m.media-amazon.com\/images\/I\/51OjkNnssDL._SL500_.jpg","type":"image\/jpeg"}],"twitter_card":"summary_large_image","twitter_misc":{"Gesch\u00e4tzte Lesezeit":"1\u00a0Minute"},"schema":{"@context":"https:\/\/schema.org","@graph":[{"@type":"WebPage","@id":"https:\/\/marktxxl.de\/markt\/produkt\/wimpernlifting-set-and-toenungs-kit-professionelles-augenbrauen-toenungs-3-in-1-set-haelt-6-8-wochen-schnelles-anheben-und-faerben-mit-allen-werkzeugen-fuer-den-heimwerkersalon-schwarz\/","url":"https:\/\/marktxxl.de\/markt\/produkt\/wimpernlifting-set-and-toenungs-kit-professionelles-augenbrauen-toenungs-3-in-1-set-haelt-6-8-wochen-schnelles-anheben-und-faerben-mit-allen-werkzeugen-fuer-den-heimwerkersalon-schwarz\/","name":"Wimpernlifting Set and T\u00f6nungs-Kit, professionelles Augenbrauen-T\u00f6nungs 3-in-1-Set, h\u00e4lt 6-8 Wochen, schnelles Anheben\u2026 - Markt-XXL","isPartOf":{"@id":"https:\/\/marktxxl.de\/markt\/#website"},"primaryImageOfPage":{"@id":"https:\/\/marktxxl.de\/markt\/produkt\/wimpernlifting-set-and-toenungs-kit-professionelles-augenbrauen-toenungs-3-in-1-set-haelt-6-8-wochen-schnelles-anheben-und-faerben-mit-allen-werkzeugen-fuer-den-heimwerkersalon-schwarz\/#primaryimage"},"image":{"@id":"https:\/\/marktxxl.de\/markt\/produkt\/wimpernlifting-set-and-toenungs-kit-professionelles-augenbrauen-toenungs-3-in-1-set-haelt-6-8-wochen-schnelles-anheben-und-faerben-mit-allen-werkzeugen-fuer-den-heimwerkersalon-schwarz\/#primaryimage"},"thumbnailUrl":"https:\/\/m.media-amazon.com\/images\/I\/51OjkNnssDL._SL500_.jpg","datePublished":"2022-07-14T01:38:12+00:00","dateModified":"2023-04-11T02:13:17+00:00","description":"Markt-XXL Wimpernlifting Set and T\u00f6nungs-Kit, professionelles Augenbrauen-T\u00f6nungs 3-in-1-Set, h\u00e4lt 6-8 Wochen, schnelles Anheben\u2026","breadcrumb":{"@id":"https:\/\/marktxxl.de\/markt\/produkt\/wimpernlifting-set-and-toenungs-kit-professionelles-augenbrauen-toenungs-3-in-1-set-haelt-6-8-wochen-schnelles-anheben-und-faerben-mit-allen-werkzeugen-fuer-den-heimwerkersalon-schwarz\/#breadcrumb"},"inLanguage":"de","potentialAction":[{"@type":"ReadAction","target":["https:\/\/marktxxl.de\/markt\/produkt\/wimpernlifting-set-and-toenungs-kit-professionelles-augenbrauen-toenungs-3-in-1-set-haelt-6-8-wochen-schnelles-anheben-und-faerben-mit-allen-werkzeugen-fuer-den-heimwerkersalon-schwarz\/"]}]},{"@type":"ImageObject","inLanguage":"de","@id":"https:\/\/marktxxl.de\/markt\/produkt\/wimpernlifting-set-and-toenungs-kit-professionelles-augenbrauen-toenungs-3-in-1-set-haelt-6-8-wochen-schnelles-anheben-und-faerben-mit-allen-werkzeugen-fuer-den-heimwerkersalon-schwarz\/#primaryimage","url":"https:\/\/m.media-amazon.com\/images\/I\/51OjkNnssDL._SL500_.jpg","contentUrl":"https:\/\/m.media-amazon.com\/images\/I\/51OjkNnssDL._SL500_.jpg","width":500,"height":500},{"@type":"BreadcrumbList","@id":"https:\/\/marktxxl.de\/markt\/produkt\/wimpernlifting-set-and-toenungs-kit-professionelles-augenbrauen-toenungs-3-in-1-set-haelt-6-8-wochen-schnelles-anheben-und-faerben-mit-allen-werkzeugen-fuer-den-heimwerkersalon-schwarz\/#breadcrumb","itemListElement":[{"@type":"ListItem","position":1,"name":"Startseite","item":"https:\/\/marktxxl.de\/markt\/"},{"@type":"ListItem","position":2,"name":"Markt","item":"https:\/\/marktxxl.de\/markt\/"},{"@type":"ListItem","position":3,"name":"Wimpernlifting Set and T\u00f6nungs-Kit, professionelles Augenbrauen-T\u00f6nungs 3-in-1-Set, h\u00e4lt 6-8 Wochen, schnelles Anheben\u2026"}]},{"@type":"WebSite","@id":"https:\/\/marktxxl.de\/markt\/#website","url":"https:\/\/marktxxl.de\/markt\/","name":"Markt-XXL","description":"Ihr Markt Online","publisher":{"@id":"https:\/\/marktxxl.de\/markt\/#organization"},"potentialAction":[{"@type":"SearchAction","target":{"@type":"EntryPoint","urlTemplate":"https:\/\/marktxxl.de\/markt\/?s={search_term_string}"},"query-input":{"@type":"PropertyValueSpecification","valueRequired":true,"valueName":"search_term_string"}}],"inLanguage":"de"},{"@type":"Organization","@id":"https:\/\/marktxxl.de\/markt\/#organization","name":"Markt-XXL","url":"https:\/\/marktxxl.de\/markt\/","logo":{"@type":"ImageObject","inLanguage":"de","@id":"https:\/\/marktxxl.de\/markt\/#\/schema\/logo\/image\/","url":"https:\/\/marktxxl.de\/markt\/wp-content\/uploads\/sites\/3\/2020\/12\/logo.png","contentUrl":"https:\/\/marktxxl.de\/markt\/wp-content\/uploads\/sites\/3\/2020\/12\/logo.png","width":200,"height":70,"caption":"Markt-XXL"},"image":{"@id":"https:\/\/marktxxl.de\/markt\/#\/schema\/logo\/image\/"}}]}},"_links":{"self":[{"href":"https:\/\/marktxxl.de\/markt\/wp-json\/wp\/v2\/product\/137402","targetHints":{"allow":["GET"]}}],"collection":[{"href":"https:\/\/marktxxl.de\/markt\/wp-json\/wp\/v2\/product"}],"about":[{"href":"https:\/\/marktxxl.de\/markt\/wp-json\/wp\/v2\/types\/product"}],"replies":[{"embeddable":true,"href":"https:\/\/marktxxl.de\/markt\/wp-json\/wp\/v2\/comments?post=137402"}],"wp:featuredmedia":[{"embeddable":true,"href":"https:\/\/marktxxl.de\/markt\/wp-json\/wp\/v2\/media\/137403"}],"wp:attachment":[{"href":"https:\/\/marktxxl.de\/markt\/wp-json\/wp\/v2\/media?parent=137402"}],"wp:term":[{"taxonomy":"product_brand","embeddable":true,"href":"https:\/\/marktxxl.de\/markt\/wp-json\/wp\/v2\/product_brand?post=137402"},{"taxonomy":"product_cat","embeddable":true,"href":"https:\/\/marktxxl.de\/markt\/wp-json\/wp\/v2\/product_cat?post=137402"},{"taxonomy":"product_tag","embeddable":true,"href":"https:\/\/marktxxl.de\/markt\/wp-json\/wp\/v2\/product_tag?post=137402"}],"curies":[{"name":"wp","href":"https:\/\/api.w.org\/{rel}","templated":true}]}}