{"id":137291,"date":"2022-07-14T03:34:50","date_gmt":"2022-07-14T01:34:50","guid":{"rendered":"https:\/\/marktxxl.de\/markt\/produkt\/izhuoke-pinzetteaugenbrauen-zupfengesichtshaarentfernungprofi-augenbrauenpinzette-mit-rutschfester-griffzum-zupfen-von-augenbrauenbarthaaren-oder-kleinen-fuer-damen-und-herren\/"},"modified":"2023-04-11T04:13:16","modified_gmt":"2023-04-11T02:13:16","slug":"izhuoke-pinzetteaugenbrauen-zupfengesichtshaarentfernungprofi-augenbrauenpinzette-mit-rutschfester-griffzum-zupfen-von-augenbrauenbarthaaren-oder-kleinen-fuer-damen-und-herren","status":"publish","type":"product","link":"https:\/\/marktxxl.de\/markt\/produkt\/izhuoke-pinzetteaugenbrauen-zupfengesichtshaarentfernungprofi-augenbrauenpinzette-mit-rutschfester-griffzum-zupfen-von-augenbrauenbarthaaren-oder-kleinen-fuer-damen-und-herren\/","title":{"rendered":"iZhuoKe Pinzette,Augenbrauen zupfen,Gesichtshaarentfernung,Profi Augenbrauenpinzette mit Rutschfester Griff,zum Zupfen\u2026"},"content":{"rendered":"<p>\u3010Premium Qualit\u00e4t\u3011Die Augenbrauenpinzette ist hochwertig verarbeitet.Hergestellt wurde die Pinzette aus Edelstahl.Die Halb vergoldete Beschichtung machen die Zupfpinzette zum perfekten Werkzeug.<br \/>\n\u3010Pr\u00e4zise und Handlich\u3011Durch die perfekt aufliegenden Spitzen entfernen Sie m\u00fchelos auch kleinste H\u00e4rchen.Dank der speziellen Fertigung ist unsere Haarzupfpinzette sehr stabil und angenehm in der Handhabung. Durch den geriffelten Griff haben Sie festen Halt f\u00fcr eine Sichere Anwendung.<br \/>\n\u3010Klein und Handlich\u3011Die Pinzette misst 8.7 cm und schlie\u00dft perfekt so dass Splitter und Haare keine Chance mehr haben. F\u00fcr die professionelle Anwendung in Kosmetikstudios und Friseurbedarf, als auch f\u00fcr den Hausbedarf geeignet<br \/>\n\u3010Langlebig\u3011Durch die besondere Herstellung unserer Augenbraun Pinzette erhalten sie die perfekte Zupfeigenschaft und behalten diese auch auf l\u00e4ngerem Zeitraum bei Anwendungen an K\u00f6rperhaaren.<br \/>\n\u3010Weit Verbreitet\u3011F\u00fcr die Haarentfernung verwendet werden und k\u00f6nnen auch Mitesser, eingewachsene Haare, Zecken, Schienen, eingewachsene Haare und andere Haare auf dem Gesicht entfernen,Es kann auch im t\u00e4glichen Make-up verwendet werden, um falsche Wimpern zu entfernen<br \/>\n<div class=\"main-cross-sell\" data-asin=\"B09FGHH78Z\">\n\n\t<div class=\"WooZone-cross-sell-loader\">\n\t\t<div>\n\t\t\t<div id=\"floatingBarsG\">\n\t\t\t\t<div class=\"blockG\" id=\"rotateG_01\"><\/div>\n\t\t\t\t<div class=\"blockG\" id=\"rotateG_02\"><\/div>\n\t\t\t\t<div class=\"blockG\" id=\"rotateG_03\"><\/div>\n\t\t\t\t<div class=\"blockG\" id=\"rotateG_04\"><\/div>\n\t\t\t\t<div class=\"blockG\" id=\"rotateG_05\"><\/div>\n\t\t\t\t<div class=\"blockG\" id=\"rotateG_06\"><\/div>\n\t\t\t\t<div class=\"blockG\" id=\"rotateG_07\"><\/div>\n\t\t\t\t<div class=\"blockG\" id=\"rotateG_08\"><\/div>\n\t\t\t<\/div>\n\t\t\t<div class=\"WooZone-cross-sell-loader-text\"><\/div>\n\t\t<\/div>\n\t<\/div>\n\n\t\t\n<\/div>\n<div style=\"clear:both;\"><\/div><\/p>\n","protected":false},"excerpt":{"rendered":"<p>\u3010Premium Qualit\u00e4t\u3011Die Augenbrauenpinzette ist hochwertig verarbeitet.Hergestellt wurde die Pinzette aus Edelstahl.Die Halb vergoldete Beschichtung machen die Zupfpinzette zum perfekten Werkzeug.<br \/>\n\u3010Pr\u00e4zise und Handlich\u3011Durch die perfekt aufliegenden Spitzen entfernen Sie m\u00fchelos auch kleinste H\u00e4rchen.Dank der speziellen Fertigung ist unsere Haarzupfpinzette sehr stabil und angenehm in der Handhabung. Durch den geriffelten Griff haben Sie festen Halt f\u00fcr eine Sichere Anwendung.<br \/>\n\u3010Klein und Handlich\u3011Die Pinzette misst 8.7 cm und schlie\u00dft perfekt so dass Splitter und Haare keine Chance mehr haben. F\u00fcr die professionelle Anwendung in Kosmetikstudios und Friseurbedarf, als auch f\u00fcr den Hausbedarf geeignet<\/p>\n","protected":false},"featured_media":137292,"comment_status":"open","ping_status":"closed","template":"","meta":[],"product_brand":[],"product_cat":[2858,7726],"product_tag":[],"class_list":{"0":"post-137291","1":"product","2":"type-product","3":"status-publish","4":"has-post-thumbnail","6":"product_cat-beauty","7":"product_cat-zubehoer-beauty","8":"pa_brand-izhuoke","9":"pa_manufacturer-izhuoke","10":"pa_model-tool-tweezers-eyebrow-1pack","12":"first","13":"instock","14":"shipping-taxable","15":"purchasable","16":"product-type-simple","17":"customify-col","18":"product-has-gallery"},"yoast_head":"<!-- This site is optimized with the Yoast SEO plugin v27.4 - https:\/\/yoast.com\/product\/yoast-seo-wordpress\/ -->\n<title>iZhuoKe Pinzette,Augenbrauen zupfen,Gesichtshaarentfernung,Profi Augenbrauenpinzette mit Rutschfester Griff,zum Zupfen\u2026 - Markt-XXL<\/title>\n<meta name=\"description\" content=\"Markt-XXL iZhuoKe Pinzette,Augenbrauen zupfen,Gesichtshaarentfernung,Profi Augenbrauenpinzette mit Rutschfester Griff,zum Zupfen\u2026\" \/>\n<meta name=\"robots\" content=\"index, follow, max-snippet:-1, max-image-preview:large, max-video-preview:-1\" \/>\n<link rel=\"canonical\" href=\"https:\/\/marktxxl.de\/markt\/produkt\/izhuoke-pinzetteaugenbrauen-zupfengesichtshaarentfernungprofi-augenbrauenpinzette-mit-rutschfester-griffzum-zupfen-von-augenbrauenbarthaaren-oder-kleinen-fuer-damen-und-herren\/\" \/>\n<meta property=\"og:locale\" content=\"de_DE\" \/>\n<meta property=\"og:type\" content=\"article\" \/>\n<meta property=\"og:title\" content=\"iZhuoKe Pinzette,Augenbrauen zupfen,Gesichtshaarentfernung,Profi Augenbrauenpinzette mit Rutschfester Griff,zum Zupfen\u2026 - Markt-XXL\" \/>\n<meta property=\"og:description\" content=\"Markt-XXL iZhuoKe Pinzette,Augenbrauen zupfen,Gesichtshaarentfernung,Profi Augenbrauenpinzette mit Rutschfester Griff,zum Zupfen\u2026\" \/>\n<meta property=\"og:url\" content=\"https:\/\/marktxxl.de\/markt\/produkt\/izhuoke-pinzetteaugenbrauen-zupfengesichtshaarentfernungprofi-augenbrauenpinzette-mit-rutschfester-griffzum-zupfen-von-augenbrauenbarthaaren-oder-kleinen-fuer-damen-und-herren\/\" \/>\n<meta property=\"og:site_name\" content=\"Markt-XXL\" \/>\n<meta property=\"article:modified_time\" content=\"2023-04-11T02:13:16+00:00\" \/>\n<meta property=\"og:image\" content=\"https:\/\/m.media-amazon.com\/images\/I\/31BKt8dY8FL._SL500_.jpg\" \/>\n\t<meta property=\"og:image:width\" content=\"500\" \/>\n\t<meta property=\"og:image:height\" content=\"500\" \/>\n\t<meta property=\"og:image:type\" content=\"image\/jpeg\" \/>\n<meta name=\"twitter:card\" content=\"summary_large_image\" \/>\n<meta name=\"twitter:label1\" content=\"Gesch\u00e4tzte Lesezeit\" \/>\n\t<meta name=\"twitter:data1\" content=\"1\u00a0Minute\" \/>\n<script type=\"application\/ld+json\" class=\"yoast-schema-graph\">{\"@context\":\"https:\\\/\\\/schema.org\",\"@graph\":[{\"@type\":\"WebPage\",\"@id\":\"https:\\\/\\\/marktxxl.de\\\/markt\\\/produkt\\\/izhuoke-pinzetteaugenbrauen-zupfengesichtshaarentfernungprofi-augenbrauenpinzette-mit-rutschfester-griffzum-zupfen-von-augenbrauenbarthaaren-oder-kleinen-fuer-damen-und-herren\\\/\",\"url\":\"https:\\\/\\\/marktxxl.de\\\/markt\\\/produkt\\\/izhuoke-pinzetteaugenbrauen-zupfengesichtshaarentfernungprofi-augenbrauenpinzette-mit-rutschfester-griffzum-zupfen-von-augenbrauenbarthaaren-oder-kleinen-fuer-damen-und-herren\\\/\",\"name\":\"iZhuoKe Pinzette,Augenbrauen zupfen,Gesichtshaarentfernung,Profi Augenbrauenpinzette mit Rutschfester Griff,zum Zupfen\u2026 - Markt-XXL\",\"isPartOf\":{\"@id\":\"https:\\\/\\\/marktxxl.de\\\/markt\\\/#website\"},\"primaryImageOfPage\":{\"@id\":\"https:\\\/\\\/marktxxl.de\\\/markt\\\/produkt\\\/izhuoke-pinzetteaugenbrauen-zupfengesichtshaarentfernungprofi-augenbrauenpinzette-mit-rutschfester-griffzum-zupfen-von-augenbrauenbarthaaren-oder-kleinen-fuer-damen-und-herren\\\/#primaryimage\"},\"image\":{\"@id\":\"https:\\\/\\\/marktxxl.de\\\/markt\\\/produkt\\\/izhuoke-pinzetteaugenbrauen-zupfengesichtshaarentfernungprofi-augenbrauenpinzette-mit-rutschfester-griffzum-zupfen-von-augenbrauenbarthaaren-oder-kleinen-fuer-damen-und-herren\\\/#primaryimage\"},\"thumbnailUrl\":\"https:\\\/\\\/m.media-amazon.com\\\/images\\\/I\\\/31BKt8dY8FL._SL500_.jpg\",\"datePublished\":\"2022-07-14T01:34:50+00:00\",\"dateModified\":\"2023-04-11T02:13:16+00:00\",\"description\":\"Markt-XXL iZhuoKe Pinzette,Augenbrauen zupfen,Gesichtshaarentfernung,Profi Augenbrauenpinzette mit Rutschfester Griff,zum Zupfen\u2026\",\"breadcrumb\":{\"@id\":\"https:\\\/\\\/marktxxl.de\\\/markt\\\/produkt\\\/izhuoke-pinzetteaugenbrauen-zupfengesichtshaarentfernungprofi-augenbrauenpinzette-mit-rutschfester-griffzum-zupfen-von-augenbrauenbarthaaren-oder-kleinen-fuer-damen-und-herren\\\/#breadcrumb\"},\"inLanguage\":\"de\",\"potentialAction\":[{\"@type\":\"ReadAction\",\"target\":[\"https:\\\/\\\/marktxxl.de\\\/markt\\\/produkt\\\/izhuoke-pinzetteaugenbrauen-zupfengesichtshaarentfernungprofi-augenbrauenpinzette-mit-rutschfester-griffzum-zupfen-von-augenbrauenbarthaaren-oder-kleinen-fuer-damen-und-herren\\\/\"]}]},{\"@type\":\"ImageObject\",\"inLanguage\":\"de\",\"@id\":\"https:\\\/\\\/marktxxl.de\\\/markt\\\/produkt\\\/izhuoke-pinzetteaugenbrauen-zupfengesichtshaarentfernungprofi-augenbrauenpinzette-mit-rutschfester-griffzum-zupfen-von-augenbrauenbarthaaren-oder-kleinen-fuer-damen-und-herren\\\/#primaryimage\",\"url\":\"https:\\\/\\\/m.media-amazon.com\\\/images\\\/I\\\/31BKt8dY8FL._SL500_.jpg\",\"contentUrl\":\"https:\\\/\\\/m.media-amazon.com\\\/images\\\/I\\\/31BKt8dY8FL._SL500_.jpg\",\"width\":500,\"height\":500},{\"@type\":\"BreadcrumbList\",\"@id\":\"https:\\\/\\\/marktxxl.de\\\/markt\\\/produkt\\\/izhuoke-pinzetteaugenbrauen-zupfengesichtshaarentfernungprofi-augenbrauenpinzette-mit-rutschfester-griffzum-zupfen-von-augenbrauenbarthaaren-oder-kleinen-fuer-damen-und-herren\\\/#breadcrumb\",\"itemListElement\":[{\"@type\":\"ListItem\",\"position\":1,\"name\":\"Startseite\",\"item\":\"https:\\\/\\\/marktxxl.de\\\/markt\\\/\"},{\"@type\":\"ListItem\",\"position\":2,\"name\":\"Markt\",\"item\":\"https:\\\/\\\/marktxxl.de\\\/markt\\\/\"},{\"@type\":\"ListItem\",\"position\":3,\"name\":\"iZhuoKe Pinzette,Augenbrauen zupfen,Gesichtshaarentfernung,Profi Augenbrauenpinzette mit Rutschfester Griff,zum Zupfen\u2026\"}]},{\"@type\":\"WebSite\",\"@id\":\"https:\\\/\\\/marktxxl.de\\\/markt\\\/#website\",\"url\":\"https:\\\/\\\/marktxxl.de\\\/markt\\\/\",\"name\":\"Markt-XXL\",\"description\":\"Ihr Markt Online\",\"publisher\":{\"@id\":\"https:\\\/\\\/marktxxl.de\\\/markt\\\/#organization\"},\"potentialAction\":[{\"@type\":\"SearchAction\",\"target\":{\"@type\":\"EntryPoint\",\"urlTemplate\":\"https:\\\/\\\/marktxxl.de\\\/markt\\\/?s={search_term_string}\"},\"query-input\":{\"@type\":\"PropertyValueSpecification\",\"valueRequired\":true,\"valueName\":\"search_term_string\"}}],\"inLanguage\":\"de\"},{\"@type\":\"Organization\",\"@id\":\"https:\\\/\\\/marktxxl.de\\\/markt\\\/#organization\",\"name\":\"Markt-XXL\",\"url\":\"https:\\\/\\\/marktxxl.de\\\/markt\\\/\",\"logo\":{\"@type\":\"ImageObject\",\"inLanguage\":\"de\",\"@id\":\"https:\\\/\\\/marktxxl.de\\\/markt\\\/#\\\/schema\\\/logo\\\/image\\\/\",\"url\":\"https:\\\/\\\/marktxxl.de\\\/markt\\\/wp-content\\\/uploads\\\/sites\\\/3\\\/2020\\\/12\\\/logo.png\",\"contentUrl\":\"https:\\\/\\\/marktxxl.de\\\/markt\\\/wp-content\\\/uploads\\\/sites\\\/3\\\/2020\\\/12\\\/logo.png\",\"width\":200,\"height\":70,\"caption\":\"Markt-XXL\"},\"image\":{\"@id\":\"https:\\\/\\\/marktxxl.de\\\/markt\\\/#\\\/schema\\\/logo\\\/image\\\/\"}}]}<\/script>\n<!-- \/ Yoast SEO plugin. -->","yoast_head_json":{"title":"iZhuoKe Pinzette,Augenbrauen zupfen,Gesichtshaarentfernung,Profi Augenbrauenpinzette mit Rutschfester Griff,zum Zupfen\u2026 - Markt-XXL","description":"Markt-XXL iZhuoKe Pinzette,Augenbrauen zupfen,Gesichtshaarentfernung,Profi Augenbrauenpinzette mit Rutschfester Griff,zum Zupfen\u2026","robots":{"index":"index","follow":"follow","max-snippet":"max-snippet:-1","max-image-preview":"max-image-preview:large","max-video-preview":"max-video-preview:-1"},"canonical":"https:\/\/marktxxl.de\/markt\/produkt\/izhuoke-pinzetteaugenbrauen-zupfengesichtshaarentfernungprofi-augenbrauenpinzette-mit-rutschfester-griffzum-zupfen-von-augenbrauenbarthaaren-oder-kleinen-fuer-damen-und-herren\/","og_locale":"de_DE","og_type":"article","og_title":"iZhuoKe Pinzette,Augenbrauen zupfen,Gesichtshaarentfernung,Profi Augenbrauenpinzette mit Rutschfester Griff,zum Zupfen\u2026 - Markt-XXL","og_description":"Markt-XXL iZhuoKe Pinzette,Augenbrauen zupfen,Gesichtshaarentfernung,Profi Augenbrauenpinzette mit Rutschfester Griff,zum Zupfen\u2026","og_url":"https:\/\/marktxxl.de\/markt\/produkt\/izhuoke-pinzetteaugenbrauen-zupfengesichtshaarentfernungprofi-augenbrauenpinzette-mit-rutschfester-griffzum-zupfen-von-augenbrauenbarthaaren-oder-kleinen-fuer-damen-und-herren\/","og_site_name":"Markt-XXL","article_modified_time":"2023-04-11T02:13:16+00:00","og_image":[{"width":500,"height":500,"url":"https:\/\/m.media-amazon.com\/images\/I\/31BKt8dY8FL._SL500_.jpg","type":"image\/jpeg"}],"twitter_card":"summary_large_image","twitter_misc":{"Gesch\u00e4tzte Lesezeit":"1\u00a0Minute"},"schema":{"@context":"https:\/\/schema.org","@graph":[{"@type":"WebPage","@id":"https:\/\/marktxxl.de\/markt\/produkt\/izhuoke-pinzetteaugenbrauen-zupfengesichtshaarentfernungprofi-augenbrauenpinzette-mit-rutschfester-griffzum-zupfen-von-augenbrauenbarthaaren-oder-kleinen-fuer-damen-und-herren\/","url":"https:\/\/marktxxl.de\/markt\/produkt\/izhuoke-pinzetteaugenbrauen-zupfengesichtshaarentfernungprofi-augenbrauenpinzette-mit-rutschfester-griffzum-zupfen-von-augenbrauenbarthaaren-oder-kleinen-fuer-damen-und-herren\/","name":"iZhuoKe Pinzette,Augenbrauen zupfen,Gesichtshaarentfernung,Profi Augenbrauenpinzette mit Rutschfester Griff,zum Zupfen\u2026 - Markt-XXL","isPartOf":{"@id":"https:\/\/marktxxl.de\/markt\/#website"},"primaryImageOfPage":{"@id":"https:\/\/marktxxl.de\/markt\/produkt\/izhuoke-pinzetteaugenbrauen-zupfengesichtshaarentfernungprofi-augenbrauenpinzette-mit-rutschfester-griffzum-zupfen-von-augenbrauenbarthaaren-oder-kleinen-fuer-damen-und-herren\/#primaryimage"},"image":{"@id":"https:\/\/marktxxl.de\/markt\/produkt\/izhuoke-pinzetteaugenbrauen-zupfengesichtshaarentfernungprofi-augenbrauenpinzette-mit-rutschfester-griffzum-zupfen-von-augenbrauenbarthaaren-oder-kleinen-fuer-damen-und-herren\/#primaryimage"},"thumbnailUrl":"https:\/\/m.media-amazon.com\/images\/I\/31BKt8dY8FL._SL500_.jpg","datePublished":"2022-07-14T01:34:50+00:00","dateModified":"2023-04-11T02:13:16+00:00","description":"Markt-XXL iZhuoKe Pinzette,Augenbrauen zupfen,Gesichtshaarentfernung,Profi Augenbrauenpinzette mit Rutschfester Griff,zum Zupfen\u2026","breadcrumb":{"@id":"https:\/\/marktxxl.de\/markt\/produkt\/izhuoke-pinzetteaugenbrauen-zupfengesichtshaarentfernungprofi-augenbrauenpinzette-mit-rutschfester-griffzum-zupfen-von-augenbrauenbarthaaren-oder-kleinen-fuer-damen-und-herren\/#breadcrumb"},"inLanguage":"de","potentialAction":[{"@type":"ReadAction","target":["https:\/\/marktxxl.de\/markt\/produkt\/izhuoke-pinzetteaugenbrauen-zupfengesichtshaarentfernungprofi-augenbrauenpinzette-mit-rutschfester-griffzum-zupfen-von-augenbrauenbarthaaren-oder-kleinen-fuer-damen-und-herren\/"]}]},{"@type":"ImageObject","inLanguage":"de","@id":"https:\/\/marktxxl.de\/markt\/produkt\/izhuoke-pinzetteaugenbrauen-zupfengesichtshaarentfernungprofi-augenbrauenpinzette-mit-rutschfester-griffzum-zupfen-von-augenbrauenbarthaaren-oder-kleinen-fuer-damen-und-herren\/#primaryimage","url":"https:\/\/m.media-amazon.com\/images\/I\/31BKt8dY8FL._SL500_.jpg","contentUrl":"https:\/\/m.media-amazon.com\/images\/I\/31BKt8dY8FL._SL500_.jpg","width":500,"height":500},{"@type":"BreadcrumbList","@id":"https:\/\/marktxxl.de\/markt\/produkt\/izhuoke-pinzetteaugenbrauen-zupfengesichtshaarentfernungprofi-augenbrauenpinzette-mit-rutschfester-griffzum-zupfen-von-augenbrauenbarthaaren-oder-kleinen-fuer-damen-und-herren\/#breadcrumb","itemListElement":[{"@type":"ListItem","position":1,"name":"Startseite","item":"https:\/\/marktxxl.de\/markt\/"},{"@type":"ListItem","position":2,"name":"Markt","item":"https:\/\/marktxxl.de\/markt\/"},{"@type":"ListItem","position":3,"name":"iZhuoKe Pinzette,Augenbrauen zupfen,Gesichtshaarentfernung,Profi Augenbrauenpinzette mit Rutschfester Griff,zum Zupfen\u2026"}]},{"@type":"WebSite","@id":"https:\/\/marktxxl.de\/markt\/#website","url":"https:\/\/marktxxl.de\/markt\/","name":"Markt-XXL","description":"Ihr Markt Online","publisher":{"@id":"https:\/\/marktxxl.de\/markt\/#organization"},"potentialAction":[{"@type":"SearchAction","target":{"@type":"EntryPoint","urlTemplate":"https:\/\/marktxxl.de\/markt\/?s={search_term_string}"},"query-input":{"@type":"PropertyValueSpecification","valueRequired":true,"valueName":"search_term_string"}}],"inLanguage":"de"},{"@type":"Organization","@id":"https:\/\/marktxxl.de\/markt\/#organization","name":"Markt-XXL","url":"https:\/\/marktxxl.de\/markt\/","logo":{"@type":"ImageObject","inLanguage":"de","@id":"https:\/\/marktxxl.de\/markt\/#\/schema\/logo\/image\/","url":"https:\/\/marktxxl.de\/markt\/wp-content\/uploads\/sites\/3\/2020\/12\/logo.png","contentUrl":"https:\/\/marktxxl.de\/markt\/wp-content\/uploads\/sites\/3\/2020\/12\/logo.png","width":200,"height":70,"caption":"Markt-XXL"},"image":{"@id":"https:\/\/marktxxl.de\/markt\/#\/schema\/logo\/image\/"}}]}},"_links":{"self":[{"href":"https:\/\/marktxxl.de\/markt\/wp-json\/wp\/v2\/product\/137291","targetHints":{"allow":["GET"]}}],"collection":[{"href":"https:\/\/marktxxl.de\/markt\/wp-json\/wp\/v2\/product"}],"about":[{"href":"https:\/\/marktxxl.de\/markt\/wp-json\/wp\/v2\/types\/product"}],"replies":[{"embeddable":true,"href":"https:\/\/marktxxl.de\/markt\/wp-json\/wp\/v2\/comments?post=137291"}],"wp:featuredmedia":[{"embeddable":true,"href":"https:\/\/marktxxl.de\/markt\/wp-json\/wp\/v2\/media\/137292"}],"wp:attachment":[{"href":"https:\/\/marktxxl.de\/markt\/wp-json\/wp\/v2\/media?parent=137291"}],"wp:term":[{"taxonomy":"product_brand","embeddable":true,"href":"https:\/\/marktxxl.de\/markt\/wp-json\/wp\/v2\/product_brand?post=137291"},{"taxonomy":"product_cat","embeddable":true,"href":"https:\/\/marktxxl.de\/markt\/wp-json\/wp\/v2\/product_cat?post=137291"},{"taxonomy":"product_tag","embeddable":true,"href":"https:\/\/marktxxl.de\/markt\/wp-json\/wp\/v2\/product_tag?post=137291"}],"curies":[{"name":"wp","href":"https:\/\/api.w.org\/{rel}","templated":true}]}}