{"id":137004,"date":"2022-07-14T03:22:32","date_gmt":"2022-07-14T01:22:32","guid":{"rendered":"https:\/\/marktxxl.de\/markt\/produkt\/mr-fuss-hornhautentferner-loesung-zur-sanften-hornhautentfernung-schnell-erweichende-lotion-250ml-no-4-im-plus-pack-fusspflege-pedikuere-set-ohne-schleifen-mit-sofort-effekt\/"},"modified":"2023-04-11T04:12:31","modified_gmt":"2023-04-11T02:12:31","slug":"mr-fuss-hornhautentferner-loesung-zur-sanften-hornhautentfernung-schnell-erweichende-lotion-250ml-no-4-im-plus-pack-fusspflege-pedikuere-set-ohne-schleifen-mit-sofort-effekt","status":"publish","type":"product","link":"https:\/\/marktxxl.de\/markt\/produkt\/mr-fuss-hornhautentferner-loesung-zur-sanften-hornhautentfernung-schnell-erweichende-lotion-250ml-no-4-im-plus-pack-fusspflege-pedikuere-set-ohne-schleifen-mit-sofort-effekt\/","title":{"rendered":"Mr. Fuss Hornhautentferner L\u00f6sung zur sanften Hornhautentfernung Schnell erweichende Lotion 250ml No. 4 im Plus Pack\u2026"},"content":{"rendered":"<p>HORNHAUTENTFERNUNG sanft und schonend, ohne scharfe Werkzeuge, ohne Schleifen, Raspeln oder Hobeln. Raue Fersen sind Vergangenheit.<br \/>\nSOFORTEFFEKT bei der ersten Anwendung. Warten Sie keine Tage oder Wochen um ein Ergebnis zu sehen. Mr. Fuss L\u00f6sung wirkt sofort mit ersten Anwendung. Sie entfernen beachtliche Mengen Hornhaut gleich beim ersten Mal.<br \/>\nSCHNELL WIRKSAM in gerade mal 10 Minuten. Mr. Fuss L\u00f6sung No. 4 erweicht Hornhaut effektiv in ca. 10 Minuten. So wirkungsvoll und sanft kann man Hornhaut heute entfernen.<br \/>\nAUCH F\u00dcR NAGELHAUT geeignet. Auch das Schneiden oder Schieben von Nagelhaut hat ein Ende. Entfernen Sie mit der selben Methode \u00fcbersch\u00fcssige Nagelhaut sanft und schonend.<br \/>\nHALTBARKEIT: Tiegelsymbol 12M, bedeutet das Produkt sollte innerhalb von 12 Monaten nach der ersten \u00d6ffnung aufgebraucht werden.<br \/>\n<div class=\"main-cross-sell\" data-asin=\"B01MCQV9Y4\">\n\n\t<div class=\"WooZone-cross-sell-loader\">\n\t\t<div>\n\t\t\t<div id=\"floatingBarsG\">\n\t\t\t\t<div class=\"blockG\" id=\"rotateG_01\"><\/div>\n\t\t\t\t<div class=\"blockG\" id=\"rotateG_02\"><\/div>\n\t\t\t\t<div class=\"blockG\" id=\"rotateG_03\"><\/div>\n\t\t\t\t<div class=\"blockG\" id=\"rotateG_04\"><\/div>\n\t\t\t\t<div class=\"blockG\" id=\"rotateG_05\"><\/div>\n\t\t\t\t<div class=\"blockG\" id=\"rotateG_06\"><\/div>\n\t\t\t\t<div class=\"blockG\" id=\"rotateG_07\"><\/div>\n\t\t\t\t<div class=\"blockG\" id=\"rotateG_08\"><\/div>\n\t\t\t<\/div>\n\t\t\t<div class=\"WooZone-cross-sell-loader-text\"><\/div>\n\t\t<\/div>\n\t<\/div>\n\n\t\t\n<\/div>\n<div style=\"clear:both;\"><\/div><\/p>\n","protected":false},"excerpt":{"rendered":"<p>HORNHAUTENTFERNUNG sanft und schonend, ohne scharfe Werkzeuge, ohne Schleifen, Raspeln oder Hobeln. Raue Fersen sind Vergangenheit.<br \/>\nSOFORTEFFEKT bei der ersten Anwendung. Warten Sie keine Tage oder Wochen um ein Ergebnis zu sehen. Mr. Fuss L\u00f6sung wirkt sofort mit ersten Anwendung. Sie entfernen beachtliche Mengen Hornhaut gleich beim ersten Mal.<br \/>\nSCHNELL WIRKSAM in gerade mal 10 Minuten. Mr. Fuss L\u00f6sung No. 4 erweicht Hornhaut effektiv in ca. 10 Minuten. So wirkungsvoll und sanft kann man Hornhaut heute entfernen.<\/p>\n","protected":false},"featured_media":137005,"comment_status":"open","ping_status":"closed","template":"","meta":[],"product_brand":[],"product_cat":[2858,7659],"product_tag":[],"class_list":{"0":"post-137004","1":"product","2":"type-product","3":"status-publish","4":"has-post-thumbnail","6":"product_cat-beauty","7":"product_cat-manikuere-pedikuere","8":"pa_binding-badartikel","9":"pa_brand-mr-fuss","10":"pa_manufacturer-mr-fuss","11":"pa_size-250-ml-1er-pack","12":"pa_weight-0-661386786-pfund","14":"first","15":"instock","16":"shipping-taxable","17":"purchasable","18":"product-type-simple","19":"customify-col","20":"product-has-gallery"},"yoast_head":"<!-- This site is optimized with the Yoast SEO plugin v27.3 - https:\/\/yoast.com\/product\/yoast-seo-wordpress\/ -->\n<title>Mr. Fuss Hornhautentferner L\u00f6sung zur sanften Hornhautentfernung Schnell erweichende Lotion 250ml No. 4 im Plus Pack\u2026 - Markt-XXL<\/title>\n<meta name=\"description\" content=\"Markt-XXL Mr. Fuss Hornhautentferner L\u00f6sung zur sanften Hornhautentfernung Schnell erweichende Lotion 250ml No. 4 im Plus Pack\u2026\" \/>\n<meta name=\"robots\" content=\"index, follow, max-snippet:-1, max-image-preview:large, max-video-preview:-1\" \/>\n<link rel=\"canonical\" href=\"https:\/\/marktxxl.de\/markt\/produkt\/mr-fuss-hornhautentferner-loesung-zur-sanften-hornhautentfernung-schnell-erweichende-lotion-250ml-no-4-im-plus-pack-fusspflege-pedikuere-set-ohne-schleifen-mit-sofort-effekt\/\" \/>\n<meta property=\"og:locale\" content=\"de_DE\" \/>\n<meta property=\"og:type\" content=\"article\" \/>\n<meta property=\"og:title\" content=\"Mr. Fuss Hornhautentferner L\u00f6sung zur sanften Hornhautentfernung Schnell erweichende Lotion 250ml No. 4 im Plus Pack\u2026 - Markt-XXL\" \/>\n<meta property=\"og:description\" content=\"Markt-XXL Mr. Fuss Hornhautentferner L\u00f6sung zur sanften Hornhautentfernung Schnell erweichende Lotion 250ml No. 4 im Plus Pack\u2026\" \/>\n<meta property=\"og:url\" content=\"https:\/\/marktxxl.de\/markt\/produkt\/mr-fuss-hornhautentferner-loesung-zur-sanften-hornhautentfernung-schnell-erweichende-lotion-250ml-no-4-im-plus-pack-fusspflege-pedikuere-set-ohne-schleifen-mit-sofort-effekt\/\" \/>\n<meta property=\"og:site_name\" content=\"Markt-XXL\" \/>\n<meta property=\"article:modified_time\" content=\"2023-04-11T02:12:31+00:00\" \/>\n<meta property=\"og:image\" content=\"https:\/\/m.media-amazon.com\/images\/I\/41FVBui1odL._SL500_.jpg\" \/>\n\t<meta property=\"og:image:width\" content=\"442\" \/>\n\t<meta property=\"og:image:height\" content=\"500\" \/>\n\t<meta property=\"og:image:type\" content=\"image\/jpeg\" \/>\n<meta name=\"twitter:card\" content=\"summary_large_image\" \/>\n<meta name=\"twitter:label1\" content=\"Gesch\u00e4tzte Lesezeit\" \/>\n\t<meta name=\"twitter:data1\" content=\"1\u00a0Minute\" \/>\n<script type=\"application\/ld+json\" class=\"yoast-schema-graph\">{\"@context\":\"https:\\\/\\\/schema.org\",\"@graph\":[{\"@type\":\"WebPage\",\"@id\":\"https:\\\/\\\/marktxxl.de\\\/markt\\\/produkt\\\/mr-fuss-hornhautentferner-loesung-zur-sanften-hornhautentfernung-schnell-erweichende-lotion-250ml-no-4-im-plus-pack-fusspflege-pedikuere-set-ohne-schleifen-mit-sofort-effekt\\\/\",\"url\":\"https:\\\/\\\/marktxxl.de\\\/markt\\\/produkt\\\/mr-fuss-hornhautentferner-loesung-zur-sanften-hornhautentfernung-schnell-erweichende-lotion-250ml-no-4-im-plus-pack-fusspflege-pedikuere-set-ohne-schleifen-mit-sofort-effekt\\\/\",\"name\":\"Mr. Fuss Hornhautentferner L\u00f6sung zur sanften Hornhautentfernung Schnell erweichende Lotion 250ml No. 4 im Plus Pack\u2026 - Markt-XXL\",\"isPartOf\":{\"@id\":\"https:\\\/\\\/marktxxl.de\\\/markt\\\/#website\"},\"primaryImageOfPage\":{\"@id\":\"https:\\\/\\\/marktxxl.de\\\/markt\\\/produkt\\\/mr-fuss-hornhautentferner-loesung-zur-sanften-hornhautentfernung-schnell-erweichende-lotion-250ml-no-4-im-plus-pack-fusspflege-pedikuere-set-ohne-schleifen-mit-sofort-effekt\\\/#primaryimage\"},\"image\":{\"@id\":\"https:\\\/\\\/marktxxl.de\\\/markt\\\/produkt\\\/mr-fuss-hornhautentferner-loesung-zur-sanften-hornhautentfernung-schnell-erweichende-lotion-250ml-no-4-im-plus-pack-fusspflege-pedikuere-set-ohne-schleifen-mit-sofort-effekt\\\/#primaryimage\"},\"thumbnailUrl\":\"https:\\\/\\\/m.media-amazon.com\\\/images\\\/I\\\/41FVBui1odL._SL500_.jpg\",\"datePublished\":\"2022-07-14T01:22:32+00:00\",\"dateModified\":\"2023-04-11T02:12:31+00:00\",\"description\":\"Markt-XXL Mr. Fuss Hornhautentferner L\u00f6sung zur sanften Hornhautentfernung Schnell erweichende Lotion 250ml No. 4 im Plus Pack\u2026\",\"breadcrumb\":{\"@id\":\"https:\\\/\\\/marktxxl.de\\\/markt\\\/produkt\\\/mr-fuss-hornhautentferner-loesung-zur-sanften-hornhautentfernung-schnell-erweichende-lotion-250ml-no-4-im-plus-pack-fusspflege-pedikuere-set-ohne-schleifen-mit-sofort-effekt\\\/#breadcrumb\"},\"inLanguage\":\"de\",\"potentialAction\":[{\"@type\":\"ReadAction\",\"target\":[\"https:\\\/\\\/marktxxl.de\\\/markt\\\/produkt\\\/mr-fuss-hornhautentferner-loesung-zur-sanften-hornhautentfernung-schnell-erweichende-lotion-250ml-no-4-im-plus-pack-fusspflege-pedikuere-set-ohne-schleifen-mit-sofort-effekt\\\/\"]}]},{\"@type\":\"ImageObject\",\"inLanguage\":\"de\",\"@id\":\"https:\\\/\\\/marktxxl.de\\\/markt\\\/produkt\\\/mr-fuss-hornhautentferner-loesung-zur-sanften-hornhautentfernung-schnell-erweichende-lotion-250ml-no-4-im-plus-pack-fusspflege-pedikuere-set-ohne-schleifen-mit-sofort-effekt\\\/#primaryimage\",\"url\":\"https:\\\/\\\/m.media-amazon.com\\\/images\\\/I\\\/41FVBui1odL._SL500_.jpg\",\"contentUrl\":\"https:\\\/\\\/m.media-amazon.com\\\/images\\\/I\\\/41FVBui1odL._SL500_.jpg\",\"width\":442,\"height\":500},{\"@type\":\"BreadcrumbList\",\"@id\":\"https:\\\/\\\/marktxxl.de\\\/markt\\\/produkt\\\/mr-fuss-hornhautentferner-loesung-zur-sanften-hornhautentfernung-schnell-erweichende-lotion-250ml-no-4-im-plus-pack-fusspflege-pedikuere-set-ohne-schleifen-mit-sofort-effekt\\\/#breadcrumb\",\"itemListElement\":[{\"@type\":\"ListItem\",\"position\":1,\"name\":\"Startseite\",\"item\":\"https:\\\/\\\/marktxxl.de\\\/markt\\\/\"},{\"@type\":\"ListItem\",\"position\":2,\"name\":\"Markt\",\"item\":\"https:\\\/\\\/marktxxl.de\\\/markt\\\/\"},{\"@type\":\"ListItem\",\"position\":3,\"name\":\"Mr. Fuss Hornhautentferner L\u00f6sung zur sanften Hornhautentfernung Schnell erweichende Lotion 250ml No. 4 im Plus Pack\u2026\"}]},{\"@type\":\"WebSite\",\"@id\":\"https:\\\/\\\/marktxxl.de\\\/markt\\\/#website\",\"url\":\"https:\\\/\\\/marktxxl.de\\\/markt\\\/\",\"name\":\"Markt-XXL\",\"description\":\"Ihr Markt Online\",\"publisher\":{\"@id\":\"https:\\\/\\\/marktxxl.de\\\/markt\\\/#organization\"},\"potentialAction\":[{\"@type\":\"SearchAction\",\"target\":{\"@type\":\"EntryPoint\",\"urlTemplate\":\"https:\\\/\\\/marktxxl.de\\\/markt\\\/?s={search_term_string}\"},\"query-input\":{\"@type\":\"PropertyValueSpecification\",\"valueRequired\":true,\"valueName\":\"search_term_string\"}}],\"inLanguage\":\"de\"},{\"@type\":\"Organization\",\"@id\":\"https:\\\/\\\/marktxxl.de\\\/markt\\\/#organization\",\"name\":\"Markt-XXL\",\"url\":\"https:\\\/\\\/marktxxl.de\\\/markt\\\/\",\"logo\":{\"@type\":\"ImageObject\",\"inLanguage\":\"de\",\"@id\":\"https:\\\/\\\/marktxxl.de\\\/markt\\\/#\\\/schema\\\/logo\\\/image\\\/\",\"url\":\"https:\\\/\\\/marktxxl.de\\\/markt\\\/wp-content\\\/uploads\\\/sites\\\/3\\\/2020\\\/12\\\/logo.png\",\"contentUrl\":\"https:\\\/\\\/marktxxl.de\\\/markt\\\/wp-content\\\/uploads\\\/sites\\\/3\\\/2020\\\/12\\\/logo.png\",\"width\":200,\"height\":70,\"caption\":\"Markt-XXL\"},\"image\":{\"@id\":\"https:\\\/\\\/marktxxl.de\\\/markt\\\/#\\\/schema\\\/logo\\\/image\\\/\"}}]}<\/script>\n<!-- \/ Yoast SEO plugin. -->","yoast_head_json":{"title":"Mr. Fuss Hornhautentferner L\u00f6sung zur sanften Hornhautentfernung Schnell erweichende Lotion 250ml No. 4 im Plus Pack\u2026 - Markt-XXL","description":"Markt-XXL Mr. Fuss Hornhautentferner L\u00f6sung zur sanften Hornhautentfernung Schnell erweichende Lotion 250ml No. 4 im Plus Pack\u2026","robots":{"index":"index","follow":"follow","max-snippet":"max-snippet:-1","max-image-preview":"max-image-preview:large","max-video-preview":"max-video-preview:-1"},"canonical":"https:\/\/marktxxl.de\/markt\/produkt\/mr-fuss-hornhautentferner-loesung-zur-sanften-hornhautentfernung-schnell-erweichende-lotion-250ml-no-4-im-plus-pack-fusspflege-pedikuere-set-ohne-schleifen-mit-sofort-effekt\/","og_locale":"de_DE","og_type":"article","og_title":"Mr. Fuss Hornhautentferner L\u00f6sung zur sanften Hornhautentfernung Schnell erweichende Lotion 250ml No. 4 im Plus Pack\u2026 - Markt-XXL","og_description":"Markt-XXL Mr. Fuss Hornhautentferner L\u00f6sung zur sanften Hornhautentfernung Schnell erweichende Lotion 250ml No. 4 im Plus Pack\u2026","og_url":"https:\/\/marktxxl.de\/markt\/produkt\/mr-fuss-hornhautentferner-loesung-zur-sanften-hornhautentfernung-schnell-erweichende-lotion-250ml-no-4-im-plus-pack-fusspflege-pedikuere-set-ohne-schleifen-mit-sofort-effekt\/","og_site_name":"Markt-XXL","article_modified_time":"2023-04-11T02:12:31+00:00","og_image":[{"width":442,"height":500,"url":"https:\/\/m.media-amazon.com\/images\/I\/41FVBui1odL._SL500_.jpg","type":"image\/jpeg"}],"twitter_card":"summary_large_image","twitter_misc":{"Gesch\u00e4tzte Lesezeit":"1\u00a0Minute"},"schema":{"@context":"https:\/\/schema.org","@graph":[{"@type":"WebPage","@id":"https:\/\/marktxxl.de\/markt\/produkt\/mr-fuss-hornhautentferner-loesung-zur-sanften-hornhautentfernung-schnell-erweichende-lotion-250ml-no-4-im-plus-pack-fusspflege-pedikuere-set-ohne-schleifen-mit-sofort-effekt\/","url":"https:\/\/marktxxl.de\/markt\/produkt\/mr-fuss-hornhautentferner-loesung-zur-sanften-hornhautentfernung-schnell-erweichende-lotion-250ml-no-4-im-plus-pack-fusspflege-pedikuere-set-ohne-schleifen-mit-sofort-effekt\/","name":"Mr. Fuss Hornhautentferner L\u00f6sung zur sanften Hornhautentfernung Schnell erweichende Lotion 250ml No. 4 im Plus Pack\u2026 - Markt-XXL","isPartOf":{"@id":"https:\/\/marktxxl.de\/markt\/#website"},"primaryImageOfPage":{"@id":"https:\/\/marktxxl.de\/markt\/produkt\/mr-fuss-hornhautentferner-loesung-zur-sanften-hornhautentfernung-schnell-erweichende-lotion-250ml-no-4-im-plus-pack-fusspflege-pedikuere-set-ohne-schleifen-mit-sofort-effekt\/#primaryimage"},"image":{"@id":"https:\/\/marktxxl.de\/markt\/produkt\/mr-fuss-hornhautentferner-loesung-zur-sanften-hornhautentfernung-schnell-erweichende-lotion-250ml-no-4-im-plus-pack-fusspflege-pedikuere-set-ohne-schleifen-mit-sofort-effekt\/#primaryimage"},"thumbnailUrl":"https:\/\/m.media-amazon.com\/images\/I\/41FVBui1odL._SL500_.jpg","datePublished":"2022-07-14T01:22:32+00:00","dateModified":"2023-04-11T02:12:31+00:00","description":"Markt-XXL Mr. Fuss Hornhautentferner L\u00f6sung zur sanften Hornhautentfernung Schnell erweichende Lotion 250ml No. 4 im Plus Pack\u2026","breadcrumb":{"@id":"https:\/\/marktxxl.de\/markt\/produkt\/mr-fuss-hornhautentferner-loesung-zur-sanften-hornhautentfernung-schnell-erweichende-lotion-250ml-no-4-im-plus-pack-fusspflege-pedikuere-set-ohne-schleifen-mit-sofort-effekt\/#breadcrumb"},"inLanguage":"de","potentialAction":[{"@type":"ReadAction","target":["https:\/\/marktxxl.de\/markt\/produkt\/mr-fuss-hornhautentferner-loesung-zur-sanften-hornhautentfernung-schnell-erweichende-lotion-250ml-no-4-im-plus-pack-fusspflege-pedikuere-set-ohne-schleifen-mit-sofort-effekt\/"]}]},{"@type":"ImageObject","inLanguage":"de","@id":"https:\/\/marktxxl.de\/markt\/produkt\/mr-fuss-hornhautentferner-loesung-zur-sanften-hornhautentfernung-schnell-erweichende-lotion-250ml-no-4-im-plus-pack-fusspflege-pedikuere-set-ohne-schleifen-mit-sofort-effekt\/#primaryimage","url":"https:\/\/m.media-amazon.com\/images\/I\/41FVBui1odL._SL500_.jpg","contentUrl":"https:\/\/m.media-amazon.com\/images\/I\/41FVBui1odL._SL500_.jpg","width":442,"height":500},{"@type":"BreadcrumbList","@id":"https:\/\/marktxxl.de\/markt\/produkt\/mr-fuss-hornhautentferner-loesung-zur-sanften-hornhautentfernung-schnell-erweichende-lotion-250ml-no-4-im-plus-pack-fusspflege-pedikuere-set-ohne-schleifen-mit-sofort-effekt\/#breadcrumb","itemListElement":[{"@type":"ListItem","position":1,"name":"Startseite","item":"https:\/\/marktxxl.de\/markt\/"},{"@type":"ListItem","position":2,"name":"Markt","item":"https:\/\/marktxxl.de\/markt\/"},{"@type":"ListItem","position":3,"name":"Mr. Fuss Hornhautentferner L\u00f6sung zur sanften Hornhautentfernung Schnell erweichende Lotion 250ml No. 4 im Plus Pack\u2026"}]},{"@type":"WebSite","@id":"https:\/\/marktxxl.de\/markt\/#website","url":"https:\/\/marktxxl.de\/markt\/","name":"Markt-XXL","description":"Ihr Markt Online","publisher":{"@id":"https:\/\/marktxxl.de\/markt\/#organization"},"potentialAction":[{"@type":"SearchAction","target":{"@type":"EntryPoint","urlTemplate":"https:\/\/marktxxl.de\/markt\/?s={search_term_string}"},"query-input":{"@type":"PropertyValueSpecification","valueRequired":true,"valueName":"search_term_string"}}],"inLanguage":"de"},{"@type":"Organization","@id":"https:\/\/marktxxl.de\/markt\/#organization","name":"Markt-XXL","url":"https:\/\/marktxxl.de\/markt\/","logo":{"@type":"ImageObject","inLanguage":"de","@id":"https:\/\/marktxxl.de\/markt\/#\/schema\/logo\/image\/","url":"https:\/\/marktxxl.de\/markt\/wp-content\/uploads\/sites\/3\/2020\/12\/logo.png","contentUrl":"https:\/\/marktxxl.de\/markt\/wp-content\/uploads\/sites\/3\/2020\/12\/logo.png","width":200,"height":70,"caption":"Markt-XXL"},"image":{"@id":"https:\/\/marktxxl.de\/markt\/#\/schema\/logo\/image\/"}}]}},"_links":{"self":[{"href":"https:\/\/marktxxl.de\/markt\/wp-json\/wp\/v2\/product\/137004","targetHints":{"allow":["GET"]}}],"collection":[{"href":"https:\/\/marktxxl.de\/markt\/wp-json\/wp\/v2\/product"}],"about":[{"href":"https:\/\/marktxxl.de\/markt\/wp-json\/wp\/v2\/types\/product"}],"replies":[{"embeddable":true,"href":"https:\/\/marktxxl.de\/markt\/wp-json\/wp\/v2\/comments?post=137004"}],"wp:featuredmedia":[{"embeddable":true,"href":"https:\/\/marktxxl.de\/markt\/wp-json\/wp\/v2\/media\/137005"}],"wp:attachment":[{"href":"https:\/\/marktxxl.de\/markt\/wp-json\/wp\/v2\/media?parent=137004"}],"wp:term":[{"taxonomy":"product_brand","embeddable":true,"href":"https:\/\/marktxxl.de\/markt\/wp-json\/wp\/v2\/product_brand?post=137004"},{"taxonomy":"product_cat","embeddable":true,"href":"https:\/\/marktxxl.de\/markt\/wp-json\/wp\/v2\/product_cat?post=137004"},{"taxonomy":"product_tag","embeddable":true,"href":"https:\/\/marktxxl.de\/markt\/wp-json\/wp\/v2\/product_tag?post=137004"}],"curies":[{"name":"wp","href":"https:\/\/api.w.org\/{rel}","templated":true}]}}