{"id":136545,"date":"2022-07-14T01:46:57","date_gmt":"2022-07-13T23:46:57","guid":{"rendered":"https:\/\/marktxxl.de\/markt\/produkt\/rainbow-socks-damen-herren-lustige-garten-socken-box-geschenk-3-paar\/"},"modified":"2023-04-11T04:12:21","modified_gmt":"2023-04-11T02:12:21","slug":"rainbow-socks-damen-herren-lustige-garten-socken-box-geschenk-3-paar","status":"publish","type":"product","link":"https:\/\/marktxxl.de\/markt\/produkt\/rainbow-socks-damen-herren-lustige-garten-socken-box-geschenk-3-paar\/","title":{"rendered":"Rainbow Socks &#8211; Damen Herren Lustige Garten Socken Box Geschenk &#8211; 3 Paar"},"content":{"rendered":"<p>SOCKEN MIT BUNTEN BLUMEN UND GEM\u00dcSE \u2013 Muster, die an Fr\u00fchling denken lassen! Hast du einen kleinen Garten? Vielleicht hast du es geschafft, in Blument\u00f6pfen am Fenster eigene echte Ernten zu z\u00fcchten \u2013 Gem\u00fcse oder Kr\u00e4uter? Wenn Natur und G\u00e4rten DIY etwas ist, was dich inspiriert und freut, gefallen dir sicher auch unsere Socken. Die Socken Garden Socks sind in zwei Gr\u00f6\u00dfen zug\u00e4nglich: EU 36-40 \/ UK 4-7 und EU 41-46 \/ UK 7.5-11.<br \/>\nF\u00dcR FANS DER HARKE UND HANDSCHAUFEL \u2013 Wenn du wei\u00dft, was Samenkorn, Torf und Gie\u00dfkanne sind, kann man vermuten, dass du auch deinen eigenen Garten z\u00fcchten wolltest. Ohne R\u00fccksicht darauf, ob es gelungen ist, kannst du dich so f\u00fchlen, wie jemand, der manch eine Karotte, ein G\u00e4nsebl\u00fcmchen oder eine Aubergine gez\u00fcchtet hat! Unsere Garden Socks sind ein Set von drei Paar Socken \u2013 jede in nat\u00fcrlichen Farben mit Pflanzenmotiven. Sie sind ideal als allt\u00e4glicher Zusatz \u2013 f\u00fcr alle \u00d6ko- und Vege-Freaks.<br \/>\nSCHENKE BLUMEN AUF DER SOCKE \u2013 Oma- oder Opatag, Geburtstag oder ein anderer Anlass\u2026Ein Blumenstrau\u00df ist ein super Geschenk, aber der echte hat einen Nachteil \u2013 er ist nicht haltbar. Zum Gl\u00fcck kannst du dank unserer Garden Socks Blumen und saftiges Gem\u00fcse in einer Form schenken, die \u00fcberlebt \u2013 auf der Socke. Unsere Socken sind ein Geschenk f\u00fcr alle, die Natur lieben. Und wenn ihnen die Philosophie less-waste nahe liegt, freuen sie sich bestimmt \u00fcber die Verpackung \u2013 aus Pappe ohne Plastik.<br \/>\nEUROP\u00c4ISCHE PRODUKTION \u2013 Unsere bunten Socken entstehen in einem kleinen Familienunternehmen in Mitteleuropa. Wir freuen uns, dass die Socken Rainbow Socks euch im allt\u00e4glichen Leben begleiten und dass sie eure Launen verbessern \u2013 wir entwerfen sie so, dass sie Augen und F\u00fc\u00dfe erfreuen. Dank der hochwertigen Stoffe sind sie nicht nur robust, sondern auch der Haut freundlich und bequem. Die Qualit\u00e4t unseres Garns wird durch das Zertifikat OEKO-TEX best\u00e4tigt.<br \/>\nRAINBOW SOCKS \u2013 ist eine Marke, deren Logo du auch auf deinen Garden Socks findest. Wir legen Wert darauf, dass du sie mit originellen Mustern assoziierst, deswegen haben wir beschlossen, in Garden Socks eins der besten Hobbys auszuzeichnen \u2013 den Garten! Wir haben noch nie einen traurigen Katrottenz\u00fcchter gesehen, deshalb glauben wir, dass Garden Socks ein L\u00e4cheln in deinem Gesicht ausl\u00f6sen. Rainbow Socks. Where feet and colours meet.<br \/>\n<div class=\"main-cross-sell\" data-asin=\"B08JDVF36P\">\n\n\t<div class=\"WooZone-cross-sell-loader\">\n\t\t<div>\n\t\t\t<div id=\"floatingBarsG\">\n\t\t\t\t<div class=\"blockG\" id=\"rotateG_01\"><\/div>\n\t\t\t\t<div class=\"blockG\" id=\"rotateG_02\"><\/div>\n\t\t\t\t<div class=\"blockG\" id=\"rotateG_03\"><\/div>\n\t\t\t\t<div class=\"blockG\" id=\"rotateG_04\"><\/div>\n\t\t\t\t<div class=\"blockG\" id=\"rotateG_05\"><\/div>\n\t\t\t\t<div class=\"blockG\" id=\"rotateG_06\"><\/div>\n\t\t\t\t<div class=\"blockG\" id=\"rotateG_07\"><\/div>\n\t\t\t\t<div class=\"blockG\" id=\"rotateG_08\"><\/div>\n\t\t\t<\/div>\n\t\t\t<div class=\"WooZone-cross-sell-loader-text\"><\/div>\n\t\t<\/div>\n\t<\/div>\n\n\t\t\n<\/div>\n<div style=\"clear:both;\"><\/div><\/p>\n","protected":false},"excerpt":{"rendered":"<p>SOCKEN MIT BUNTEN BLUMEN UND GEM\u00dcSE \u2013 Muster, die an Fr\u00fchling denken lassen! Hast du einen kleinen Garten? Vielleicht hast du es geschafft, in Blument\u00f6pfen am Fenster eigene echte Ernten zu z\u00fcchten \u2013 Gem\u00fcse oder Kr\u00e4uter? Wenn Natur und G\u00e4rten DIY etwas ist, was dich inspiriert und freut, gefallen dir sicher auch unsere Socken. Die Socken Garden Socks sind in zwei Gr\u00f6\u00dfen zug\u00e4nglich: EU 36-40 \/ UK 4-7 und EU 41-46 \/ UK 7.5-11.<br \/>\nF\u00dcR FANS DER HARKE UND HANDSCHAUFEL \u2013 Wenn du wei\u00dft, was Samenkorn, Torf und Gie\u00dfkanne sind, kann man vermuten, dass du auch deinen eigenen Garten z\u00fcchten wolltest. Ohne R\u00fccksicht darauf, ob es gelungen ist, kannst du dich so f\u00fchlen, wie jemand, der manch eine Karotte, ein G\u00e4nsebl\u00fcmchen oder eine Aubergine gez\u00fcchtet hat! Unsere Garden Socks sind ein Set von drei Paar Socken \u2013 jede in nat\u00fcrlichen Farben mit Pflanzenmotiven. Sie sind ideal als allt\u00e4glicher Zusatz \u2013 f\u00fcr alle \u00d6ko- und Vege-Freaks.<br \/>\nSCHENKE BLUMEN AUF DER SOCKE \u2013 Oma- oder Opatag, Geburtstag oder ein anderer Anlass\u2026Ein Blumenstrau\u00df ist ein super Geschenk, aber der echte hat einen Nachteil \u2013 er ist nicht haltbar. Zum Gl\u00fcck kannst du dank unserer Garden Socks Blumen und saftiges Gem\u00fcse in einer Form schenken, die \u00fcberlebt \u2013 auf der Socke. Unsere Socken sind ein Geschenk f\u00fcr alle, die Natur lieben. Und wenn ihnen die Philosophie less-waste nahe liegt, freuen sie sich bestimmt \u00fcber die Verpackung \u2013 aus Pappe ohne Plastik.<\/p>\n","protected":false},"featured_media":136546,"comment_status":"open","ping_status":"closed","template":"","meta":[],"product_brand":[],"product_cat":[1186,3960],"product_tag":[],"class_list":{"0":"post-136545","1":"product","2":"type-product","3":"status-publish","4":"has-post-thumbnail","6":"product_cat-bekleidung","7":"product_cat-herren","8":"pa_brand-rainbow-socks","10":"first","11":"instock","12":"shipping-taxable","13":"purchasable","14":"product-type-simple","15":"customify-col","16":"product-has-gallery"},"yoast_head":"<!-- This site is optimized with the Yoast SEO plugin v27.3 - https:\/\/yoast.com\/product\/yoast-seo-wordpress\/ -->\n<title>Rainbow Socks - Damen Herren Lustige Garten Socken Box Geschenk - 3 Paar - Markt-XXL<\/title>\n<meta name=\"description\" content=\"Markt-XXL Rainbow Socks - Damen Herren Lustige Garten Socken Box Geschenk - 3 Paar\" \/>\n<meta name=\"robots\" content=\"index, follow, max-snippet:-1, max-image-preview:large, max-video-preview:-1\" \/>\n<link rel=\"canonical\" href=\"https:\/\/marktxxl.de\/markt\/produkt\/rainbow-socks-damen-herren-lustige-garten-socken-box-geschenk-3-paar\/\" \/>\n<meta property=\"og:locale\" content=\"de_DE\" \/>\n<meta property=\"og:type\" content=\"article\" \/>\n<meta property=\"og:title\" content=\"Rainbow Socks - Damen Herren Lustige Garten Socken Box Geschenk - 3 Paar - Markt-XXL\" \/>\n<meta property=\"og:description\" content=\"Markt-XXL Rainbow Socks - Damen Herren Lustige Garten Socken Box Geschenk - 3 Paar\" \/>\n<meta property=\"og:url\" content=\"https:\/\/marktxxl.de\/markt\/produkt\/rainbow-socks-damen-herren-lustige-garten-socken-box-geschenk-3-paar\/\" \/>\n<meta property=\"og:site_name\" content=\"Markt-XXL\" \/>\n<meta property=\"article:modified_time\" content=\"2023-04-11T02:12:21+00:00\" \/>\n<meta property=\"og:image\" content=\"https:\/\/m.media-amazon.com\/images\/I\/31qIYMGWR3L._SL500_.jpg\" \/>\n\t<meta property=\"og:image:width\" content=\"339\" \/>\n\t<meta property=\"og:image:height\" content=\"500\" \/>\n\t<meta property=\"og:image:type\" content=\"image\/jpeg\" \/>\n<meta name=\"twitter:card\" content=\"summary_large_image\" \/>\n<meta name=\"twitter:label1\" content=\"Gesch\u00e4tzte Lesezeit\" \/>\n\t<meta name=\"twitter:data1\" content=\"2\u00a0Minuten\" \/>\n<script type=\"application\/ld+json\" class=\"yoast-schema-graph\">{\"@context\":\"https:\\\/\\\/schema.org\",\"@graph\":[{\"@type\":\"WebPage\",\"@id\":\"https:\\\/\\\/marktxxl.de\\\/markt\\\/produkt\\\/rainbow-socks-damen-herren-lustige-garten-socken-box-geschenk-3-paar\\\/\",\"url\":\"https:\\\/\\\/marktxxl.de\\\/markt\\\/produkt\\\/rainbow-socks-damen-herren-lustige-garten-socken-box-geschenk-3-paar\\\/\",\"name\":\"Rainbow Socks - Damen Herren Lustige Garten Socken Box Geschenk - 3 Paar - Markt-XXL\",\"isPartOf\":{\"@id\":\"https:\\\/\\\/marktxxl.de\\\/markt\\\/#website\"},\"primaryImageOfPage\":{\"@id\":\"https:\\\/\\\/marktxxl.de\\\/markt\\\/produkt\\\/rainbow-socks-damen-herren-lustige-garten-socken-box-geschenk-3-paar\\\/#primaryimage\"},\"image\":{\"@id\":\"https:\\\/\\\/marktxxl.de\\\/markt\\\/produkt\\\/rainbow-socks-damen-herren-lustige-garten-socken-box-geschenk-3-paar\\\/#primaryimage\"},\"thumbnailUrl\":\"https:\\\/\\\/m.media-amazon.com\\\/images\\\/I\\\/31qIYMGWR3L._SL500_.jpg\",\"datePublished\":\"2022-07-13T23:46:57+00:00\",\"dateModified\":\"2023-04-11T02:12:21+00:00\",\"description\":\"Markt-XXL Rainbow Socks - Damen Herren Lustige Garten Socken Box Geschenk - 3 Paar\",\"breadcrumb\":{\"@id\":\"https:\\\/\\\/marktxxl.de\\\/markt\\\/produkt\\\/rainbow-socks-damen-herren-lustige-garten-socken-box-geschenk-3-paar\\\/#breadcrumb\"},\"inLanguage\":\"de\",\"potentialAction\":[{\"@type\":\"ReadAction\",\"target\":[\"https:\\\/\\\/marktxxl.de\\\/markt\\\/produkt\\\/rainbow-socks-damen-herren-lustige-garten-socken-box-geschenk-3-paar\\\/\"]}]},{\"@type\":\"ImageObject\",\"inLanguage\":\"de\",\"@id\":\"https:\\\/\\\/marktxxl.de\\\/markt\\\/produkt\\\/rainbow-socks-damen-herren-lustige-garten-socken-box-geschenk-3-paar\\\/#primaryimage\",\"url\":\"https:\\\/\\\/m.media-amazon.com\\\/images\\\/I\\\/31qIYMGWR3L._SL500_.jpg\",\"contentUrl\":\"https:\\\/\\\/m.media-amazon.com\\\/images\\\/I\\\/31qIYMGWR3L._SL500_.jpg\",\"width\":339,\"height\":500},{\"@type\":\"BreadcrumbList\",\"@id\":\"https:\\\/\\\/marktxxl.de\\\/markt\\\/produkt\\\/rainbow-socks-damen-herren-lustige-garten-socken-box-geschenk-3-paar\\\/#breadcrumb\",\"itemListElement\":[{\"@type\":\"ListItem\",\"position\":1,\"name\":\"Startseite\",\"item\":\"https:\\\/\\\/marktxxl.de\\\/markt\\\/\"},{\"@type\":\"ListItem\",\"position\":2,\"name\":\"Markt\",\"item\":\"https:\\\/\\\/marktxxl.de\\\/markt\\\/\"},{\"@type\":\"ListItem\",\"position\":3,\"name\":\"Rainbow Socks &#8211; Damen Herren Lustige Garten Socken Box Geschenk &#8211; 3 Paar\"}]},{\"@type\":\"WebSite\",\"@id\":\"https:\\\/\\\/marktxxl.de\\\/markt\\\/#website\",\"url\":\"https:\\\/\\\/marktxxl.de\\\/markt\\\/\",\"name\":\"Markt-XXL\",\"description\":\"Ihr Markt Online\",\"publisher\":{\"@id\":\"https:\\\/\\\/marktxxl.de\\\/markt\\\/#organization\"},\"potentialAction\":[{\"@type\":\"SearchAction\",\"target\":{\"@type\":\"EntryPoint\",\"urlTemplate\":\"https:\\\/\\\/marktxxl.de\\\/markt\\\/?s={search_term_string}\"},\"query-input\":{\"@type\":\"PropertyValueSpecification\",\"valueRequired\":true,\"valueName\":\"search_term_string\"}}],\"inLanguage\":\"de\"},{\"@type\":\"Organization\",\"@id\":\"https:\\\/\\\/marktxxl.de\\\/markt\\\/#organization\",\"name\":\"Markt-XXL\",\"url\":\"https:\\\/\\\/marktxxl.de\\\/markt\\\/\",\"logo\":{\"@type\":\"ImageObject\",\"inLanguage\":\"de\",\"@id\":\"https:\\\/\\\/marktxxl.de\\\/markt\\\/#\\\/schema\\\/logo\\\/image\\\/\",\"url\":\"https:\\\/\\\/marktxxl.de\\\/markt\\\/wp-content\\\/uploads\\\/sites\\\/3\\\/2020\\\/12\\\/logo.png\",\"contentUrl\":\"https:\\\/\\\/marktxxl.de\\\/markt\\\/wp-content\\\/uploads\\\/sites\\\/3\\\/2020\\\/12\\\/logo.png\",\"width\":200,\"height\":70,\"caption\":\"Markt-XXL\"},\"image\":{\"@id\":\"https:\\\/\\\/marktxxl.de\\\/markt\\\/#\\\/schema\\\/logo\\\/image\\\/\"}}]}<\/script>\n<!-- \/ Yoast SEO plugin. -->","yoast_head_json":{"title":"Rainbow Socks - Damen Herren Lustige Garten Socken Box Geschenk - 3 Paar - Markt-XXL","description":"Markt-XXL Rainbow Socks - Damen Herren Lustige Garten Socken Box Geschenk - 3 Paar","robots":{"index":"index","follow":"follow","max-snippet":"max-snippet:-1","max-image-preview":"max-image-preview:large","max-video-preview":"max-video-preview:-1"},"canonical":"https:\/\/marktxxl.de\/markt\/produkt\/rainbow-socks-damen-herren-lustige-garten-socken-box-geschenk-3-paar\/","og_locale":"de_DE","og_type":"article","og_title":"Rainbow Socks - Damen Herren Lustige Garten Socken Box Geschenk - 3 Paar - Markt-XXL","og_description":"Markt-XXL Rainbow Socks - Damen Herren Lustige Garten Socken Box Geschenk - 3 Paar","og_url":"https:\/\/marktxxl.de\/markt\/produkt\/rainbow-socks-damen-herren-lustige-garten-socken-box-geschenk-3-paar\/","og_site_name":"Markt-XXL","article_modified_time":"2023-04-11T02:12:21+00:00","og_image":[{"width":339,"height":500,"url":"https:\/\/m.media-amazon.com\/images\/I\/31qIYMGWR3L._SL500_.jpg","type":"image\/jpeg"}],"twitter_card":"summary_large_image","twitter_misc":{"Gesch\u00e4tzte Lesezeit":"2\u00a0Minuten"},"schema":{"@context":"https:\/\/schema.org","@graph":[{"@type":"WebPage","@id":"https:\/\/marktxxl.de\/markt\/produkt\/rainbow-socks-damen-herren-lustige-garten-socken-box-geschenk-3-paar\/","url":"https:\/\/marktxxl.de\/markt\/produkt\/rainbow-socks-damen-herren-lustige-garten-socken-box-geschenk-3-paar\/","name":"Rainbow Socks - Damen Herren Lustige Garten Socken Box Geschenk - 3 Paar - Markt-XXL","isPartOf":{"@id":"https:\/\/marktxxl.de\/markt\/#website"},"primaryImageOfPage":{"@id":"https:\/\/marktxxl.de\/markt\/produkt\/rainbow-socks-damen-herren-lustige-garten-socken-box-geschenk-3-paar\/#primaryimage"},"image":{"@id":"https:\/\/marktxxl.de\/markt\/produkt\/rainbow-socks-damen-herren-lustige-garten-socken-box-geschenk-3-paar\/#primaryimage"},"thumbnailUrl":"https:\/\/m.media-amazon.com\/images\/I\/31qIYMGWR3L._SL500_.jpg","datePublished":"2022-07-13T23:46:57+00:00","dateModified":"2023-04-11T02:12:21+00:00","description":"Markt-XXL Rainbow Socks - Damen Herren Lustige Garten Socken Box Geschenk - 3 Paar","breadcrumb":{"@id":"https:\/\/marktxxl.de\/markt\/produkt\/rainbow-socks-damen-herren-lustige-garten-socken-box-geschenk-3-paar\/#breadcrumb"},"inLanguage":"de","potentialAction":[{"@type":"ReadAction","target":["https:\/\/marktxxl.de\/markt\/produkt\/rainbow-socks-damen-herren-lustige-garten-socken-box-geschenk-3-paar\/"]}]},{"@type":"ImageObject","inLanguage":"de","@id":"https:\/\/marktxxl.de\/markt\/produkt\/rainbow-socks-damen-herren-lustige-garten-socken-box-geschenk-3-paar\/#primaryimage","url":"https:\/\/m.media-amazon.com\/images\/I\/31qIYMGWR3L._SL500_.jpg","contentUrl":"https:\/\/m.media-amazon.com\/images\/I\/31qIYMGWR3L._SL500_.jpg","width":339,"height":500},{"@type":"BreadcrumbList","@id":"https:\/\/marktxxl.de\/markt\/produkt\/rainbow-socks-damen-herren-lustige-garten-socken-box-geschenk-3-paar\/#breadcrumb","itemListElement":[{"@type":"ListItem","position":1,"name":"Startseite","item":"https:\/\/marktxxl.de\/markt\/"},{"@type":"ListItem","position":2,"name":"Markt","item":"https:\/\/marktxxl.de\/markt\/"},{"@type":"ListItem","position":3,"name":"Rainbow Socks &#8211; Damen Herren Lustige Garten Socken Box Geschenk &#8211; 3 Paar"}]},{"@type":"WebSite","@id":"https:\/\/marktxxl.de\/markt\/#website","url":"https:\/\/marktxxl.de\/markt\/","name":"Markt-XXL","description":"Ihr Markt Online","publisher":{"@id":"https:\/\/marktxxl.de\/markt\/#organization"},"potentialAction":[{"@type":"SearchAction","target":{"@type":"EntryPoint","urlTemplate":"https:\/\/marktxxl.de\/markt\/?s={search_term_string}"},"query-input":{"@type":"PropertyValueSpecification","valueRequired":true,"valueName":"search_term_string"}}],"inLanguage":"de"},{"@type":"Organization","@id":"https:\/\/marktxxl.de\/markt\/#organization","name":"Markt-XXL","url":"https:\/\/marktxxl.de\/markt\/","logo":{"@type":"ImageObject","inLanguage":"de","@id":"https:\/\/marktxxl.de\/markt\/#\/schema\/logo\/image\/","url":"https:\/\/marktxxl.de\/markt\/wp-content\/uploads\/sites\/3\/2020\/12\/logo.png","contentUrl":"https:\/\/marktxxl.de\/markt\/wp-content\/uploads\/sites\/3\/2020\/12\/logo.png","width":200,"height":70,"caption":"Markt-XXL"},"image":{"@id":"https:\/\/marktxxl.de\/markt\/#\/schema\/logo\/image\/"}}]}},"_links":{"self":[{"href":"https:\/\/marktxxl.de\/markt\/wp-json\/wp\/v2\/product\/136545","targetHints":{"allow":["GET"]}}],"collection":[{"href":"https:\/\/marktxxl.de\/markt\/wp-json\/wp\/v2\/product"}],"about":[{"href":"https:\/\/marktxxl.de\/markt\/wp-json\/wp\/v2\/types\/product"}],"replies":[{"embeddable":true,"href":"https:\/\/marktxxl.de\/markt\/wp-json\/wp\/v2\/comments?post=136545"}],"wp:featuredmedia":[{"embeddable":true,"href":"https:\/\/marktxxl.de\/markt\/wp-json\/wp\/v2\/media\/136546"}],"wp:attachment":[{"href":"https:\/\/marktxxl.de\/markt\/wp-json\/wp\/v2\/media?parent=136545"}],"wp:term":[{"taxonomy":"product_brand","embeddable":true,"href":"https:\/\/marktxxl.de\/markt\/wp-json\/wp\/v2\/product_brand?post=136545"},{"taxonomy":"product_cat","embeddable":true,"href":"https:\/\/marktxxl.de\/markt\/wp-json\/wp\/v2\/product_cat?post=136545"},{"taxonomy":"product_tag","embeddable":true,"href":"https:\/\/marktxxl.de\/markt\/wp-json\/wp\/v2\/product_tag?post=136545"}],"curies":[{"name":"wp","href":"https:\/\/api.w.org\/{rel}","templated":true}]}}