{"id":136524,"date":"2022-07-14T01:44:15","date_gmt":"2022-07-13T23:44:15","guid":{"rendered":"https:\/\/marktxxl.de\/markt\/produkt\/under-armour-herren-coldgear-armour-leggings-coldgear-armour-leggings\/"},"modified":"2023-04-11T04:12:21","modified_gmt":"2023-04-11T02:12:21","slug":"under-armour-herren-coldgear-armour-leggings-coldgear-armour-leggings","status":"publish","type":"product","link":"https:\/\/marktxxl.de\/markt\/produkt\/under-armour-herren-coldgear-armour-leggings-coldgear-armour-leggings\/","title":{"rendered":"Under Armour Herren Leggings Men&#8217;s ColdGear\u00ae Armour Leggings"},"content":{"rendered":"<p>Der zweilagige Stoff hat eine ultrawarme, geb\u00fcrstete Innenseite und eine glatte, schnell trocknende Au\u00dfenseite<br \/>\nZwickel und Innenbeineins\u00e4tze aus Stretch-Netzstoff f\u00fcr strategische Bel\u00fcftung<br \/>\nDer 4-Way-Stretchstoff sorgt f\u00fcr gr\u00f6\u00dfere Bewegungsfreiheit in alle Richtungen<br \/>\nDas Material leitet Schwei\u00df ab und trocknet sehr schnell<br \/>\nErgonomisches Design mit N\u00e4hten au\u00dferhalb der stark beanspruchten Bereiche<br \/>\n<div class=\"main-cross-sell\" data-asin=\"B08XKP9241\">\n\n\t<div class=\"WooZone-cross-sell-loader\">\n\t\t<div>\n\t\t\t<div id=\"floatingBarsG\">\n\t\t\t\t<div class=\"blockG\" id=\"rotateG_01\"><\/div>\n\t\t\t\t<div class=\"blockG\" id=\"rotateG_02\"><\/div>\n\t\t\t\t<div class=\"blockG\" id=\"rotateG_03\"><\/div>\n\t\t\t\t<div class=\"blockG\" id=\"rotateG_04\"><\/div>\n\t\t\t\t<div class=\"blockG\" id=\"rotateG_05\"><\/div>\n\t\t\t\t<div class=\"blockG\" id=\"rotateG_06\"><\/div>\n\t\t\t\t<div class=\"blockG\" id=\"rotateG_07\"><\/div>\n\t\t\t\t<div class=\"blockG\" id=\"rotateG_08\"><\/div>\n\t\t\t<\/div>\n\t\t\t<div class=\"WooZone-cross-sell-loader-text\"><\/div>\n\t\t<\/div>\n\t<\/div>\n\n\t\t\n<\/div>\n<div style=\"clear:both;\"><\/div><\/p>\n","protected":false},"excerpt":{"rendered":"<p>Der zweilagige Stoff hat eine ultrawarme, geb\u00fcrstete Innenseite und eine glatte, schnell trocknende Au\u00dfenseite<br \/>\nZwickel und Innenbeineins\u00e4tze aus Stretch-Netzstoff f\u00fcr strategische Bel\u00fcftung<br \/>\nDer 4-Way-Stretchstoff sorgt f\u00fcr gr\u00f6\u00dfere Bewegungsfreiheit in alle Richtungen<\/p>\n","protected":false},"featured_media":136525,"comment_status":"open","ping_status":"closed","template":"","meta":[],"product_brand":[],"product_cat":[1186,3960],"product_tag":[],"class_list":{"0":"post-136524","1":"product","2":"type-product","3":"status-publish","4":"has-post-thumbnail","6":"product_cat-bekleidung","7":"product_cat-herren","8":"pa_binding-textilien","9":"pa_brand-under-armour","10":"pa_color-black-white","11":"pa_manufacturer-under-armour","12":"pa_model-38430","14":"first","15":"instock","16":"shipping-taxable","17":"purchasable","18":"product-type-simple","19":"customify-col","20":"product-has-gallery"},"yoast_head":"<!-- This site is optimized with the Yoast SEO plugin v27.4 - https:\/\/yoast.com\/product\/yoast-seo-wordpress\/ -->\n<title>Under Armour Herren Leggings Men&#039;s ColdGear\u00ae Armour Leggings - Markt-XXL<\/title>\n<meta name=\"description\" content=\"Markt-XXL Under Armour Herren Leggings Men&#039;s ColdGear\u00ae Armour Leggings\" \/>\n<meta name=\"robots\" content=\"index, follow, max-snippet:-1, max-image-preview:large, max-video-preview:-1\" \/>\n<link rel=\"canonical\" href=\"https:\/\/marktxxl.de\/markt\/produkt\/under-armour-herren-coldgear-armour-leggings-coldgear-armour-leggings\/\" \/>\n<meta property=\"og:locale\" content=\"de_DE\" \/>\n<meta property=\"og:type\" content=\"article\" \/>\n<meta property=\"og:title\" content=\"Under Armour Herren Leggings Men&#039;s ColdGear\u00ae Armour Leggings - Markt-XXL\" \/>\n<meta property=\"og:description\" content=\"Markt-XXL Under Armour Herren Leggings Men&#039;s ColdGear\u00ae Armour Leggings\" \/>\n<meta property=\"og:url\" content=\"https:\/\/marktxxl.de\/markt\/produkt\/under-armour-herren-coldgear-armour-leggings-coldgear-armour-leggings\/\" \/>\n<meta property=\"og:site_name\" content=\"Markt-XXL\" \/>\n<meta property=\"article:modified_time\" content=\"2023-04-11T02:12:21+00:00\" \/>\n<meta property=\"og:image\" content=\"https:\/\/m.media-amazon.com\/images\/I\/31zXFjnFNML._SL500_.jpg\" \/>\n\t<meta property=\"og:image:width\" content=\"500\" \/>\n\t<meta property=\"og:image:height\" content=\"500\" \/>\n\t<meta property=\"og:image:type\" content=\"image\/jpeg\" \/>\n<meta name=\"twitter:card\" content=\"summary_large_image\" \/>\n<script type=\"application\/ld+json\" class=\"yoast-schema-graph\">{\"@context\":\"https:\\\/\\\/schema.org\",\"@graph\":[{\"@type\":\"WebPage\",\"@id\":\"https:\\\/\\\/marktxxl.de\\\/markt\\\/produkt\\\/under-armour-herren-coldgear-armour-leggings-coldgear-armour-leggings\\\/\",\"url\":\"https:\\\/\\\/marktxxl.de\\\/markt\\\/produkt\\\/under-armour-herren-coldgear-armour-leggings-coldgear-armour-leggings\\\/\",\"name\":\"Under Armour Herren Leggings Men's ColdGear\u00ae Armour Leggings - Markt-XXL\",\"isPartOf\":{\"@id\":\"https:\\\/\\\/marktxxl.de\\\/markt\\\/#website\"},\"primaryImageOfPage\":{\"@id\":\"https:\\\/\\\/marktxxl.de\\\/markt\\\/produkt\\\/under-armour-herren-coldgear-armour-leggings-coldgear-armour-leggings\\\/#primaryimage\"},\"image\":{\"@id\":\"https:\\\/\\\/marktxxl.de\\\/markt\\\/produkt\\\/under-armour-herren-coldgear-armour-leggings-coldgear-armour-leggings\\\/#primaryimage\"},\"thumbnailUrl\":\"https:\\\/\\\/m.media-amazon.com\\\/images\\\/I\\\/31zXFjnFNML._SL500_.jpg\",\"datePublished\":\"2022-07-13T23:44:15+00:00\",\"dateModified\":\"2023-04-11T02:12:21+00:00\",\"description\":\"Markt-XXL Under Armour Herren Leggings Men's ColdGear\u00ae Armour Leggings\",\"breadcrumb\":{\"@id\":\"https:\\\/\\\/marktxxl.de\\\/markt\\\/produkt\\\/under-armour-herren-coldgear-armour-leggings-coldgear-armour-leggings\\\/#breadcrumb\"},\"inLanguage\":\"de\",\"potentialAction\":[{\"@type\":\"ReadAction\",\"target\":[\"https:\\\/\\\/marktxxl.de\\\/markt\\\/produkt\\\/under-armour-herren-coldgear-armour-leggings-coldgear-armour-leggings\\\/\"]}]},{\"@type\":\"ImageObject\",\"inLanguage\":\"de\",\"@id\":\"https:\\\/\\\/marktxxl.de\\\/markt\\\/produkt\\\/under-armour-herren-coldgear-armour-leggings-coldgear-armour-leggings\\\/#primaryimage\",\"url\":\"https:\\\/\\\/m.media-amazon.com\\\/images\\\/I\\\/31zXFjnFNML._SL500_.jpg\",\"contentUrl\":\"https:\\\/\\\/m.media-amazon.com\\\/images\\\/I\\\/31zXFjnFNML._SL500_.jpg\",\"width\":500,\"height\":500},{\"@type\":\"BreadcrumbList\",\"@id\":\"https:\\\/\\\/marktxxl.de\\\/markt\\\/produkt\\\/under-armour-herren-coldgear-armour-leggings-coldgear-armour-leggings\\\/#breadcrumb\",\"itemListElement\":[{\"@type\":\"ListItem\",\"position\":1,\"name\":\"Startseite\",\"item\":\"https:\\\/\\\/marktxxl.de\\\/markt\\\/\"},{\"@type\":\"ListItem\",\"position\":2,\"name\":\"Markt\",\"item\":\"https:\\\/\\\/marktxxl.de\\\/markt\\\/\"},{\"@type\":\"ListItem\",\"position\":3,\"name\":\"Under Armour Herren Leggings Men&#8217;s ColdGear\u00ae Armour Leggings\"}]},{\"@type\":\"WebSite\",\"@id\":\"https:\\\/\\\/marktxxl.de\\\/markt\\\/#website\",\"url\":\"https:\\\/\\\/marktxxl.de\\\/markt\\\/\",\"name\":\"Markt-XXL\",\"description\":\"Ihr Markt Online\",\"publisher\":{\"@id\":\"https:\\\/\\\/marktxxl.de\\\/markt\\\/#organization\"},\"potentialAction\":[{\"@type\":\"SearchAction\",\"target\":{\"@type\":\"EntryPoint\",\"urlTemplate\":\"https:\\\/\\\/marktxxl.de\\\/markt\\\/?s={search_term_string}\"},\"query-input\":{\"@type\":\"PropertyValueSpecification\",\"valueRequired\":true,\"valueName\":\"search_term_string\"}}],\"inLanguage\":\"de\"},{\"@type\":\"Organization\",\"@id\":\"https:\\\/\\\/marktxxl.de\\\/markt\\\/#organization\",\"name\":\"Markt-XXL\",\"url\":\"https:\\\/\\\/marktxxl.de\\\/markt\\\/\",\"logo\":{\"@type\":\"ImageObject\",\"inLanguage\":\"de\",\"@id\":\"https:\\\/\\\/marktxxl.de\\\/markt\\\/#\\\/schema\\\/logo\\\/image\\\/\",\"url\":\"https:\\\/\\\/marktxxl.de\\\/markt\\\/wp-content\\\/uploads\\\/sites\\\/3\\\/2020\\\/12\\\/logo.png\",\"contentUrl\":\"https:\\\/\\\/marktxxl.de\\\/markt\\\/wp-content\\\/uploads\\\/sites\\\/3\\\/2020\\\/12\\\/logo.png\",\"width\":200,\"height\":70,\"caption\":\"Markt-XXL\"},\"image\":{\"@id\":\"https:\\\/\\\/marktxxl.de\\\/markt\\\/#\\\/schema\\\/logo\\\/image\\\/\"}}]}<\/script>\n<!-- \/ Yoast SEO plugin. -->","yoast_head_json":{"title":"Under Armour Herren Leggings Men's ColdGear\u00ae Armour Leggings - Markt-XXL","description":"Markt-XXL Under Armour Herren Leggings Men's ColdGear\u00ae Armour Leggings","robots":{"index":"index","follow":"follow","max-snippet":"max-snippet:-1","max-image-preview":"max-image-preview:large","max-video-preview":"max-video-preview:-1"},"canonical":"https:\/\/marktxxl.de\/markt\/produkt\/under-armour-herren-coldgear-armour-leggings-coldgear-armour-leggings\/","og_locale":"de_DE","og_type":"article","og_title":"Under Armour Herren Leggings Men's ColdGear\u00ae Armour Leggings - Markt-XXL","og_description":"Markt-XXL Under Armour Herren Leggings Men's ColdGear\u00ae Armour Leggings","og_url":"https:\/\/marktxxl.de\/markt\/produkt\/under-armour-herren-coldgear-armour-leggings-coldgear-armour-leggings\/","og_site_name":"Markt-XXL","article_modified_time":"2023-04-11T02:12:21+00:00","og_image":[{"width":500,"height":500,"url":"https:\/\/m.media-amazon.com\/images\/I\/31zXFjnFNML._SL500_.jpg","type":"image\/jpeg"}],"twitter_card":"summary_large_image","schema":{"@context":"https:\/\/schema.org","@graph":[{"@type":"WebPage","@id":"https:\/\/marktxxl.de\/markt\/produkt\/under-armour-herren-coldgear-armour-leggings-coldgear-armour-leggings\/","url":"https:\/\/marktxxl.de\/markt\/produkt\/under-armour-herren-coldgear-armour-leggings-coldgear-armour-leggings\/","name":"Under Armour Herren Leggings Men's ColdGear\u00ae Armour Leggings - Markt-XXL","isPartOf":{"@id":"https:\/\/marktxxl.de\/markt\/#website"},"primaryImageOfPage":{"@id":"https:\/\/marktxxl.de\/markt\/produkt\/under-armour-herren-coldgear-armour-leggings-coldgear-armour-leggings\/#primaryimage"},"image":{"@id":"https:\/\/marktxxl.de\/markt\/produkt\/under-armour-herren-coldgear-armour-leggings-coldgear-armour-leggings\/#primaryimage"},"thumbnailUrl":"https:\/\/m.media-amazon.com\/images\/I\/31zXFjnFNML._SL500_.jpg","datePublished":"2022-07-13T23:44:15+00:00","dateModified":"2023-04-11T02:12:21+00:00","description":"Markt-XXL Under Armour Herren Leggings Men's ColdGear\u00ae Armour Leggings","breadcrumb":{"@id":"https:\/\/marktxxl.de\/markt\/produkt\/under-armour-herren-coldgear-armour-leggings-coldgear-armour-leggings\/#breadcrumb"},"inLanguage":"de","potentialAction":[{"@type":"ReadAction","target":["https:\/\/marktxxl.de\/markt\/produkt\/under-armour-herren-coldgear-armour-leggings-coldgear-armour-leggings\/"]}]},{"@type":"ImageObject","inLanguage":"de","@id":"https:\/\/marktxxl.de\/markt\/produkt\/under-armour-herren-coldgear-armour-leggings-coldgear-armour-leggings\/#primaryimage","url":"https:\/\/m.media-amazon.com\/images\/I\/31zXFjnFNML._SL500_.jpg","contentUrl":"https:\/\/m.media-amazon.com\/images\/I\/31zXFjnFNML._SL500_.jpg","width":500,"height":500},{"@type":"BreadcrumbList","@id":"https:\/\/marktxxl.de\/markt\/produkt\/under-armour-herren-coldgear-armour-leggings-coldgear-armour-leggings\/#breadcrumb","itemListElement":[{"@type":"ListItem","position":1,"name":"Startseite","item":"https:\/\/marktxxl.de\/markt\/"},{"@type":"ListItem","position":2,"name":"Markt","item":"https:\/\/marktxxl.de\/markt\/"},{"@type":"ListItem","position":3,"name":"Under Armour Herren Leggings Men&#8217;s ColdGear\u00ae Armour Leggings"}]},{"@type":"WebSite","@id":"https:\/\/marktxxl.de\/markt\/#website","url":"https:\/\/marktxxl.de\/markt\/","name":"Markt-XXL","description":"Ihr Markt Online","publisher":{"@id":"https:\/\/marktxxl.de\/markt\/#organization"},"potentialAction":[{"@type":"SearchAction","target":{"@type":"EntryPoint","urlTemplate":"https:\/\/marktxxl.de\/markt\/?s={search_term_string}"},"query-input":{"@type":"PropertyValueSpecification","valueRequired":true,"valueName":"search_term_string"}}],"inLanguage":"de"},{"@type":"Organization","@id":"https:\/\/marktxxl.de\/markt\/#organization","name":"Markt-XXL","url":"https:\/\/marktxxl.de\/markt\/","logo":{"@type":"ImageObject","inLanguage":"de","@id":"https:\/\/marktxxl.de\/markt\/#\/schema\/logo\/image\/","url":"https:\/\/marktxxl.de\/markt\/wp-content\/uploads\/sites\/3\/2020\/12\/logo.png","contentUrl":"https:\/\/marktxxl.de\/markt\/wp-content\/uploads\/sites\/3\/2020\/12\/logo.png","width":200,"height":70,"caption":"Markt-XXL"},"image":{"@id":"https:\/\/marktxxl.de\/markt\/#\/schema\/logo\/image\/"}}]}},"_links":{"self":[{"href":"https:\/\/marktxxl.de\/markt\/wp-json\/wp\/v2\/product\/136524","targetHints":{"allow":["GET"]}}],"collection":[{"href":"https:\/\/marktxxl.de\/markt\/wp-json\/wp\/v2\/product"}],"about":[{"href":"https:\/\/marktxxl.de\/markt\/wp-json\/wp\/v2\/types\/product"}],"replies":[{"embeddable":true,"href":"https:\/\/marktxxl.de\/markt\/wp-json\/wp\/v2\/comments?post=136524"}],"wp:featuredmedia":[{"embeddable":true,"href":"https:\/\/marktxxl.de\/markt\/wp-json\/wp\/v2\/media\/136525"}],"wp:attachment":[{"href":"https:\/\/marktxxl.de\/markt\/wp-json\/wp\/v2\/media?parent=136524"}],"wp:term":[{"taxonomy":"product_brand","embeddable":true,"href":"https:\/\/marktxxl.de\/markt\/wp-json\/wp\/v2\/product_brand?post=136524"},{"taxonomy":"product_cat","embeddable":true,"href":"https:\/\/marktxxl.de\/markt\/wp-json\/wp\/v2\/product_cat?post=136524"},{"taxonomy":"product_tag","embeddable":true,"href":"https:\/\/marktxxl.de\/markt\/wp-json\/wp\/v2\/product_tag?post=136524"}],"curies":[{"name":"wp","href":"https:\/\/api.w.org\/{rel}","templated":true}]}}