{"id":136202,"date":"2022-07-14T01:29:39","date_gmt":"2022-07-13T23:29:39","guid":{"rendered":"https:\/\/marktxxl.de\/markt\/produkt\/closemate-6-paar-sneaker-socken-damen-sportsocken-laufsocken-atmungsaktiv-baumwolle-gepolsterte-antirutsch-knoechel-kurze-halbsocken-fuer-outdoor-fitness-im-freien-schwarz-weiss-35-38-39-42-43-46\/"},"modified":"2023-04-11T04:11:20","modified_gmt":"2023-04-11T02:11:20","slug":"closemate-6-paar-sneaker-socken-damen-sportsocken-laufsocken-atmungsaktiv-baumwolle-gepolsterte-antirutsch-knoechel-kurze-halbsocken-fuer-outdoor-fitness-im-freien-schwarz-weiss-35-38-39-42-43-46","status":"publish","type":"product","link":"https:\/\/marktxxl.de\/markt\/produkt\/closemate-6-paar-sneaker-socken-damen-sportsocken-laufsocken-atmungsaktiv-baumwolle-gepolsterte-antirutsch-knoechel-kurze-halbsocken-fuer-outdoor-fitness-im-freien-schwarz-weiss-35-38-39-42-43-46\/","title":{"rendered":"Closemate 6 Paar Sneaker Socken Damen Sportsocken Laufsocken Atmungsaktiv Baumwolle Gepolsterte Antirutsch Kn\u00f6chel Kurze\u2026"},"content":{"rendered":"<p>Baumwoll-Kn\u00f6chelsocken: Diese athletischen Kn\u00f6chelsocken sind bereit zum Gebrauch zu widerstehen, Fu\u00dfgew\u00f6lbeunterst\u00fctzung, passen sich Ihren F\u00fc\u00dfen perfekt an und kein Verrutschen, kein B\u00fcndeln, keine Blasen. Sie bestehen aus 85% Baumwolle, 12% Polyester, 3% Elasthan. Passend f\u00fcr EU Gr\u00f6\u00dfe S (35-38) \/ M (39-42) \/ L (43-46)<br \/>\nLeistungsstarke Socken: Polsterung der gesamten Sohle und verst\u00e4rkte Zehen verwenden dickere Garne f\u00fcr zus\u00e4tzliche Haltbarkeit und Komfort in stark beanspruchten Bereichen. Auch f\u00fcr den Feuchtigkeitstransport entwickelt, damit Sie Ihr Training in Komfort und Feuchtigkeitsmanagement erhalten<br \/>\nRutschfeste Kn\u00f6chelsportsocken: Die Fersenlasche auf der R\u00fcckseite und gerippte elastische B\u00fcndchen k\u00f6nnen effektiv verhindern, dass Socken herunterfallen, Blasen und Fu\u00dfschmerzen reduzieren, die durch die Reibung zwischen Ferse und Kn\u00f6chel w\u00e4hrend des Trainings verursacht werden, und bieten Ihnen dauerhaften Rundumschutz und maximalen Komfort<br \/>\nVielseitig verwendbar: Netz-Bel\u00fcftung kann W\u00e4rme k\u00fchlen und Ihre F\u00fc\u00dfe auf der perfekten Temperatur halten. Geeignete Kompression im Fu\u00dfgew\u00f6lbe, um Ihre F\u00fc\u00dfe beim Gehen zu sch\u00fctzen. Sie sind gut passend f\u00fcr sportliche Aktivit\u00e4ten, wie Laufen, Workout, Tennis, Fitness-Studio, Training, Walking, Reisen, Golf, Joggen, Ausfl\u00fcge, Fitness und den t\u00e4glichen Gebrauch<br \/>\n30 Tage Geld-zur\u00fcck: maschinenwaschbar, trocknergeeignet, lufttrocknen, nicht b\u00fcgeln. 6 Paar in einem Paket. Sollte ein Kunde einen defekten Artikel erhalten, werden wir ihn immer kostenlos ersetzen. Wenn irgendein Problem ist, z\u00f6gern Sie bitte nicht, uns zu kontaktieren, wir bieten 7x24h Kundenservice<br \/>\n<div class=\"main-cross-sell\" data-asin=\"B0B3X88FHJ\">\n\n\t<div class=\"WooZone-cross-sell-loader\">\n\t\t<div>\n\t\t\t<div id=\"floatingBarsG\">\n\t\t\t\t<div class=\"blockG\" id=\"rotateG_01\"><\/div>\n\t\t\t\t<div class=\"blockG\" id=\"rotateG_02\"><\/div>\n\t\t\t\t<div class=\"blockG\" id=\"rotateG_03\"><\/div>\n\t\t\t\t<div class=\"blockG\" id=\"rotateG_04\"><\/div>\n\t\t\t\t<div class=\"blockG\" id=\"rotateG_05\"><\/div>\n\t\t\t\t<div class=\"blockG\" id=\"rotateG_06\"><\/div>\n\t\t\t\t<div class=\"blockG\" id=\"rotateG_07\"><\/div>\n\t\t\t\t<div class=\"blockG\" id=\"rotateG_08\"><\/div>\n\t\t\t<\/div>\n\t\t\t<div class=\"WooZone-cross-sell-loader-text\"><\/div>\n\t\t<\/div>\n\t<\/div>\n\n\t\t\n<\/div>\n<div style=\"clear:both;\"><\/div><\/p>\n","protected":false},"excerpt":{"rendered":"<p>Baumwoll-Kn\u00f6chelsocken: Diese athletischen Kn\u00f6chelsocken sind bereit zum Gebrauch zu widerstehen, Fu\u00dfgew\u00f6lbeunterst\u00fctzung, passen sich Ihren F\u00fc\u00dfen perfekt an und kein Verrutschen, kein B\u00fcndeln, keine Blasen. Sie bestehen aus 85% Baumwolle, 12% Polyester, 3% Elasthan. Passend f\u00fcr EU Gr\u00f6\u00dfe S (35-38) \/ M (39-42) \/ L (43-46)<br \/>\nLeistungsstarke Socken: Polsterung der gesamten Sohle und verst\u00e4rkte Zehen verwenden dickere Garne f\u00fcr zus\u00e4tzliche Haltbarkeit und Komfort in stark beanspruchten Bereichen. Auch f\u00fcr den Feuchtigkeitstransport entwickelt, damit Sie Ihr Training in Komfort und Feuchtigkeitsmanagement erhalten<br \/>\nRutschfeste Kn\u00f6chelsportsocken: Die Fersenlasche auf der R\u00fcckseite und gerippte elastische B\u00fcndchen k\u00f6nnen effektiv verhindern, dass Socken herunterfallen, Blasen und Fu\u00dfschmerzen reduzieren, die durch die Reibung zwischen Ferse und Kn\u00f6chel w\u00e4hrend des Trainings verursacht werden, und bieten Ihnen dauerhaften Rundumschutz und maximalen Komfort<\/p>\n","protected":false},"featured_media":136203,"comment_status":"open","ping_status":"closed","template":"","meta":[],"product_brand":[],"product_cat":[1186,3920],"product_tag":[],"class_list":{"0":"post-136202","1":"product","2":"type-product","3":"status-publish","4":"has-post-thumbnail","6":"product_cat-bekleidung","7":"product_cat-damen","8":"pa_brand-closemate","9":"pa_model-closemate","11":"first","12":"instock","13":"shipping-taxable","14":"purchasable","15":"product-type-simple","16":"customify-col","17":"product-has-gallery"},"yoast_head":"<!-- This site is optimized with the Yoast SEO plugin v27.4 - https:\/\/yoast.com\/product\/yoast-seo-wordpress\/ -->\n<title>Closemate 6 Paar Sneaker Socken Damen Sportsocken Laufsocken Atmungsaktiv Baumwolle Gepolsterte Antirutsch Kn\u00f6chel Kurze\u2026 - Markt-XXL<\/title>\n<meta name=\"description\" content=\"Markt-XXL Closemate 6 Paar Sneaker Socken Damen Sportsocken Laufsocken Atmungsaktiv Baumwolle Gepolsterte Antirutsch Kn\u00f6chel Kurze\u2026\" \/>\n<meta name=\"robots\" content=\"index, follow, max-snippet:-1, max-image-preview:large, max-video-preview:-1\" \/>\n<link rel=\"canonical\" href=\"https:\/\/marktxxl.de\/markt\/produkt\/closemate-6-paar-sneaker-socken-damen-sportsocken-laufsocken-atmungsaktiv-baumwolle-gepolsterte-antirutsch-knoechel-kurze-halbsocken-fuer-outdoor-fitness-im-freien-schwarz-weiss-35-38-39-42-43-46\/\" \/>\n<meta property=\"og:locale\" content=\"de_DE\" \/>\n<meta property=\"og:type\" content=\"article\" \/>\n<meta property=\"og:title\" content=\"Closemate 6 Paar Sneaker Socken Damen Sportsocken Laufsocken Atmungsaktiv Baumwolle Gepolsterte Antirutsch Kn\u00f6chel Kurze\u2026 - Markt-XXL\" \/>\n<meta property=\"og:description\" content=\"Markt-XXL Closemate 6 Paar Sneaker Socken Damen Sportsocken Laufsocken Atmungsaktiv Baumwolle Gepolsterte Antirutsch Kn\u00f6chel Kurze\u2026\" \/>\n<meta property=\"og:url\" content=\"https:\/\/marktxxl.de\/markt\/produkt\/closemate-6-paar-sneaker-socken-damen-sportsocken-laufsocken-atmungsaktiv-baumwolle-gepolsterte-antirutsch-knoechel-kurze-halbsocken-fuer-outdoor-fitness-im-freien-schwarz-weiss-35-38-39-42-43-46\/\" \/>\n<meta property=\"og:site_name\" content=\"Markt-XXL\" \/>\n<meta property=\"article:modified_time\" content=\"2023-04-11T02:11:20+00:00\" \/>\n<meta property=\"og:image\" content=\"https:\/\/m.media-amazon.com\/images\/I\/415YMV4ZqCL._SL500_.jpg\" \/>\n\t<meta property=\"og:image:width\" content=\"500\" \/>\n\t<meta property=\"og:image:height\" content=\"500\" \/>\n\t<meta property=\"og:image:type\" content=\"image\/jpeg\" \/>\n<meta name=\"twitter:card\" content=\"summary_large_image\" \/>\n<meta name=\"twitter:label1\" content=\"Gesch\u00e4tzte Lesezeit\" \/>\n\t<meta name=\"twitter:data1\" content=\"1\u00a0Minute\" \/>\n<script type=\"application\/ld+json\" class=\"yoast-schema-graph\">{\"@context\":\"https:\\\/\\\/schema.org\",\"@graph\":[{\"@type\":\"WebPage\",\"@id\":\"https:\\\/\\\/marktxxl.de\\\/markt\\\/produkt\\\/closemate-6-paar-sneaker-socken-damen-sportsocken-laufsocken-atmungsaktiv-baumwolle-gepolsterte-antirutsch-knoechel-kurze-halbsocken-fuer-outdoor-fitness-im-freien-schwarz-weiss-35-38-39-42-43-46\\\/\",\"url\":\"https:\\\/\\\/marktxxl.de\\\/markt\\\/produkt\\\/closemate-6-paar-sneaker-socken-damen-sportsocken-laufsocken-atmungsaktiv-baumwolle-gepolsterte-antirutsch-knoechel-kurze-halbsocken-fuer-outdoor-fitness-im-freien-schwarz-weiss-35-38-39-42-43-46\\\/\",\"name\":\"Closemate 6 Paar Sneaker Socken Damen Sportsocken Laufsocken Atmungsaktiv Baumwolle Gepolsterte Antirutsch Kn\u00f6chel Kurze\u2026 - Markt-XXL\",\"isPartOf\":{\"@id\":\"https:\\\/\\\/marktxxl.de\\\/markt\\\/#website\"},\"primaryImageOfPage\":{\"@id\":\"https:\\\/\\\/marktxxl.de\\\/markt\\\/produkt\\\/closemate-6-paar-sneaker-socken-damen-sportsocken-laufsocken-atmungsaktiv-baumwolle-gepolsterte-antirutsch-knoechel-kurze-halbsocken-fuer-outdoor-fitness-im-freien-schwarz-weiss-35-38-39-42-43-46\\\/#primaryimage\"},\"image\":{\"@id\":\"https:\\\/\\\/marktxxl.de\\\/markt\\\/produkt\\\/closemate-6-paar-sneaker-socken-damen-sportsocken-laufsocken-atmungsaktiv-baumwolle-gepolsterte-antirutsch-knoechel-kurze-halbsocken-fuer-outdoor-fitness-im-freien-schwarz-weiss-35-38-39-42-43-46\\\/#primaryimage\"},\"thumbnailUrl\":\"https:\\\/\\\/m.media-amazon.com\\\/images\\\/I\\\/415YMV4ZqCL._SL500_.jpg\",\"datePublished\":\"2022-07-13T23:29:39+00:00\",\"dateModified\":\"2023-04-11T02:11:20+00:00\",\"description\":\"Markt-XXL Closemate 6 Paar Sneaker Socken Damen Sportsocken Laufsocken Atmungsaktiv Baumwolle Gepolsterte Antirutsch Kn\u00f6chel Kurze\u2026\",\"breadcrumb\":{\"@id\":\"https:\\\/\\\/marktxxl.de\\\/markt\\\/produkt\\\/closemate-6-paar-sneaker-socken-damen-sportsocken-laufsocken-atmungsaktiv-baumwolle-gepolsterte-antirutsch-knoechel-kurze-halbsocken-fuer-outdoor-fitness-im-freien-schwarz-weiss-35-38-39-42-43-46\\\/#breadcrumb\"},\"inLanguage\":\"de\",\"potentialAction\":[{\"@type\":\"ReadAction\",\"target\":[\"https:\\\/\\\/marktxxl.de\\\/markt\\\/produkt\\\/closemate-6-paar-sneaker-socken-damen-sportsocken-laufsocken-atmungsaktiv-baumwolle-gepolsterte-antirutsch-knoechel-kurze-halbsocken-fuer-outdoor-fitness-im-freien-schwarz-weiss-35-38-39-42-43-46\\\/\"]}]},{\"@type\":\"ImageObject\",\"inLanguage\":\"de\",\"@id\":\"https:\\\/\\\/marktxxl.de\\\/markt\\\/produkt\\\/closemate-6-paar-sneaker-socken-damen-sportsocken-laufsocken-atmungsaktiv-baumwolle-gepolsterte-antirutsch-knoechel-kurze-halbsocken-fuer-outdoor-fitness-im-freien-schwarz-weiss-35-38-39-42-43-46\\\/#primaryimage\",\"url\":\"https:\\\/\\\/m.media-amazon.com\\\/images\\\/I\\\/415YMV4ZqCL._SL500_.jpg\",\"contentUrl\":\"https:\\\/\\\/m.media-amazon.com\\\/images\\\/I\\\/415YMV4ZqCL._SL500_.jpg\",\"width\":500,\"height\":500},{\"@type\":\"BreadcrumbList\",\"@id\":\"https:\\\/\\\/marktxxl.de\\\/markt\\\/produkt\\\/closemate-6-paar-sneaker-socken-damen-sportsocken-laufsocken-atmungsaktiv-baumwolle-gepolsterte-antirutsch-knoechel-kurze-halbsocken-fuer-outdoor-fitness-im-freien-schwarz-weiss-35-38-39-42-43-46\\\/#breadcrumb\",\"itemListElement\":[{\"@type\":\"ListItem\",\"position\":1,\"name\":\"Startseite\",\"item\":\"https:\\\/\\\/marktxxl.de\\\/markt\\\/\"},{\"@type\":\"ListItem\",\"position\":2,\"name\":\"Markt\",\"item\":\"https:\\\/\\\/marktxxl.de\\\/markt\\\/\"},{\"@type\":\"ListItem\",\"position\":3,\"name\":\"Closemate 6 Paar Sneaker Socken Damen Sportsocken Laufsocken Atmungsaktiv Baumwolle Gepolsterte Antirutsch Kn\u00f6chel Kurze\u2026\"}]},{\"@type\":\"WebSite\",\"@id\":\"https:\\\/\\\/marktxxl.de\\\/markt\\\/#website\",\"url\":\"https:\\\/\\\/marktxxl.de\\\/markt\\\/\",\"name\":\"Markt-XXL\",\"description\":\"Ihr Markt Online\",\"publisher\":{\"@id\":\"https:\\\/\\\/marktxxl.de\\\/markt\\\/#organization\"},\"potentialAction\":[{\"@type\":\"SearchAction\",\"target\":{\"@type\":\"EntryPoint\",\"urlTemplate\":\"https:\\\/\\\/marktxxl.de\\\/markt\\\/?s={search_term_string}\"},\"query-input\":{\"@type\":\"PropertyValueSpecification\",\"valueRequired\":true,\"valueName\":\"search_term_string\"}}],\"inLanguage\":\"de\"},{\"@type\":\"Organization\",\"@id\":\"https:\\\/\\\/marktxxl.de\\\/markt\\\/#organization\",\"name\":\"Markt-XXL\",\"url\":\"https:\\\/\\\/marktxxl.de\\\/markt\\\/\",\"logo\":{\"@type\":\"ImageObject\",\"inLanguage\":\"de\",\"@id\":\"https:\\\/\\\/marktxxl.de\\\/markt\\\/#\\\/schema\\\/logo\\\/image\\\/\",\"url\":\"https:\\\/\\\/marktxxl.de\\\/markt\\\/wp-content\\\/uploads\\\/sites\\\/3\\\/2020\\\/12\\\/logo.png\",\"contentUrl\":\"https:\\\/\\\/marktxxl.de\\\/markt\\\/wp-content\\\/uploads\\\/sites\\\/3\\\/2020\\\/12\\\/logo.png\",\"width\":200,\"height\":70,\"caption\":\"Markt-XXL\"},\"image\":{\"@id\":\"https:\\\/\\\/marktxxl.de\\\/markt\\\/#\\\/schema\\\/logo\\\/image\\\/\"}}]}<\/script>\n<!-- \/ Yoast SEO plugin. -->","yoast_head_json":{"title":"Closemate 6 Paar Sneaker Socken Damen Sportsocken Laufsocken Atmungsaktiv Baumwolle Gepolsterte Antirutsch Kn\u00f6chel Kurze\u2026 - Markt-XXL","description":"Markt-XXL Closemate 6 Paar Sneaker Socken Damen Sportsocken Laufsocken Atmungsaktiv Baumwolle Gepolsterte Antirutsch Kn\u00f6chel Kurze\u2026","robots":{"index":"index","follow":"follow","max-snippet":"max-snippet:-1","max-image-preview":"max-image-preview:large","max-video-preview":"max-video-preview:-1"},"canonical":"https:\/\/marktxxl.de\/markt\/produkt\/closemate-6-paar-sneaker-socken-damen-sportsocken-laufsocken-atmungsaktiv-baumwolle-gepolsterte-antirutsch-knoechel-kurze-halbsocken-fuer-outdoor-fitness-im-freien-schwarz-weiss-35-38-39-42-43-46\/","og_locale":"de_DE","og_type":"article","og_title":"Closemate 6 Paar Sneaker Socken Damen Sportsocken Laufsocken Atmungsaktiv Baumwolle Gepolsterte Antirutsch Kn\u00f6chel Kurze\u2026 - Markt-XXL","og_description":"Markt-XXL Closemate 6 Paar Sneaker Socken Damen Sportsocken Laufsocken Atmungsaktiv Baumwolle Gepolsterte Antirutsch Kn\u00f6chel Kurze\u2026","og_url":"https:\/\/marktxxl.de\/markt\/produkt\/closemate-6-paar-sneaker-socken-damen-sportsocken-laufsocken-atmungsaktiv-baumwolle-gepolsterte-antirutsch-knoechel-kurze-halbsocken-fuer-outdoor-fitness-im-freien-schwarz-weiss-35-38-39-42-43-46\/","og_site_name":"Markt-XXL","article_modified_time":"2023-04-11T02:11:20+00:00","og_image":[{"width":500,"height":500,"url":"https:\/\/m.media-amazon.com\/images\/I\/415YMV4ZqCL._SL500_.jpg","type":"image\/jpeg"}],"twitter_card":"summary_large_image","twitter_misc":{"Gesch\u00e4tzte Lesezeit":"1\u00a0Minute"},"schema":{"@context":"https:\/\/schema.org","@graph":[{"@type":"WebPage","@id":"https:\/\/marktxxl.de\/markt\/produkt\/closemate-6-paar-sneaker-socken-damen-sportsocken-laufsocken-atmungsaktiv-baumwolle-gepolsterte-antirutsch-knoechel-kurze-halbsocken-fuer-outdoor-fitness-im-freien-schwarz-weiss-35-38-39-42-43-46\/","url":"https:\/\/marktxxl.de\/markt\/produkt\/closemate-6-paar-sneaker-socken-damen-sportsocken-laufsocken-atmungsaktiv-baumwolle-gepolsterte-antirutsch-knoechel-kurze-halbsocken-fuer-outdoor-fitness-im-freien-schwarz-weiss-35-38-39-42-43-46\/","name":"Closemate 6 Paar Sneaker Socken Damen Sportsocken Laufsocken Atmungsaktiv Baumwolle Gepolsterte Antirutsch Kn\u00f6chel Kurze\u2026 - Markt-XXL","isPartOf":{"@id":"https:\/\/marktxxl.de\/markt\/#website"},"primaryImageOfPage":{"@id":"https:\/\/marktxxl.de\/markt\/produkt\/closemate-6-paar-sneaker-socken-damen-sportsocken-laufsocken-atmungsaktiv-baumwolle-gepolsterte-antirutsch-knoechel-kurze-halbsocken-fuer-outdoor-fitness-im-freien-schwarz-weiss-35-38-39-42-43-46\/#primaryimage"},"image":{"@id":"https:\/\/marktxxl.de\/markt\/produkt\/closemate-6-paar-sneaker-socken-damen-sportsocken-laufsocken-atmungsaktiv-baumwolle-gepolsterte-antirutsch-knoechel-kurze-halbsocken-fuer-outdoor-fitness-im-freien-schwarz-weiss-35-38-39-42-43-46\/#primaryimage"},"thumbnailUrl":"https:\/\/m.media-amazon.com\/images\/I\/415YMV4ZqCL._SL500_.jpg","datePublished":"2022-07-13T23:29:39+00:00","dateModified":"2023-04-11T02:11:20+00:00","description":"Markt-XXL Closemate 6 Paar Sneaker Socken Damen Sportsocken Laufsocken Atmungsaktiv Baumwolle Gepolsterte Antirutsch Kn\u00f6chel Kurze\u2026","breadcrumb":{"@id":"https:\/\/marktxxl.de\/markt\/produkt\/closemate-6-paar-sneaker-socken-damen-sportsocken-laufsocken-atmungsaktiv-baumwolle-gepolsterte-antirutsch-knoechel-kurze-halbsocken-fuer-outdoor-fitness-im-freien-schwarz-weiss-35-38-39-42-43-46\/#breadcrumb"},"inLanguage":"de","potentialAction":[{"@type":"ReadAction","target":["https:\/\/marktxxl.de\/markt\/produkt\/closemate-6-paar-sneaker-socken-damen-sportsocken-laufsocken-atmungsaktiv-baumwolle-gepolsterte-antirutsch-knoechel-kurze-halbsocken-fuer-outdoor-fitness-im-freien-schwarz-weiss-35-38-39-42-43-46\/"]}]},{"@type":"ImageObject","inLanguage":"de","@id":"https:\/\/marktxxl.de\/markt\/produkt\/closemate-6-paar-sneaker-socken-damen-sportsocken-laufsocken-atmungsaktiv-baumwolle-gepolsterte-antirutsch-knoechel-kurze-halbsocken-fuer-outdoor-fitness-im-freien-schwarz-weiss-35-38-39-42-43-46\/#primaryimage","url":"https:\/\/m.media-amazon.com\/images\/I\/415YMV4ZqCL._SL500_.jpg","contentUrl":"https:\/\/m.media-amazon.com\/images\/I\/415YMV4ZqCL._SL500_.jpg","width":500,"height":500},{"@type":"BreadcrumbList","@id":"https:\/\/marktxxl.de\/markt\/produkt\/closemate-6-paar-sneaker-socken-damen-sportsocken-laufsocken-atmungsaktiv-baumwolle-gepolsterte-antirutsch-knoechel-kurze-halbsocken-fuer-outdoor-fitness-im-freien-schwarz-weiss-35-38-39-42-43-46\/#breadcrumb","itemListElement":[{"@type":"ListItem","position":1,"name":"Startseite","item":"https:\/\/marktxxl.de\/markt\/"},{"@type":"ListItem","position":2,"name":"Markt","item":"https:\/\/marktxxl.de\/markt\/"},{"@type":"ListItem","position":3,"name":"Closemate 6 Paar Sneaker Socken Damen Sportsocken Laufsocken Atmungsaktiv Baumwolle Gepolsterte Antirutsch Kn\u00f6chel Kurze\u2026"}]},{"@type":"WebSite","@id":"https:\/\/marktxxl.de\/markt\/#website","url":"https:\/\/marktxxl.de\/markt\/","name":"Markt-XXL","description":"Ihr Markt Online","publisher":{"@id":"https:\/\/marktxxl.de\/markt\/#organization"},"potentialAction":[{"@type":"SearchAction","target":{"@type":"EntryPoint","urlTemplate":"https:\/\/marktxxl.de\/markt\/?s={search_term_string}"},"query-input":{"@type":"PropertyValueSpecification","valueRequired":true,"valueName":"search_term_string"}}],"inLanguage":"de"},{"@type":"Organization","@id":"https:\/\/marktxxl.de\/markt\/#organization","name":"Markt-XXL","url":"https:\/\/marktxxl.de\/markt\/","logo":{"@type":"ImageObject","inLanguage":"de","@id":"https:\/\/marktxxl.de\/markt\/#\/schema\/logo\/image\/","url":"https:\/\/marktxxl.de\/markt\/wp-content\/uploads\/sites\/3\/2020\/12\/logo.png","contentUrl":"https:\/\/marktxxl.de\/markt\/wp-content\/uploads\/sites\/3\/2020\/12\/logo.png","width":200,"height":70,"caption":"Markt-XXL"},"image":{"@id":"https:\/\/marktxxl.de\/markt\/#\/schema\/logo\/image\/"}}]}},"_links":{"self":[{"href":"https:\/\/marktxxl.de\/markt\/wp-json\/wp\/v2\/product\/136202","targetHints":{"allow":["GET"]}}],"collection":[{"href":"https:\/\/marktxxl.de\/markt\/wp-json\/wp\/v2\/product"}],"about":[{"href":"https:\/\/marktxxl.de\/markt\/wp-json\/wp\/v2\/types\/product"}],"replies":[{"embeddable":true,"href":"https:\/\/marktxxl.de\/markt\/wp-json\/wp\/v2\/comments?post=136202"}],"wp:featuredmedia":[{"embeddable":true,"href":"https:\/\/marktxxl.de\/markt\/wp-json\/wp\/v2\/media\/136203"}],"wp:attachment":[{"href":"https:\/\/marktxxl.de\/markt\/wp-json\/wp\/v2\/media?parent=136202"}],"wp:term":[{"taxonomy":"product_brand","embeddable":true,"href":"https:\/\/marktxxl.de\/markt\/wp-json\/wp\/v2\/product_brand?post=136202"},{"taxonomy":"product_cat","embeddable":true,"href":"https:\/\/marktxxl.de\/markt\/wp-json\/wp\/v2\/product_cat?post=136202"},{"taxonomy":"product_tag","embeddable":true,"href":"https:\/\/marktxxl.de\/markt\/wp-json\/wp\/v2\/product_tag?post=136202"}],"curies":[{"name":"wp","href":"https:\/\/api.w.org\/{rel}","templated":true}]}}