{"id":136025,"date":"2022-07-14T01:19:05","date_gmt":"2022-07-13T23:19:05","guid":{"rendered":"https:\/\/marktxxl.de\/markt\/produkt\/desire-deluxe-kinderschminke-set-geschenk-fuer-kinder-auf-wasserbasis-fuer-halloween-fasching-karneval-glitter-und-tattoo-schablonen-weihnachten-spielzeug-fuer-jungen-und-maedchen-3-15-jahr-a\/"},"modified":"2023-04-11T04:11:17","modified_gmt":"2023-04-11T02:11:17","slug":"desire-deluxe-kinderschminke-set-geschenk-fuer-kinder-auf-wasserbasis-fuer-halloween-fasching-karneval-glitter-und-tattoo-schablonen-weihnachten-spielzeug-fuer-jungen-und-maedchen-3-15-jahr-a","status":"publish","type":"product","link":"https:\/\/marktxxl.de\/markt\/produkt\/desire-deluxe-kinderschminke-set-geschenk-fuer-kinder-auf-wasserbasis-fuer-halloween-fasching-karneval-glitter-und-tattoo-schablonen-weihnachten-spielzeug-fuer-jungen-und-maedchen-3-15-jahr-a\/","title":{"rendered":"Desire Deluxe Kinderschminke Set Geschenk f\u00fcr Kinder &#8211; auf Wasserbasis f\u00fcr Halloween, Fasching, Karneval, Glitter und\u2026"},"content":{"rendered":"<p>Perfektes set f\u00fcr strahlende kindergesichter \u2013 Katze, Tiger, Gespenst, Skelett &#8211; blitzschnell Mit dem Schmink-Set schl\u00fcpfen Ihre Kinder blitzschnell in eine andere Rolle. Egal ob f\u00fcr Geburtstagsfeiern, Halloween, Geburtstagsfeiern oder andere dieses zertifizierte Set f\u00fcr Kinderschminke wird Sie und Ihre Kinder gleicherma\u00dfen begeistern.<br \/>\nAuf wasserbasis &amp; anti-allergisch &#8211; Statt b\u00f6sartiger Stoffe wie Schwermetalle, Parabene, Phthalate und Formaldehyd &#8211; Unsere Farben basieren auf fair gehandelten organischen Inhaltsstoffen, die hypoallergen, parabenfrei, ungiftig, vegan und FDA-konform sind. Sie werden mit Ton gef\u00e4rbt und mineralische Pigmente sind frei von Nanopartikeln.<br \/>\nIdeales geschenk &#8211; Geeignet f\u00fcr Kinder ab 3 Jahren, Gesichtsbemalungen k\u00f6nnen eine fantastische Erg\u00e4nzung zu einer Kinderparty sein. Es gibt kaum etwas Sch\u00f6neres, als Kindern zuzusehen, wie sie sich in ihre Lieblingsfiguren verwandeln, sei es Superhelden, Tiere oder die K\u00f6nigin ihres eigenen K\u00f6nigreichs. Die Welt der Fantasie kennt keine Grenzen.<br \/>\nSchnelltrocknend und farbenfroh &#8211; Warum 5 Minuten warten, wenn Ihre Kinder Spa\u00df haben k\u00f6nnen. Unsere Farbe trocknet sehr schnell. Das Kind kann sofort mit dem Spa\u00df beginnen. Um die Gesichtsfarbe zu entfernen, verwenden Sie Seife und Wasser, wenn das nicht funktioniert, versuchen Sie es mit einem feuchten Tuch, Babywischt\u00fcchern oder sanften Make-Up Entfernern.<br \/>\n60 tage geld zur\u00fcck garantie &#8211; Wir sind so zuversichtlich, dass Sie und Ihre Kinder Ihr Desire Deluxe Gesichtsbemalung Set lieben werden. Wir bieten es gerne mit einer risikolosen &#8211; 60 Tage Geld-zur\u00fcck- Garantie aus irgendeinem Grund an.<br \/>\n<div class=\"main-cross-sell\" data-asin=\"B07T3ZRFL2\">\n\n\t<div class=\"WooZone-cross-sell-loader\">\n\t\t<div>\n\t\t\t<div id=\"floatingBarsG\">\n\t\t\t\t<div class=\"blockG\" id=\"rotateG_01\"><\/div>\n\t\t\t\t<div class=\"blockG\" id=\"rotateG_02\"><\/div>\n\t\t\t\t<div class=\"blockG\" id=\"rotateG_03\"><\/div>\n\t\t\t\t<div class=\"blockG\" id=\"rotateG_04\"><\/div>\n\t\t\t\t<div class=\"blockG\" id=\"rotateG_05\"><\/div>\n\t\t\t\t<div class=\"blockG\" id=\"rotateG_06\"><\/div>\n\t\t\t\t<div class=\"blockG\" id=\"rotateG_07\"><\/div>\n\t\t\t\t<div class=\"blockG\" id=\"rotateG_08\"><\/div>\n\t\t\t<\/div>\n\t\t\t<div class=\"WooZone-cross-sell-loader-text\"><\/div>\n\t\t<\/div>\n\t<\/div>\n\n\t\t\n<\/div>\n<div style=\"clear:both;\"><\/div><\/p>\n","protected":false},"excerpt":{"rendered":"<p>Perfektes set f\u00fcr strahlende kindergesichter \u2013 Katze, Tiger, Gespenst, Skelett &#8211; blitzschnell Mit dem Schmink-Set schl\u00fcpfen Ihre Kinder blitzschnell in eine andere Rolle. Egal ob f\u00fcr Geburtstagsfeiern, Halloween, Geburtstagsfeiern oder andere dieses zertifizierte Set f\u00fcr Kinderschminke wird Sie und Ihre Kinder gleicherma\u00dfen begeistern.<br \/>\nAuf wasserbasis &amp; anti-allergisch &#8211; Statt b\u00f6sartiger Stoffe wie Schwermetalle, Parabene, Phthalate und Formaldehyd &#8211; Unsere Farben basieren auf fair gehandelten organischen Inhaltsstoffen, die hypoallergen, parabenfrei, ungiftig, vegan und FDA-konform sind. Sie werden mit Ton gef\u00e4rbt und mineralische Pigmente sind frei von Nanopartikeln.<br \/>\nIdeales geschenk &#8211; Geeignet f\u00fcr Kinder ab 3 Jahren, Gesichtsbemalungen k\u00f6nnen eine fantastische Erg\u00e4nzung zu einer Kinderparty sein. Es gibt kaum etwas Sch\u00f6neres, als Kindern zuzusehen, wie sie sich in ihre Lieblingsfiguren verwandeln, sei es Superhelden, Tiere oder die K\u00f6nigin ihres eigenen K\u00f6nigreichs. Die Welt der Fantasie kennt keine Grenzen.<\/p>\n","protected":false},"featured_media":136026,"comment_status":"open","ping_status":"closed","template":"","meta":[],"product_brand":[],"product_cat":[2858,7575],"product_tag":[],"class_list":{"0":"post-136025","1":"product","2":"type-product","3":"status-publish","4":"has-post-thumbnail","6":"product_cat-beauty","7":"product_cat-make-up","8":"pa_binding-spielzeug","9":"pa_brand-desire-deluxe","10":"pa_height-0-9842519675-zoll","11":"pa_length-10-629921249-zoll","12":"pa_manufacturer-desire-deluxe","13":"pa_model-fpkm090619","14":"pa_width-6-8897637725-zoll","16":"first","17":"instock","18":"shipping-taxable","19":"purchasable","20":"product-type-simple","21":"customify-col","22":"product-has-gallery"},"yoast_head":"<!-- This site is optimized with the Yoast SEO plugin v27.4 - https:\/\/yoast.com\/product\/yoast-seo-wordpress\/ -->\n<title>Desire Deluxe Kinderschminke Set Geschenk f\u00fcr Kinder - auf Wasserbasis f\u00fcr Halloween, Fasching, Karneval, Glitter und\u2026 - Markt-XXL<\/title>\n<meta name=\"description\" content=\"Markt-XXL Desire Deluxe Kinderschminke Set Geschenk f\u00fcr Kinder - auf Wasserbasis f\u00fcr Halloween, Fasching, Karneval, Glitter und\u2026\" \/>\n<meta name=\"robots\" content=\"index, follow, max-snippet:-1, max-image-preview:large, max-video-preview:-1\" \/>\n<link rel=\"canonical\" href=\"https:\/\/marktxxl.de\/markt\/produkt\/desire-deluxe-kinderschminke-set-geschenk-fuer-kinder-auf-wasserbasis-fuer-halloween-fasching-karneval-glitter-und-tattoo-schablonen-weihnachten-spielzeug-fuer-jungen-und-maedchen-3-15-jahr-a\/\" \/>\n<meta property=\"og:locale\" content=\"de_DE\" \/>\n<meta property=\"og:type\" content=\"article\" \/>\n<meta property=\"og:title\" content=\"Desire Deluxe Kinderschminke Set Geschenk f\u00fcr Kinder - auf Wasserbasis f\u00fcr Halloween, Fasching, Karneval, Glitter und\u2026 - Markt-XXL\" \/>\n<meta property=\"og:description\" content=\"Markt-XXL Desire Deluxe Kinderschminke Set Geschenk f\u00fcr Kinder - auf Wasserbasis f\u00fcr Halloween, Fasching, Karneval, Glitter und\u2026\" \/>\n<meta property=\"og:url\" content=\"https:\/\/marktxxl.de\/markt\/produkt\/desire-deluxe-kinderschminke-set-geschenk-fuer-kinder-auf-wasserbasis-fuer-halloween-fasching-karneval-glitter-und-tattoo-schablonen-weihnachten-spielzeug-fuer-jungen-und-maedchen-3-15-jahr-a\/\" \/>\n<meta property=\"og:site_name\" content=\"Markt-XXL\" \/>\n<meta property=\"article:modified_time\" content=\"2023-04-11T02:11:17+00:00\" \/>\n<meta property=\"og:image\" content=\"https:\/\/m.media-amazon.com\/images\/I\/61AGgt3kIWL._SL500_.jpg\" \/>\n\t<meta property=\"og:image:width\" content=\"500\" \/>\n\t<meta property=\"og:image:height\" content=\"500\" \/>\n\t<meta property=\"og:image:type\" content=\"image\/jpeg\" \/>\n<meta name=\"twitter:card\" content=\"summary_large_image\" \/>\n<meta name=\"twitter:label1\" content=\"Gesch\u00e4tzte Lesezeit\" \/>\n\t<meta name=\"twitter:data1\" content=\"1\u00a0Minute\" \/>\n<script type=\"application\/ld+json\" class=\"yoast-schema-graph\">{\"@context\":\"https:\\\/\\\/schema.org\",\"@graph\":[{\"@type\":\"WebPage\",\"@id\":\"https:\\\/\\\/marktxxl.de\\\/markt\\\/produkt\\\/desire-deluxe-kinderschminke-set-geschenk-fuer-kinder-auf-wasserbasis-fuer-halloween-fasching-karneval-glitter-und-tattoo-schablonen-weihnachten-spielzeug-fuer-jungen-und-maedchen-3-15-jahr-a\\\/\",\"url\":\"https:\\\/\\\/marktxxl.de\\\/markt\\\/produkt\\\/desire-deluxe-kinderschminke-set-geschenk-fuer-kinder-auf-wasserbasis-fuer-halloween-fasching-karneval-glitter-und-tattoo-schablonen-weihnachten-spielzeug-fuer-jungen-und-maedchen-3-15-jahr-a\\\/\",\"name\":\"Desire Deluxe Kinderschminke Set Geschenk f\u00fcr Kinder - auf Wasserbasis f\u00fcr Halloween, Fasching, Karneval, Glitter und\u2026 - Markt-XXL\",\"isPartOf\":{\"@id\":\"https:\\\/\\\/marktxxl.de\\\/markt\\\/#website\"},\"primaryImageOfPage\":{\"@id\":\"https:\\\/\\\/marktxxl.de\\\/markt\\\/produkt\\\/desire-deluxe-kinderschminke-set-geschenk-fuer-kinder-auf-wasserbasis-fuer-halloween-fasching-karneval-glitter-und-tattoo-schablonen-weihnachten-spielzeug-fuer-jungen-und-maedchen-3-15-jahr-a\\\/#primaryimage\"},\"image\":{\"@id\":\"https:\\\/\\\/marktxxl.de\\\/markt\\\/produkt\\\/desire-deluxe-kinderschminke-set-geschenk-fuer-kinder-auf-wasserbasis-fuer-halloween-fasching-karneval-glitter-und-tattoo-schablonen-weihnachten-spielzeug-fuer-jungen-und-maedchen-3-15-jahr-a\\\/#primaryimage\"},\"thumbnailUrl\":\"https:\\\/\\\/m.media-amazon.com\\\/images\\\/I\\\/61AGgt3kIWL._SL500_.jpg\",\"datePublished\":\"2022-07-13T23:19:05+00:00\",\"dateModified\":\"2023-04-11T02:11:17+00:00\",\"description\":\"Markt-XXL Desire Deluxe Kinderschminke Set Geschenk f\u00fcr Kinder - auf Wasserbasis f\u00fcr Halloween, Fasching, Karneval, Glitter und\u2026\",\"breadcrumb\":{\"@id\":\"https:\\\/\\\/marktxxl.de\\\/markt\\\/produkt\\\/desire-deluxe-kinderschminke-set-geschenk-fuer-kinder-auf-wasserbasis-fuer-halloween-fasching-karneval-glitter-und-tattoo-schablonen-weihnachten-spielzeug-fuer-jungen-und-maedchen-3-15-jahr-a\\\/#breadcrumb\"},\"inLanguage\":\"de\",\"potentialAction\":[{\"@type\":\"ReadAction\",\"target\":[\"https:\\\/\\\/marktxxl.de\\\/markt\\\/produkt\\\/desire-deluxe-kinderschminke-set-geschenk-fuer-kinder-auf-wasserbasis-fuer-halloween-fasching-karneval-glitter-und-tattoo-schablonen-weihnachten-spielzeug-fuer-jungen-und-maedchen-3-15-jahr-a\\\/\"]}]},{\"@type\":\"ImageObject\",\"inLanguage\":\"de\",\"@id\":\"https:\\\/\\\/marktxxl.de\\\/markt\\\/produkt\\\/desire-deluxe-kinderschminke-set-geschenk-fuer-kinder-auf-wasserbasis-fuer-halloween-fasching-karneval-glitter-und-tattoo-schablonen-weihnachten-spielzeug-fuer-jungen-und-maedchen-3-15-jahr-a\\\/#primaryimage\",\"url\":\"https:\\\/\\\/m.media-amazon.com\\\/images\\\/I\\\/61AGgt3kIWL._SL500_.jpg\",\"contentUrl\":\"https:\\\/\\\/m.media-amazon.com\\\/images\\\/I\\\/61AGgt3kIWL._SL500_.jpg\",\"width\":500,\"height\":500},{\"@type\":\"BreadcrumbList\",\"@id\":\"https:\\\/\\\/marktxxl.de\\\/markt\\\/produkt\\\/desire-deluxe-kinderschminke-set-geschenk-fuer-kinder-auf-wasserbasis-fuer-halloween-fasching-karneval-glitter-und-tattoo-schablonen-weihnachten-spielzeug-fuer-jungen-und-maedchen-3-15-jahr-a\\\/#breadcrumb\",\"itemListElement\":[{\"@type\":\"ListItem\",\"position\":1,\"name\":\"Startseite\",\"item\":\"https:\\\/\\\/marktxxl.de\\\/markt\\\/\"},{\"@type\":\"ListItem\",\"position\":2,\"name\":\"Markt\",\"item\":\"https:\\\/\\\/marktxxl.de\\\/markt\\\/\"},{\"@type\":\"ListItem\",\"position\":3,\"name\":\"Desire Deluxe Kinderschminke Set Geschenk f\u00fcr Kinder &#8211; auf Wasserbasis f\u00fcr Halloween, Fasching, Karneval, Glitter und\u2026\"}]},{\"@type\":\"WebSite\",\"@id\":\"https:\\\/\\\/marktxxl.de\\\/markt\\\/#website\",\"url\":\"https:\\\/\\\/marktxxl.de\\\/markt\\\/\",\"name\":\"Markt-XXL\",\"description\":\"Ihr Markt Online\",\"publisher\":{\"@id\":\"https:\\\/\\\/marktxxl.de\\\/markt\\\/#organization\"},\"potentialAction\":[{\"@type\":\"SearchAction\",\"target\":{\"@type\":\"EntryPoint\",\"urlTemplate\":\"https:\\\/\\\/marktxxl.de\\\/markt\\\/?s={search_term_string}\"},\"query-input\":{\"@type\":\"PropertyValueSpecification\",\"valueRequired\":true,\"valueName\":\"search_term_string\"}}],\"inLanguage\":\"de\"},{\"@type\":\"Organization\",\"@id\":\"https:\\\/\\\/marktxxl.de\\\/markt\\\/#organization\",\"name\":\"Markt-XXL\",\"url\":\"https:\\\/\\\/marktxxl.de\\\/markt\\\/\",\"logo\":{\"@type\":\"ImageObject\",\"inLanguage\":\"de\",\"@id\":\"https:\\\/\\\/marktxxl.de\\\/markt\\\/#\\\/schema\\\/logo\\\/image\\\/\",\"url\":\"https:\\\/\\\/marktxxl.de\\\/markt\\\/wp-content\\\/uploads\\\/sites\\\/3\\\/2020\\\/12\\\/logo.png\",\"contentUrl\":\"https:\\\/\\\/marktxxl.de\\\/markt\\\/wp-content\\\/uploads\\\/sites\\\/3\\\/2020\\\/12\\\/logo.png\",\"width\":200,\"height\":70,\"caption\":\"Markt-XXL\"},\"image\":{\"@id\":\"https:\\\/\\\/marktxxl.de\\\/markt\\\/#\\\/schema\\\/logo\\\/image\\\/\"}}]}<\/script>\n<!-- \/ Yoast SEO plugin. -->","yoast_head_json":{"title":"Desire Deluxe Kinderschminke Set Geschenk f\u00fcr Kinder - auf Wasserbasis f\u00fcr Halloween, Fasching, Karneval, Glitter und\u2026 - Markt-XXL","description":"Markt-XXL Desire Deluxe Kinderschminke Set Geschenk f\u00fcr Kinder - auf Wasserbasis f\u00fcr Halloween, Fasching, Karneval, Glitter und\u2026","robots":{"index":"index","follow":"follow","max-snippet":"max-snippet:-1","max-image-preview":"max-image-preview:large","max-video-preview":"max-video-preview:-1"},"canonical":"https:\/\/marktxxl.de\/markt\/produkt\/desire-deluxe-kinderschminke-set-geschenk-fuer-kinder-auf-wasserbasis-fuer-halloween-fasching-karneval-glitter-und-tattoo-schablonen-weihnachten-spielzeug-fuer-jungen-und-maedchen-3-15-jahr-a\/","og_locale":"de_DE","og_type":"article","og_title":"Desire Deluxe Kinderschminke Set Geschenk f\u00fcr Kinder - auf Wasserbasis f\u00fcr Halloween, Fasching, Karneval, Glitter und\u2026 - Markt-XXL","og_description":"Markt-XXL Desire Deluxe Kinderschminke Set Geschenk f\u00fcr Kinder - auf Wasserbasis f\u00fcr Halloween, Fasching, Karneval, Glitter und\u2026","og_url":"https:\/\/marktxxl.de\/markt\/produkt\/desire-deluxe-kinderschminke-set-geschenk-fuer-kinder-auf-wasserbasis-fuer-halloween-fasching-karneval-glitter-und-tattoo-schablonen-weihnachten-spielzeug-fuer-jungen-und-maedchen-3-15-jahr-a\/","og_site_name":"Markt-XXL","article_modified_time":"2023-04-11T02:11:17+00:00","og_image":[{"width":500,"height":500,"url":"https:\/\/m.media-amazon.com\/images\/I\/61AGgt3kIWL._SL500_.jpg","type":"image\/jpeg"}],"twitter_card":"summary_large_image","twitter_misc":{"Gesch\u00e4tzte Lesezeit":"1\u00a0Minute"},"schema":{"@context":"https:\/\/schema.org","@graph":[{"@type":"WebPage","@id":"https:\/\/marktxxl.de\/markt\/produkt\/desire-deluxe-kinderschminke-set-geschenk-fuer-kinder-auf-wasserbasis-fuer-halloween-fasching-karneval-glitter-und-tattoo-schablonen-weihnachten-spielzeug-fuer-jungen-und-maedchen-3-15-jahr-a\/","url":"https:\/\/marktxxl.de\/markt\/produkt\/desire-deluxe-kinderschminke-set-geschenk-fuer-kinder-auf-wasserbasis-fuer-halloween-fasching-karneval-glitter-und-tattoo-schablonen-weihnachten-spielzeug-fuer-jungen-und-maedchen-3-15-jahr-a\/","name":"Desire Deluxe Kinderschminke Set Geschenk f\u00fcr Kinder - auf Wasserbasis f\u00fcr Halloween, Fasching, Karneval, Glitter und\u2026 - Markt-XXL","isPartOf":{"@id":"https:\/\/marktxxl.de\/markt\/#website"},"primaryImageOfPage":{"@id":"https:\/\/marktxxl.de\/markt\/produkt\/desire-deluxe-kinderschminke-set-geschenk-fuer-kinder-auf-wasserbasis-fuer-halloween-fasching-karneval-glitter-und-tattoo-schablonen-weihnachten-spielzeug-fuer-jungen-und-maedchen-3-15-jahr-a\/#primaryimage"},"image":{"@id":"https:\/\/marktxxl.de\/markt\/produkt\/desire-deluxe-kinderschminke-set-geschenk-fuer-kinder-auf-wasserbasis-fuer-halloween-fasching-karneval-glitter-und-tattoo-schablonen-weihnachten-spielzeug-fuer-jungen-und-maedchen-3-15-jahr-a\/#primaryimage"},"thumbnailUrl":"https:\/\/m.media-amazon.com\/images\/I\/61AGgt3kIWL._SL500_.jpg","datePublished":"2022-07-13T23:19:05+00:00","dateModified":"2023-04-11T02:11:17+00:00","description":"Markt-XXL Desire Deluxe Kinderschminke Set Geschenk f\u00fcr Kinder - auf Wasserbasis f\u00fcr Halloween, Fasching, Karneval, Glitter und\u2026","breadcrumb":{"@id":"https:\/\/marktxxl.de\/markt\/produkt\/desire-deluxe-kinderschminke-set-geschenk-fuer-kinder-auf-wasserbasis-fuer-halloween-fasching-karneval-glitter-und-tattoo-schablonen-weihnachten-spielzeug-fuer-jungen-und-maedchen-3-15-jahr-a\/#breadcrumb"},"inLanguage":"de","potentialAction":[{"@type":"ReadAction","target":["https:\/\/marktxxl.de\/markt\/produkt\/desire-deluxe-kinderschminke-set-geschenk-fuer-kinder-auf-wasserbasis-fuer-halloween-fasching-karneval-glitter-und-tattoo-schablonen-weihnachten-spielzeug-fuer-jungen-und-maedchen-3-15-jahr-a\/"]}]},{"@type":"ImageObject","inLanguage":"de","@id":"https:\/\/marktxxl.de\/markt\/produkt\/desire-deluxe-kinderschminke-set-geschenk-fuer-kinder-auf-wasserbasis-fuer-halloween-fasching-karneval-glitter-und-tattoo-schablonen-weihnachten-spielzeug-fuer-jungen-und-maedchen-3-15-jahr-a\/#primaryimage","url":"https:\/\/m.media-amazon.com\/images\/I\/61AGgt3kIWL._SL500_.jpg","contentUrl":"https:\/\/m.media-amazon.com\/images\/I\/61AGgt3kIWL._SL500_.jpg","width":500,"height":500},{"@type":"BreadcrumbList","@id":"https:\/\/marktxxl.de\/markt\/produkt\/desire-deluxe-kinderschminke-set-geschenk-fuer-kinder-auf-wasserbasis-fuer-halloween-fasching-karneval-glitter-und-tattoo-schablonen-weihnachten-spielzeug-fuer-jungen-und-maedchen-3-15-jahr-a\/#breadcrumb","itemListElement":[{"@type":"ListItem","position":1,"name":"Startseite","item":"https:\/\/marktxxl.de\/markt\/"},{"@type":"ListItem","position":2,"name":"Markt","item":"https:\/\/marktxxl.de\/markt\/"},{"@type":"ListItem","position":3,"name":"Desire Deluxe Kinderschminke Set Geschenk f\u00fcr Kinder &#8211; auf Wasserbasis f\u00fcr Halloween, Fasching, Karneval, Glitter und\u2026"}]},{"@type":"WebSite","@id":"https:\/\/marktxxl.de\/markt\/#website","url":"https:\/\/marktxxl.de\/markt\/","name":"Markt-XXL","description":"Ihr Markt Online","publisher":{"@id":"https:\/\/marktxxl.de\/markt\/#organization"},"potentialAction":[{"@type":"SearchAction","target":{"@type":"EntryPoint","urlTemplate":"https:\/\/marktxxl.de\/markt\/?s={search_term_string}"},"query-input":{"@type":"PropertyValueSpecification","valueRequired":true,"valueName":"search_term_string"}}],"inLanguage":"de"},{"@type":"Organization","@id":"https:\/\/marktxxl.de\/markt\/#organization","name":"Markt-XXL","url":"https:\/\/marktxxl.de\/markt\/","logo":{"@type":"ImageObject","inLanguage":"de","@id":"https:\/\/marktxxl.de\/markt\/#\/schema\/logo\/image\/","url":"https:\/\/marktxxl.de\/markt\/wp-content\/uploads\/sites\/3\/2020\/12\/logo.png","contentUrl":"https:\/\/marktxxl.de\/markt\/wp-content\/uploads\/sites\/3\/2020\/12\/logo.png","width":200,"height":70,"caption":"Markt-XXL"},"image":{"@id":"https:\/\/marktxxl.de\/markt\/#\/schema\/logo\/image\/"}}]}},"_links":{"self":[{"href":"https:\/\/marktxxl.de\/markt\/wp-json\/wp\/v2\/product\/136025","targetHints":{"allow":["GET"]}}],"collection":[{"href":"https:\/\/marktxxl.de\/markt\/wp-json\/wp\/v2\/product"}],"about":[{"href":"https:\/\/marktxxl.de\/markt\/wp-json\/wp\/v2\/types\/product"}],"replies":[{"embeddable":true,"href":"https:\/\/marktxxl.de\/markt\/wp-json\/wp\/v2\/comments?post=136025"}],"wp:featuredmedia":[{"embeddable":true,"href":"https:\/\/marktxxl.de\/markt\/wp-json\/wp\/v2\/media\/136026"}],"wp:attachment":[{"href":"https:\/\/marktxxl.de\/markt\/wp-json\/wp\/v2\/media?parent=136025"}],"wp:term":[{"taxonomy":"product_brand","embeddable":true,"href":"https:\/\/marktxxl.de\/markt\/wp-json\/wp\/v2\/product_brand?post=136025"},{"taxonomy":"product_cat","embeddable":true,"href":"https:\/\/marktxxl.de\/markt\/wp-json\/wp\/v2\/product_cat?post=136025"},{"taxonomy":"product_tag","embeddable":true,"href":"https:\/\/marktxxl.de\/markt\/wp-json\/wp\/v2\/product_tag?post=136025"}],"curies":[{"name":"wp","href":"https:\/\/api.w.org\/{rel}","templated":true}]}}