{"id":135310,"date":"2022-07-14T00:46:36","date_gmt":"2022-07-13T22:46:36","guid":{"rendered":"https:\/\/marktxxl.de\/markt\/produkt\/hd-hyaline-dora-aegyptische-mini-parfuemflaschen-aus-kristall-nachfuellbare-leere-glasflaschen3-ml\/"},"modified":"2023-04-11T04:10:20","modified_gmt":"2023-04-11T02:10:20","slug":"hd-hyaline-dora-aegyptische-mini-parfuemflaschen-aus-kristall-nachfuellbare-leere-glasflaschen3-ml","status":"publish","type":"product","link":"https:\/\/marktxxl.de\/markt\/produkt\/hd-hyaline-dora-aegyptische-mini-parfuemflaschen-aus-kristall-nachfuellbare-leere-glasflaschen3-ml\/","title":{"rendered":"H&amp;D HYALINE &amp; DORA \u00c4gyptische Mini Parf\u00fcmflaschen aus Kristall, nachf\u00fcllbare leere Glasflaschen,3 ml"},"content":{"rendered":"<p>SPEZIFIKATION: Material &#8211; Hochwertiges Glas, Gr\u00f6\u00dfe &#8211; ca. 73x48mm;<br \/>\nEINZIGARTIG GESTALTET &#8211; Diese kleine leere Flasche f\u00fcr Parfums ist einzigartig und stilvoll. Ein h\u00fcbscher Zusatz zur t\u00e4glichen Sch\u00f6nheit der Frauen. Es ist leicht und attraktiv mit einer funkelnden Kristalloptik. Sie k\u00f6nnen so kreativ sein, wie Sie m\u00f6chten, und Ihren charakteristischen Duft mischen.<br \/>\nEINE GROSSE GESCHENKIDEE &#8211; Dieser nachf\u00fcllbare Duftbeh\u00e4lter aus h\u00fcbsch aussehendem Vintage-Glas ist ein ideales Geschenk f\u00fcr Ihre Freunde und Familie. Es ist edel und sehr n\u00fctzlich. Sie k\u00f6nnen handliches Parf\u00fcm mit sich f\u00fchren, um es bei jeder Gelegenheit zu tragen. Perfekt als Weihnachtsgeschenk oder Geburtstagsgeschenk.<br \/>\n100% ZUFRIEDENHEITSGARANTIE &#8211; Wir sind stolz auf die Qualit\u00e4t unserer Mini-Parf\u00fcmbeh\u00e4lter, auf die Sie sich verlassen k\u00f6nnen, wenn Sie 30 Tage lang keine Fragen haben, damit Sie unser Produkt mit Vertrauen kaufen k\u00f6nnen.<br \/>\nEINZIGARTIGES DESIGN &#8211; Diese kleine leere Flasche f\u00fcr Parfums ist einzigartig und stilvoll. Eine h\u00fcbsche Erg\u00e4nzung zur t\u00e4glichen Sch\u00f6nheit der Frau. Es ist leicht und attraktiv mit einem funkelnden Kristall-Look.<br \/>\n<div class=\"main-cross-sell\" data-asin=\"B01HHV78AO\">\n\n\t<div class=\"WooZone-cross-sell-loader\">\n\t\t<div>\n\t\t\t<div id=\"floatingBarsG\">\n\t\t\t\t<div class=\"blockG\" id=\"rotateG_01\"><\/div>\n\t\t\t\t<div class=\"blockG\" id=\"rotateG_02\"><\/div>\n\t\t\t\t<div class=\"blockG\" id=\"rotateG_03\"><\/div>\n\t\t\t\t<div class=\"blockG\" id=\"rotateG_04\"><\/div>\n\t\t\t\t<div class=\"blockG\" id=\"rotateG_05\"><\/div>\n\t\t\t\t<div class=\"blockG\" id=\"rotateG_06\"><\/div>\n\t\t\t\t<div class=\"blockG\" id=\"rotateG_07\"><\/div>\n\t\t\t\t<div class=\"blockG\" id=\"rotateG_08\"><\/div>\n\t\t\t<\/div>\n\t\t\t<div class=\"WooZone-cross-sell-loader-text\"><\/div>\n\t\t<\/div>\n\t<\/div>\n\n\t\t\n<\/div>\n<div style=\"clear:both;\"><\/div><\/p>\n","protected":false},"excerpt":{"rendered":"<p>SPEZIFIKATION: Material &#8211; Hochwertiges Glas, Gr\u00f6\u00dfe &#8211; ca. 73x48mm;<br \/>\nEINZIGARTIG GESTALTET &#8211; Diese kleine leere Flasche f\u00fcr Parfums ist einzigartig und stilvoll. Ein h\u00fcbscher Zusatz zur t\u00e4glichen Sch\u00f6nheit der Frauen. Es ist leicht und attraktiv mit einer funkelnden Kristalloptik. Sie k\u00f6nnen so kreativ sein, wie Sie m\u00f6chten, und Ihren charakteristischen Duft mischen.<br \/>\nEINE GROSSE GESCHENKIDEE &#8211; Dieser nachf\u00fcllbare Duftbeh\u00e4lter aus h\u00fcbsch aussehendem Vintage-Glas ist ein ideales Geschenk f\u00fcr Ihre Freunde und Familie. Es ist edel und sehr n\u00fctzlich. Sie k\u00f6nnen handliches Parf\u00fcm mit sich f\u00fchren, um es bei jeder Gelegenheit zu tragen. Perfekt als Weihnachtsgeschenk oder Geburtstagsgeschenk.<\/p>\n","protected":false},"featured_media":135311,"comment_status":"open","ping_status":"closed","template":"","meta":[],"product_brand":[],"product_cat":[2858,6914],"product_tag":[],"class_list":{"0":"post-135310","1":"product","2":"type-product","3":"status-publish","4":"has-post-thumbnail","6":"product_cat-beauty","7":"product_cat-duefte","8":"pa_binding-haushaltswaren","9":"pa_brand-hd-hyaline-dora","10":"pa_color-aegyptische","11":"pa_height-1-8897637776-zoll","12":"pa_length-2-9527559025-zoll","13":"pa_manufacturer-hd","14":"pa_weight-0-53-pfund","15":"pa_width-1-181102361-zoll","17":"first","18":"instock","19":"shipping-taxable","20":"purchasable","21":"product-type-simple","22":"customify-col","23":"product-has-gallery"},"yoast_head":"<!-- This site is optimized with the Yoast SEO plugin v27.4 - https:\/\/yoast.com\/product\/yoast-seo-wordpress\/ -->\n<title>H&amp;D HYALINE &amp; DORA \u00c4gyptische Mini Parf\u00fcmflaschen aus Kristall, nachf\u00fcllbare leere Glasflaschen,3 ml - Markt-XXL<\/title>\n<meta name=\"description\" content=\"Markt-XXL H&amp;D HYALINE &amp; DORA \u00c4gyptische Mini Parf\u00fcmflaschen aus Kristall, nachf\u00fcllbare leere Glasflaschen,3 ml\" \/>\n<meta name=\"robots\" content=\"index, follow, max-snippet:-1, max-image-preview:large, max-video-preview:-1\" \/>\n<link rel=\"canonical\" href=\"https:\/\/marktxxl.de\/markt\/produkt\/hd-hyaline-dora-aegyptische-mini-parfuemflaschen-aus-kristall-nachfuellbare-leere-glasflaschen3-ml\/\" \/>\n<meta property=\"og:locale\" content=\"de_DE\" \/>\n<meta property=\"og:type\" content=\"article\" \/>\n<meta property=\"og:title\" content=\"H&amp;D HYALINE &amp; DORA \u00c4gyptische Mini Parf\u00fcmflaschen aus Kristall, nachf\u00fcllbare leere Glasflaschen,3 ml - Markt-XXL\" \/>\n<meta property=\"og:description\" content=\"Markt-XXL H&amp;D HYALINE &amp; DORA \u00c4gyptische Mini Parf\u00fcmflaschen aus Kristall, nachf\u00fcllbare leere Glasflaschen,3 ml\" \/>\n<meta property=\"og:url\" content=\"https:\/\/marktxxl.de\/markt\/produkt\/hd-hyaline-dora-aegyptische-mini-parfuemflaschen-aus-kristall-nachfuellbare-leere-glasflaschen3-ml\/\" \/>\n<meta property=\"og:site_name\" content=\"Markt-XXL\" \/>\n<meta property=\"article:modified_time\" content=\"2023-04-11T02:10:20+00:00\" \/>\n<meta property=\"og:image\" content=\"https:\/\/m.media-amazon.com\/images\/I\/513Mrh5Im+L._SL500_.jpg\" \/>\n\t<meta property=\"og:image:width\" content=\"500\" \/>\n\t<meta property=\"og:image:height\" content=\"500\" \/>\n\t<meta property=\"og:image:type\" content=\"image\/jpeg\" \/>\n<meta name=\"twitter:card\" content=\"summary_large_image\" \/>\n<meta name=\"twitter:label1\" content=\"Gesch\u00e4tzte Lesezeit\" \/>\n\t<meta name=\"twitter:data1\" content=\"1\u00a0Minute\" \/>\n<script type=\"application\/ld+json\" class=\"yoast-schema-graph\">{\"@context\":\"https:\\\/\\\/schema.org\",\"@graph\":[{\"@type\":\"WebPage\",\"@id\":\"https:\\\/\\\/marktxxl.de\\\/markt\\\/produkt\\\/hd-hyaline-dora-aegyptische-mini-parfuemflaschen-aus-kristall-nachfuellbare-leere-glasflaschen3-ml\\\/\",\"url\":\"https:\\\/\\\/marktxxl.de\\\/markt\\\/produkt\\\/hd-hyaline-dora-aegyptische-mini-parfuemflaschen-aus-kristall-nachfuellbare-leere-glasflaschen3-ml\\\/\",\"name\":\"H&amp;D HYALINE &amp; DORA \u00c4gyptische Mini Parf\u00fcmflaschen aus Kristall, nachf\u00fcllbare leere Glasflaschen,3 ml - Markt-XXL\",\"isPartOf\":{\"@id\":\"https:\\\/\\\/marktxxl.de\\\/markt\\\/#website\"},\"primaryImageOfPage\":{\"@id\":\"https:\\\/\\\/marktxxl.de\\\/markt\\\/produkt\\\/hd-hyaline-dora-aegyptische-mini-parfuemflaschen-aus-kristall-nachfuellbare-leere-glasflaschen3-ml\\\/#primaryimage\"},\"image\":{\"@id\":\"https:\\\/\\\/marktxxl.de\\\/markt\\\/produkt\\\/hd-hyaline-dora-aegyptische-mini-parfuemflaschen-aus-kristall-nachfuellbare-leere-glasflaschen3-ml\\\/#primaryimage\"},\"thumbnailUrl\":\"https:\\\/\\\/m.media-amazon.com\\\/images\\\/I\\\/513Mrh5Im+L._SL500_.jpg\",\"datePublished\":\"2022-07-13T22:46:36+00:00\",\"dateModified\":\"2023-04-11T02:10:20+00:00\",\"description\":\"Markt-XXL H&amp;D HYALINE &amp; DORA \u00c4gyptische Mini Parf\u00fcmflaschen aus Kristall, nachf\u00fcllbare leere Glasflaschen,3 ml\",\"breadcrumb\":{\"@id\":\"https:\\\/\\\/marktxxl.de\\\/markt\\\/produkt\\\/hd-hyaline-dora-aegyptische-mini-parfuemflaschen-aus-kristall-nachfuellbare-leere-glasflaschen3-ml\\\/#breadcrumb\"},\"inLanguage\":\"de\",\"potentialAction\":[{\"@type\":\"ReadAction\",\"target\":[\"https:\\\/\\\/marktxxl.de\\\/markt\\\/produkt\\\/hd-hyaline-dora-aegyptische-mini-parfuemflaschen-aus-kristall-nachfuellbare-leere-glasflaschen3-ml\\\/\"]}]},{\"@type\":\"ImageObject\",\"inLanguage\":\"de\",\"@id\":\"https:\\\/\\\/marktxxl.de\\\/markt\\\/produkt\\\/hd-hyaline-dora-aegyptische-mini-parfuemflaschen-aus-kristall-nachfuellbare-leere-glasflaschen3-ml\\\/#primaryimage\",\"url\":\"https:\\\/\\\/m.media-amazon.com\\\/images\\\/I\\\/513Mrh5Im+L._SL500_.jpg\",\"contentUrl\":\"https:\\\/\\\/m.media-amazon.com\\\/images\\\/I\\\/513Mrh5Im+L._SL500_.jpg\",\"width\":500,\"height\":500},{\"@type\":\"BreadcrumbList\",\"@id\":\"https:\\\/\\\/marktxxl.de\\\/markt\\\/produkt\\\/hd-hyaline-dora-aegyptische-mini-parfuemflaschen-aus-kristall-nachfuellbare-leere-glasflaschen3-ml\\\/#breadcrumb\",\"itemListElement\":[{\"@type\":\"ListItem\",\"position\":1,\"name\":\"Startseite\",\"item\":\"https:\\\/\\\/marktxxl.de\\\/markt\\\/\"},{\"@type\":\"ListItem\",\"position\":2,\"name\":\"Markt\",\"item\":\"https:\\\/\\\/marktxxl.de\\\/markt\\\/\"},{\"@type\":\"ListItem\",\"position\":3,\"name\":\"H&amp;D HYALINE &amp; DORA \u00c4gyptische Mini Parf\u00fcmflaschen aus Kristall, nachf\u00fcllbare leere Glasflaschen,3 ml\"}]},{\"@type\":\"WebSite\",\"@id\":\"https:\\\/\\\/marktxxl.de\\\/markt\\\/#website\",\"url\":\"https:\\\/\\\/marktxxl.de\\\/markt\\\/\",\"name\":\"Markt-XXL\",\"description\":\"Ihr Markt Online\",\"publisher\":{\"@id\":\"https:\\\/\\\/marktxxl.de\\\/markt\\\/#organization\"},\"potentialAction\":[{\"@type\":\"SearchAction\",\"target\":{\"@type\":\"EntryPoint\",\"urlTemplate\":\"https:\\\/\\\/marktxxl.de\\\/markt\\\/?s={search_term_string}\"},\"query-input\":{\"@type\":\"PropertyValueSpecification\",\"valueRequired\":true,\"valueName\":\"search_term_string\"}}],\"inLanguage\":\"de\"},{\"@type\":\"Organization\",\"@id\":\"https:\\\/\\\/marktxxl.de\\\/markt\\\/#organization\",\"name\":\"Markt-XXL\",\"url\":\"https:\\\/\\\/marktxxl.de\\\/markt\\\/\",\"logo\":{\"@type\":\"ImageObject\",\"inLanguage\":\"de\",\"@id\":\"https:\\\/\\\/marktxxl.de\\\/markt\\\/#\\\/schema\\\/logo\\\/image\\\/\",\"url\":\"https:\\\/\\\/marktxxl.de\\\/markt\\\/wp-content\\\/uploads\\\/sites\\\/3\\\/2020\\\/12\\\/logo.png\",\"contentUrl\":\"https:\\\/\\\/marktxxl.de\\\/markt\\\/wp-content\\\/uploads\\\/sites\\\/3\\\/2020\\\/12\\\/logo.png\",\"width\":200,\"height\":70,\"caption\":\"Markt-XXL\"},\"image\":{\"@id\":\"https:\\\/\\\/marktxxl.de\\\/markt\\\/#\\\/schema\\\/logo\\\/image\\\/\"}}]}<\/script>\n<!-- \/ Yoast SEO plugin. -->","yoast_head_json":{"title":"H&amp;D HYALINE &amp; DORA \u00c4gyptische Mini Parf\u00fcmflaschen aus Kristall, nachf\u00fcllbare leere Glasflaschen,3 ml - Markt-XXL","description":"Markt-XXL H&amp;D HYALINE &amp; DORA \u00c4gyptische Mini Parf\u00fcmflaschen aus Kristall, nachf\u00fcllbare leere Glasflaschen,3 ml","robots":{"index":"index","follow":"follow","max-snippet":"max-snippet:-1","max-image-preview":"max-image-preview:large","max-video-preview":"max-video-preview:-1"},"canonical":"https:\/\/marktxxl.de\/markt\/produkt\/hd-hyaline-dora-aegyptische-mini-parfuemflaschen-aus-kristall-nachfuellbare-leere-glasflaschen3-ml\/","og_locale":"de_DE","og_type":"article","og_title":"H&amp;D HYALINE &amp; DORA \u00c4gyptische Mini Parf\u00fcmflaschen aus Kristall, nachf\u00fcllbare leere Glasflaschen,3 ml - Markt-XXL","og_description":"Markt-XXL H&amp;D HYALINE &amp; DORA \u00c4gyptische Mini Parf\u00fcmflaschen aus Kristall, nachf\u00fcllbare leere Glasflaschen,3 ml","og_url":"https:\/\/marktxxl.de\/markt\/produkt\/hd-hyaline-dora-aegyptische-mini-parfuemflaschen-aus-kristall-nachfuellbare-leere-glasflaschen3-ml\/","og_site_name":"Markt-XXL","article_modified_time":"2023-04-11T02:10:20+00:00","og_image":[{"width":500,"height":500,"url":"https:\/\/m.media-amazon.com\/images\/I\/513Mrh5Im+L._SL500_.jpg","type":"image\/jpeg"}],"twitter_card":"summary_large_image","twitter_misc":{"Gesch\u00e4tzte Lesezeit":"1\u00a0Minute"},"schema":{"@context":"https:\/\/schema.org","@graph":[{"@type":"WebPage","@id":"https:\/\/marktxxl.de\/markt\/produkt\/hd-hyaline-dora-aegyptische-mini-parfuemflaschen-aus-kristall-nachfuellbare-leere-glasflaschen3-ml\/","url":"https:\/\/marktxxl.de\/markt\/produkt\/hd-hyaline-dora-aegyptische-mini-parfuemflaschen-aus-kristall-nachfuellbare-leere-glasflaschen3-ml\/","name":"H&amp;D HYALINE &amp; DORA \u00c4gyptische Mini Parf\u00fcmflaschen aus Kristall, nachf\u00fcllbare leere Glasflaschen,3 ml - Markt-XXL","isPartOf":{"@id":"https:\/\/marktxxl.de\/markt\/#website"},"primaryImageOfPage":{"@id":"https:\/\/marktxxl.de\/markt\/produkt\/hd-hyaline-dora-aegyptische-mini-parfuemflaschen-aus-kristall-nachfuellbare-leere-glasflaschen3-ml\/#primaryimage"},"image":{"@id":"https:\/\/marktxxl.de\/markt\/produkt\/hd-hyaline-dora-aegyptische-mini-parfuemflaschen-aus-kristall-nachfuellbare-leere-glasflaschen3-ml\/#primaryimage"},"thumbnailUrl":"https:\/\/m.media-amazon.com\/images\/I\/513Mrh5Im+L._SL500_.jpg","datePublished":"2022-07-13T22:46:36+00:00","dateModified":"2023-04-11T02:10:20+00:00","description":"Markt-XXL H&amp;D HYALINE &amp; DORA \u00c4gyptische Mini Parf\u00fcmflaschen aus Kristall, nachf\u00fcllbare leere Glasflaschen,3 ml","breadcrumb":{"@id":"https:\/\/marktxxl.de\/markt\/produkt\/hd-hyaline-dora-aegyptische-mini-parfuemflaschen-aus-kristall-nachfuellbare-leere-glasflaschen3-ml\/#breadcrumb"},"inLanguage":"de","potentialAction":[{"@type":"ReadAction","target":["https:\/\/marktxxl.de\/markt\/produkt\/hd-hyaline-dora-aegyptische-mini-parfuemflaschen-aus-kristall-nachfuellbare-leere-glasflaschen3-ml\/"]}]},{"@type":"ImageObject","inLanguage":"de","@id":"https:\/\/marktxxl.de\/markt\/produkt\/hd-hyaline-dora-aegyptische-mini-parfuemflaschen-aus-kristall-nachfuellbare-leere-glasflaschen3-ml\/#primaryimage","url":"https:\/\/m.media-amazon.com\/images\/I\/513Mrh5Im+L._SL500_.jpg","contentUrl":"https:\/\/m.media-amazon.com\/images\/I\/513Mrh5Im+L._SL500_.jpg","width":500,"height":500},{"@type":"BreadcrumbList","@id":"https:\/\/marktxxl.de\/markt\/produkt\/hd-hyaline-dora-aegyptische-mini-parfuemflaschen-aus-kristall-nachfuellbare-leere-glasflaschen3-ml\/#breadcrumb","itemListElement":[{"@type":"ListItem","position":1,"name":"Startseite","item":"https:\/\/marktxxl.de\/markt\/"},{"@type":"ListItem","position":2,"name":"Markt","item":"https:\/\/marktxxl.de\/markt\/"},{"@type":"ListItem","position":3,"name":"H&amp;D HYALINE &amp; DORA \u00c4gyptische Mini Parf\u00fcmflaschen aus Kristall, nachf\u00fcllbare leere Glasflaschen,3 ml"}]},{"@type":"WebSite","@id":"https:\/\/marktxxl.de\/markt\/#website","url":"https:\/\/marktxxl.de\/markt\/","name":"Markt-XXL","description":"Ihr Markt Online","publisher":{"@id":"https:\/\/marktxxl.de\/markt\/#organization"},"potentialAction":[{"@type":"SearchAction","target":{"@type":"EntryPoint","urlTemplate":"https:\/\/marktxxl.de\/markt\/?s={search_term_string}"},"query-input":{"@type":"PropertyValueSpecification","valueRequired":true,"valueName":"search_term_string"}}],"inLanguage":"de"},{"@type":"Organization","@id":"https:\/\/marktxxl.de\/markt\/#organization","name":"Markt-XXL","url":"https:\/\/marktxxl.de\/markt\/","logo":{"@type":"ImageObject","inLanguage":"de","@id":"https:\/\/marktxxl.de\/markt\/#\/schema\/logo\/image\/","url":"https:\/\/marktxxl.de\/markt\/wp-content\/uploads\/sites\/3\/2020\/12\/logo.png","contentUrl":"https:\/\/marktxxl.de\/markt\/wp-content\/uploads\/sites\/3\/2020\/12\/logo.png","width":200,"height":70,"caption":"Markt-XXL"},"image":{"@id":"https:\/\/marktxxl.de\/markt\/#\/schema\/logo\/image\/"}}]}},"_links":{"self":[{"href":"https:\/\/marktxxl.de\/markt\/wp-json\/wp\/v2\/product\/135310","targetHints":{"allow":["GET"]}}],"collection":[{"href":"https:\/\/marktxxl.de\/markt\/wp-json\/wp\/v2\/product"}],"about":[{"href":"https:\/\/marktxxl.de\/markt\/wp-json\/wp\/v2\/types\/product"}],"replies":[{"embeddable":true,"href":"https:\/\/marktxxl.de\/markt\/wp-json\/wp\/v2\/comments?post=135310"}],"wp:featuredmedia":[{"embeddable":true,"href":"https:\/\/marktxxl.de\/markt\/wp-json\/wp\/v2\/media\/135311"}],"wp:attachment":[{"href":"https:\/\/marktxxl.de\/markt\/wp-json\/wp\/v2\/media?parent=135310"}],"wp:term":[{"taxonomy":"product_brand","embeddable":true,"href":"https:\/\/marktxxl.de\/markt\/wp-json\/wp\/v2\/product_brand?post=135310"},{"taxonomy":"product_cat","embeddable":true,"href":"https:\/\/marktxxl.de\/markt\/wp-json\/wp\/v2\/product_cat?post=135310"},{"taxonomy":"product_tag","embeddable":true,"href":"https:\/\/marktxxl.de\/markt\/wp-json\/wp\/v2\/product_tag?post=135310"}],"curies":[{"name":"wp","href":"https:\/\/api.w.org\/{rel}","templated":true}]}}