{"id":134347,"date":"2022-07-13T22:46:22","date_gmt":"2022-07-13T20:46:22","guid":{"rendered":"https:\/\/marktxxl.de\/markt\/produkt\/einweg-toepfchen-fuer-toepfchentoepfchen-universell-passend-fuer-alle-groessen-60-stueck-2-stueck\/"},"modified":"2023-04-11T04:09:16","modified_gmt":"2023-04-11T02:09:16","slug":"einweg-toepfchen-fuer-toepfchentoepfchen-universell-passend-fuer-alle-groessen-60-stueck-2-stueck","status":"publish","type":"product","link":"https:\/\/marktxxl.de\/markt\/produkt\/einweg-toepfchen-fuer-toepfchentoepfchen-universell-passend-fuer-alle-groessen-60-stueck-2-stueck\/","title":{"rendered":"Einweg-T\u00f6pfchen f\u00fcr T\u00f6pfchent\u00f6pfchen, universell passend f\u00fcr alle Gr\u00f6\u00dfen, 60 St\u00fcck, 2 St\u00fcck"},"content":{"rendered":"<p>UNIVERSAL PASSFORM \u2013 Funktioniert hervorragend mit den meisten beliebten T\u00f6pfchen, einschlie\u00dflich gro\u00dfen Modellen wie OXO 2-in-1 Travel.<br \/>\nSaugf\u00e4hig und auslaufsicher \u2013 l\u00e4sst sich mit weichen, flexiblen Klappen sicher an den meisten Sitzen befestigen, um alle Abf\u00e4lle zu fangen. Einfach abwerfen, wenn fertig ist \u2013 das T\u00f6pfchen muss nicht gereinigt oder desinfiziert werden!<br \/>\nLanglebig und dennoch leicht \u2013 diese packbaren M\u00fcllbeutel sind v\u00f6llig tragbar, aber aus starkem, geruchlosem und ungiftigem PE-Material hergestellt, das f\u00fcr eine einfache Aufnahme von bis zu 5 oz Fl\u00fcssigkeit konzipiert ist.<br \/>\nPraktische und sanit\u00e4re L\u00f6sung \u2013 ideal f\u00fcr Reisen oder beim T\u00f6pfchentraining. Diese handlichen Eins\u00e4tze eliminieren die Notwendigkeit einer st\u00e4ndigen Reinigung oder direkten Kontakt mit einer schmutzigen Toilette.<br \/>\nWIRTSCHAFTLICH UND KOMFORT\u2013 60ct. Hochwertige Eins\u00e4tze sind perfekt f\u00fcr den Einsatz zu Hause oder unterwegs. Bewahren Sie sie im Auto oder in Ihrer Tasche auf, um sie zu greifen, wann immer es n\u00f6tig ist \u2013 auch ideal f\u00fcr Hundekoten.<br \/>\n<div class=\"main-cross-sell\" data-asin=\"B07SDMNZ92\">\n\n\t<div class=\"WooZone-cross-sell-loader\">\n\t\t<div>\n\t\t\t<div id=\"floatingBarsG\">\n\t\t\t\t<div class=\"blockG\" id=\"rotateG_01\"><\/div>\n\t\t\t\t<div class=\"blockG\" id=\"rotateG_02\"><\/div>\n\t\t\t\t<div class=\"blockG\" id=\"rotateG_03\"><\/div>\n\t\t\t\t<div class=\"blockG\" id=\"rotateG_04\"><\/div>\n\t\t\t\t<div class=\"blockG\" id=\"rotateG_05\"><\/div>\n\t\t\t\t<div class=\"blockG\" id=\"rotateG_06\"><\/div>\n\t\t\t\t<div class=\"blockG\" id=\"rotateG_07\"><\/div>\n\t\t\t\t<div class=\"blockG\" id=\"rotateG_08\"><\/div>\n\t\t\t<\/div>\n\t\t\t<div class=\"WooZone-cross-sell-loader-text\"><\/div>\n\t\t<\/div>\n\t<\/div>\n\n\t\t\n<\/div>\n<div style=\"clear:both;\"><\/div><\/p>\n","protected":false},"excerpt":{"rendered":"<p>UNIVERSAL PASSFORM \u2013 Funktioniert hervorragend mit den meisten beliebten T\u00f6pfchen, einschlie\u00dflich gro\u00dfen Modellen wie OXO 2-in-1 Travel.<br \/>\nSaugf\u00e4hig und auslaufsicher \u2013 l\u00e4sst sich mit weichen, flexiblen Klappen sicher an den meisten Sitzen befestigen, um alle Abf\u00e4lle zu fangen. Einfach abwerfen, wenn fertig ist \u2013 das T\u00f6pfchen muss nicht gereinigt oder desinfiziert werden!<br \/>\nLanglebig und dennoch leicht \u2013 diese packbaren M\u00fcllbeutel sind v\u00f6llig tragbar, aber aus starkem, geruchlosem und ungiftigem PE-Material hergestellt, das f\u00fcr eine einfache Aufnahme von bis zu 5 oz Fl\u00fcssigkeit konzipiert ist.<\/p>\n","protected":false},"featured_media":134348,"comment_status":"open","ping_status":"closed","template":"","meta":[],"product_brand":[],"product_cat":[21,9437],"product_tag":[],"class_list":{"0":"post-134347","1":"product","2":"type-product","3":"status-publish","4":"has-post-thumbnail","6":"product_cat-baby","7":"product_cat-toepfchen-trittschemel-baby","8":"pa_binding-babyartikel","9":"pa_brand-minne","10":"pa_manufacturer-minne","12":"first","13":"instock","14":"shipping-taxable","15":"purchasable","16":"product-type-simple","17":"customify-col","18":"product-has-gallery"},"yoast_head":"<!-- This site is optimized with the Yoast SEO plugin v27.4 - https:\/\/yoast.com\/product\/yoast-seo-wordpress\/ -->\n<title>Einweg-T\u00f6pfchen f\u00fcr T\u00f6pfchent\u00f6pfchen, universell passend f\u00fcr alle Gr\u00f6\u00dfen, 60 St\u00fcck, 2 St\u00fcck - Markt-XXL<\/title>\n<meta name=\"description\" content=\"Markt-XXL Einweg-T\u00f6pfchen f\u00fcr T\u00f6pfchent\u00f6pfchen, universell passend f\u00fcr alle Gr\u00f6\u00dfen, 60 St\u00fcck, 2 St\u00fcck\" \/>\n<meta name=\"robots\" content=\"index, follow, max-snippet:-1, max-image-preview:large, max-video-preview:-1\" \/>\n<link rel=\"canonical\" href=\"https:\/\/marktxxl.de\/markt\/produkt\/einweg-toepfchen-fuer-toepfchentoepfchen-universell-passend-fuer-alle-groessen-60-stueck-2-stueck\/\" \/>\n<meta property=\"og:locale\" content=\"de_DE\" \/>\n<meta property=\"og:type\" content=\"article\" \/>\n<meta property=\"og:title\" content=\"Einweg-T\u00f6pfchen f\u00fcr T\u00f6pfchent\u00f6pfchen, universell passend f\u00fcr alle Gr\u00f6\u00dfen, 60 St\u00fcck, 2 St\u00fcck - Markt-XXL\" \/>\n<meta property=\"og:description\" content=\"Markt-XXL Einweg-T\u00f6pfchen f\u00fcr T\u00f6pfchent\u00f6pfchen, universell passend f\u00fcr alle Gr\u00f6\u00dfen, 60 St\u00fcck, 2 St\u00fcck\" \/>\n<meta property=\"og:url\" content=\"https:\/\/marktxxl.de\/markt\/produkt\/einweg-toepfchen-fuer-toepfchentoepfchen-universell-passend-fuer-alle-groessen-60-stueck-2-stueck\/\" \/>\n<meta property=\"og:site_name\" content=\"Markt-XXL\" \/>\n<meta property=\"article:modified_time\" content=\"2023-04-11T02:09:16+00:00\" \/>\n<meta property=\"og:image\" content=\"https:\/\/m.media-amazon.com\/images\/I\/41AVDzJODCL._SL500_.jpg\" \/>\n\t<meta property=\"og:image:width\" content=\"500\" \/>\n\t<meta property=\"og:image:height\" content=\"500\" \/>\n\t<meta property=\"og:image:type\" content=\"image\/jpeg\" \/>\n<meta name=\"twitter:card\" content=\"summary_large_image\" \/>\n<meta name=\"twitter:label1\" content=\"Gesch\u00e4tzte Lesezeit\" \/>\n\t<meta name=\"twitter:data1\" content=\"1\u00a0Minute\" \/>\n<script type=\"application\/ld+json\" class=\"yoast-schema-graph\">{\"@context\":\"https:\\\/\\\/schema.org\",\"@graph\":[{\"@type\":\"WebPage\",\"@id\":\"https:\\\/\\\/marktxxl.de\\\/markt\\\/produkt\\\/einweg-toepfchen-fuer-toepfchentoepfchen-universell-passend-fuer-alle-groessen-60-stueck-2-stueck\\\/\",\"url\":\"https:\\\/\\\/marktxxl.de\\\/markt\\\/produkt\\\/einweg-toepfchen-fuer-toepfchentoepfchen-universell-passend-fuer-alle-groessen-60-stueck-2-stueck\\\/\",\"name\":\"Einweg-T\u00f6pfchen f\u00fcr T\u00f6pfchent\u00f6pfchen, universell passend f\u00fcr alle Gr\u00f6\u00dfen, 60 St\u00fcck, 2 St\u00fcck - Markt-XXL\",\"isPartOf\":{\"@id\":\"https:\\\/\\\/marktxxl.de\\\/markt\\\/#website\"},\"primaryImageOfPage\":{\"@id\":\"https:\\\/\\\/marktxxl.de\\\/markt\\\/produkt\\\/einweg-toepfchen-fuer-toepfchentoepfchen-universell-passend-fuer-alle-groessen-60-stueck-2-stueck\\\/#primaryimage\"},\"image\":{\"@id\":\"https:\\\/\\\/marktxxl.de\\\/markt\\\/produkt\\\/einweg-toepfchen-fuer-toepfchentoepfchen-universell-passend-fuer-alle-groessen-60-stueck-2-stueck\\\/#primaryimage\"},\"thumbnailUrl\":\"https:\\\/\\\/m.media-amazon.com\\\/images\\\/I\\\/41AVDzJODCL._SL500_.jpg\",\"datePublished\":\"2022-07-13T20:46:22+00:00\",\"dateModified\":\"2023-04-11T02:09:16+00:00\",\"description\":\"Markt-XXL Einweg-T\u00f6pfchen f\u00fcr T\u00f6pfchent\u00f6pfchen, universell passend f\u00fcr alle Gr\u00f6\u00dfen, 60 St\u00fcck, 2 St\u00fcck\",\"breadcrumb\":{\"@id\":\"https:\\\/\\\/marktxxl.de\\\/markt\\\/produkt\\\/einweg-toepfchen-fuer-toepfchentoepfchen-universell-passend-fuer-alle-groessen-60-stueck-2-stueck\\\/#breadcrumb\"},\"inLanguage\":\"de\",\"potentialAction\":[{\"@type\":\"ReadAction\",\"target\":[\"https:\\\/\\\/marktxxl.de\\\/markt\\\/produkt\\\/einweg-toepfchen-fuer-toepfchentoepfchen-universell-passend-fuer-alle-groessen-60-stueck-2-stueck\\\/\"]}]},{\"@type\":\"ImageObject\",\"inLanguage\":\"de\",\"@id\":\"https:\\\/\\\/marktxxl.de\\\/markt\\\/produkt\\\/einweg-toepfchen-fuer-toepfchentoepfchen-universell-passend-fuer-alle-groessen-60-stueck-2-stueck\\\/#primaryimage\",\"url\":\"https:\\\/\\\/m.media-amazon.com\\\/images\\\/I\\\/41AVDzJODCL._SL500_.jpg\",\"contentUrl\":\"https:\\\/\\\/m.media-amazon.com\\\/images\\\/I\\\/41AVDzJODCL._SL500_.jpg\",\"width\":500,\"height\":500},{\"@type\":\"BreadcrumbList\",\"@id\":\"https:\\\/\\\/marktxxl.de\\\/markt\\\/produkt\\\/einweg-toepfchen-fuer-toepfchentoepfchen-universell-passend-fuer-alle-groessen-60-stueck-2-stueck\\\/#breadcrumb\",\"itemListElement\":[{\"@type\":\"ListItem\",\"position\":1,\"name\":\"Startseite\",\"item\":\"https:\\\/\\\/marktxxl.de\\\/markt\\\/\"},{\"@type\":\"ListItem\",\"position\":2,\"name\":\"Markt\",\"item\":\"https:\\\/\\\/marktxxl.de\\\/markt\\\/\"},{\"@type\":\"ListItem\",\"position\":3,\"name\":\"Einweg-T\u00f6pfchen f\u00fcr T\u00f6pfchent\u00f6pfchen, universell passend f\u00fcr alle Gr\u00f6\u00dfen, 60 St\u00fcck, 2 St\u00fcck\"}]},{\"@type\":\"WebSite\",\"@id\":\"https:\\\/\\\/marktxxl.de\\\/markt\\\/#website\",\"url\":\"https:\\\/\\\/marktxxl.de\\\/markt\\\/\",\"name\":\"Markt-XXL\",\"description\":\"Ihr Markt Online\",\"publisher\":{\"@id\":\"https:\\\/\\\/marktxxl.de\\\/markt\\\/#organization\"},\"potentialAction\":[{\"@type\":\"SearchAction\",\"target\":{\"@type\":\"EntryPoint\",\"urlTemplate\":\"https:\\\/\\\/marktxxl.de\\\/markt\\\/?s={search_term_string}\"},\"query-input\":{\"@type\":\"PropertyValueSpecification\",\"valueRequired\":true,\"valueName\":\"search_term_string\"}}],\"inLanguage\":\"de\"},{\"@type\":\"Organization\",\"@id\":\"https:\\\/\\\/marktxxl.de\\\/markt\\\/#organization\",\"name\":\"Markt-XXL\",\"url\":\"https:\\\/\\\/marktxxl.de\\\/markt\\\/\",\"logo\":{\"@type\":\"ImageObject\",\"inLanguage\":\"de\",\"@id\":\"https:\\\/\\\/marktxxl.de\\\/markt\\\/#\\\/schema\\\/logo\\\/image\\\/\",\"url\":\"https:\\\/\\\/marktxxl.de\\\/markt\\\/wp-content\\\/uploads\\\/sites\\\/3\\\/2020\\\/12\\\/logo.png\",\"contentUrl\":\"https:\\\/\\\/marktxxl.de\\\/markt\\\/wp-content\\\/uploads\\\/sites\\\/3\\\/2020\\\/12\\\/logo.png\",\"width\":200,\"height\":70,\"caption\":\"Markt-XXL\"},\"image\":{\"@id\":\"https:\\\/\\\/marktxxl.de\\\/markt\\\/#\\\/schema\\\/logo\\\/image\\\/\"}}]}<\/script>\n<!-- \/ Yoast SEO plugin. -->","yoast_head_json":{"title":"Einweg-T\u00f6pfchen f\u00fcr T\u00f6pfchent\u00f6pfchen, universell passend f\u00fcr alle Gr\u00f6\u00dfen, 60 St\u00fcck, 2 St\u00fcck - Markt-XXL","description":"Markt-XXL Einweg-T\u00f6pfchen f\u00fcr T\u00f6pfchent\u00f6pfchen, universell passend f\u00fcr alle Gr\u00f6\u00dfen, 60 St\u00fcck, 2 St\u00fcck","robots":{"index":"index","follow":"follow","max-snippet":"max-snippet:-1","max-image-preview":"max-image-preview:large","max-video-preview":"max-video-preview:-1"},"canonical":"https:\/\/marktxxl.de\/markt\/produkt\/einweg-toepfchen-fuer-toepfchentoepfchen-universell-passend-fuer-alle-groessen-60-stueck-2-stueck\/","og_locale":"de_DE","og_type":"article","og_title":"Einweg-T\u00f6pfchen f\u00fcr T\u00f6pfchent\u00f6pfchen, universell passend f\u00fcr alle Gr\u00f6\u00dfen, 60 St\u00fcck, 2 St\u00fcck - Markt-XXL","og_description":"Markt-XXL Einweg-T\u00f6pfchen f\u00fcr T\u00f6pfchent\u00f6pfchen, universell passend f\u00fcr alle Gr\u00f6\u00dfen, 60 St\u00fcck, 2 St\u00fcck","og_url":"https:\/\/marktxxl.de\/markt\/produkt\/einweg-toepfchen-fuer-toepfchentoepfchen-universell-passend-fuer-alle-groessen-60-stueck-2-stueck\/","og_site_name":"Markt-XXL","article_modified_time":"2023-04-11T02:09:16+00:00","og_image":[{"width":500,"height":500,"url":"https:\/\/m.media-amazon.com\/images\/I\/41AVDzJODCL._SL500_.jpg","type":"image\/jpeg"}],"twitter_card":"summary_large_image","twitter_misc":{"Gesch\u00e4tzte Lesezeit":"1\u00a0Minute"},"schema":{"@context":"https:\/\/schema.org","@graph":[{"@type":"WebPage","@id":"https:\/\/marktxxl.de\/markt\/produkt\/einweg-toepfchen-fuer-toepfchentoepfchen-universell-passend-fuer-alle-groessen-60-stueck-2-stueck\/","url":"https:\/\/marktxxl.de\/markt\/produkt\/einweg-toepfchen-fuer-toepfchentoepfchen-universell-passend-fuer-alle-groessen-60-stueck-2-stueck\/","name":"Einweg-T\u00f6pfchen f\u00fcr T\u00f6pfchent\u00f6pfchen, universell passend f\u00fcr alle Gr\u00f6\u00dfen, 60 St\u00fcck, 2 St\u00fcck - Markt-XXL","isPartOf":{"@id":"https:\/\/marktxxl.de\/markt\/#website"},"primaryImageOfPage":{"@id":"https:\/\/marktxxl.de\/markt\/produkt\/einweg-toepfchen-fuer-toepfchentoepfchen-universell-passend-fuer-alle-groessen-60-stueck-2-stueck\/#primaryimage"},"image":{"@id":"https:\/\/marktxxl.de\/markt\/produkt\/einweg-toepfchen-fuer-toepfchentoepfchen-universell-passend-fuer-alle-groessen-60-stueck-2-stueck\/#primaryimage"},"thumbnailUrl":"https:\/\/m.media-amazon.com\/images\/I\/41AVDzJODCL._SL500_.jpg","datePublished":"2022-07-13T20:46:22+00:00","dateModified":"2023-04-11T02:09:16+00:00","description":"Markt-XXL Einweg-T\u00f6pfchen f\u00fcr T\u00f6pfchent\u00f6pfchen, universell passend f\u00fcr alle Gr\u00f6\u00dfen, 60 St\u00fcck, 2 St\u00fcck","breadcrumb":{"@id":"https:\/\/marktxxl.de\/markt\/produkt\/einweg-toepfchen-fuer-toepfchentoepfchen-universell-passend-fuer-alle-groessen-60-stueck-2-stueck\/#breadcrumb"},"inLanguage":"de","potentialAction":[{"@type":"ReadAction","target":["https:\/\/marktxxl.de\/markt\/produkt\/einweg-toepfchen-fuer-toepfchentoepfchen-universell-passend-fuer-alle-groessen-60-stueck-2-stueck\/"]}]},{"@type":"ImageObject","inLanguage":"de","@id":"https:\/\/marktxxl.de\/markt\/produkt\/einweg-toepfchen-fuer-toepfchentoepfchen-universell-passend-fuer-alle-groessen-60-stueck-2-stueck\/#primaryimage","url":"https:\/\/m.media-amazon.com\/images\/I\/41AVDzJODCL._SL500_.jpg","contentUrl":"https:\/\/m.media-amazon.com\/images\/I\/41AVDzJODCL._SL500_.jpg","width":500,"height":500},{"@type":"BreadcrumbList","@id":"https:\/\/marktxxl.de\/markt\/produkt\/einweg-toepfchen-fuer-toepfchentoepfchen-universell-passend-fuer-alle-groessen-60-stueck-2-stueck\/#breadcrumb","itemListElement":[{"@type":"ListItem","position":1,"name":"Startseite","item":"https:\/\/marktxxl.de\/markt\/"},{"@type":"ListItem","position":2,"name":"Markt","item":"https:\/\/marktxxl.de\/markt\/"},{"@type":"ListItem","position":3,"name":"Einweg-T\u00f6pfchen f\u00fcr T\u00f6pfchent\u00f6pfchen, universell passend f\u00fcr alle Gr\u00f6\u00dfen, 60 St\u00fcck, 2 St\u00fcck"}]},{"@type":"WebSite","@id":"https:\/\/marktxxl.de\/markt\/#website","url":"https:\/\/marktxxl.de\/markt\/","name":"Markt-XXL","description":"Ihr Markt Online","publisher":{"@id":"https:\/\/marktxxl.de\/markt\/#organization"},"potentialAction":[{"@type":"SearchAction","target":{"@type":"EntryPoint","urlTemplate":"https:\/\/marktxxl.de\/markt\/?s={search_term_string}"},"query-input":{"@type":"PropertyValueSpecification","valueRequired":true,"valueName":"search_term_string"}}],"inLanguage":"de"},{"@type":"Organization","@id":"https:\/\/marktxxl.de\/markt\/#organization","name":"Markt-XXL","url":"https:\/\/marktxxl.de\/markt\/","logo":{"@type":"ImageObject","inLanguage":"de","@id":"https:\/\/marktxxl.de\/markt\/#\/schema\/logo\/image\/","url":"https:\/\/marktxxl.de\/markt\/wp-content\/uploads\/sites\/3\/2020\/12\/logo.png","contentUrl":"https:\/\/marktxxl.de\/markt\/wp-content\/uploads\/sites\/3\/2020\/12\/logo.png","width":200,"height":70,"caption":"Markt-XXL"},"image":{"@id":"https:\/\/marktxxl.de\/markt\/#\/schema\/logo\/image\/"}}]}},"_links":{"self":[{"href":"https:\/\/marktxxl.de\/markt\/wp-json\/wp\/v2\/product\/134347","targetHints":{"allow":["GET"]}}],"collection":[{"href":"https:\/\/marktxxl.de\/markt\/wp-json\/wp\/v2\/product"}],"about":[{"href":"https:\/\/marktxxl.de\/markt\/wp-json\/wp\/v2\/types\/product"}],"replies":[{"embeddable":true,"href":"https:\/\/marktxxl.de\/markt\/wp-json\/wp\/v2\/comments?post=134347"}],"wp:featuredmedia":[{"embeddable":true,"href":"https:\/\/marktxxl.de\/markt\/wp-json\/wp\/v2\/media\/134348"}],"wp:attachment":[{"href":"https:\/\/marktxxl.de\/markt\/wp-json\/wp\/v2\/media?parent=134347"}],"wp:term":[{"taxonomy":"product_brand","embeddable":true,"href":"https:\/\/marktxxl.de\/markt\/wp-json\/wp\/v2\/product_brand?post=134347"},{"taxonomy":"product_cat","embeddable":true,"href":"https:\/\/marktxxl.de\/markt\/wp-json\/wp\/v2\/product_cat?post=134347"},{"taxonomy":"product_tag","embeddable":true,"href":"https:\/\/marktxxl.de\/markt\/wp-json\/wp\/v2\/product_tag?post=134347"}],"curies":[{"name":"wp","href":"https:\/\/api.w.org\/{rel}","templated":true}]}}