{"id":133514,"date":"2022-07-13T21:01:14","date_gmt":"2022-07-13T19:01:14","guid":{"rendered":"https:\/\/marktxxl.de\/markt\/produkt\/je-porte-mon-bebe-love-radius-physiocarrier-babytragetasche-alles-elefant\/"},"modified":"2023-04-11T04:08:20","modified_gmt":"2023-04-11T02:08:20","slug":"je-porte-mon-bebe-love-radius-physiocarrier-babytragetasche-alles-elefant","status":"publish","type":"product","link":"https:\/\/marktxxl.de\/markt\/produkt\/je-porte-mon-bebe-love-radius-physiocarrier-babytragetasche-alles-elefant\/","title":{"rendered":"je porte mon b\u00e9b\u00e9 Love Radius, PhysioCarrier Babytragetasche, Alles Elefant"},"content":{"rendered":"<p>4-Jahreszeiten-Thermo-Bel\u00fcftung: \u00d6ffnung durch Rei\u00dfverschluss<br \/>\nPhysiologisches Sitzen des Babys ab der Geburt mit dem Booster-Erweiterungsset (*Optional: Sitzerh\u00f6hung und Kopfst\u00fctze)<br \/>\nBequemer und atmungsaktiver Bund und breite Schultergurte<br \/>\nSpiegel zum Betrachten des Babys auf dem R\u00fccken<br \/>\n<div class=\"main-cross-sell\" data-asin=\"B01M15C04B\">\n\n\t<div class=\"WooZone-cross-sell-loader\">\n\t\t<div>\n\t\t\t<div id=\"floatingBarsG\">\n\t\t\t\t<div class=\"blockG\" id=\"rotateG_01\"><\/div>\n\t\t\t\t<div class=\"blockG\" id=\"rotateG_02\"><\/div>\n\t\t\t\t<div class=\"blockG\" id=\"rotateG_03\"><\/div>\n\t\t\t\t<div class=\"blockG\" id=\"rotateG_04\"><\/div>\n\t\t\t\t<div class=\"blockG\" id=\"rotateG_05\"><\/div>\n\t\t\t\t<div class=\"blockG\" id=\"rotateG_06\"><\/div>\n\t\t\t\t<div class=\"blockG\" id=\"rotateG_07\"><\/div>\n\t\t\t\t<div class=\"blockG\" id=\"rotateG_08\"><\/div>\n\t\t\t<\/div>\n\t\t\t<div class=\"WooZone-cross-sell-loader-text\"><\/div>\n\t\t<\/div>\n\t<\/div>\n\n\t\t\n<\/div>\n<div style=\"clear:both;\"><\/div><\/p>\n","protected":false},"excerpt":{"rendered":"<p>4-Jahreszeiten-Thermo-Bel\u00fcftung: \u00d6ffnung durch Rei\u00dfverschluss<br \/>\nPhysiologisches Sitzen des Babys ab der Geburt mit dem Booster-Erweiterungsset (*Optional: Sitzerh\u00f6hung und Kopfst\u00fctze)<br \/>\nBequemer und atmungsaktiver Bund und breite Schultergurte<\/p>\n","protected":false},"featured_media":133515,"comment_status":"open","ping_status":"closed","template":"","meta":[],"product_brand":[],"product_cat":[21,9074],"product_tag":[],"class_list":{"0":"post-133514","1":"product","2":"type-product","3":"status-publish","4":"has-post-thumbnail","6":"product_cat-baby","7":"product_cat-babytragen-baby","8":"pa_binding-babyartikel","9":"pa_brand-love-radius","10":"pa_color-alles-in-grau","11":"pa_height-47-24409444-zoll","12":"pa_length-53-149606245-zoll","13":"pa_manufacturer-je-porte-mon-bebe-jpmbb","14":"pa_model-co434343","15":"pa_size-1-unite-lot-de-1","16":"pa_width-4-330708657-zoll","18":"first","19":"instock","20":"shipping-taxable","21":"purchasable","22":"product-type-simple","23":"customify-col","24":"product-has-gallery"},"yoast_head":"<!-- This site is optimized with the Yoast SEO plugin v27.3 - https:\/\/yoast.com\/product\/yoast-seo-wordpress\/ -->\n<title>je porte mon b\u00e9b\u00e9 Love Radius, PhysioCarrier Babytragetasche, Alles Elefant - Markt-XXL<\/title>\n<meta name=\"description\" content=\"Markt-XXL je porte mon b\u00e9b\u00e9 Love Radius, PhysioCarrier Babytragetasche, Alles Elefant\" \/>\n<meta name=\"robots\" content=\"index, follow, max-snippet:-1, max-image-preview:large, max-video-preview:-1\" \/>\n<link rel=\"canonical\" href=\"https:\/\/marktxxl.de\/markt\/produkt\/je-porte-mon-bebe-love-radius-physiocarrier-babytragetasche-alles-elefant\/\" \/>\n<meta property=\"og:locale\" content=\"de_DE\" \/>\n<meta property=\"og:type\" content=\"article\" \/>\n<meta property=\"og:title\" content=\"je porte mon b\u00e9b\u00e9 Love Radius, PhysioCarrier Babytragetasche, Alles Elefant - Markt-XXL\" \/>\n<meta property=\"og:description\" content=\"Markt-XXL je porte mon b\u00e9b\u00e9 Love Radius, PhysioCarrier Babytragetasche, Alles Elefant\" \/>\n<meta property=\"og:url\" content=\"https:\/\/marktxxl.de\/markt\/produkt\/je-porte-mon-bebe-love-radius-physiocarrier-babytragetasche-alles-elefant\/\" \/>\n<meta property=\"og:site_name\" content=\"Markt-XXL\" \/>\n<meta property=\"article:modified_time\" content=\"2023-04-11T02:08:20+00:00\" \/>\n<meta property=\"og:image\" content=\"https:\/\/m.media-amazon.com\/images\/I\/61068kVKV+L._SL500_.jpg\" \/>\n\t<meta property=\"og:image:width\" content=\"331\" \/>\n\t<meta property=\"og:image:height\" content=\"497\" \/>\n\t<meta property=\"og:image:type\" content=\"image\/jpeg\" \/>\n<meta name=\"twitter:card\" content=\"summary_large_image\" \/>\n<script type=\"application\/ld+json\" class=\"yoast-schema-graph\">{\"@context\":\"https:\\\/\\\/schema.org\",\"@graph\":[{\"@type\":\"WebPage\",\"@id\":\"https:\\\/\\\/marktxxl.de\\\/markt\\\/produkt\\\/je-porte-mon-bebe-love-radius-physiocarrier-babytragetasche-alles-elefant\\\/\",\"url\":\"https:\\\/\\\/marktxxl.de\\\/markt\\\/produkt\\\/je-porte-mon-bebe-love-radius-physiocarrier-babytragetasche-alles-elefant\\\/\",\"name\":\"je porte mon b\u00e9b\u00e9 Love Radius, PhysioCarrier Babytragetasche, Alles Elefant - Markt-XXL\",\"isPartOf\":{\"@id\":\"https:\\\/\\\/marktxxl.de\\\/markt\\\/#website\"},\"primaryImageOfPage\":{\"@id\":\"https:\\\/\\\/marktxxl.de\\\/markt\\\/produkt\\\/je-porte-mon-bebe-love-radius-physiocarrier-babytragetasche-alles-elefant\\\/#primaryimage\"},\"image\":{\"@id\":\"https:\\\/\\\/marktxxl.de\\\/markt\\\/produkt\\\/je-porte-mon-bebe-love-radius-physiocarrier-babytragetasche-alles-elefant\\\/#primaryimage\"},\"thumbnailUrl\":\"https:\\\/\\\/m.media-amazon.com\\\/images\\\/I\\\/61068kVKV+L._SL500_.jpg\",\"datePublished\":\"2022-07-13T19:01:14+00:00\",\"dateModified\":\"2023-04-11T02:08:20+00:00\",\"description\":\"Markt-XXL je porte mon b\u00e9b\u00e9 Love Radius, PhysioCarrier Babytragetasche, Alles Elefant\",\"breadcrumb\":{\"@id\":\"https:\\\/\\\/marktxxl.de\\\/markt\\\/produkt\\\/je-porte-mon-bebe-love-radius-physiocarrier-babytragetasche-alles-elefant\\\/#breadcrumb\"},\"inLanguage\":\"de\",\"potentialAction\":[{\"@type\":\"ReadAction\",\"target\":[\"https:\\\/\\\/marktxxl.de\\\/markt\\\/produkt\\\/je-porte-mon-bebe-love-radius-physiocarrier-babytragetasche-alles-elefant\\\/\"]}]},{\"@type\":\"ImageObject\",\"inLanguage\":\"de\",\"@id\":\"https:\\\/\\\/marktxxl.de\\\/markt\\\/produkt\\\/je-porte-mon-bebe-love-radius-physiocarrier-babytragetasche-alles-elefant\\\/#primaryimage\",\"url\":\"https:\\\/\\\/m.media-amazon.com\\\/images\\\/I\\\/61068kVKV+L._SL500_.jpg\",\"contentUrl\":\"https:\\\/\\\/m.media-amazon.com\\\/images\\\/I\\\/61068kVKV+L._SL500_.jpg\",\"width\":331,\"height\":497},{\"@type\":\"BreadcrumbList\",\"@id\":\"https:\\\/\\\/marktxxl.de\\\/markt\\\/produkt\\\/je-porte-mon-bebe-love-radius-physiocarrier-babytragetasche-alles-elefant\\\/#breadcrumb\",\"itemListElement\":[{\"@type\":\"ListItem\",\"position\":1,\"name\":\"Startseite\",\"item\":\"https:\\\/\\\/marktxxl.de\\\/markt\\\/\"},{\"@type\":\"ListItem\",\"position\":2,\"name\":\"Markt\",\"item\":\"https:\\\/\\\/marktxxl.de\\\/markt\\\/\"},{\"@type\":\"ListItem\",\"position\":3,\"name\":\"je porte mon b\u00e9b\u00e9 Love Radius, PhysioCarrier Babytragetasche, Alles Elefant\"}]},{\"@type\":\"WebSite\",\"@id\":\"https:\\\/\\\/marktxxl.de\\\/markt\\\/#website\",\"url\":\"https:\\\/\\\/marktxxl.de\\\/markt\\\/\",\"name\":\"Markt-XXL\",\"description\":\"Ihr Markt Online\",\"publisher\":{\"@id\":\"https:\\\/\\\/marktxxl.de\\\/markt\\\/#organization\"},\"potentialAction\":[{\"@type\":\"SearchAction\",\"target\":{\"@type\":\"EntryPoint\",\"urlTemplate\":\"https:\\\/\\\/marktxxl.de\\\/markt\\\/?s={search_term_string}\"},\"query-input\":{\"@type\":\"PropertyValueSpecification\",\"valueRequired\":true,\"valueName\":\"search_term_string\"}}],\"inLanguage\":\"de\"},{\"@type\":\"Organization\",\"@id\":\"https:\\\/\\\/marktxxl.de\\\/markt\\\/#organization\",\"name\":\"Markt-XXL\",\"url\":\"https:\\\/\\\/marktxxl.de\\\/markt\\\/\",\"logo\":{\"@type\":\"ImageObject\",\"inLanguage\":\"de\",\"@id\":\"https:\\\/\\\/marktxxl.de\\\/markt\\\/#\\\/schema\\\/logo\\\/image\\\/\",\"url\":\"https:\\\/\\\/marktxxl.de\\\/markt\\\/wp-content\\\/uploads\\\/sites\\\/3\\\/2020\\\/12\\\/logo.png\",\"contentUrl\":\"https:\\\/\\\/marktxxl.de\\\/markt\\\/wp-content\\\/uploads\\\/sites\\\/3\\\/2020\\\/12\\\/logo.png\",\"width\":200,\"height\":70,\"caption\":\"Markt-XXL\"},\"image\":{\"@id\":\"https:\\\/\\\/marktxxl.de\\\/markt\\\/#\\\/schema\\\/logo\\\/image\\\/\"}}]}<\/script>\n<!-- \/ Yoast SEO plugin. -->","yoast_head_json":{"title":"je porte mon b\u00e9b\u00e9 Love Radius, PhysioCarrier Babytragetasche, Alles Elefant - Markt-XXL","description":"Markt-XXL je porte mon b\u00e9b\u00e9 Love Radius, PhysioCarrier Babytragetasche, Alles Elefant","robots":{"index":"index","follow":"follow","max-snippet":"max-snippet:-1","max-image-preview":"max-image-preview:large","max-video-preview":"max-video-preview:-1"},"canonical":"https:\/\/marktxxl.de\/markt\/produkt\/je-porte-mon-bebe-love-radius-physiocarrier-babytragetasche-alles-elefant\/","og_locale":"de_DE","og_type":"article","og_title":"je porte mon b\u00e9b\u00e9 Love Radius, PhysioCarrier Babytragetasche, Alles Elefant - Markt-XXL","og_description":"Markt-XXL je porte mon b\u00e9b\u00e9 Love Radius, PhysioCarrier Babytragetasche, Alles Elefant","og_url":"https:\/\/marktxxl.de\/markt\/produkt\/je-porte-mon-bebe-love-radius-physiocarrier-babytragetasche-alles-elefant\/","og_site_name":"Markt-XXL","article_modified_time":"2023-04-11T02:08:20+00:00","og_image":[{"width":331,"height":497,"url":"https:\/\/m.media-amazon.com\/images\/I\/61068kVKV+L._SL500_.jpg","type":"image\/jpeg"}],"twitter_card":"summary_large_image","schema":{"@context":"https:\/\/schema.org","@graph":[{"@type":"WebPage","@id":"https:\/\/marktxxl.de\/markt\/produkt\/je-porte-mon-bebe-love-radius-physiocarrier-babytragetasche-alles-elefant\/","url":"https:\/\/marktxxl.de\/markt\/produkt\/je-porte-mon-bebe-love-radius-physiocarrier-babytragetasche-alles-elefant\/","name":"je porte mon b\u00e9b\u00e9 Love Radius, PhysioCarrier Babytragetasche, Alles Elefant - Markt-XXL","isPartOf":{"@id":"https:\/\/marktxxl.de\/markt\/#website"},"primaryImageOfPage":{"@id":"https:\/\/marktxxl.de\/markt\/produkt\/je-porte-mon-bebe-love-radius-physiocarrier-babytragetasche-alles-elefant\/#primaryimage"},"image":{"@id":"https:\/\/marktxxl.de\/markt\/produkt\/je-porte-mon-bebe-love-radius-physiocarrier-babytragetasche-alles-elefant\/#primaryimage"},"thumbnailUrl":"https:\/\/m.media-amazon.com\/images\/I\/61068kVKV+L._SL500_.jpg","datePublished":"2022-07-13T19:01:14+00:00","dateModified":"2023-04-11T02:08:20+00:00","description":"Markt-XXL je porte mon b\u00e9b\u00e9 Love Radius, PhysioCarrier Babytragetasche, Alles Elefant","breadcrumb":{"@id":"https:\/\/marktxxl.de\/markt\/produkt\/je-porte-mon-bebe-love-radius-physiocarrier-babytragetasche-alles-elefant\/#breadcrumb"},"inLanguage":"de","potentialAction":[{"@type":"ReadAction","target":["https:\/\/marktxxl.de\/markt\/produkt\/je-porte-mon-bebe-love-radius-physiocarrier-babytragetasche-alles-elefant\/"]}]},{"@type":"ImageObject","inLanguage":"de","@id":"https:\/\/marktxxl.de\/markt\/produkt\/je-porte-mon-bebe-love-radius-physiocarrier-babytragetasche-alles-elefant\/#primaryimage","url":"https:\/\/m.media-amazon.com\/images\/I\/61068kVKV+L._SL500_.jpg","contentUrl":"https:\/\/m.media-amazon.com\/images\/I\/61068kVKV+L._SL500_.jpg","width":331,"height":497},{"@type":"BreadcrumbList","@id":"https:\/\/marktxxl.de\/markt\/produkt\/je-porte-mon-bebe-love-radius-physiocarrier-babytragetasche-alles-elefant\/#breadcrumb","itemListElement":[{"@type":"ListItem","position":1,"name":"Startseite","item":"https:\/\/marktxxl.de\/markt\/"},{"@type":"ListItem","position":2,"name":"Markt","item":"https:\/\/marktxxl.de\/markt\/"},{"@type":"ListItem","position":3,"name":"je porte mon b\u00e9b\u00e9 Love Radius, PhysioCarrier Babytragetasche, Alles Elefant"}]},{"@type":"WebSite","@id":"https:\/\/marktxxl.de\/markt\/#website","url":"https:\/\/marktxxl.de\/markt\/","name":"Markt-XXL","description":"Ihr Markt Online","publisher":{"@id":"https:\/\/marktxxl.de\/markt\/#organization"},"potentialAction":[{"@type":"SearchAction","target":{"@type":"EntryPoint","urlTemplate":"https:\/\/marktxxl.de\/markt\/?s={search_term_string}"},"query-input":{"@type":"PropertyValueSpecification","valueRequired":true,"valueName":"search_term_string"}}],"inLanguage":"de"},{"@type":"Organization","@id":"https:\/\/marktxxl.de\/markt\/#organization","name":"Markt-XXL","url":"https:\/\/marktxxl.de\/markt\/","logo":{"@type":"ImageObject","inLanguage":"de","@id":"https:\/\/marktxxl.de\/markt\/#\/schema\/logo\/image\/","url":"https:\/\/marktxxl.de\/markt\/wp-content\/uploads\/sites\/3\/2020\/12\/logo.png","contentUrl":"https:\/\/marktxxl.de\/markt\/wp-content\/uploads\/sites\/3\/2020\/12\/logo.png","width":200,"height":70,"caption":"Markt-XXL"},"image":{"@id":"https:\/\/marktxxl.de\/markt\/#\/schema\/logo\/image\/"}}]}},"_links":{"self":[{"href":"https:\/\/marktxxl.de\/markt\/wp-json\/wp\/v2\/product\/133514","targetHints":{"allow":["GET"]}}],"collection":[{"href":"https:\/\/marktxxl.de\/markt\/wp-json\/wp\/v2\/product"}],"about":[{"href":"https:\/\/marktxxl.de\/markt\/wp-json\/wp\/v2\/types\/product"}],"replies":[{"embeddable":true,"href":"https:\/\/marktxxl.de\/markt\/wp-json\/wp\/v2\/comments?post=133514"}],"wp:featuredmedia":[{"embeddable":true,"href":"https:\/\/marktxxl.de\/markt\/wp-json\/wp\/v2\/media\/133515"}],"wp:attachment":[{"href":"https:\/\/marktxxl.de\/markt\/wp-json\/wp\/v2\/media?parent=133514"}],"wp:term":[{"taxonomy":"product_brand","embeddable":true,"href":"https:\/\/marktxxl.de\/markt\/wp-json\/wp\/v2\/product_brand?post=133514"},{"taxonomy":"product_cat","embeddable":true,"href":"https:\/\/marktxxl.de\/markt\/wp-json\/wp\/v2\/product_cat?post=133514"},{"taxonomy":"product_tag","embeddable":true,"href":"https:\/\/marktxxl.de\/markt\/wp-json\/wp\/v2\/product_tag?post=133514"}],"curies":[{"name":"wp","href":"https:\/\/api.w.org\/{rel}","templated":true}]}}