{"id":133440,"date":"2022-07-13T20:58:22","date_gmt":"2022-07-13T18:58:22","guid":{"rendered":"https:\/\/marktxxl.de\/markt\/produkt\/babybjoern-babytrage-one-air-2019-edition-mesh-schwarz-einheitsgroesse-098025us\/"},"modified":"2023-04-11T04:07:47","modified_gmt":"2023-04-11T02:07:47","slug":"babybjoern-babytrage-one-air-2019-edition-mesh-schwarz-einheitsgroesse-098025us","status":"publish","type":"product","link":"https:\/\/marktxxl.de\/markt\/produkt\/babybjoern-babytrage-one-air-2019-edition-mesh-schwarz-einheitsgroesse-098025us\/","title":{"rendered":"BabyBj\u00f6rn Babytrage One Air 2019 Edition, Mesh, Schwarz, Einheitsgr\u00f6\u00dfe (098025US) (1 St\u00fcck)"},"content":{"rendered":"<p>Bequeme und ergonomische Tragetasche, perfekt f\u00fcr Kinder im Alter von 0-36 Monaten<br \/>\nAnpassungsf\u00e4higes Design f\u00fcr den Tr\u00e4ger und das Baby<br \/>\nLuftiger, leichter und maschinenwaschbarer Netzstoff, der weich f\u00fcr das Kind ist<br \/>\nVier ergonomische Tragepositionen vorne und hinten: Neugeborene, Baby mit Blick nach innen, Baby mit Blick nach au\u00dfen und R\u00fccken<br \/>\nBreite Sitzfl\u00e4che f\u00fcr Kind von der Geburt bis 36 Monate. 0\u20133 Jahre|3,5\u201315 kg|4,1\u201315 kg<br \/>\nGepolsterte Schultergurte und H\u00fcftgurt f\u00fcr Tragekomfort<br \/>\nInternational Hip Dysplasia Institute zertifiziert zur korrekten Unterst\u00fctzung der Beine, H\u00fcften und Wirbels\u00e4ule Ihres Babys<br \/>\n<div class=\"main-cross-sell\" data-asin=\"B07HPVNZ4Z\">\n\n\t<div class=\"WooZone-cross-sell-loader\">\n\t\t<div>\n\t\t\t<div id=\"floatingBarsG\">\n\t\t\t\t<div class=\"blockG\" id=\"rotateG_01\"><\/div>\n\t\t\t\t<div class=\"blockG\" id=\"rotateG_02\"><\/div>\n\t\t\t\t<div class=\"blockG\" id=\"rotateG_03\"><\/div>\n\t\t\t\t<div class=\"blockG\" id=\"rotateG_04\"><\/div>\n\t\t\t\t<div class=\"blockG\" id=\"rotateG_05\"><\/div>\n\t\t\t\t<div class=\"blockG\" id=\"rotateG_06\"><\/div>\n\t\t\t\t<div class=\"blockG\" id=\"rotateG_07\"><\/div>\n\t\t\t\t<div class=\"blockG\" id=\"rotateG_08\"><\/div>\n\t\t\t<\/div>\n\t\t\t<div class=\"WooZone-cross-sell-loader-text\"><\/div>\n\t\t<\/div>\n\t<\/div>\n\n\t\t\n<\/div>\n<div style=\"clear:both;\"><\/div><\/p>\n","protected":false},"excerpt":{"rendered":"<p>Bequeme und ergonomische Tragetasche, perfekt f\u00fcr Kinder im Alter von 0-36 Monaten<br \/>\nAnpassungsf\u00e4higes Design f\u00fcr den Tr\u00e4ger und das Baby<br \/>\nLuftiger, leichter und maschinenwaschbarer Netzstoff, der weich f\u00fcr das Kind ist<\/p>\n","protected":false},"featured_media":133441,"comment_status":"open","ping_status":"closed","template":"","meta":[],"product_brand":[],"product_cat":[21,9074],"product_tag":[],"class_list":{"0":"post-133440","1":"product","2":"type-product","3":"status-publish","4":"has-post-thumbnail","6":"product_cat-baby","7":"product_cat-babytragen-baby","8":"pa_binding-babyartikel","9":"pa_brand-babybjoern","10":"pa_color-schwarz","11":"pa_height-0-39-zoll","12":"pa_languages-unbekannt-englisch","13":"pa_length-22-83-zoll","14":"pa_manufacturer-babybjorn-inc","15":"pa_model-098025us","16":"pa_size-one-size-pack-of-1","17":"pa_weight-2-81-pfund","18":"pa_width-11-42-zoll","20":"first","21":"instock","22":"shipping-taxable","23":"purchasable","24":"product-type-simple","25":"customify-col","26":"product-has-gallery"},"yoast_head":"<!-- This site is optimized with the Yoast SEO plugin v27.3 - https:\/\/yoast.com\/product\/yoast-seo-wordpress\/ -->\n<title>BabyBj\u00f6rn Babytrage One Air 2019 Edition, Mesh, Schwarz, Einheitsgr\u00f6\u00dfe (098025US) (1 St\u00fcck) - Markt-XXL<\/title>\n<meta name=\"description\" content=\"Markt-XXL BabyBj\u00f6rn Babytrage One Air 2019 Edition, Mesh, Schwarz, Einheitsgr\u00f6\u00dfe (098025US) (1 St\u00fcck)\" \/>\n<meta name=\"robots\" content=\"index, follow, max-snippet:-1, max-image-preview:large, max-video-preview:-1\" \/>\n<link rel=\"canonical\" href=\"https:\/\/marktxxl.de\/markt\/produkt\/babybjoern-babytrage-one-air-2019-edition-mesh-schwarz-einheitsgroesse-098025us\/\" \/>\n<meta property=\"og:locale\" content=\"de_DE\" \/>\n<meta property=\"og:type\" content=\"article\" \/>\n<meta property=\"og:title\" content=\"BabyBj\u00f6rn Babytrage One Air 2019 Edition, Mesh, Schwarz, Einheitsgr\u00f6\u00dfe (098025US) (1 St\u00fcck) - Markt-XXL\" \/>\n<meta property=\"og:description\" content=\"Markt-XXL BabyBj\u00f6rn Babytrage One Air 2019 Edition, Mesh, Schwarz, Einheitsgr\u00f6\u00dfe (098025US) (1 St\u00fcck)\" \/>\n<meta property=\"og:url\" content=\"https:\/\/marktxxl.de\/markt\/produkt\/babybjoern-babytrage-one-air-2019-edition-mesh-schwarz-einheitsgroesse-098025us\/\" \/>\n<meta property=\"og:site_name\" content=\"Markt-XXL\" \/>\n<meta property=\"article:modified_time\" content=\"2023-04-11T02:07:47+00:00\" \/>\n<meta property=\"og:image\" content=\"https:\/\/m.media-amazon.com\/images\/I\/511xpf5y2nL._SL500_.jpg\" \/>\n\t<meta property=\"og:image:width\" content=\"500\" \/>\n\t<meta property=\"og:image:height\" content=\"500\" \/>\n\t<meta property=\"og:image:type\" content=\"image\/jpeg\" \/>\n<meta name=\"twitter:card\" content=\"summary_large_image\" \/>\n<meta name=\"twitter:label1\" content=\"Gesch\u00e4tzte Lesezeit\" \/>\n\t<meta name=\"twitter:data1\" content=\"1\u00a0Minute\" \/>\n<script type=\"application\/ld+json\" class=\"yoast-schema-graph\">{\"@context\":\"https:\\\/\\\/schema.org\",\"@graph\":[{\"@type\":\"WebPage\",\"@id\":\"https:\\\/\\\/marktxxl.de\\\/markt\\\/produkt\\\/babybjoern-babytrage-one-air-2019-edition-mesh-schwarz-einheitsgroesse-098025us\\\/\",\"url\":\"https:\\\/\\\/marktxxl.de\\\/markt\\\/produkt\\\/babybjoern-babytrage-one-air-2019-edition-mesh-schwarz-einheitsgroesse-098025us\\\/\",\"name\":\"BabyBj\u00f6rn Babytrage One Air 2019 Edition, Mesh, Schwarz, Einheitsgr\u00f6\u00dfe (098025US) (1 St\u00fcck) - Markt-XXL\",\"isPartOf\":{\"@id\":\"https:\\\/\\\/marktxxl.de\\\/markt\\\/#website\"},\"primaryImageOfPage\":{\"@id\":\"https:\\\/\\\/marktxxl.de\\\/markt\\\/produkt\\\/babybjoern-babytrage-one-air-2019-edition-mesh-schwarz-einheitsgroesse-098025us\\\/#primaryimage\"},\"image\":{\"@id\":\"https:\\\/\\\/marktxxl.de\\\/markt\\\/produkt\\\/babybjoern-babytrage-one-air-2019-edition-mesh-schwarz-einheitsgroesse-098025us\\\/#primaryimage\"},\"thumbnailUrl\":\"https:\\\/\\\/m.media-amazon.com\\\/images\\\/I\\\/511xpf5y2nL._SL500_.jpg\",\"datePublished\":\"2022-07-13T18:58:22+00:00\",\"dateModified\":\"2023-04-11T02:07:47+00:00\",\"description\":\"Markt-XXL BabyBj\u00f6rn Babytrage One Air 2019 Edition, Mesh, Schwarz, Einheitsgr\u00f6\u00dfe (098025US) (1 St\u00fcck)\",\"breadcrumb\":{\"@id\":\"https:\\\/\\\/marktxxl.de\\\/markt\\\/produkt\\\/babybjoern-babytrage-one-air-2019-edition-mesh-schwarz-einheitsgroesse-098025us\\\/#breadcrumb\"},\"inLanguage\":\"de\",\"potentialAction\":[{\"@type\":\"ReadAction\",\"target\":[\"https:\\\/\\\/marktxxl.de\\\/markt\\\/produkt\\\/babybjoern-babytrage-one-air-2019-edition-mesh-schwarz-einheitsgroesse-098025us\\\/\"]}]},{\"@type\":\"ImageObject\",\"inLanguage\":\"de\",\"@id\":\"https:\\\/\\\/marktxxl.de\\\/markt\\\/produkt\\\/babybjoern-babytrage-one-air-2019-edition-mesh-schwarz-einheitsgroesse-098025us\\\/#primaryimage\",\"url\":\"https:\\\/\\\/m.media-amazon.com\\\/images\\\/I\\\/511xpf5y2nL._SL500_.jpg\",\"contentUrl\":\"https:\\\/\\\/m.media-amazon.com\\\/images\\\/I\\\/511xpf5y2nL._SL500_.jpg\",\"width\":500,\"height\":500},{\"@type\":\"BreadcrumbList\",\"@id\":\"https:\\\/\\\/marktxxl.de\\\/markt\\\/produkt\\\/babybjoern-babytrage-one-air-2019-edition-mesh-schwarz-einheitsgroesse-098025us\\\/#breadcrumb\",\"itemListElement\":[{\"@type\":\"ListItem\",\"position\":1,\"name\":\"Startseite\",\"item\":\"https:\\\/\\\/marktxxl.de\\\/markt\\\/\"},{\"@type\":\"ListItem\",\"position\":2,\"name\":\"Markt\",\"item\":\"https:\\\/\\\/marktxxl.de\\\/markt\\\/\"},{\"@type\":\"ListItem\",\"position\":3,\"name\":\"BabyBj\u00f6rn Babytrage One Air 2019 Edition, Mesh, Schwarz, Einheitsgr\u00f6\u00dfe (098025US) (1 St\u00fcck)\"}]},{\"@type\":\"WebSite\",\"@id\":\"https:\\\/\\\/marktxxl.de\\\/markt\\\/#website\",\"url\":\"https:\\\/\\\/marktxxl.de\\\/markt\\\/\",\"name\":\"Markt-XXL\",\"description\":\"Ihr Markt Online\",\"publisher\":{\"@id\":\"https:\\\/\\\/marktxxl.de\\\/markt\\\/#organization\"},\"potentialAction\":[{\"@type\":\"SearchAction\",\"target\":{\"@type\":\"EntryPoint\",\"urlTemplate\":\"https:\\\/\\\/marktxxl.de\\\/markt\\\/?s={search_term_string}\"},\"query-input\":{\"@type\":\"PropertyValueSpecification\",\"valueRequired\":true,\"valueName\":\"search_term_string\"}}],\"inLanguage\":\"de\"},{\"@type\":\"Organization\",\"@id\":\"https:\\\/\\\/marktxxl.de\\\/markt\\\/#organization\",\"name\":\"Markt-XXL\",\"url\":\"https:\\\/\\\/marktxxl.de\\\/markt\\\/\",\"logo\":{\"@type\":\"ImageObject\",\"inLanguage\":\"de\",\"@id\":\"https:\\\/\\\/marktxxl.de\\\/markt\\\/#\\\/schema\\\/logo\\\/image\\\/\",\"url\":\"https:\\\/\\\/marktxxl.de\\\/markt\\\/wp-content\\\/uploads\\\/sites\\\/3\\\/2020\\\/12\\\/logo.png\",\"contentUrl\":\"https:\\\/\\\/marktxxl.de\\\/markt\\\/wp-content\\\/uploads\\\/sites\\\/3\\\/2020\\\/12\\\/logo.png\",\"width\":200,\"height\":70,\"caption\":\"Markt-XXL\"},\"image\":{\"@id\":\"https:\\\/\\\/marktxxl.de\\\/markt\\\/#\\\/schema\\\/logo\\\/image\\\/\"}}]}<\/script>\n<!-- \/ Yoast SEO plugin. -->","yoast_head_json":{"title":"BabyBj\u00f6rn Babytrage One Air 2019 Edition, Mesh, Schwarz, Einheitsgr\u00f6\u00dfe (098025US) (1 St\u00fcck) - Markt-XXL","description":"Markt-XXL BabyBj\u00f6rn Babytrage One Air 2019 Edition, Mesh, Schwarz, Einheitsgr\u00f6\u00dfe (098025US) (1 St\u00fcck)","robots":{"index":"index","follow":"follow","max-snippet":"max-snippet:-1","max-image-preview":"max-image-preview:large","max-video-preview":"max-video-preview:-1"},"canonical":"https:\/\/marktxxl.de\/markt\/produkt\/babybjoern-babytrage-one-air-2019-edition-mesh-schwarz-einheitsgroesse-098025us\/","og_locale":"de_DE","og_type":"article","og_title":"BabyBj\u00f6rn Babytrage One Air 2019 Edition, Mesh, Schwarz, Einheitsgr\u00f6\u00dfe (098025US) (1 St\u00fcck) - Markt-XXL","og_description":"Markt-XXL BabyBj\u00f6rn Babytrage One Air 2019 Edition, Mesh, Schwarz, Einheitsgr\u00f6\u00dfe (098025US) (1 St\u00fcck)","og_url":"https:\/\/marktxxl.de\/markt\/produkt\/babybjoern-babytrage-one-air-2019-edition-mesh-schwarz-einheitsgroesse-098025us\/","og_site_name":"Markt-XXL","article_modified_time":"2023-04-11T02:07:47+00:00","og_image":[{"width":500,"height":500,"url":"https:\/\/m.media-amazon.com\/images\/I\/511xpf5y2nL._SL500_.jpg","type":"image\/jpeg"}],"twitter_card":"summary_large_image","twitter_misc":{"Gesch\u00e4tzte Lesezeit":"1\u00a0Minute"},"schema":{"@context":"https:\/\/schema.org","@graph":[{"@type":"WebPage","@id":"https:\/\/marktxxl.de\/markt\/produkt\/babybjoern-babytrage-one-air-2019-edition-mesh-schwarz-einheitsgroesse-098025us\/","url":"https:\/\/marktxxl.de\/markt\/produkt\/babybjoern-babytrage-one-air-2019-edition-mesh-schwarz-einheitsgroesse-098025us\/","name":"BabyBj\u00f6rn Babytrage One Air 2019 Edition, Mesh, Schwarz, Einheitsgr\u00f6\u00dfe (098025US) (1 St\u00fcck) - Markt-XXL","isPartOf":{"@id":"https:\/\/marktxxl.de\/markt\/#website"},"primaryImageOfPage":{"@id":"https:\/\/marktxxl.de\/markt\/produkt\/babybjoern-babytrage-one-air-2019-edition-mesh-schwarz-einheitsgroesse-098025us\/#primaryimage"},"image":{"@id":"https:\/\/marktxxl.de\/markt\/produkt\/babybjoern-babytrage-one-air-2019-edition-mesh-schwarz-einheitsgroesse-098025us\/#primaryimage"},"thumbnailUrl":"https:\/\/m.media-amazon.com\/images\/I\/511xpf5y2nL._SL500_.jpg","datePublished":"2022-07-13T18:58:22+00:00","dateModified":"2023-04-11T02:07:47+00:00","description":"Markt-XXL BabyBj\u00f6rn Babytrage One Air 2019 Edition, Mesh, Schwarz, Einheitsgr\u00f6\u00dfe (098025US) (1 St\u00fcck)","breadcrumb":{"@id":"https:\/\/marktxxl.de\/markt\/produkt\/babybjoern-babytrage-one-air-2019-edition-mesh-schwarz-einheitsgroesse-098025us\/#breadcrumb"},"inLanguage":"de","potentialAction":[{"@type":"ReadAction","target":["https:\/\/marktxxl.de\/markt\/produkt\/babybjoern-babytrage-one-air-2019-edition-mesh-schwarz-einheitsgroesse-098025us\/"]}]},{"@type":"ImageObject","inLanguage":"de","@id":"https:\/\/marktxxl.de\/markt\/produkt\/babybjoern-babytrage-one-air-2019-edition-mesh-schwarz-einheitsgroesse-098025us\/#primaryimage","url":"https:\/\/m.media-amazon.com\/images\/I\/511xpf5y2nL._SL500_.jpg","contentUrl":"https:\/\/m.media-amazon.com\/images\/I\/511xpf5y2nL._SL500_.jpg","width":500,"height":500},{"@type":"BreadcrumbList","@id":"https:\/\/marktxxl.de\/markt\/produkt\/babybjoern-babytrage-one-air-2019-edition-mesh-schwarz-einheitsgroesse-098025us\/#breadcrumb","itemListElement":[{"@type":"ListItem","position":1,"name":"Startseite","item":"https:\/\/marktxxl.de\/markt\/"},{"@type":"ListItem","position":2,"name":"Markt","item":"https:\/\/marktxxl.de\/markt\/"},{"@type":"ListItem","position":3,"name":"BabyBj\u00f6rn Babytrage One Air 2019 Edition, Mesh, Schwarz, Einheitsgr\u00f6\u00dfe (098025US) (1 St\u00fcck)"}]},{"@type":"WebSite","@id":"https:\/\/marktxxl.de\/markt\/#website","url":"https:\/\/marktxxl.de\/markt\/","name":"Markt-XXL","description":"Ihr Markt Online","publisher":{"@id":"https:\/\/marktxxl.de\/markt\/#organization"},"potentialAction":[{"@type":"SearchAction","target":{"@type":"EntryPoint","urlTemplate":"https:\/\/marktxxl.de\/markt\/?s={search_term_string}"},"query-input":{"@type":"PropertyValueSpecification","valueRequired":true,"valueName":"search_term_string"}}],"inLanguage":"de"},{"@type":"Organization","@id":"https:\/\/marktxxl.de\/markt\/#organization","name":"Markt-XXL","url":"https:\/\/marktxxl.de\/markt\/","logo":{"@type":"ImageObject","inLanguage":"de","@id":"https:\/\/marktxxl.de\/markt\/#\/schema\/logo\/image\/","url":"https:\/\/marktxxl.de\/markt\/wp-content\/uploads\/sites\/3\/2020\/12\/logo.png","contentUrl":"https:\/\/marktxxl.de\/markt\/wp-content\/uploads\/sites\/3\/2020\/12\/logo.png","width":200,"height":70,"caption":"Markt-XXL"},"image":{"@id":"https:\/\/marktxxl.de\/markt\/#\/schema\/logo\/image\/"}}]}},"_links":{"self":[{"href":"https:\/\/marktxxl.de\/markt\/wp-json\/wp\/v2\/product\/133440","targetHints":{"allow":["GET"]}}],"collection":[{"href":"https:\/\/marktxxl.de\/markt\/wp-json\/wp\/v2\/product"}],"about":[{"href":"https:\/\/marktxxl.de\/markt\/wp-json\/wp\/v2\/types\/product"}],"replies":[{"embeddable":true,"href":"https:\/\/marktxxl.de\/markt\/wp-json\/wp\/v2\/comments?post=133440"}],"wp:featuredmedia":[{"embeddable":true,"href":"https:\/\/marktxxl.de\/markt\/wp-json\/wp\/v2\/media\/133441"}],"wp:attachment":[{"href":"https:\/\/marktxxl.de\/markt\/wp-json\/wp\/v2\/media?parent=133440"}],"wp:term":[{"taxonomy":"product_brand","embeddable":true,"href":"https:\/\/marktxxl.de\/markt\/wp-json\/wp\/v2\/product_brand?post=133440"},{"taxonomy":"product_cat","embeddable":true,"href":"https:\/\/marktxxl.de\/markt\/wp-json\/wp\/v2\/product_cat?post=133440"},{"taxonomy":"product_tag","embeddable":true,"href":"https:\/\/marktxxl.de\/markt\/wp-json\/wp\/v2\/product_tag?post=133440"}],"curies":[{"name":"wp","href":"https:\/\/api.w.org\/{rel}","templated":true}]}}