{"id":133305,"date":"2022-07-13T20:52:29","date_gmt":"2022-07-13T18:52:29","guid":{"rendered":"https:\/\/marktxxl.de\/markt\/produkt\/valhy-premium-badewannen-kniebank-und-ellenbogenstuetze-fuer-babys-und-haustiere\/"},"modified":"2023-04-11T04:07:43","modified_gmt":"2023-04-11T02:07:43","slug":"valhy-premium-badewannen-kniebank-und-ellenbogenstuetze-fuer-babys-und-haustiere","status":"publish","type":"product","link":"https:\/\/marktxxl.de\/markt\/produkt\/valhy-premium-badewannen-kniebank-und-ellenbogenstuetze-fuer-babys-und-haustiere\/","title":{"rendered":"Extra gro\u00dfes Premium-Gr\u00f6\u00dfe Bade-Knie- und Ellenbogenst\u00fctzen-Set. Hergestellt aus hochwertigen Materialien. Extra dicke\u2026"},"content":{"rendered":"<p>Allzweck-Badewannenknie- und Ellenbogenst\u00fctze \u2013 ideal zur Reduzierung von Druck und Spannung auf Ihre Knie, Arme und Ellbogen. Unser gr\u00f6\u00dferes 55,9 x 38,1 cm gro\u00dfes Badewannenkniekissen ist aus umweltfreundlichen Materialien und hochwertigem Kalkstein-Neopren gefertigt, um mehr unterst\u00fctzenden Komfort zu bieten, wenn Sie Ihrem Kind oder Ihrem Haustier ein Bad geben.<br \/>\nWasserdichte Au\u00dfenseite, dicke PE-Schaumstoff-F\u00fcllung \u2013 Entworfen f\u00fcr Langlebigkeit, Vielseitigkeit und allgemeinen Komfort, widersteht unsere Baby-Badewannenkniest\u00fctze Wasser und Feuchtigkeit. Es verf\u00fcgt auch \u00fcber vier \u00fcbergro\u00dfe, extra dicke 22,9 cm Netztaschen f\u00fcr die Aufbewahrung von Gegenst\u00e4nden wie Flaschen, Badespielzeug, Babyseife und anderen wichtigen Bad-Accessoires.<br \/>\nUltrastarke, rutschfeste Saugn\u00e4pfe &#8211; Unser Baby-Bade-Knie- und Ellenbogenst\u00fctzen-Set verf\u00fcgt \u00fcber 8 Saugn\u00e4pfe, die an der Seite des Wannen- oder Fliesenbodens effektiver haften, um Rutschen oder Bewegungen zu reduzieren, auch wenn Sie ein warmes, dampfendes Bad geben. Die dickere, st\u00fctzende 4,4 x 55,9 cm Ellenbogenst\u00fctze reduziert auch die Gelenkspannung beim Anlehnen.<br \/>\nGro\u00dfartig f\u00fcr Eltern und Haustierbesitzer \u2013 Valhy Bade-Knieschoner sind ideal f\u00fcr M\u00fctter und V\u00e4ter, die Neugeborene und Kleinkinder sauber halten sowie Haustierbesitzer, die den Schmutz und Schlamm von ihrem Hund nach einem langen Tag im Park waschen m\u00fcssen. Sie sind auch aus ungiftigen Materialien hergestellt, um sie sicherer f\u00fcr Babys, Kinder und Haustiere zu machen.<br \/>\nKostenloser Spielzeug-Organizer: Jede Badewannen-Ellenbogenst\u00fctze und Kniebank enth\u00e4lt ein Spielzeug-Netz-Aufbewahrungssystem, um Bad-Spielzeug organisiert und ordentlich verstaut zu halten, es ist Zeit, die Badewanne mit Blasen und lustigen Spielzeiten zu f\u00fcllen. Dazu geh\u00f6rt auch eine Premium-PVC-Tasche, die es einfacher macht, auf Reisen zu verstauen oder mitzunehmen.<br \/>\n<div class=\"main-cross-sell\" data-asin=\"B08QRQPW2W\">\n\n\t<div class=\"WooZone-cross-sell-loader\">\n\t\t<div>\n\t\t\t<div id=\"floatingBarsG\">\n\t\t\t\t<div class=\"blockG\" id=\"rotateG_01\"><\/div>\n\t\t\t\t<div class=\"blockG\" id=\"rotateG_02\"><\/div>\n\t\t\t\t<div class=\"blockG\" id=\"rotateG_03\"><\/div>\n\t\t\t\t<div class=\"blockG\" id=\"rotateG_04\"><\/div>\n\t\t\t\t<div class=\"blockG\" id=\"rotateG_05\"><\/div>\n\t\t\t\t<div class=\"blockG\" id=\"rotateG_06\"><\/div>\n\t\t\t\t<div class=\"blockG\" id=\"rotateG_07\"><\/div>\n\t\t\t\t<div class=\"blockG\" id=\"rotateG_08\"><\/div>\n\t\t\t<\/div>\n\t\t\t<div class=\"WooZone-cross-sell-loader-text\"><\/div>\n\t\t<\/div>\n\t<\/div>\n\n\t\t\n<\/div>\n<div style=\"clear:both;\"><\/div><\/p>\n","protected":false},"excerpt":{"rendered":"<p>Allzweck-Badewannenknie- und Ellenbogenst\u00fctze \u2013 ideal zur Reduzierung von Druck und Spannung auf Ihre Knie, Arme und Ellbogen. Unser gr\u00f6\u00dferes 55,9 x 38,1 cm gro\u00dfes Badewannenkniekissen ist aus umweltfreundlichen Materialien und hochwertigem Kalkstein-Neopren gefertigt, um mehr unterst\u00fctzenden Komfort zu bieten, wenn Sie Ihrem Kind oder Ihrem Haustier ein Bad geben.<br \/>\nWasserdichte Au\u00dfenseite, dicke PE-Schaumstoff-F\u00fcllung \u2013 Entworfen f\u00fcr Langlebigkeit, Vielseitigkeit und allgemeinen Komfort, widersteht unsere Baby-Badewannenkniest\u00fctze Wasser und Feuchtigkeit. Es verf\u00fcgt auch \u00fcber vier \u00fcbergro\u00dfe, extra dicke 22,9 cm Netztaschen f\u00fcr die Aufbewahrung von Gegenst\u00e4nden wie Flaschen, Badespielzeug, Babyseife und anderen wichtigen Bad-Accessoires.<br \/>\nUltrastarke, rutschfeste Saugn\u00e4pfe &#8211; Unser Baby-Bade-Knie- und Ellenbogenst\u00fctzen-Set verf\u00fcgt \u00fcber 8 Saugn\u00e4pfe, die an der Seite des Wannen- oder Fliesenbodens effektiver haften, um Rutschen oder Bewegungen zu reduzieren, auch wenn Sie ein warmes, dampfendes Bad geben. Die dickere, st\u00fctzende 4,4 x 55,9 cm Ellenbogenst\u00fctze reduziert auch die Gelenkspannung beim Anlehnen.<\/p>\n","protected":false},"featured_media":133306,"comment_status":"open","ping_status":"closed","template":"","meta":[],"product_brand":[],"product_cat":[21,9009],"product_tag":[],"class_list":{"0":"post-133305","1":"product","2":"type-product","3":"status-publish","4":"has-post-thumbnail","6":"product_cat-baby","7":"product_cat-babypflege-baby","8":"pa_binding-babyartikel","9":"pa_brand-valhy","10":"pa_color-weiss","11":"pa_manufacturer-valhy","12":"pa_model-v-aqua-green","13":"pa_weight-1-98-pfund","15":"first","16":"instock","17":"shipping-taxable","18":"purchasable","19":"product-type-simple","20":"customify-col","21":"product-has-gallery"},"yoast_head":"<!-- This site is optimized with the Yoast SEO plugin v27.4 - https:\/\/yoast.com\/product\/yoast-seo-wordpress\/ -->\n<title>Extra gro\u00dfes Premium-Gr\u00f6\u00dfe Bade-Knie- und Ellenbogenst\u00fctzen-Set. Hergestellt aus hochwertigen Materialien. Extra dicke\u2026 - Markt-XXL<\/title>\n<meta name=\"description\" content=\"Markt-XXL Extra gro\u00dfes Premium-Gr\u00f6\u00dfe Bade-Knie- und Ellenbogenst\u00fctzen-Set. Hergestellt aus hochwertigen Materialien. Extra dicke\u2026\" \/>\n<meta name=\"robots\" content=\"index, follow, max-snippet:-1, max-image-preview:large, max-video-preview:-1\" \/>\n<link rel=\"canonical\" href=\"https:\/\/marktxxl.de\/markt\/produkt\/valhy-premium-badewannen-kniebank-und-ellenbogenstuetze-fuer-babys-und-haustiere\/\" \/>\n<meta property=\"og:locale\" content=\"de_DE\" \/>\n<meta property=\"og:type\" content=\"article\" \/>\n<meta property=\"og:title\" content=\"Extra gro\u00dfes Premium-Gr\u00f6\u00dfe Bade-Knie- und Ellenbogenst\u00fctzen-Set. Hergestellt aus hochwertigen Materialien. Extra dicke\u2026 - Markt-XXL\" \/>\n<meta property=\"og:description\" content=\"Markt-XXL Extra gro\u00dfes Premium-Gr\u00f6\u00dfe Bade-Knie- und Ellenbogenst\u00fctzen-Set. Hergestellt aus hochwertigen Materialien. Extra dicke\u2026\" \/>\n<meta property=\"og:url\" content=\"https:\/\/marktxxl.de\/markt\/produkt\/valhy-premium-badewannen-kniebank-und-ellenbogenstuetze-fuer-babys-und-haustiere\/\" \/>\n<meta property=\"og:site_name\" content=\"Markt-XXL\" \/>\n<meta property=\"article:modified_time\" content=\"2023-04-11T02:07:43+00:00\" \/>\n<meta property=\"og:image\" content=\"https:\/\/m.media-amazon.com\/images\/I\/41RClB5h2+L._SL500_.jpg\" \/>\n\t<meta property=\"og:image:width\" content=\"500\" \/>\n\t<meta property=\"og:image:height\" content=\"500\" \/>\n\t<meta property=\"og:image:type\" content=\"image\/jpeg\" \/>\n<meta name=\"twitter:card\" content=\"summary_large_image\" \/>\n<meta name=\"twitter:label1\" content=\"Gesch\u00e4tzte Lesezeit\" \/>\n\t<meta name=\"twitter:data1\" content=\"1\u00a0Minute\" \/>\n<script type=\"application\/ld+json\" class=\"yoast-schema-graph\">{\"@context\":\"https:\\\/\\\/schema.org\",\"@graph\":[{\"@type\":\"WebPage\",\"@id\":\"https:\\\/\\\/marktxxl.de\\\/markt\\\/produkt\\\/valhy-premium-badewannen-kniebank-und-ellenbogenstuetze-fuer-babys-und-haustiere\\\/\",\"url\":\"https:\\\/\\\/marktxxl.de\\\/markt\\\/produkt\\\/valhy-premium-badewannen-kniebank-und-ellenbogenstuetze-fuer-babys-und-haustiere\\\/\",\"name\":\"Extra gro\u00dfes Premium-Gr\u00f6\u00dfe Bade-Knie- und Ellenbogenst\u00fctzen-Set. Hergestellt aus hochwertigen Materialien. Extra dicke\u2026 - Markt-XXL\",\"isPartOf\":{\"@id\":\"https:\\\/\\\/marktxxl.de\\\/markt\\\/#website\"},\"primaryImageOfPage\":{\"@id\":\"https:\\\/\\\/marktxxl.de\\\/markt\\\/produkt\\\/valhy-premium-badewannen-kniebank-und-ellenbogenstuetze-fuer-babys-und-haustiere\\\/#primaryimage\"},\"image\":{\"@id\":\"https:\\\/\\\/marktxxl.de\\\/markt\\\/produkt\\\/valhy-premium-badewannen-kniebank-und-ellenbogenstuetze-fuer-babys-und-haustiere\\\/#primaryimage\"},\"thumbnailUrl\":\"https:\\\/\\\/m.media-amazon.com\\\/images\\\/I\\\/41RClB5h2+L._SL500_.jpg\",\"datePublished\":\"2022-07-13T18:52:29+00:00\",\"dateModified\":\"2023-04-11T02:07:43+00:00\",\"description\":\"Markt-XXL Extra gro\u00dfes Premium-Gr\u00f6\u00dfe Bade-Knie- und Ellenbogenst\u00fctzen-Set. Hergestellt aus hochwertigen Materialien. Extra dicke\u2026\",\"breadcrumb\":{\"@id\":\"https:\\\/\\\/marktxxl.de\\\/markt\\\/produkt\\\/valhy-premium-badewannen-kniebank-und-ellenbogenstuetze-fuer-babys-und-haustiere\\\/#breadcrumb\"},\"inLanguage\":\"de\",\"potentialAction\":[{\"@type\":\"ReadAction\",\"target\":[\"https:\\\/\\\/marktxxl.de\\\/markt\\\/produkt\\\/valhy-premium-badewannen-kniebank-und-ellenbogenstuetze-fuer-babys-und-haustiere\\\/\"]}]},{\"@type\":\"ImageObject\",\"inLanguage\":\"de\",\"@id\":\"https:\\\/\\\/marktxxl.de\\\/markt\\\/produkt\\\/valhy-premium-badewannen-kniebank-und-ellenbogenstuetze-fuer-babys-und-haustiere\\\/#primaryimage\",\"url\":\"https:\\\/\\\/m.media-amazon.com\\\/images\\\/I\\\/41RClB5h2+L._SL500_.jpg\",\"contentUrl\":\"https:\\\/\\\/m.media-amazon.com\\\/images\\\/I\\\/41RClB5h2+L._SL500_.jpg\",\"width\":500,\"height\":500},{\"@type\":\"BreadcrumbList\",\"@id\":\"https:\\\/\\\/marktxxl.de\\\/markt\\\/produkt\\\/valhy-premium-badewannen-kniebank-und-ellenbogenstuetze-fuer-babys-und-haustiere\\\/#breadcrumb\",\"itemListElement\":[{\"@type\":\"ListItem\",\"position\":1,\"name\":\"Startseite\",\"item\":\"https:\\\/\\\/marktxxl.de\\\/markt\\\/\"},{\"@type\":\"ListItem\",\"position\":2,\"name\":\"Markt\",\"item\":\"https:\\\/\\\/marktxxl.de\\\/markt\\\/\"},{\"@type\":\"ListItem\",\"position\":3,\"name\":\"Extra gro\u00dfes Premium-Gr\u00f6\u00dfe Bade-Knie- und Ellenbogenst\u00fctzen-Set. Hergestellt aus hochwertigen Materialien. Extra dicke\u2026\"}]},{\"@type\":\"WebSite\",\"@id\":\"https:\\\/\\\/marktxxl.de\\\/markt\\\/#website\",\"url\":\"https:\\\/\\\/marktxxl.de\\\/markt\\\/\",\"name\":\"Markt-XXL\",\"description\":\"Ihr Markt Online\",\"publisher\":{\"@id\":\"https:\\\/\\\/marktxxl.de\\\/markt\\\/#organization\"},\"potentialAction\":[{\"@type\":\"SearchAction\",\"target\":{\"@type\":\"EntryPoint\",\"urlTemplate\":\"https:\\\/\\\/marktxxl.de\\\/markt\\\/?s={search_term_string}\"},\"query-input\":{\"@type\":\"PropertyValueSpecification\",\"valueRequired\":true,\"valueName\":\"search_term_string\"}}],\"inLanguage\":\"de\"},{\"@type\":\"Organization\",\"@id\":\"https:\\\/\\\/marktxxl.de\\\/markt\\\/#organization\",\"name\":\"Markt-XXL\",\"url\":\"https:\\\/\\\/marktxxl.de\\\/markt\\\/\",\"logo\":{\"@type\":\"ImageObject\",\"inLanguage\":\"de\",\"@id\":\"https:\\\/\\\/marktxxl.de\\\/markt\\\/#\\\/schema\\\/logo\\\/image\\\/\",\"url\":\"https:\\\/\\\/marktxxl.de\\\/markt\\\/wp-content\\\/uploads\\\/sites\\\/3\\\/2020\\\/12\\\/logo.png\",\"contentUrl\":\"https:\\\/\\\/marktxxl.de\\\/markt\\\/wp-content\\\/uploads\\\/sites\\\/3\\\/2020\\\/12\\\/logo.png\",\"width\":200,\"height\":70,\"caption\":\"Markt-XXL\"},\"image\":{\"@id\":\"https:\\\/\\\/marktxxl.de\\\/markt\\\/#\\\/schema\\\/logo\\\/image\\\/\"}}]}<\/script>\n<!-- \/ Yoast SEO plugin. -->","yoast_head_json":{"title":"Extra gro\u00dfes Premium-Gr\u00f6\u00dfe Bade-Knie- und Ellenbogenst\u00fctzen-Set. Hergestellt aus hochwertigen Materialien. Extra dicke\u2026 - Markt-XXL","description":"Markt-XXL Extra gro\u00dfes Premium-Gr\u00f6\u00dfe Bade-Knie- und Ellenbogenst\u00fctzen-Set. Hergestellt aus hochwertigen Materialien. Extra dicke\u2026","robots":{"index":"index","follow":"follow","max-snippet":"max-snippet:-1","max-image-preview":"max-image-preview:large","max-video-preview":"max-video-preview:-1"},"canonical":"https:\/\/marktxxl.de\/markt\/produkt\/valhy-premium-badewannen-kniebank-und-ellenbogenstuetze-fuer-babys-und-haustiere\/","og_locale":"de_DE","og_type":"article","og_title":"Extra gro\u00dfes Premium-Gr\u00f6\u00dfe Bade-Knie- und Ellenbogenst\u00fctzen-Set. Hergestellt aus hochwertigen Materialien. Extra dicke\u2026 - Markt-XXL","og_description":"Markt-XXL Extra gro\u00dfes Premium-Gr\u00f6\u00dfe Bade-Knie- und Ellenbogenst\u00fctzen-Set. Hergestellt aus hochwertigen Materialien. Extra dicke\u2026","og_url":"https:\/\/marktxxl.de\/markt\/produkt\/valhy-premium-badewannen-kniebank-und-ellenbogenstuetze-fuer-babys-und-haustiere\/","og_site_name":"Markt-XXL","article_modified_time":"2023-04-11T02:07:43+00:00","og_image":[{"width":500,"height":500,"url":"https:\/\/m.media-amazon.com\/images\/I\/41RClB5h2+L._SL500_.jpg","type":"image\/jpeg"}],"twitter_card":"summary_large_image","twitter_misc":{"Gesch\u00e4tzte Lesezeit":"1\u00a0Minute"},"schema":{"@context":"https:\/\/schema.org","@graph":[{"@type":"WebPage","@id":"https:\/\/marktxxl.de\/markt\/produkt\/valhy-premium-badewannen-kniebank-und-ellenbogenstuetze-fuer-babys-und-haustiere\/","url":"https:\/\/marktxxl.de\/markt\/produkt\/valhy-premium-badewannen-kniebank-und-ellenbogenstuetze-fuer-babys-und-haustiere\/","name":"Extra gro\u00dfes Premium-Gr\u00f6\u00dfe Bade-Knie- und Ellenbogenst\u00fctzen-Set. Hergestellt aus hochwertigen Materialien. Extra dicke\u2026 - Markt-XXL","isPartOf":{"@id":"https:\/\/marktxxl.de\/markt\/#website"},"primaryImageOfPage":{"@id":"https:\/\/marktxxl.de\/markt\/produkt\/valhy-premium-badewannen-kniebank-und-ellenbogenstuetze-fuer-babys-und-haustiere\/#primaryimage"},"image":{"@id":"https:\/\/marktxxl.de\/markt\/produkt\/valhy-premium-badewannen-kniebank-und-ellenbogenstuetze-fuer-babys-und-haustiere\/#primaryimage"},"thumbnailUrl":"https:\/\/m.media-amazon.com\/images\/I\/41RClB5h2+L._SL500_.jpg","datePublished":"2022-07-13T18:52:29+00:00","dateModified":"2023-04-11T02:07:43+00:00","description":"Markt-XXL Extra gro\u00dfes Premium-Gr\u00f6\u00dfe Bade-Knie- und Ellenbogenst\u00fctzen-Set. Hergestellt aus hochwertigen Materialien. Extra dicke\u2026","breadcrumb":{"@id":"https:\/\/marktxxl.de\/markt\/produkt\/valhy-premium-badewannen-kniebank-und-ellenbogenstuetze-fuer-babys-und-haustiere\/#breadcrumb"},"inLanguage":"de","potentialAction":[{"@type":"ReadAction","target":["https:\/\/marktxxl.de\/markt\/produkt\/valhy-premium-badewannen-kniebank-und-ellenbogenstuetze-fuer-babys-und-haustiere\/"]}]},{"@type":"ImageObject","inLanguage":"de","@id":"https:\/\/marktxxl.de\/markt\/produkt\/valhy-premium-badewannen-kniebank-und-ellenbogenstuetze-fuer-babys-und-haustiere\/#primaryimage","url":"https:\/\/m.media-amazon.com\/images\/I\/41RClB5h2+L._SL500_.jpg","contentUrl":"https:\/\/m.media-amazon.com\/images\/I\/41RClB5h2+L._SL500_.jpg","width":500,"height":500},{"@type":"BreadcrumbList","@id":"https:\/\/marktxxl.de\/markt\/produkt\/valhy-premium-badewannen-kniebank-und-ellenbogenstuetze-fuer-babys-und-haustiere\/#breadcrumb","itemListElement":[{"@type":"ListItem","position":1,"name":"Startseite","item":"https:\/\/marktxxl.de\/markt\/"},{"@type":"ListItem","position":2,"name":"Markt","item":"https:\/\/marktxxl.de\/markt\/"},{"@type":"ListItem","position":3,"name":"Extra gro\u00dfes Premium-Gr\u00f6\u00dfe Bade-Knie- und Ellenbogenst\u00fctzen-Set. Hergestellt aus hochwertigen Materialien. Extra dicke\u2026"}]},{"@type":"WebSite","@id":"https:\/\/marktxxl.de\/markt\/#website","url":"https:\/\/marktxxl.de\/markt\/","name":"Markt-XXL","description":"Ihr Markt Online","publisher":{"@id":"https:\/\/marktxxl.de\/markt\/#organization"},"potentialAction":[{"@type":"SearchAction","target":{"@type":"EntryPoint","urlTemplate":"https:\/\/marktxxl.de\/markt\/?s={search_term_string}"},"query-input":{"@type":"PropertyValueSpecification","valueRequired":true,"valueName":"search_term_string"}}],"inLanguage":"de"},{"@type":"Organization","@id":"https:\/\/marktxxl.de\/markt\/#organization","name":"Markt-XXL","url":"https:\/\/marktxxl.de\/markt\/","logo":{"@type":"ImageObject","inLanguage":"de","@id":"https:\/\/marktxxl.de\/markt\/#\/schema\/logo\/image\/","url":"https:\/\/marktxxl.de\/markt\/wp-content\/uploads\/sites\/3\/2020\/12\/logo.png","contentUrl":"https:\/\/marktxxl.de\/markt\/wp-content\/uploads\/sites\/3\/2020\/12\/logo.png","width":200,"height":70,"caption":"Markt-XXL"},"image":{"@id":"https:\/\/marktxxl.de\/markt\/#\/schema\/logo\/image\/"}}]}},"_links":{"self":[{"href":"https:\/\/marktxxl.de\/markt\/wp-json\/wp\/v2\/product\/133305","targetHints":{"allow":["GET"]}}],"collection":[{"href":"https:\/\/marktxxl.de\/markt\/wp-json\/wp\/v2\/product"}],"about":[{"href":"https:\/\/marktxxl.de\/markt\/wp-json\/wp\/v2\/types\/product"}],"replies":[{"embeddable":true,"href":"https:\/\/marktxxl.de\/markt\/wp-json\/wp\/v2\/comments?post=133305"}],"wp:featuredmedia":[{"embeddable":true,"href":"https:\/\/marktxxl.de\/markt\/wp-json\/wp\/v2\/media\/133306"}],"wp:attachment":[{"href":"https:\/\/marktxxl.de\/markt\/wp-json\/wp\/v2\/media?parent=133305"}],"wp:term":[{"taxonomy":"product_brand","embeddable":true,"href":"https:\/\/marktxxl.de\/markt\/wp-json\/wp\/v2\/product_brand?post=133305"},{"taxonomy":"product_cat","embeddable":true,"href":"https:\/\/marktxxl.de\/markt\/wp-json\/wp\/v2\/product_cat?post=133305"},{"taxonomy":"product_tag","embeddable":true,"href":"https:\/\/marktxxl.de\/markt\/wp-json\/wp\/v2\/product_tag?post=133305"}],"curies":[{"name":"wp","href":"https:\/\/api.w.org\/{rel}","templated":true}]}}