{"id":133269,"date":"2022-07-13T20:50:21","date_gmt":"2022-07-13T18:50:21","guid":{"rendered":"https:\/\/marktxxl.de\/markt\/produkt\/2-stuecke-analdusche-einlauf-birne-private-dusche-klistierreiniger-medizinisch-dusche-gluehbirne-fuer-maenner-frauen-bequem-310-ml-schwarz\/"},"modified":"2023-04-11T04:07:42","modified_gmt":"2023-04-11T02:07:42","slug":"2-stuecke-analdusche-einlauf-birne-private-dusche-klistierreiniger-medizinisch-dusche-gluehbirne-fuer-maenner-frauen-bequem-310-ml-schwarz","status":"publish","type":"product","link":"https:\/\/marktxxl.de\/markt\/produkt\/2-stuecke-analdusche-einlauf-birne-private-dusche-klistierreiniger-medizinisch-dusche-gluehbirne-fuer-maenner-frauen-bequem-310-ml-schwarz\/","title":{"rendered":"2 St\u00fcck Duschgel f\u00fcr Einlaufbirne Private Vaginaldusche Einlaufreiniger Medizinische Duschbirne f\u00fcr Herren Damen\u2026"},"content":{"rendered":"<p>Das Kit enth\u00e4lt: Sie erhalten 2 Klistier Einlaufbirnen, die aus weichem, glattem und haltbarem Silikon hergestellt sind und Ihnen die bequemste und reibungsloseste Anwendung bieten, die sowohl f\u00fcr M\u00e4nner als auch f\u00fcr Frauen geeignet ist<br \/>\nDurchdachtes Design: Die Anal Klistierbirne bietet einen sch\u00f6nen und rutschfesten Griff, und die Anal Dusche Klistierbirnen sind mit der D\u00fcsenspritze verbunden, die ein auslaufsicheres Design aufweist, das die Klistierfl\u00fcssigkeit zum Dickdarm transportiert. Sie ist gut f\u00fcr M\u00e4nner und Frauen Verfahren zu Hause von selbst<br \/>\nGeeignete Gr\u00f6\u00dfe: Das Volumen des Rektaleinlaufkolbens betr\u00e4gt 310 ml, und die D\u00fcsenl\u00e4nge betr\u00e4gt ca. 4,8 Zoll. Unsere private Dusche oder Analdusche ist sehr gut f\u00fcr M\u00e4nner und Frauen geeignet, bequem und schnell zu reinigen<br \/>\nEinfach zu bedienen: Rektalapplikatorspritze vom Kolben trennen, Spritzenkolben mit Klistierl\u00f6sung f\u00fcllen und Rektalapplikator ersetzen, Rektalapplikatorspritze mit einem wasserl\u00f6slichen Gleitmittel schmieren; F\u00fchren Sie den Rektalapplikator vorsichtig in das Rektum ein. Dr\u00fccken Sie die Gl\u00fchbirne vorsichtig zusammen, um die L\u00f6sung in den Darm zu sp\u00fclen. Halten Sie die L\u00f6sung so lange wie m\u00f6glich, bevor Sie die Muskeln entspannen, um den Darminhalt freizugeben<br \/>\nReinigungsanweisungen: Rektalapplikatorspritze vom Kolben trennen, beide Teile vor dem ersten Gebrauch und nach jedem weiteren Gebrauch gr\u00fcndlich in Wasser und Desinfektionsl\u00f6sung waschen; Gr\u00fcndlich aussp\u00fclen, vor direkter Sonneneinstrahlung trocknen, sicherstellen, dass alle Teile trocken sind, bevor sie gelagert werden<br \/>\n<div class=\"main-cross-sell\" data-asin=\"B09379797P\">\n\n\t<div class=\"WooZone-cross-sell-loader\">\n\t\t<div>\n\t\t\t<div id=\"floatingBarsG\">\n\t\t\t\t<div class=\"blockG\" id=\"rotateG_01\"><\/div>\n\t\t\t\t<div class=\"blockG\" id=\"rotateG_02\"><\/div>\n\t\t\t\t<div class=\"blockG\" id=\"rotateG_03\"><\/div>\n\t\t\t\t<div class=\"blockG\" id=\"rotateG_04\"><\/div>\n\t\t\t\t<div class=\"blockG\" id=\"rotateG_05\"><\/div>\n\t\t\t\t<div class=\"blockG\" id=\"rotateG_06\"><\/div>\n\t\t\t\t<div class=\"blockG\" id=\"rotateG_07\"><\/div>\n\t\t\t\t<div class=\"blockG\" id=\"rotateG_08\"><\/div>\n\t\t\t<\/div>\n\t\t\t<div class=\"WooZone-cross-sell-loader-text\"><\/div>\n\t\t<\/div>\n\t<\/div>\n\n\t\t\n<\/div>\n<div style=\"clear:both;\"><\/div><\/p>\n","protected":false},"excerpt":{"rendered":"<p>Das Kit enth\u00e4lt: Sie erhalten 2 Klistier Einlaufbirnen, die aus weichem, glattem und haltbarem Silikon hergestellt sind und Ihnen die bequemste und reibungsloseste Anwendung bieten, die sowohl f\u00fcr M\u00e4nner als auch f\u00fcr Frauen geeignet ist<br \/>\nDurchdachtes Design: Die Anal Klistierbirne bietet einen sch\u00f6nen und rutschfesten Griff, und die Anal Dusche Klistierbirnen sind mit der D\u00fcsenspritze verbunden, die ein auslaufsicheres Design aufweist, das die Klistierfl\u00fcssigkeit zum Dickdarm transportiert. Sie ist gut f\u00fcr M\u00e4nner und Frauen Verfahren zu Hause von selbst<br \/>\nGeeignete Gr\u00f6\u00dfe: Das Volumen des Rektaleinlaufkolbens betr\u00e4gt 310 ml, und die D\u00fcsenl\u00e4nge betr\u00e4gt ca. 4,8 Zoll. Unsere private Dusche oder Analdusche ist sehr gut f\u00fcr M\u00e4nner und Frauen geeignet, bequem und schnell zu reinigen<\/p>\n","protected":false},"featured_media":133270,"comment_status":"open","ping_status":"closed","template":"","meta":[],"product_brand":[],"product_cat":[652,2977],"product_tag":[],"class_list":{"0":"post-133269","1":"product","2":"type-product","3":"status-publish","4":"has-post-thumbnail","6":"product_cat-erotik-markt-xxl","7":"product_cat-sexspielzeug","8":"pa_brand-patelai","9":"pa_manufacturer-patelai","11":"first","12":"instock","13":"shipping-taxable","14":"purchasable","15":"product-type-simple","16":"customify-col","17":"product-has-gallery"},"yoast_head":"<!-- This site is optimized with the Yoast SEO plugin v27.3 - https:\/\/yoast.com\/product\/yoast-seo-wordpress\/ -->\n<title>2 St\u00fcck Duschgel f\u00fcr Einlaufbirne Private Vaginaldusche Einlaufreiniger Medizinische Duschbirne f\u00fcr Herren Damen\u2026 - Markt-XXL<\/title>\n<meta name=\"description\" content=\"Markt-XXL 2 St\u00fcck Duschgel f\u00fcr Einlaufbirne Private Vaginaldusche Einlaufreiniger Medizinische Duschbirne f\u00fcr Herren Damen\u2026\" \/>\n<meta name=\"robots\" content=\"index, follow, max-snippet:-1, max-image-preview:large, max-video-preview:-1\" \/>\n<link rel=\"canonical\" href=\"https:\/\/marktxxl.de\/markt\/produkt\/2-stuecke-analdusche-einlauf-birne-private-dusche-klistierreiniger-medizinisch-dusche-gluehbirne-fuer-maenner-frauen-bequem-310-ml-schwarz\/\" \/>\n<meta property=\"og:locale\" content=\"de_DE\" \/>\n<meta property=\"og:type\" content=\"article\" \/>\n<meta property=\"og:title\" content=\"2 St\u00fcck Duschgel f\u00fcr Einlaufbirne Private Vaginaldusche Einlaufreiniger Medizinische Duschbirne f\u00fcr Herren Damen\u2026 - Markt-XXL\" \/>\n<meta property=\"og:description\" content=\"Markt-XXL 2 St\u00fcck Duschgel f\u00fcr Einlaufbirne Private Vaginaldusche Einlaufreiniger Medizinische Duschbirne f\u00fcr Herren Damen\u2026\" \/>\n<meta property=\"og:url\" content=\"https:\/\/marktxxl.de\/markt\/produkt\/2-stuecke-analdusche-einlauf-birne-private-dusche-klistierreiniger-medizinisch-dusche-gluehbirne-fuer-maenner-frauen-bequem-310-ml-schwarz\/\" \/>\n<meta property=\"og:site_name\" content=\"Markt-XXL\" \/>\n<meta property=\"article:modified_time\" content=\"2023-04-11T02:07:42+00:00\" \/>\n<meta property=\"og:image\" content=\"https:\/\/m.media-amazon.com\/images\/I\/31sLZF9pdNS._SL500_.jpg\" \/>\n\t<meta property=\"og:image:width\" content=\"500\" \/>\n\t<meta property=\"og:image:height\" content=\"500\" \/>\n\t<meta property=\"og:image:type\" content=\"image\/jpeg\" \/>\n<meta name=\"twitter:card\" content=\"summary_large_image\" \/>\n<meta name=\"twitter:label1\" content=\"Gesch\u00e4tzte Lesezeit\" \/>\n\t<meta name=\"twitter:data1\" content=\"1\u00a0Minute\" \/>\n<script type=\"application\/ld+json\" class=\"yoast-schema-graph\">{\"@context\":\"https:\\\/\\\/schema.org\",\"@graph\":[{\"@type\":\"WebPage\",\"@id\":\"https:\\\/\\\/marktxxl.de\\\/markt\\\/produkt\\\/2-stuecke-analdusche-einlauf-birne-private-dusche-klistierreiniger-medizinisch-dusche-gluehbirne-fuer-maenner-frauen-bequem-310-ml-schwarz\\\/\",\"url\":\"https:\\\/\\\/marktxxl.de\\\/markt\\\/produkt\\\/2-stuecke-analdusche-einlauf-birne-private-dusche-klistierreiniger-medizinisch-dusche-gluehbirne-fuer-maenner-frauen-bequem-310-ml-schwarz\\\/\",\"name\":\"2 St\u00fcck Duschgel f\u00fcr Einlaufbirne Private Vaginaldusche Einlaufreiniger Medizinische Duschbirne f\u00fcr Herren Damen\u2026 - Markt-XXL\",\"isPartOf\":{\"@id\":\"https:\\\/\\\/marktxxl.de\\\/markt\\\/#website\"},\"primaryImageOfPage\":{\"@id\":\"https:\\\/\\\/marktxxl.de\\\/markt\\\/produkt\\\/2-stuecke-analdusche-einlauf-birne-private-dusche-klistierreiniger-medizinisch-dusche-gluehbirne-fuer-maenner-frauen-bequem-310-ml-schwarz\\\/#primaryimage\"},\"image\":{\"@id\":\"https:\\\/\\\/marktxxl.de\\\/markt\\\/produkt\\\/2-stuecke-analdusche-einlauf-birne-private-dusche-klistierreiniger-medizinisch-dusche-gluehbirne-fuer-maenner-frauen-bequem-310-ml-schwarz\\\/#primaryimage\"},\"thumbnailUrl\":\"https:\\\/\\\/m.media-amazon.com\\\/images\\\/I\\\/31sLZF9pdNS._SL500_.jpg\",\"datePublished\":\"2022-07-13T18:50:21+00:00\",\"dateModified\":\"2023-04-11T02:07:42+00:00\",\"description\":\"Markt-XXL 2 St\u00fcck Duschgel f\u00fcr Einlaufbirne Private Vaginaldusche Einlaufreiniger Medizinische Duschbirne f\u00fcr Herren Damen\u2026\",\"breadcrumb\":{\"@id\":\"https:\\\/\\\/marktxxl.de\\\/markt\\\/produkt\\\/2-stuecke-analdusche-einlauf-birne-private-dusche-klistierreiniger-medizinisch-dusche-gluehbirne-fuer-maenner-frauen-bequem-310-ml-schwarz\\\/#breadcrumb\"},\"inLanguage\":\"de\",\"potentialAction\":[{\"@type\":\"ReadAction\",\"target\":[\"https:\\\/\\\/marktxxl.de\\\/markt\\\/produkt\\\/2-stuecke-analdusche-einlauf-birne-private-dusche-klistierreiniger-medizinisch-dusche-gluehbirne-fuer-maenner-frauen-bequem-310-ml-schwarz\\\/\"]}]},{\"@type\":\"ImageObject\",\"inLanguage\":\"de\",\"@id\":\"https:\\\/\\\/marktxxl.de\\\/markt\\\/produkt\\\/2-stuecke-analdusche-einlauf-birne-private-dusche-klistierreiniger-medizinisch-dusche-gluehbirne-fuer-maenner-frauen-bequem-310-ml-schwarz\\\/#primaryimage\",\"url\":\"https:\\\/\\\/m.media-amazon.com\\\/images\\\/I\\\/31sLZF9pdNS._SL500_.jpg\",\"contentUrl\":\"https:\\\/\\\/m.media-amazon.com\\\/images\\\/I\\\/31sLZF9pdNS._SL500_.jpg\",\"width\":500,\"height\":500},{\"@type\":\"BreadcrumbList\",\"@id\":\"https:\\\/\\\/marktxxl.de\\\/markt\\\/produkt\\\/2-stuecke-analdusche-einlauf-birne-private-dusche-klistierreiniger-medizinisch-dusche-gluehbirne-fuer-maenner-frauen-bequem-310-ml-schwarz\\\/#breadcrumb\",\"itemListElement\":[{\"@type\":\"ListItem\",\"position\":1,\"name\":\"Startseite\",\"item\":\"https:\\\/\\\/marktxxl.de\\\/markt\\\/\"},{\"@type\":\"ListItem\",\"position\":2,\"name\":\"Markt\",\"item\":\"https:\\\/\\\/marktxxl.de\\\/markt\\\/\"},{\"@type\":\"ListItem\",\"position\":3,\"name\":\"2 St\u00fcck Duschgel f\u00fcr Einlaufbirne Private Vaginaldusche Einlaufreiniger Medizinische Duschbirne f\u00fcr Herren Damen\u2026\"}]},{\"@type\":\"WebSite\",\"@id\":\"https:\\\/\\\/marktxxl.de\\\/markt\\\/#website\",\"url\":\"https:\\\/\\\/marktxxl.de\\\/markt\\\/\",\"name\":\"Markt-XXL\",\"description\":\"Ihr Markt Online\",\"publisher\":{\"@id\":\"https:\\\/\\\/marktxxl.de\\\/markt\\\/#organization\"},\"potentialAction\":[{\"@type\":\"SearchAction\",\"target\":{\"@type\":\"EntryPoint\",\"urlTemplate\":\"https:\\\/\\\/marktxxl.de\\\/markt\\\/?s={search_term_string}\"},\"query-input\":{\"@type\":\"PropertyValueSpecification\",\"valueRequired\":true,\"valueName\":\"search_term_string\"}}],\"inLanguage\":\"de\"},{\"@type\":\"Organization\",\"@id\":\"https:\\\/\\\/marktxxl.de\\\/markt\\\/#organization\",\"name\":\"Markt-XXL\",\"url\":\"https:\\\/\\\/marktxxl.de\\\/markt\\\/\",\"logo\":{\"@type\":\"ImageObject\",\"inLanguage\":\"de\",\"@id\":\"https:\\\/\\\/marktxxl.de\\\/markt\\\/#\\\/schema\\\/logo\\\/image\\\/\",\"url\":\"https:\\\/\\\/marktxxl.de\\\/markt\\\/wp-content\\\/uploads\\\/sites\\\/3\\\/2020\\\/12\\\/logo.png\",\"contentUrl\":\"https:\\\/\\\/marktxxl.de\\\/markt\\\/wp-content\\\/uploads\\\/sites\\\/3\\\/2020\\\/12\\\/logo.png\",\"width\":200,\"height\":70,\"caption\":\"Markt-XXL\"},\"image\":{\"@id\":\"https:\\\/\\\/marktxxl.de\\\/markt\\\/#\\\/schema\\\/logo\\\/image\\\/\"}}]}<\/script>\n<!-- \/ Yoast SEO plugin. -->","yoast_head_json":{"title":"2 St\u00fcck Duschgel f\u00fcr Einlaufbirne Private Vaginaldusche Einlaufreiniger Medizinische Duschbirne f\u00fcr Herren Damen\u2026 - Markt-XXL","description":"Markt-XXL 2 St\u00fcck Duschgel f\u00fcr Einlaufbirne Private Vaginaldusche Einlaufreiniger Medizinische Duschbirne f\u00fcr Herren Damen\u2026","robots":{"index":"index","follow":"follow","max-snippet":"max-snippet:-1","max-image-preview":"max-image-preview:large","max-video-preview":"max-video-preview:-1"},"canonical":"https:\/\/marktxxl.de\/markt\/produkt\/2-stuecke-analdusche-einlauf-birne-private-dusche-klistierreiniger-medizinisch-dusche-gluehbirne-fuer-maenner-frauen-bequem-310-ml-schwarz\/","og_locale":"de_DE","og_type":"article","og_title":"2 St\u00fcck Duschgel f\u00fcr Einlaufbirne Private Vaginaldusche Einlaufreiniger Medizinische Duschbirne f\u00fcr Herren Damen\u2026 - Markt-XXL","og_description":"Markt-XXL 2 St\u00fcck Duschgel f\u00fcr Einlaufbirne Private Vaginaldusche Einlaufreiniger Medizinische Duschbirne f\u00fcr Herren Damen\u2026","og_url":"https:\/\/marktxxl.de\/markt\/produkt\/2-stuecke-analdusche-einlauf-birne-private-dusche-klistierreiniger-medizinisch-dusche-gluehbirne-fuer-maenner-frauen-bequem-310-ml-schwarz\/","og_site_name":"Markt-XXL","article_modified_time":"2023-04-11T02:07:42+00:00","og_image":[{"width":500,"height":500,"url":"https:\/\/m.media-amazon.com\/images\/I\/31sLZF9pdNS._SL500_.jpg","type":"image\/jpeg"}],"twitter_card":"summary_large_image","twitter_misc":{"Gesch\u00e4tzte Lesezeit":"1\u00a0Minute"},"schema":{"@context":"https:\/\/schema.org","@graph":[{"@type":"WebPage","@id":"https:\/\/marktxxl.de\/markt\/produkt\/2-stuecke-analdusche-einlauf-birne-private-dusche-klistierreiniger-medizinisch-dusche-gluehbirne-fuer-maenner-frauen-bequem-310-ml-schwarz\/","url":"https:\/\/marktxxl.de\/markt\/produkt\/2-stuecke-analdusche-einlauf-birne-private-dusche-klistierreiniger-medizinisch-dusche-gluehbirne-fuer-maenner-frauen-bequem-310-ml-schwarz\/","name":"2 St\u00fcck Duschgel f\u00fcr Einlaufbirne Private Vaginaldusche Einlaufreiniger Medizinische Duschbirne f\u00fcr Herren Damen\u2026 - Markt-XXL","isPartOf":{"@id":"https:\/\/marktxxl.de\/markt\/#website"},"primaryImageOfPage":{"@id":"https:\/\/marktxxl.de\/markt\/produkt\/2-stuecke-analdusche-einlauf-birne-private-dusche-klistierreiniger-medizinisch-dusche-gluehbirne-fuer-maenner-frauen-bequem-310-ml-schwarz\/#primaryimage"},"image":{"@id":"https:\/\/marktxxl.de\/markt\/produkt\/2-stuecke-analdusche-einlauf-birne-private-dusche-klistierreiniger-medizinisch-dusche-gluehbirne-fuer-maenner-frauen-bequem-310-ml-schwarz\/#primaryimage"},"thumbnailUrl":"https:\/\/m.media-amazon.com\/images\/I\/31sLZF9pdNS._SL500_.jpg","datePublished":"2022-07-13T18:50:21+00:00","dateModified":"2023-04-11T02:07:42+00:00","description":"Markt-XXL 2 St\u00fcck Duschgel f\u00fcr Einlaufbirne Private Vaginaldusche Einlaufreiniger Medizinische Duschbirne f\u00fcr Herren Damen\u2026","breadcrumb":{"@id":"https:\/\/marktxxl.de\/markt\/produkt\/2-stuecke-analdusche-einlauf-birne-private-dusche-klistierreiniger-medizinisch-dusche-gluehbirne-fuer-maenner-frauen-bequem-310-ml-schwarz\/#breadcrumb"},"inLanguage":"de","potentialAction":[{"@type":"ReadAction","target":["https:\/\/marktxxl.de\/markt\/produkt\/2-stuecke-analdusche-einlauf-birne-private-dusche-klistierreiniger-medizinisch-dusche-gluehbirne-fuer-maenner-frauen-bequem-310-ml-schwarz\/"]}]},{"@type":"ImageObject","inLanguage":"de","@id":"https:\/\/marktxxl.de\/markt\/produkt\/2-stuecke-analdusche-einlauf-birne-private-dusche-klistierreiniger-medizinisch-dusche-gluehbirne-fuer-maenner-frauen-bequem-310-ml-schwarz\/#primaryimage","url":"https:\/\/m.media-amazon.com\/images\/I\/31sLZF9pdNS._SL500_.jpg","contentUrl":"https:\/\/m.media-amazon.com\/images\/I\/31sLZF9pdNS._SL500_.jpg","width":500,"height":500},{"@type":"BreadcrumbList","@id":"https:\/\/marktxxl.de\/markt\/produkt\/2-stuecke-analdusche-einlauf-birne-private-dusche-klistierreiniger-medizinisch-dusche-gluehbirne-fuer-maenner-frauen-bequem-310-ml-schwarz\/#breadcrumb","itemListElement":[{"@type":"ListItem","position":1,"name":"Startseite","item":"https:\/\/marktxxl.de\/markt\/"},{"@type":"ListItem","position":2,"name":"Markt","item":"https:\/\/marktxxl.de\/markt\/"},{"@type":"ListItem","position":3,"name":"2 St\u00fcck Duschgel f\u00fcr Einlaufbirne Private Vaginaldusche Einlaufreiniger Medizinische Duschbirne f\u00fcr Herren Damen\u2026"}]},{"@type":"WebSite","@id":"https:\/\/marktxxl.de\/markt\/#website","url":"https:\/\/marktxxl.de\/markt\/","name":"Markt-XXL","description":"Ihr Markt Online","publisher":{"@id":"https:\/\/marktxxl.de\/markt\/#organization"},"potentialAction":[{"@type":"SearchAction","target":{"@type":"EntryPoint","urlTemplate":"https:\/\/marktxxl.de\/markt\/?s={search_term_string}"},"query-input":{"@type":"PropertyValueSpecification","valueRequired":true,"valueName":"search_term_string"}}],"inLanguage":"de"},{"@type":"Organization","@id":"https:\/\/marktxxl.de\/markt\/#organization","name":"Markt-XXL","url":"https:\/\/marktxxl.de\/markt\/","logo":{"@type":"ImageObject","inLanguage":"de","@id":"https:\/\/marktxxl.de\/markt\/#\/schema\/logo\/image\/","url":"https:\/\/marktxxl.de\/markt\/wp-content\/uploads\/sites\/3\/2020\/12\/logo.png","contentUrl":"https:\/\/marktxxl.de\/markt\/wp-content\/uploads\/sites\/3\/2020\/12\/logo.png","width":200,"height":70,"caption":"Markt-XXL"},"image":{"@id":"https:\/\/marktxxl.de\/markt\/#\/schema\/logo\/image\/"}}]}},"_links":{"self":[{"href":"https:\/\/marktxxl.de\/markt\/wp-json\/wp\/v2\/product\/133269","targetHints":{"allow":["GET"]}}],"collection":[{"href":"https:\/\/marktxxl.de\/markt\/wp-json\/wp\/v2\/product"}],"about":[{"href":"https:\/\/marktxxl.de\/markt\/wp-json\/wp\/v2\/types\/product"}],"replies":[{"embeddable":true,"href":"https:\/\/marktxxl.de\/markt\/wp-json\/wp\/v2\/comments?post=133269"}],"wp:featuredmedia":[{"embeddable":true,"href":"https:\/\/marktxxl.de\/markt\/wp-json\/wp\/v2\/media\/133270"}],"wp:attachment":[{"href":"https:\/\/marktxxl.de\/markt\/wp-json\/wp\/v2\/media?parent=133269"}],"wp:term":[{"taxonomy":"product_brand","embeddable":true,"href":"https:\/\/marktxxl.de\/markt\/wp-json\/wp\/v2\/product_brand?post=133269"},{"taxonomy":"product_cat","embeddable":true,"href":"https:\/\/marktxxl.de\/markt\/wp-json\/wp\/v2\/product_cat?post=133269"},{"taxonomy":"product_tag","embeddable":true,"href":"https:\/\/marktxxl.de\/markt\/wp-json\/wp\/v2\/product_tag?post=133269"}],"curies":[{"name":"wp","href":"https:\/\/api.w.org\/{rel}","templated":true}]}}