{"id":133067,"date":"2022-07-13T20:14:02","date_gmt":"2022-07-13T18:14:02","guid":{"rendered":"https:\/\/marktxxl.de\/markt\/produkt\/whew-mushie-musselin-baby-wickeldecke-100-bio-baumwolle-regenbogenfarben\/"},"modified":"2023-04-11T04:07:39","modified_gmt":"2023-04-11T02:07:39","slug":"whew-mushie-musselin-baby-wickeldecke-100-bio-baumwolle-regenbogenfarben","status":"publish","type":"product","link":"https:\/\/marktxxl.de\/markt\/produkt\/whew-mushie-musselin-baby-wickeldecke-100-bio-baumwolle-regenbogenfarben\/","title":{"rendered":"mushie Musselin Baby Wickeldecke | 100% Bio-Baumwolle | Sichere, Hochwertige &amp; Langlebige Erstausstattung f\u00fcr\u2026"},"content":{"rendered":"<p>Hergestellt aus 100 % Bio-Baumwolle. Unser gem\u00fctlicher und extra weicher Musselin-Wickeltuch ist vorgewaschen f\u00fcr Weichheit auf empfindlicher Babyhaut. Musselin bleibt atmungsaktiv und h\u00e4lt das Baby warm und kuschelig.<br \/>\nUnsere Musselin-Baby-Puckt\u00fccher sind ideal zum Wickeln, Stillen und Kuscheln Ihres Babys.<br \/>\nBleibt nach jeder W\u00e4sche weich. Maschinenwaschbar.<br \/>\nGr\u00f6\u00dfe: 120 cm x 120 cm<br \/>\n<div class=\"main-cross-sell\" data-asin=\"B08JGFJ26B\">\n\n\t<div class=\"WooZone-cross-sell-loader\">\n\t\t<div>\n\t\t\t<div id=\"floatingBarsG\">\n\t\t\t\t<div class=\"blockG\" id=\"rotateG_01\"><\/div>\n\t\t\t\t<div class=\"blockG\" id=\"rotateG_02\"><\/div>\n\t\t\t\t<div class=\"blockG\" id=\"rotateG_03\"><\/div>\n\t\t\t\t<div class=\"blockG\" id=\"rotateG_04\"><\/div>\n\t\t\t\t<div class=\"blockG\" id=\"rotateG_05\"><\/div>\n\t\t\t\t<div class=\"blockG\" id=\"rotateG_06\"><\/div>\n\t\t\t\t<div class=\"blockG\" id=\"rotateG_07\"><\/div>\n\t\t\t\t<div class=\"blockG\" id=\"rotateG_08\"><\/div>\n\t\t\t<\/div>\n\t\t\t<div class=\"WooZone-cross-sell-loader-text\"><\/div>\n\t\t<\/div>\n\t<\/div>\n\n\t\t\n<\/div>\n<div style=\"clear:both;\"><\/div><\/p>\n","protected":false},"excerpt":{"rendered":"<p>Hergestellt aus 100 % Bio-Baumwolle. Unser gem\u00fctlicher und extra weicher Musselin-Wickeltuch ist vorgewaschen f\u00fcr Weichheit auf empfindlicher Babyhaut. Musselin bleibt atmungsaktiv und h\u00e4lt das Baby warm und kuschelig.<br \/>\nUnsere Musselin-Baby-Puckt\u00fccher sind ideal zum Wickeln, Stillen und Kuscheln Ihres Babys.<br \/>\nBleibt nach jeder W\u00e4sche weich. Maschinenwaschbar.<\/p>\n","protected":false},"featured_media":133068,"comment_status":"open","ping_status":"closed","template":"","meta":[],"product_brand":[],"product_cat":[21,8825],"product_tag":[],"class_list":{"0":"post-133067","1":"product","2":"type-product","3":"status-publish","4":"has-post-thumbnail","6":"product_cat-baby","7":"product_cat-baby-kleinkinderzimmer-baby","8":"pa_binding-haushaltswaren","9":"pa_brand-whew","10":"pa_height-0-0787401574-zoll","11":"pa_length-47-24409440063-zoll","12":"pa_manufacturer-whew","13":"pa_model-37724","14":"pa_weight-0-6062712205-pfund","15":"pa_width-47-24409440063-zoll","17":"first","18":"instock","19":"shipping-taxable","20":"purchasable","21":"product-type-simple","22":"customify-col","23":"product-has-gallery"},"yoast_head":"<!-- This site is optimized with the Yoast SEO plugin v27.4 - https:\/\/yoast.com\/product\/yoast-seo-wordpress\/ -->\n<title>mushie Musselin Baby Wickeldecke | 100% Bio-Baumwolle | Sichere, Hochwertige &amp; Langlebige Erstausstattung f\u00fcr\u2026 - Markt-XXL<\/title>\n<meta name=\"description\" content=\"Markt-XXL mushie Musselin Baby Wickeldecke | 100% Bio-Baumwolle | Sichere, Hochwertige &amp; Langlebige Erstausstattung f\u00fcr\u2026\" \/>\n<meta name=\"robots\" content=\"index, follow, max-snippet:-1, max-image-preview:large, max-video-preview:-1\" \/>\n<link rel=\"canonical\" href=\"https:\/\/marktxxl.de\/markt\/produkt\/whew-mushie-musselin-baby-wickeldecke-100-bio-baumwolle-regenbogenfarben\/\" \/>\n<meta property=\"og:locale\" content=\"de_DE\" \/>\n<meta property=\"og:type\" content=\"article\" \/>\n<meta property=\"og:title\" content=\"mushie Musselin Baby Wickeldecke | 100% Bio-Baumwolle | Sichere, Hochwertige &amp; Langlebige Erstausstattung f\u00fcr\u2026 - Markt-XXL\" \/>\n<meta property=\"og:description\" content=\"Markt-XXL mushie Musselin Baby Wickeldecke | 100% Bio-Baumwolle | Sichere, Hochwertige &amp; Langlebige Erstausstattung f\u00fcr\u2026\" \/>\n<meta property=\"og:url\" content=\"https:\/\/marktxxl.de\/markt\/produkt\/whew-mushie-musselin-baby-wickeldecke-100-bio-baumwolle-regenbogenfarben\/\" \/>\n<meta property=\"og:site_name\" content=\"Markt-XXL\" \/>\n<meta property=\"article:modified_time\" content=\"2023-04-11T02:07:39+00:00\" \/>\n<meta property=\"og:image\" content=\"https:\/\/m.media-amazon.com\/images\/I\/416Sq7t21YS._SL500_.jpg\" \/>\n\t<meta property=\"og:image:width\" content=\"500\" \/>\n\t<meta property=\"og:image:height\" content=\"500\" \/>\n\t<meta property=\"og:image:type\" content=\"image\/jpeg\" \/>\n<meta name=\"twitter:card\" content=\"summary_large_image\" \/>\n<script type=\"application\/ld+json\" class=\"yoast-schema-graph\">{\"@context\":\"https:\\\/\\\/schema.org\",\"@graph\":[{\"@type\":\"WebPage\",\"@id\":\"https:\\\/\\\/marktxxl.de\\\/markt\\\/produkt\\\/whew-mushie-musselin-baby-wickeldecke-100-bio-baumwolle-regenbogenfarben\\\/\",\"url\":\"https:\\\/\\\/marktxxl.de\\\/markt\\\/produkt\\\/whew-mushie-musselin-baby-wickeldecke-100-bio-baumwolle-regenbogenfarben\\\/\",\"name\":\"mushie Musselin Baby Wickeldecke | 100% Bio-Baumwolle | Sichere, Hochwertige &amp; Langlebige Erstausstattung f\u00fcr\u2026 - Markt-XXL\",\"isPartOf\":{\"@id\":\"https:\\\/\\\/marktxxl.de\\\/markt\\\/#website\"},\"primaryImageOfPage\":{\"@id\":\"https:\\\/\\\/marktxxl.de\\\/markt\\\/produkt\\\/whew-mushie-musselin-baby-wickeldecke-100-bio-baumwolle-regenbogenfarben\\\/#primaryimage\"},\"image\":{\"@id\":\"https:\\\/\\\/marktxxl.de\\\/markt\\\/produkt\\\/whew-mushie-musselin-baby-wickeldecke-100-bio-baumwolle-regenbogenfarben\\\/#primaryimage\"},\"thumbnailUrl\":\"https:\\\/\\\/m.media-amazon.com\\\/images\\\/I\\\/416Sq7t21YS._SL500_.jpg\",\"datePublished\":\"2022-07-13T18:14:02+00:00\",\"dateModified\":\"2023-04-11T02:07:39+00:00\",\"description\":\"Markt-XXL mushie Musselin Baby Wickeldecke | 100% Bio-Baumwolle | Sichere, Hochwertige &amp; Langlebige Erstausstattung f\u00fcr\u2026\",\"breadcrumb\":{\"@id\":\"https:\\\/\\\/marktxxl.de\\\/markt\\\/produkt\\\/whew-mushie-musselin-baby-wickeldecke-100-bio-baumwolle-regenbogenfarben\\\/#breadcrumb\"},\"inLanguage\":\"de\",\"potentialAction\":[{\"@type\":\"ReadAction\",\"target\":[\"https:\\\/\\\/marktxxl.de\\\/markt\\\/produkt\\\/whew-mushie-musselin-baby-wickeldecke-100-bio-baumwolle-regenbogenfarben\\\/\"]}]},{\"@type\":\"ImageObject\",\"inLanguage\":\"de\",\"@id\":\"https:\\\/\\\/marktxxl.de\\\/markt\\\/produkt\\\/whew-mushie-musselin-baby-wickeldecke-100-bio-baumwolle-regenbogenfarben\\\/#primaryimage\",\"url\":\"https:\\\/\\\/m.media-amazon.com\\\/images\\\/I\\\/416Sq7t21YS._SL500_.jpg\",\"contentUrl\":\"https:\\\/\\\/m.media-amazon.com\\\/images\\\/I\\\/416Sq7t21YS._SL500_.jpg\",\"width\":500,\"height\":500},{\"@type\":\"BreadcrumbList\",\"@id\":\"https:\\\/\\\/marktxxl.de\\\/markt\\\/produkt\\\/whew-mushie-musselin-baby-wickeldecke-100-bio-baumwolle-regenbogenfarben\\\/#breadcrumb\",\"itemListElement\":[{\"@type\":\"ListItem\",\"position\":1,\"name\":\"Startseite\",\"item\":\"https:\\\/\\\/marktxxl.de\\\/markt\\\/\"},{\"@type\":\"ListItem\",\"position\":2,\"name\":\"Markt\",\"item\":\"https:\\\/\\\/marktxxl.de\\\/markt\\\/\"},{\"@type\":\"ListItem\",\"position\":3,\"name\":\"mushie Musselin Baby Wickeldecke | 100% Bio-Baumwolle | Sichere, Hochwertige &amp; Langlebige Erstausstattung f\u00fcr\u2026\"}]},{\"@type\":\"WebSite\",\"@id\":\"https:\\\/\\\/marktxxl.de\\\/markt\\\/#website\",\"url\":\"https:\\\/\\\/marktxxl.de\\\/markt\\\/\",\"name\":\"Markt-XXL\",\"description\":\"Ihr Markt Online\",\"publisher\":{\"@id\":\"https:\\\/\\\/marktxxl.de\\\/markt\\\/#organization\"},\"potentialAction\":[{\"@type\":\"SearchAction\",\"target\":{\"@type\":\"EntryPoint\",\"urlTemplate\":\"https:\\\/\\\/marktxxl.de\\\/markt\\\/?s={search_term_string}\"},\"query-input\":{\"@type\":\"PropertyValueSpecification\",\"valueRequired\":true,\"valueName\":\"search_term_string\"}}],\"inLanguage\":\"de\"},{\"@type\":\"Organization\",\"@id\":\"https:\\\/\\\/marktxxl.de\\\/markt\\\/#organization\",\"name\":\"Markt-XXL\",\"url\":\"https:\\\/\\\/marktxxl.de\\\/markt\\\/\",\"logo\":{\"@type\":\"ImageObject\",\"inLanguage\":\"de\",\"@id\":\"https:\\\/\\\/marktxxl.de\\\/markt\\\/#\\\/schema\\\/logo\\\/image\\\/\",\"url\":\"https:\\\/\\\/marktxxl.de\\\/markt\\\/wp-content\\\/uploads\\\/sites\\\/3\\\/2020\\\/12\\\/logo.png\",\"contentUrl\":\"https:\\\/\\\/marktxxl.de\\\/markt\\\/wp-content\\\/uploads\\\/sites\\\/3\\\/2020\\\/12\\\/logo.png\",\"width\":200,\"height\":70,\"caption\":\"Markt-XXL\"},\"image\":{\"@id\":\"https:\\\/\\\/marktxxl.de\\\/markt\\\/#\\\/schema\\\/logo\\\/image\\\/\"}}]}<\/script>\n<!-- \/ Yoast SEO plugin. -->","yoast_head_json":{"title":"mushie Musselin Baby Wickeldecke | 100% Bio-Baumwolle | Sichere, Hochwertige &amp; Langlebige Erstausstattung f\u00fcr\u2026 - Markt-XXL","description":"Markt-XXL mushie Musselin Baby Wickeldecke | 100% Bio-Baumwolle | Sichere, Hochwertige &amp; Langlebige Erstausstattung f\u00fcr\u2026","robots":{"index":"index","follow":"follow","max-snippet":"max-snippet:-1","max-image-preview":"max-image-preview:large","max-video-preview":"max-video-preview:-1"},"canonical":"https:\/\/marktxxl.de\/markt\/produkt\/whew-mushie-musselin-baby-wickeldecke-100-bio-baumwolle-regenbogenfarben\/","og_locale":"de_DE","og_type":"article","og_title":"mushie Musselin Baby Wickeldecke | 100% Bio-Baumwolle | Sichere, Hochwertige &amp; Langlebige Erstausstattung f\u00fcr\u2026 - Markt-XXL","og_description":"Markt-XXL mushie Musselin Baby Wickeldecke | 100% Bio-Baumwolle | Sichere, Hochwertige &amp; Langlebige Erstausstattung f\u00fcr\u2026","og_url":"https:\/\/marktxxl.de\/markt\/produkt\/whew-mushie-musselin-baby-wickeldecke-100-bio-baumwolle-regenbogenfarben\/","og_site_name":"Markt-XXL","article_modified_time":"2023-04-11T02:07:39+00:00","og_image":[{"width":500,"height":500,"url":"https:\/\/m.media-amazon.com\/images\/I\/416Sq7t21YS._SL500_.jpg","type":"image\/jpeg"}],"twitter_card":"summary_large_image","schema":{"@context":"https:\/\/schema.org","@graph":[{"@type":"WebPage","@id":"https:\/\/marktxxl.de\/markt\/produkt\/whew-mushie-musselin-baby-wickeldecke-100-bio-baumwolle-regenbogenfarben\/","url":"https:\/\/marktxxl.de\/markt\/produkt\/whew-mushie-musselin-baby-wickeldecke-100-bio-baumwolle-regenbogenfarben\/","name":"mushie Musselin Baby Wickeldecke | 100% Bio-Baumwolle | Sichere, Hochwertige &amp; Langlebige Erstausstattung f\u00fcr\u2026 - Markt-XXL","isPartOf":{"@id":"https:\/\/marktxxl.de\/markt\/#website"},"primaryImageOfPage":{"@id":"https:\/\/marktxxl.de\/markt\/produkt\/whew-mushie-musselin-baby-wickeldecke-100-bio-baumwolle-regenbogenfarben\/#primaryimage"},"image":{"@id":"https:\/\/marktxxl.de\/markt\/produkt\/whew-mushie-musselin-baby-wickeldecke-100-bio-baumwolle-regenbogenfarben\/#primaryimage"},"thumbnailUrl":"https:\/\/m.media-amazon.com\/images\/I\/416Sq7t21YS._SL500_.jpg","datePublished":"2022-07-13T18:14:02+00:00","dateModified":"2023-04-11T02:07:39+00:00","description":"Markt-XXL mushie Musselin Baby Wickeldecke | 100% Bio-Baumwolle | Sichere, Hochwertige &amp; Langlebige Erstausstattung f\u00fcr\u2026","breadcrumb":{"@id":"https:\/\/marktxxl.de\/markt\/produkt\/whew-mushie-musselin-baby-wickeldecke-100-bio-baumwolle-regenbogenfarben\/#breadcrumb"},"inLanguage":"de","potentialAction":[{"@type":"ReadAction","target":["https:\/\/marktxxl.de\/markt\/produkt\/whew-mushie-musselin-baby-wickeldecke-100-bio-baumwolle-regenbogenfarben\/"]}]},{"@type":"ImageObject","inLanguage":"de","@id":"https:\/\/marktxxl.de\/markt\/produkt\/whew-mushie-musselin-baby-wickeldecke-100-bio-baumwolle-regenbogenfarben\/#primaryimage","url":"https:\/\/m.media-amazon.com\/images\/I\/416Sq7t21YS._SL500_.jpg","contentUrl":"https:\/\/m.media-amazon.com\/images\/I\/416Sq7t21YS._SL500_.jpg","width":500,"height":500},{"@type":"BreadcrumbList","@id":"https:\/\/marktxxl.de\/markt\/produkt\/whew-mushie-musselin-baby-wickeldecke-100-bio-baumwolle-regenbogenfarben\/#breadcrumb","itemListElement":[{"@type":"ListItem","position":1,"name":"Startseite","item":"https:\/\/marktxxl.de\/markt\/"},{"@type":"ListItem","position":2,"name":"Markt","item":"https:\/\/marktxxl.de\/markt\/"},{"@type":"ListItem","position":3,"name":"mushie Musselin Baby Wickeldecke | 100% Bio-Baumwolle | Sichere, Hochwertige &amp; Langlebige Erstausstattung f\u00fcr\u2026"}]},{"@type":"WebSite","@id":"https:\/\/marktxxl.de\/markt\/#website","url":"https:\/\/marktxxl.de\/markt\/","name":"Markt-XXL","description":"Ihr Markt Online","publisher":{"@id":"https:\/\/marktxxl.de\/markt\/#organization"},"potentialAction":[{"@type":"SearchAction","target":{"@type":"EntryPoint","urlTemplate":"https:\/\/marktxxl.de\/markt\/?s={search_term_string}"},"query-input":{"@type":"PropertyValueSpecification","valueRequired":true,"valueName":"search_term_string"}}],"inLanguage":"de"},{"@type":"Organization","@id":"https:\/\/marktxxl.de\/markt\/#organization","name":"Markt-XXL","url":"https:\/\/marktxxl.de\/markt\/","logo":{"@type":"ImageObject","inLanguage":"de","@id":"https:\/\/marktxxl.de\/markt\/#\/schema\/logo\/image\/","url":"https:\/\/marktxxl.de\/markt\/wp-content\/uploads\/sites\/3\/2020\/12\/logo.png","contentUrl":"https:\/\/marktxxl.de\/markt\/wp-content\/uploads\/sites\/3\/2020\/12\/logo.png","width":200,"height":70,"caption":"Markt-XXL"},"image":{"@id":"https:\/\/marktxxl.de\/markt\/#\/schema\/logo\/image\/"}}]}},"_links":{"self":[{"href":"https:\/\/marktxxl.de\/markt\/wp-json\/wp\/v2\/product\/133067","targetHints":{"allow":["GET"]}}],"collection":[{"href":"https:\/\/marktxxl.de\/markt\/wp-json\/wp\/v2\/product"}],"about":[{"href":"https:\/\/marktxxl.de\/markt\/wp-json\/wp\/v2\/types\/product"}],"replies":[{"embeddable":true,"href":"https:\/\/marktxxl.de\/markt\/wp-json\/wp\/v2\/comments?post=133067"}],"wp:featuredmedia":[{"embeddable":true,"href":"https:\/\/marktxxl.de\/markt\/wp-json\/wp\/v2\/media\/133068"}],"wp:attachment":[{"href":"https:\/\/marktxxl.de\/markt\/wp-json\/wp\/v2\/media?parent=133067"}],"wp:term":[{"taxonomy":"product_brand","embeddable":true,"href":"https:\/\/marktxxl.de\/markt\/wp-json\/wp\/v2\/product_brand?post=133067"},{"taxonomy":"product_cat","embeddable":true,"href":"https:\/\/marktxxl.de\/markt\/wp-json\/wp\/v2\/product_cat?post=133067"},{"taxonomy":"product_tag","embeddable":true,"href":"https:\/\/marktxxl.de\/markt\/wp-json\/wp\/v2\/product_tag?post=133067"}],"curies":[{"name":"wp","href":"https:\/\/api.w.org\/{rel}","templated":true}]}}