{"id":132954,"date":"2022-07-13T20:10:15","date_gmt":"2022-07-13T18:10:15","guid":{"rendered":"https:\/\/marktxxl.de\/markt\/produkt\/autositz-kopfstuetzen-haken-4-stueck-universelle-auto-aufbewahrung-kopfstuetzen-aufhaenger-haken-fahrzeug-stark-und-langlebig-ruecksitz-aufhaenger-fuer-handtasche-geldboerse-mantel-und-tasche\/"},"modified":"2023-04-11T04:07:38","modified_gmt":"2023-04-11T02:07:38","slug":"autositz-kopfstuetzen-haken-4-stueck-universelle-auto-aufbewahrung-kopfstuetzen-aufhaenger-haken-fahrzeug-stark-und-langlebig-ruecksitz-aufhaenger-fuer-handtasche-geldboerse-mantel-und-tasche","status":"publish","type":"product","link":"https:\/\/marktxxl.de\/markt\/produkt\/autositz-kopfstuetzen-haken-4-stueck-universelle-auto-aufbewahrung-kopfstuetzen-aufhaenger-haken-fahrzeug-stark-und-langlebig-ruecksitz-aufhaenger-fuer-handtasche-geldboerse-mantel-und-tasche\/","title":{"rendered":"Autositz-Kopfst\u00fctzen-Haken, 4 St\u00fcck, universelle Auto-Aufbewahrung, Kopfst\u00fctzen-Aufh\u00e4nger, Haken, Fahrzeug, stark und\u2026"},"content":{"rendered":"<p>Robust und langlebig: Unsere Autohaken bestehen aus hochwertigen Materialien, die wirklich langlebig sind. Jeder Haken kann bis zu 12,2 kg tragen.<br \/>\n\u3010Organisieren Sie den Platz im Auto\u3011 Diese Autositz-Haken k\u00f6nnen die Kopfst\u00fctze Ihres Autos in einen Stauraum verwandeln, damit Sie Ihren Autoinnenraum perfekt sauber und organisiert halten. Der Auto-Kopfst\u00fctzenhaken kann Lebensmittel, Handtaschen, Geldb\u00f6rsen, Schultaschen, Regenschirme, Wasserflaschen, Einkaufstaschen, Babybedarf und vieles mehr aufh\u00e4ngen.<br \/>\n\u3010Einfach zu installieren\u3011 Diese Auto-Handtaschenhaken haben ein verbessertes seitliches \u00d6ffnungsdesign, das wirklich einfach anzubringen und zu entfernen ist. Kein Werkzeug n\u00f6tig, keine Notwendigkeit, die Kopfst\u00fctze zu entfernen. Direkt die Kopfst\u00fctzenhaken an der Stange der Kopfst\u00fctze, leicht zu entfernen, wenn Sie sie nicht verwenden.<br \/>\n\u3010Flexible Rotation\u3011 Die Handtaschenaufh\u00e4nger k\u00f6nnen nach der Installation um 360 Grad horizontal gedreht werden. Sie k\u00f6nnen die Geldb\u00f6rsenhalter verstecken, wenn sie nicht verwendet werden, was die Sicherheit gew\u00e4hrleisten kann und den urspr\u00fcnglichen Innenraum und das Aussehen sauber und ordentlich h\u00e4lt.<br \/>\n\u3010Ausgezeichneter Kundenservice\u3011Wenn Sie irgendwelche Probleme haben, kontaktieren Sie uns bitte einfach per E-Mail ohne zu z\u00f6gern und wir helfen Ihnen, das zu l\u00f6sen.<br \/>\n<div class=\"main-cross-sell\" data-asin=\"B08HQYT9MP\">\n\n\t<div class=\"WooZone-cross-sell-loader\">\n\t\t<div>\n\t\t\t<div id=\"floatingBarsG\">\n\t\t\t\t<div class=\"blockG\" id=\"rotateG_01\"><\/div>\n\t\t\t\t<div class=\"blockG\" id=\"rotateG_02\"><\/div>\n\t\t\t\t<div class=\"blockG\" id=\"rotateG_03\"><\/div>\n\t\t\t\t<div class=\"blockG\" id=\"rotateG_04\"><\/div>\n\t\t\t\t<div class=\"blockG\" id=\"rotateG_05\"><\/div>\n\t\t\t\t<div class=\"blockG\" id=\"rotateG_06\"><\/div>\n\t\t\t\t<div class=\"blockG\" id=\"rotateG_07\"><\/div>\n\t\t\t\t<div class=\"blockG\" id=\"rotateG_08\"><\/div>\n\t\t\t<\/div>\n\t\t\t<div class=\"WooZone-cross-sell-loader-text\"><\/div>\n\t\t<\/div>\n\t<\/div>\n\n\t\t\n<\/div>\n<div style=\"clear:both;\"><\/div><\/p>\n","protected":false},"excerpt":{"rendered":"<p>Robust und langlebig: Unsere Autohaken bestehen aus hochwertigen Materialien, die wirklich langlebig sind. Jeder Haken kann bis zu 12,2 kg tragen.<br \/>\n\u3010Organisieren Sie den Platz im Auto\u3011 Diese Autositz-Haken k\u00f6nnen die Kopfst\u00fctze Ihres Autos in einen Stauraum verwandeln, damit Sie Ihren Autoinnenraum perfekt sauber und organisiert halten. Der Auto-Kopfst\u00fctzenhaken kann Lebensmittel, Handtaschen, Geldb\u00f6rsen, Schultaschen, Regenschirme, Wasserflaschen, Einkaufstaschen, Babybedarf und vieles mehr aufh\u00e4ngen.<br \/>\n\u3010Einfach zu installieren\u3011 Diese Auto-Handtaschenhaken haben ein verbessertes seitliches \u00d6ffnungsdesign, das wirklich einfach anzubringen und zu entfernen ist. Kein Werkzeug n\u00f6tig, keine Notwendigkeit, die Kopfst\u00fctze zu entfernen. Direkt die Kopfst\u00fctzenhaken an der Stange der Kopfst\u00fctze, leicht zu entfernen, wenn Sie sie nicht verwenden.<\/p>\n","protected":false},"featured_media":132955,"comment_status":"open","ping_status":"closed","template":"","meta":[],"product_brand":[],"product_cat":[8765,21],"product_tag":[],"class_list":{"0":"post-132954","1":"product","2":"type-product","3":"status-publish","4":"has-post-thumbnail","6":"product_cat-autositze-zubehoer-baby","7":"product_cat-baby","8":"pa_brand-koopao","9":"pa_color-schwarz","10":"pa_manufacturer-koopao","11":"pa_model-ch02-us","12":"pa_size-4-count-pack-of-1","14":"first","15":"instock","16":"shipping-taxable","17":"purchasable","18":"product-type-simple","19":"customify-col","20":"product-has-gallery"},"yoast_head":"<!-- This site is optimized with the Yoast SEO plugin v27.3 - https:\/\/yoast.com\/product\/yoast-seo-wordpress\/ -->\n<title>Autositz-Kopfst\u00fctzen-Haken, 4 St\u00fcck, universelle Auto-Aufbewahrung, Kopfst\u00fctzen-Aufh\u00e4nger, Haken, Fahrzeug, stark und\u2026 - Markt-XXL<\/title>\n<meta name=\"description\" content=\"Markt-XXL Autositz-Kopfst\u00fctzen-Haken, 4 St\u00fcck, universelle Auto-Aufbewahrung, Kopfst\u00fctzen-Aufh\u00e4nger, Haken, Fahrzeug, stark und\u2026\" \/>\n<meta name=\"robots\" content=\"index, follow, max-snippet:-1, max-image-preview:large, max-video-preview:-1\" \/>\n<link rel=\"canonical\" href=\"https:\/\/marktxxl.de\/markt\/produkt\/autositz-kopfstuetzen-haken-4-stueck-universelle-auto-aufbewahrung-kopfstuetzen-aufhaenger-haken-fahrzeug-stark-und-langlebig-ruecksitz-aufhaenger-fuer-handtasche-geldboerse-mantel-und-tasche\/\" \/>\n<meta property=\"og:locale\" content=\"de_DE\" \/>\n<meta property=\"og:type\" content=\"article\" \/>\n<meta property=\"og:title\" content=\"Autositz-Kopfst\u00fctzen-Haken, 4 St\u00fcck, universelle Auto-Aufbewahrung, Kopfst\u00fctzen-Aufh\u00e4nger, Haken, Fahrzeug, stark und\u2026 - Markt-XXL\" \/>\n<meta property=\"og:description\" content=\"Markt-XXL Autositz-Kopfst\u00fctzen-Haken, 4 St\u00fcck, universelle Auto-Aufbewahrung, Kopfst\u00fctzen-Aufh\u00e4nger, Haken, Fahrzeug, stark und\u2026\" \/>\n<meta property=\"og:url\" content=\"https:\/\/marktxxl.de\/markt\/produkt\/autositz-kopfstuetzen-haken-4-stueck-universelle-auto-aufbewahrung-kopfstuetzen-aufhaenger-haken-fahrzeug-stark-und-langlebig-ruecksitz-aufhaenger-fuer-handtasche-geldboerse-mantel-und-tasche\/\" \/>\n<meta property=\"og:site_name\" content=\"Markt-XXL\" \/>\n<meta property=\"article:modified_time\" content=\"2023-04-11T02:07:38+00:00\" \/>\n<meta property=\"og:image\" content=\"https:\/\/m.media-amazon.com\/images\/I\/41lHqdobZVL._SL500_.jpg\" \/>\n\t<meta property=\"og:image:width\" content=\"500\" \/>\n\t<meta property=\"og:image:height\" content=\"500\" \/>\n\t<meta property=\"og:image:type\" content=\"image\/jpeg\" \/>\n<meta name=\"twitter:card\" content=\"summary_large_image\" \/>\n<meta name=\"twitter:label1\" content=\"Gesch\u00e4tzte Lesezeit\" \/>\n\t<meta name=\"twitter:data1\" content=\"1\u00a0Minute\" \/>\n<script type=\"application\/ld+json\" class=\"yoast-schema-graph\">{\"@context\":\"https:\\\/\\\/schema.org\",\"@graph\":[{\"@type\":\"WebPage\",\"@id\":\"https:\\\/\\\/marktxxl.de\\\/markt\\\/produkt\\\/autositz-kopfstuetzen-haken-4-stueck-universelle-auto-aufbewahrung-kopfstuetzen-aufhaenger-haken-fahrzeug-stark-und-langlebig-ruecksitz-aufhaenger-fuer-handtasche-geldboerse-mantel-und-tasche\\\/\",\"url\":\"https:\\\/\\\/marktxxl.de\\\/markt\\\/produkt\\\/autositz-kopfstuetzen-haken-4-stueck-universelle-auto-aufbewahrung-kopfstuetzen-aufhaenger-haken-fahrzeug-stark-und-langlebig-ruecksitz-aufhaenger-fuer-handtasche-geldboerse-mantel-und-tasche\\\/\",\"name\":\"Autositz-Kopfst\u00fctzen-Haken, 4 St\u00fcck, universelle Auto-Aufbewahrung, Kopfst\u00fctzen-Aufh\u00e4nger, Haken, Fahrzeug, stark und\u2026 - Markt-XXL\",\"isPartOf\":{\"@id\":\"https:\\\/\\\/marktxxl.de\\\/markt\\\/#website\"},\"primaryImageOfPage\":{\"@id\":\"https:\\\/\\\/marktxxl.de\\\/markt\\\/produkt\\\/autositz-kopfstuetzen-haken-4-stueck-universelle-auto-aufbewahrung-kopfstuetzen-aufhaenger-haken-fahrzeug-stark-und-langlebig-ruecksitz-aufhaenger-fuer-handtasche-geldboerse-mantel-und-tasche\\\/#primaryimage\"},\"image\":{\"@id\":\"https:\\\/\\\/marktxxl.de\\\/markt\\\/produkt\\\/autositz-kopfstuetzen-haken-4-stueck-universelle-auto-aufbewahrung-kopfstuetzen-aufhaenger-haken-fahrzeug-stark-und-langlebig-ruecksitz-aufhaenger-fuer-handtasche-geldboerse-mantel-und-tasche\\\/#primaryimage\"},\"thumbnailUrl\":\"https:\\\/\\\/m.media-amazon.com\\\/images\\\/I\\\/41lHqdobZVL._SL500_.jpg\",\"datePublished\":\"2022-07-13T18:10:15+00:00\",\"dateModified\":\"2023-04-11T02:07:38+00:00\",\"description\":\"Markt-XXL Autositz-Kopfst\u00fctzen-Haken, 4 St\u00fcck, universelle Auto-Aufbewahrung, Kopfst\u00fctzen-Aufh\u00e4nger, Haken, Fahrzeug, stark und\u2026\",\"breadcrumb\":{\"@id\":\"https:\\\/\\\/marktxxl.de\\\/markt\\\/produkt\\\/autositz-kopfstuetzen-haken-4-stueck-universelle-auto-aufbewahrung-kopfstuetzen-aufhaenger-haken-fahrzeug-stark-und-langlebig-ruecksitz-aufhaenger-fuer-handtasche-geldboerse-mantel-und-tasche\\\/#breadcrumb\"},\"inLanguage\":\"de\",\"potentialAction\":[{\"@type\":\"ReadAction\",\"target\":[\"https:\\\/\\\/marktxxl.de\\\/markt\\\/produkt\\\/autositz-kopfstuetzen-haken-4-stueck-universelle-auto-aufbewahrung-kopfstuetzen-aufhaenger-haken-fahrzeug-stark-und-langlebig-ruecksitz-aufhaenger-fuer-handtasche-geldboerse-mantel-und-tasche\\\/\"]}]},{\"@type\":\"ImageObject\",\"inLanguage\":\"de\",\"@id\":\"https:\\\/\\\/marktxxl.de\\\/markt\\\/produkt\\\/autositz-kopfstuetzen-haken-4-stueck-universelle-auto-aufbewahrung-kopfstuetzen-aufhaenger-haken-fahrzeug-stark-und-langlebig-ruecksitz-aufhaenger-fuer-handtasche-geldboerse-mantel-und-tasche\\\/#primaryimage\",\"url\":\"https:\\\/\\\/m.media-amazon.com\\\/images\\\/I\\\/41lHqdobZVL._SL500_.jpg\",\"contentUrl\":\"https:\\\/\\\/m.media-amazon.com\\\/images\\\/I\\\/41lHqdobZVL._SL500_.jpg\",\"width\":500,\"height\":500},{\"@type\":\"BreadcrumbList\",\"@id\":\"https:\\\/\\\/marktxxl.de\\\/markt\\\/produkt\\\/autositz-kopfstuetzen-haken-4-stueck-universelle-auto-aufbewahrung-kopfstuetzen-aufhaenger-haken-fahrzeug-stark-und-langlebig-ruecksitz-aufhaenger-fuer-handtasche-geldboerse-mantel-und-tasche\\\/#breadcrumb\",\"itemListElement\":[{\"@type\":\"ListItem\",\"position\":1,\"name\":\"Startseite\",\"item\":\"https:\\\/\\\/marktxxl.de\\\/markt\\\/\"},{\"@type\":\"ListItem\",\"position\":2,\"name\":\"Markt\",\"item\":\"https:\\\/\\\/marktxxl.de\\\/markt\\\/\"},{\"@type\":\"ListItem\",\"position\":3,\"name\":\"Autositz-Kopfst\u00fctzen-Haken, 4 St\u00fcck, universelle Auto-Aufbewahrung, Kopfst\u00fctzen-Aufh\u00e4nger, Haken, Fahrzeug, stark und\u2026\"}]},{\"@type\":\"WebSite\",\"@id\":\"https:\\\/\\\/marktxxl.de\\\/markt\\\/#website\",\"url\":\"https:\\\/\\\/marktxxl.de\\\/markt\\\/\",\"name\":\"Markt-XXL\",\"description\":\"Ihr Markt Online\",\"publisher\":{\"@id\":\"https:\\\/\\\/marktxxl.de\\\/markt\\\/#organization\"},\"potentialAction\":[{\"@type\":\"SearchAction\",\"target\":{\"@type\":\"EntryPoint\",\"urlTemplate\":\"https:\\\/\\\/marktxxl.de\\\/markt\\\/?s={search_term_string}\"},\"query-input\":{\"@type\":\"PropertyValueSpecification\",\"valueRequired\":true,\"valueName\":\"search_term_string\"}}],\"inLanguage\":\"de\"},{\"@type\":\"Organization\",\"@id\":\"https:\\\/\\\/marktxxl.de\\\/markt\\\/#organization\",\"name\":\"Markt-XXL\",\"url\":\"https:\\\/\\\/marktxxl.de\\\/markt\\\/\",\"logo\":{\"@type\":\"ImageObject\",\"inLanguage\":\"de\",\"@id\":\"https:\\\/\\\/marktxxl.de\\\/markt\\\/#\\\/schema\\\/logo\\\/image\\\/\",\"url\":\"https:\\\/\\\/marktxxl.de\\\/markt\\\/wp-content\\\/uploads\\\/sites\\\/3\\\/2020\\\/12\\\/logo.png\",\"contentUrl\":\"https:\\\/\\\/marktxxl.de\\\/markt\\\/wp-content\\\/uploads\\\/sites\\\/3\\\/2020\\\/12\\\/logo.png\",\"width\":200,\"height\":70,\"caption\":\"Markt-XXL\"},\"image\":{\"@id\":\"https:\\\/\\\/marktxxl.de\\\/markt\\\/#\\\/schema\\\/logo\\\/image\\\/\"}}]}<\/script>\n<!-- \/ Yoast SEO plugin. -->","yoast_head_json":{"title":"Autositz-Kopfst\u00fctzen-Haken, 4 St\u00fcck, universelle Auto-Aufbewahrung, Kopfst\u00fctzen-Aufh\u00e4nger, Haken, Fahrzeug, stark und\u2026 - Markt-XXL","description":"Markt-XXL Autositz-Kopfst\u00fctzen-Haken, 4 St\u00fcck, universelle Auto-Aufbewahrung, Kopfst\u00fctzen-Aufh\u00e4nger, Haken, Fahrzeug, stark und\u2026","robots":{"index":"index","follow":"follow","max-snippet":"max-snippet:-1","max-image-preview":"max-image-preview:large","max-video-preview":"max-video-preview:-1"},"canonical":"https:\/\/marktxxl.de\/markt\/produkt\/autositz-kopfstuetzen-haken-4-stueck-universelle-auto-aufbewahrung-kopfstuetzen-aufhaenger-haken-fahrzeug-stark-und-langlebig-ruecksitz-aufhaenger-fuer-handtasche-geldboerse-mantel-und-tasche\/","og_locale":"de_DE","og_type":"article","og_title":"Autositz-Kopfst\u00fctzen-Haken, 4 St\u00fcck, universelle Auto-Aufbewahrung, Kopfst\u00fctzen-Aufh\u00e4nger, Haken, Fahrzeug, stark und\u2026 - Markt-XXL","og_description":"Markt-XXL Autositz-Kopfst\u00fctzen-Haken, 4 St\u00fcck, universelle Auto-Aufbewahrung, Kopfst\u00fctzen-Aufh\u00e4nger, Haken, Fahrzeug, stark und\u2026","og_url":"https:\/\/marktxxl.de\/markt\/produkt\/autositz-kopfstuetzen-haken-4-stueck-universelle-auto-aufbewahrung-kopfstuetzen-aufhaenger-haken-fahrzeug-stark-und-langlebig-ruecksitz-aufhaenger-fuer-handtasche-geldboerse-mantel-und-tasche\/","og_site_name":"Markt-XXL","article_modified_time":"2023-04-11T02:07:38+00:00","og_image":[{"width":500,"height":500,"url":"https:\/\/m.media-amazon.com\/images\/I\/41lHqdobZVL._SL500_.jpg","type":"image\/jpeg"}],"twitter_card":"summary_large_image","twitter_misc":{"Gesch\u00e4tzte Lesezeit":"1\u00a0Minute"},"schema":{"@context":"https:\/\/schema.org","@graph":[{"@type":"WebPage","@id":"https:\/\/marktxxl.de\/markt\/produkt\/autositz-kopfstuetzen-haken-4-stueck-universelle-auto-aufbewahrung-kopfstuetzen-aufhaenger-haken-fahrzeug-stark-und-langlebig-ruecksitz-aufhaenger-fuer-handtasche-geldboerse-mantel-und-tasche\/","url":"https:\/\/marktxxl.de\/markt\/produkt\/autositz-kopfstuetzen-haken-4-stueck-universelle-auto-aufbewahrung-kopfstuetzen-aufhaenger-haken-fahrzeug-stark-und-langlebig-ruecksitz-aufhaenger-fuer-handtasche-geldboerse-mantel-und-tasche\/","name":"Autositz-Kopfst\u00fctzen-Haken, 4 St\u00fcck, universelle Auto-Aufbewahrung, Kopfst\u00fctzen-Aufh\u00e4nger, Haken, Fahrzeug, stark und\u2026 - Markt-XXL","isPartOf":{"@id":"https:\/\/marktxxl.de\/markt\/#website"},"primaryImageOfPage":{"@id":"https:\/\/marktxxl.de\/markt\/produkt\/autositz-kopfstuetzen-haken-4-stueck-universelle-auto-aufbewahrung-kopfstuetzen-aufhaenger-haken-fahrzeug-stark-und-langlebig-ruecksitz-aufhaenger-fuer-handtasche-geldboerse-mantel-und-tasche\/#primaryimage"},"image":{"@id":"https:\/\/marktxxl.de\/markt\/produkt\/autositz-kopfstuetzen-haken-4-stueck-universelle-auto-aufbewahrung-kopfstuetzen-aufhaenger-haken-fahrzeug-stark-und-langlebig-ruecksitz-aufhaenger-fuer-handtasche-geldboerse-mantel-und-tasche\/#primaryimage"},"thumbnailUrl":"https:\/\/m.media-amazon.com\/images\/I\/41lHqdobZVL._SL500_.jpg","datePublished":"2022-07-13T18:10:15+00:00","dateModified":"2023-04-11T02:07:38+00:00","description":"Markt-XXL Autositz-Kopfst\u00fctzen-Haken, 4 St\u00fcck, universelle Auto-Aufbewahrung, Kopfst\u00fctzen-Aufh\u00e4nger, Haken, Fahrzeug, stark und\u2026","breadcrumb":{"@id":"https:\/\/marktxxl.de\/markt\/produkt\/autositz-kopfstuetzen-haken-4-stueck-universelle-auto-aufbewahrung-kopfstuetzen-aufhaenger-haken-fahrzeug-stark-und-langlebig-ruecksitz-aufhaenger-fuer-handtasche-geldboerse-mantel-und-tasche\/#breadcrumb"},"inLanguage":"de","potentialAction":[{"@type":"ReadAction","target":["https:\/\/marktxxl.de\/markt\/produkt\/autositz-kopfstuetzen-haken-4-stueck-universelle-auto-aufbewahrung-kopfstuetzen-aufhaenger-haken-fahrzeug-stark-und-langlebig-ruecksitz-aufhaenger-fuer-handtasche-geldboerse-mantel-und-tasche\/"]}]},{"@type":"ImageObject","inLanguage":"de","@id":"https:\/\/marktxxl.de\/markt\/produkt\/autositz-kopfstuetzen-haken-4-stueck-universelle-auto-aufbewahrung-kopfstuetzen-aufhaenger-haken-fahrzeug-stark-und-langlebig-ruecksitz-aufhaenger-fuer-handtasche-geldboerse-mantel-und-tasche\/#primaryimage","url":"https:\/\/m.media-amazon.com\/images\/I\/41lHqdobZVL._SL500_.jpg","contentUrl":"https:\/\/m.media-amazon.com\/images\/I\/41lHqdobZVL._SL500_.jpg","width":500,"height":500},{"@type":"BreadcrumbList","@id":"https:\/\/marktxxl.de\/markt\/produkt\/autositz-kopfstuetzen-haken-4-stueck-universelle-auto-aufbewahrung-kopfstuetzen-aufhaenger-haken-fahrzeug-stark-und-langlebig-ruecksitz-aufhaenger-fuer-handtasche-geldboerse-mantel-und-tasche\/#breadcrumb","itemListElement":[{"@type":"ListItem","position":1,"name":"Startseite","item":"https:\/\/marktxxl.de\/markt\/"},{"@type":"ListItem","position":2,"name":"Markt","item":"https:\/\/marktxxl.de\/markt\/"},{"@type":"ListItem","position":3,"name":"Autositz-Kopfst\u00fctzen-Haken, 4 St\u00fcck, universelle Auto-Aufbewahrung, Kopfst\u00fctzen-Aufh\u00e4nger, Haken, Fahrzeug, stark und\u2026"}]},{"@type":"WebSite","@id":"https:\/\/marktxxl.de\/markt\/#website","url":"https:\/\/marktxxl.de\/markt\/","name":"Markt-XXL","description":"Ihr Markt Online","publisher":{"@id":"https:\/\/marktxxl.de\/markt\/#organization"},"potentialAction":[{"@type":"SearchAction","target":{"@type":"EntryPoint","urlTemplate":"https:\/\/marktxxl.de\/markt\/?s={search_term_string}"},"query-input":{"@type":"PropertyValueSpecification","valueRequired":true,"valueName":"search_term_string"}}],"inLanguage":"de"},{"@type":"Organization","@id":"https:\/\/marktxxl.de\/markt\/#organization","name":"Markt-XXL","url":"https:\/\/marktxxl.de\/markt\/","logo":{"@type":"ImageObject","inLanguage":"de","@id":"https:\/\/marktxxl.de\/markt\/#\/schema\/logo\/image\/","url":"https:\/\/marktxxl.de\/markt\/wp-content\/uploads\/sites\/3\/2020\/12\/logo.png","contentUrl":"https:\/\/marktxxl.de\/markt\/wp-content\/uploads\/sites\/3\/2020\/12\/logo.png","width":200,"height":70,"caption":"Markt-XXL"},"image":{"@id":"https:\/\/marktxxl.de\/markt\/#\/schema\/logo\/image\/"}}]}},"_links":{"self":[{"href":"https:\/\/marktxxl.de\/markt\/wp-json\/wp\/v2\/product\/132954","targetHints":{"allow":["GET"]}}],"collection":[{"href":"https:\/\/marktxxl.de\/markt\/wp-json\/wp\/v2\/product"}],"about":[{"href":"https:\/\/marktxxl.de\/markt\/wp-json\/wp\/v2\/types\/product"}],"replies":[{"embeddable":true,"href":"https:\/\/marktxxl.de\/markt\/wp-json\/wp\/v2\/comments?post=132954"}],"wp:featuredmedia":[{"embeddable":true,"href":"https:\/\/marktxxl.de\/markt\/wp-json\/wp\/v2\/media\/132955"}],"wp:attachment":[{"href":"https:\/\/marktxxl.de\/markt\/wp-json\/wp\/v2\/media?parent=132954"}],"wp:term":[{"taxonomy":"product_brand","embeddable":true,"href":"https:\/\/marktxxl.de\/markt\/wp-json\/wp\/v2\/product_brand?post=132954"},{"taxonomy":"product_cat","embeddable":true,"href":"https:\/\/marktxxl.de\/markt\/wp-json\/wp\/v2\/product_cat?post=132954"},{"taxonomy":"product_tag","embeddable":true,"href":"https:\/\/marktxxl.de\/markt\/wp-json\/wp\/v2\/product_tag?post=132954"}],"curies":[{"name":"wp","href":"https:\/\/api.w.org\/{rel}","templated":true}]}}