{"id":131579,"date":"2022-06-14T07:50:00","date_gmt":"2022-06-14T05:50:00","guid":{"rendered":"https:\/\/marktxxl.de\/markt\/produkt\/usb-c-auf-usb-c-kabel-3-pack-0-5m1m2m-60w-20v-3ausb-typ-c-pd-ladekabel-nylon-fuer-ipad-air-ipad-pro-ipad-mini-6-macbook-pro-air-samsung-galaxy-s22-s21-s20-galaxy-tab-fire-tablets-xiaomi\/"},"modified":"2023-04-10T04:09:19","modified_gmt":"2023-04-10T02:09:19","slug":"usb-c-auf-usb-c-kabel-3-pack-0-5m1m2m-60w-20v-3ausb-typ-c-pd-ladekabel-nylon-fuer-ipad-air-ipad-pro-ipad-mini-6-macbook-pro-air-samsung-galaxy-s22-s21-s20-galaxy-tab-fire-tablets-xiaomi","status":"publish","type":"product","link":"https:\/\/marktxxl.de\/markt\/produkt\/usb-c-auf-usb-c-kabel-3-pack-0-5m1m2m-60w-20v-3ausb-typ-c-pd-ladekabel-nylon-fuer-ipad-air-ipad-pro-ipad-mini-6-macbook-pro-air-samsung-galaxy-s22-s21-s20-galaxy-tab-fire-tablets-xiaomi\/","title":{"rendered":"USB C auf USB C Kabel [3 Pack, 0.5M+1M+2M] 60W 20V\/3A,USB Typ C PD Ladekabel Nylon f\u00fcr iPad Air, iPad Pro, iPad Mini 6\u2026"},"content":{"rendered":"<p>\u26a1\u301060W Schnellladung &amp; Daten\u00fcbertragen\u3011Silkland 3-Pack beidseitige USB-C PD Schnellladekabel sind ideal zum Laden, Synchronisieren und \u00dcbertragen von Daten zwischen USB\u2011C Ger\u00e4ten. W\u00e4hrend ein schnelles Laden mit 60W (20V\/3A) bieten, unterst\u00fctzen die USB C auf USB C Kabel Datentransfer bis zu 480Mbps basierend auf USB 2.0. Hinweis: Dieses USB-C Kabel unterst\u00fctzt Videoausgang nicht.<br \/>\n\u26a1\u30103 St\u00fcck 0.5m+1m+2m\u3011Sie erhalten 3 St\u00fcck (0.5M+1M+2M) USB Typ C PD Kabel. 3 St\u00fcck erf\u00fcllt mehreren Interesse, wenn Sie im B\u00fcro, zu Hause oder unterwegs ein Ger\u00e4t aufladen m\u00f6chten.<br \/>\n\u26a1\u3010Breite Kompatibilit\u00e4t\u301160W USB C auf USB C Kabel ist kompatibel mit allen USB-C-Ger\u00e4ten wie iPad Pro 2020\/2018, iPad Air 2022, MacBook Air 2018-2020, MacBook Pro 2016-2020, Samsung Galaxy Tab, Samsung Galaxy S22 Ultra\/S22\/S21\/S20 Fe\/Note 20\/10\/9\/S10\/S9\/S8,Google Pixel 2\/2XL\/3\/3XL\/3a\/3aXL\/4\/4XL\/5, Dell XPS 13, Lenovo Yoga 900 720, Razer Blade Stealth 2018, ASUS ZenBook 3, HP Spectre Notebook, Envy 13t, Switch, Xiaomi , Redmi, Fire HD, Chromebook und mehr.<br \/>\n\u26a1\u3010Hochwertig &amp; Zuverlassig\u3011USB-C auf USB-C Kabel sind mit integriertem 56-\u03a9-Pull-up-Widerstand und 22 AWG dicken Kupferkernen, die Sicherheit zu gew\u00e4hrleisten. Die verst\u00e4rkte Nylonummantelung bietet Flexibilit\u00e4t und sorgt daf\u00fcr, dass das USB-C PD Kabel mit einer Lebensdauer \u00fcber 15.000 Biegungen gut gesch\u00fctzt ist. Aluminiumgeh\u00e4use leitet die W\u00e4rme so effektiv wie m\u00f6glich ab.<br \/>\n\u26a1\u3010Lebenslange Garantie\u3011 Sie k\u00f6nnen das USB-C Schnellladekabel von Silkland vertrauensvoll kaufen wegen der Qualit\u00e4t und lebenslangen Dienstleistungen. Wenn Ihres USB-C Kabel einen Defekt aufweist, bitte kontaktieren Sie uns ohne Sorgen. Innerhalb von 24 Stunden werden wir das USB-C Ladekabel umtauschen oder Ihre R\u00fcckerstattung bearbeiten.<br \/>\n<div class=\"main-cross-sell\" data-asin=\"B09J27SVX4\">\n\n\t<div class=\"WooZone-cross-sell-loader\">\n\t\t<div>\n\t\t\t<div id=\"floatingBarsG\">\n\t\t\t\t<div class=\"blockG\" id=\"rotateG_01\"><\/div>\n\t\t\t\t<div class=\"blockG\" id=\"rotateG_02\"><\/div>\n\t\t\t\t<div class=\"blockG\" id=\"rotateG_03\"><\/div>\n\t\t\t\t<div class=\"blockG\" id=\"rotateG_04\"><\/div>\n\t\t\t\t<div class=\"blockG\" id=\"rotateG_05\"><\/div>\n\t\t\t\t<div class=\"blockG\" id=\"rotateG_06\"><\/div>\n\t\t\t\t<div class=\"blockG\" id=\"rotateG_07\"><\/div>\n\t\t\t\t<div class=\"blockG\" id=\"rotateG_08\"><\/div>\n\t\t\t<\/div>\n\t\t\t<div class=\"WooZone-cross-sell-loader-text\"><\/div>\n\t\t<\/div>\n\t<\/div>\n\n\t\t\n<\/div>\n<div style=\"clear:both;\"><\/div><\/p>\n","protected":false},"excerpt":{"rendered":"<p>\u26a1\u301060W Schnellladung &amp; Daten\u00fcbertragen\u3011Silkland 3-Pack beidseitige USB-C PD Schnellladekabel sind ideal zum Laden, Synchronisieren und \u00dcbertragen von Daten zwischen USB\u2011C Ger\u00e4ten. W\u00e4hrend ein schnelles Laden mit 60W (20V\/3A) bieten, unterst\u00fctzen die USB C auf USB C Kabel Datentransfer bis zu 480Mbps basierend auf USB 2.0. Hinweis: Dieses USB-C Kabel unterst\u00fctzt Videoausgang nicht.<br \/>\n\u26a1\u30103 St\u00fcck 0.5m+1m+2m\u3011Sie erhalten 3 St\u00fcck (0.5M+1M+2M) USB Typ C PD Kabel. 3 St\u00fcck erf\u00fcllt mehreren Interesse, wenn Sie im B\u00fcro, zu Hause oder unterwegs ein Ger\u00e4t aufladen m\u00f6chten.<br \/>\n\u26a1\u3010Breite Kompatibilit\u00e4t\u301160W USB C auf USB C Kabel ist kompatibel mit allen USB-C-Ger\u00e4ten wie iPad Pro 2020\/2018, iPad Air 2022, MacBook Air 2018-2020, MacBook Pro 2016-2020, Samsung Galaxy Tab, Samsung Galaxy S22 Ultra\/S22\/S21\/S20 Fe\/Note 20\/10\/9\/S10\/S9\/S8,Google Pixel 2\/2XL\/3\/3XL\/3a\/3aXL\/4\/4XL\/5, Dell XPS 13, Lenovo Yoga 900 720, Razer Blade Stealth 2018, ASUS ZenBook 3, HP Spectre Notebook, Envy 13t, Switch, Xiaomi , Redmi, Fire HD, Chromebook und mehr.<\/p>\n","protected":false},"featured_media":131580,"comment_status":"open","ping_status":"closed","template":"","meta":[],"product_brand":[],"product_cat":[863],"product_tag":[],"class_list":{"0":"post-131579","1":"product","2":"type-product","3":"status-publish","4":"has-post-thumbnail","6":"product_cat-computer-zubehoer","7":"pa_brand-silkland","8":"pa_color-space-grau","9":"pa_manufacturer-silkland","10":"pa_model-gh-c31-us","12":"first","13":"instock","14":"shipping-taxable","15":"purchasable","16":"product-type-simple","17":"customify-col","18":"product-has-gallery"},"yoast_head":"<!-- This site is optimized with the Yoast SEO plugin v27.4 - https:\/\/yoast.com\/product\/yoast-seo-wordpress\/ -->\n<title>USB C auf USB C Kabel [3 Pack, 0.5M+1M+2M] 60W 20V\/3A,USB Typ C PD Ladekabel Nylon f\u00fcr iPad Air, iPad Pro, iPad Mini 6\u2026 - Markt-XXL<\/title>\n<meta name=\"description\" content=\"Markt-XXL USB C auf USB C Kabel [3 Pack, 0.5M+1M+2M] 60W 20V\/3A,USB Typ C PD Ladekabel Nylon f\u00fcr iPad Air, iPad Pro, iPad Mini 6\u2026\" \/>\n<meta name=\"robots\" content=\"index, follow, max-snippet:-1, max-image-preview:large, max-video-preview:-1\" \/>\n<link rel=\"canonical\" href=\"https:\/\/marktxxl.de\/markt\/produkt\/usb-c-auf-usb-c-kabel-3-pack-0-5m1m2m-60w-20v-3ausb-typ-c-pd-ladekabel-nylon-fuer-ipad-air-ipad-pro-ipad-mini-6-macbook-pro-air-samsung-galaxy-s22-s21-s20-galaxy-tab-fire-tablets-xiaomi\/\" \/>\n<meta property=\"og:locale\" content=\"de_DE\" \/>\n<meta property=\"og:type\" content=\"article\" \/>\n<meta property=\"og:title\" content=\"USB C auf USB C Kabel [3 Pack, 0.5M+1M+2M] 60W 20V\/3A,USB Typ C PD Ladekabel Nylon f\u00fcr iPad Air, iPad Pro, iPad Mini 6\u2026 - Markt-XXL\" \/>\n<meta property=\"og:description\" content=\"Markt-XXL USB C auf USB C Kabel [3 Pack, 0.5M+1M+2M] 60W 20V\/3A,USB Typ C PD Ladekabel Nylon f\u00fcr iPad Air, iPad Pro, iPad Mini 6\u2026\" \/>\n<meta property=\"og:url\" content=\"https:\/\/marktxxl.de\/markt\/produkt\/usb-c-auf-usb-c-kabel-3-pack-0-5m1m2m-60w-20v-3ausb-typ-c-pd-ladekabel-nylon-fuer-ipad-air-ipad-pro-ipad-mini-6-macbook-pro-air-samsung-galaxy-s22-s21-s20-galaxy-tab-fire-tablets-xiaomi\/\" \/>\n<meta property=\"og:site_name\" content=\"Markt-XXL\" \/>\n<meta property=\"article:modified_time\" content=\"2023-04-10T02:09:19+00:00\" \/>\n<meta property=\"og:image\" content=\"https:\/\/m.media-amazon.com\/images\/I\/51kVI-rtkNL._SL500_.jpg\" \/>\n\t<meta property=\"og:image:width\" content=\"400\" \/>\n\t<meta property=\"og:image:height\" content=\"500\" \/>\n\t<meta property=\"og:image:type\" content=\"image\/jpeg\" \/>\n<meta name=\"twitter:card\" content=\"summary_large_image\" \/>\n<meta name=\"twitter:label1\" content=\"Gesch\u00e4tzte Lesezeit\" \/>\n\t<meta name=\"twitter:data1\" content=\"1\u00a0Minute\" \/>\n<script type=\"application\/ld+json\" class=\"yoast-schema-graph\">{\"@context\":\"https:\\\/\\\/schema.org\",\"@graph\":[{\"@type\":\"WebPage\",\"@id\":\"https:\\\/\\\/marktxxl.de\\\/markt\\\/produkt\\\/usb-c-auf-usb-c-kabel-3-pack-0-5m1m2m-60w-20v-3ausb-typ-c-pd-ladekabel-nylon-fuer-ipad-air-ipad-pro-ipad-mini-6-macbook-pro-air-samsung-galaxy-s22-s21-s20-galaxy-tab-fire-tablets-xiaomi\\\/\",\"url\":\"https:\\\/\\\/marktxxl.de\\\/markt\\\/produkt\\\/usb-c-auf-usb-c-kabel-3-pack-0-5m1m2m-60w-20v-3ausb-typ-c-pd-ladekabel-nylon-fuer-ipad-air-ipad-pro-ipad-mini-6-macbook-pro-air-samsung-galaxy-s22-s21-s20-galaxy-tab-fire-tablets-xiaomi\\\/\",\"name\":\"USB C auf USB C Kabel [3 Pack, 0.5M+1M+2M] 60W 20V\\\/3A,USB Typ C PD Ladekabel Nylon f\u00fcr iPad Air, iPad Pro, iPad Mini 6\u2026 - Markt-XXL\",\"isPartOf\":{\"@id\":\"https:\\\/\\\/marktxxl.de\\\/markt\\\/#website\"},\"primaryImageOfPage\":{\"@id\":\"https:\\\/\\\/marktxxl.de\\\/markt\\\/produkt\\\/usb-c-auf-usb-c-kabel-3-pack-0-5m1m2m-60w-20v-3ausb-typ-c-pd-ladekabel-nylon-fuer-ipad-air-ipad-pro-ipad-mini-6-macbook-pro-air-samsung-galaxy-s22-s21-s20-galaxy-tab-fire-tablets-xiaomi\\\/#primaryimage\"},\"image\":{\"@id\":\"https:\\\/\\\/marktxxl.de\\\/markt\\\/produkt\\\/usb-c-auf-usb-c-kabel-3-pack-0-5m1m2m-60w-20v-3ausb-typ-c-pd-ladekabel-nylon-fuer-ipad-air-ipad-pro-ipad-mini-6-macbook-pro-air-samsung-galaxy-s22-s21-s20-galaxy-tab-fire-tablets-xiaomi\\\/#primaryimage\"},\"thumbnailUrl\":\"https:\\\/\\\/m.media-amazon.com\\\/images\\\/I\\\/51kVI-rtkNL._SL500_.jpg\",\"datePublished\":\"2022-06-14T05:50:00+00:00\",\"dateModified\":\"2023-04-10T02:09:19+00:00\",\"description\":\"Markt-XXL USB C auf USB C Kabel [3 Pack, 0.5M+1M+2M] 60W 20V\\\/3A,USB Typ C PD Ladekabel Nylon f\u00fcr iPad Air, iPad Pro, iPad Mini 6\u2026\",\"breadcrumb\":{\"@id\":\"https:\\\/\\\/marktxxl.de\\\/markt\\\/produkt\\\/usb-c-auf-usb-c-kabel-3-pack-0-5m1m2m-60w-20v-3ausb-typ-c-pd-ladekabel-nylon-fuer-ipad-air-ipad-pro-ipad-mini-6-macbook-pro-air-samsung-galaxy-s22-s21-s20-galaxy-tab-fire-tablets-xiaomi\\\/#breadcrumb\"},\"inLanguage\":\"de\",\"potentialAction\":[{\"@type\":\"ReadAction\",\"target\":[\"https:\\\/\\\/marktxxl.de\\\/markt\\\/produkt\\\/usb-c-auf-usb-c-kabel-3-pack-0-5m1m2m-60w-20v-3ausb-typ-c-pd-ladekabel-nylon-fuer-ipad-air-ipad-pro-ipad-mini-6-macbook-pro-air-samsung-galaxy-s22-s21-s20-galaxy-tab-fire-tablets-xiaomi\\\/\"]}]},{\"@type\":\"ImageObject\",\"inLanguage\":\"de\",\"@id\":\"https:\\\/\\\/marktxxl.de\\\/markt\\\/produkt\\\/usb-c-auf-usb-c-kabel-3-pack-0-5m1m2m-60w-20v-3ausb-typ-c-pd-ladekabel-nylon-fuer-ipad-air-ipad-pro-ipad-mini-6-macbook-pro-air-samsung-galaxy-s22-s21-s20-galaxy-tab-fire-tablets-xiaomi\\\/#primaryimage\",\"url\":\"https:\\\/\\\/m.media-amazon.com\\\/images\\\/I\\\/51kVI-rtkNL._SL500_.jpg\",\"contentUrl\":\"https:\\\/\\\/m.media-amazon.com\\\/images\\\/I\\\/51kVI-rtkNL._SL500_.jpg\",\"width\":400,\"height\":500},{\"@type\":\"BreadcrumbList\",\"@id\":\"https:\\\/\\\/marktxxl.de\\\/markt\\\/produkt\\\/usb-c-auf-usb-c-kabel-3-pack-0-5m1m2m-60w-20v-3ausb-typ-c-pd-ladekabel-nylon-fuer-ipad-air-ipad-pro-ipad-mini-6-macbook-pro-air-samsung-galaxy-s22-s21-s20-galaxy-tab-fire-tablets-xiaomi\\\/#breadcrumb\",\"itemListElement\":[{\"@type\":\"ListItem\",\"position\":1,\"name\":\"Startseite\",\"item\":\"https:\\\/\\\/marktxxl.de\\\/markt\\\/\"},{\"@type\":\"ListItem\",\"position\":2,\"name\":\"Markt\",\"item\":\"https:\\\/\\\/marktxxl.de\\\/markt\\\/\"},{\"@type\":\"ListItem\",\"position\":3,\"name\":\"USB C auf USB C Kabel [3 Pack, 0.5M+1M+2M] 60W 20V\\\/3A,USB Typ C PD Ladekabel Nylon f\u00fcr iPad Air, iPad Pro, iPad Mini 6\u2026\"}]},{\"@type\":\"WebSite\",\"@id\":\"https:\\\/\\\/marktxxl.de\\\/markt\\\/#website\",\"url\":\"https:\\\/\\\/marktxxl.de\\\/markt\\\/\",\"name\":\"Markt-XXL\",\"description\":\"Ihr Markt Online\",\"publisher\":{\"@id\":\"https:\\\/\\\/marktxxl.de\\\/markt\\\/#organization\"},\"potentialAction\":[{\"@type\":\"SearchAction\",\"target\":{\"@type\":\"EntryPoint\",\"urlTemplate\":\"https:\\\/\\\/marktxxl.de\\\/markt\\\/?s={search_term_string}\"},\"query-input\":{\"@type\":\"PropertyValueSpecification\",\"valueRequired\":true,\"valueName\":\"search_term_string\"}}],\"inLanguage\":\"de\"},{\"@type\":\"Organization\",\"@id\":\"https:\\\/\\\/marktxxl.de\\\/markt\\\/#organization\",\"name\":\"Markt-XXL\",\"url\":\"https:\\\/\\\/marktxxl.de\\\/markt\\\/\",\"logo\":{\"@type\":\"ImageObject\",\"inLanguage\":\"de\",\"@id\":\"https:\\\/\\\/marktxxl.de\\\/markt\\\/#\\\/schema\\\/logo\\\/image\\\/\",\"url\":\"https:\\\/\\\/marktxxl.de\\\/markt\\\/wp-content\\\/uploads\\\/sites\\\/3\\\/2020\\\/12\\\/logo.png\",\"contentUrl\":\"https:\\\/\\\/marktxxl.de\\\/markt\\\/wp-content\\\/uploads\\\/sites\\\/3\\\/2020\\\/12\\\/logo.png\",\"width\":200,\"height\":70,\"caption\":\"Markt-XXL\"},\"image\":{\"@id\":\"https:\\\/\\\/marktxxl.de\\\/markt\\\/#\\\/schema\\\/logo\\\/image\\\/\"}}]}<\/script>\n<!-- \/ Yoast SEO plugin. -->","yoast_head_json":{"title":"USB C auf USB C Kabel [3 Pack, 0.5M+1M+2M] 60W 20V\/3A,USB Typ C PD Ladekabel Nylon f\u00fcr iPad Air, iPad Pro, iPad Mini 6\u2026 - Markt-XXL","description":"Markt-XXL USB C auf USB C Kabel [3 Pack, 0.5M+1M+2M] 60W 20V\/3A,USB Typ C PD Ladekabel Nylon f\u00fcr iPad Air, iPad Pro, iPad Mini 6\u2026","robots":{"index":"index","follow":"follow","max-snippet":"max-snippet:-1","max-image-preview":"max-image-preview:large","max-video-preview":"max-video-preview:-1"},"canonical":"https:\/\/marktxxl.de\/markt\/produkt\/usb-c-auf-usb-c-kabel-3-pack-0-5m1m2m-60w-20v-3ausb-typ-c-pd-ladekabel-nylon-fuer-ipad-air-ipad-pro-ipad-mini-6-macbook-pro-air-samsung-galaxy-s22-s21-s20-galaxy-tab-fire-tablets-xiaomi\/","og_locale":"de_DE","og_type":"article","og_title":"USB C auf USB C Kabel [3 Pack, 0.5M+1M+2M] 60W 20V\/3A,USB Typ C PD Ladekabel Nylon f\u00fcr iPad Air, iPad Pro, iPad Mini 6\u2026 - Markt-XXL","og_description":"Markt-XXL USB C auf USB C Kabel [3 Pack, 0.5M+1M+2M] 60W 20V\/3A,USB Typ C PD Ladekabel Nylon f\u00fcr iPad Air, iPad Pro, iPad Mini 6\u2026","og_url":"https:\/\/marktxxl.de\/markt\/produkt\/usb-c-auf-usb-c-kabel-3-pack-0-5m1m2m-60w-20v-3ausb-typ-c-pd-ladekabel-nylon-fuer-ipad-air-ipad-pro-ipad-mini-6-macbook-pro-air-samsung-galaxy-s22-s21-s20-galaxy-tab-fire-tablets-xiaomi\/","og_site_name":"Markt-XXL","article_modified_time":"2023-04-10T02:09:19+00:00","og_image":[{"width":400,"height":500,"url":"https:\/\/m.media-amazon.com\/images\/I\/51kVI-rtkNL._SL500_.jpg","type":"image\/jpeg"}],"twitter_card":"summary_large_image","twitter_misc":{"Gesch\u00e4tzte Lesezeit":"1\u00a0Minute"},"schema":{"@context":"https:\/\/schema.org","@graph":[{"@type":"WebPage","@id":"https:\/\/marktxxl.de\/markt\/produkt\/usb-c-auf-usb-c-kabel-3-pack-0-5m1m2m-60w-20v-3ausb-typ-c-pd-ladekabel-nylon-fuer-ipad-air-ipad-pro-ipad-mini-6-macbook-pro-air-samsung-galaxy-s22-s21-s20-galaxy-tab-fire-tablets-xiaomi\/","url":"https:\/\/marktxxl.de\/markt\/produkt\/usb-c-auf-usb-c-kabel-3-pack-0-5m1m2m-60w-20v-3ausb-typ-c-pd-ladekabel-nylon-fuer-ipad-air-ipad-pro-ipad-mini-6-macbook-pro-air-samsung-galaxy-s22-s21-s20-galaxy-tab-fire-tablets-xiaomi\/","name":"USB C auf USB C Kabel [3 Pack, 0.5M+1M+2M] 60W 20V\/3A,USB Typ C PD Ladekabel Nylon f\u00fcr iPad Air, iPad Pro, iPad Mini 6\u2026 - Markt-XXL","isPartOf":{"@id":"https:\/\/marktxxl.de\/markt\/#website"},"primaryImageOfPage":{"@id":"https:\/\/marktxxl.de\/markt\/produkt\/usb-c-auf-usb-c-kabel-3-pack-0-5m1m2m-60w-20v-3ausb-typ-c-pd-ladekabel-nylon-fuer-ipad-air-ipad-pro-ipad-mini-6-macbook-pro-air-samsung-galaxy-s22-s21-s20-galaxy-tab-fire-tablets-xiaomi\/#primaryimage"},"image":{"@id":"https:\/\/marktxxl.de\/markt\/produkt\/usb-c-auf-usb-c-kabel-3-pack-0-5m1m2m-60w-20v-3ausb-typ-c-pd-ladekabel-nylon-fuer-ipad-air-ipad-pro-ipad-mini-6-macbook-pro-air-samsung-galaxy-s22-s21-s20-galaxy-tab-fire-tablets-xiaomi\/#primaryimage"},"thumbnailUrl":"https:\/\/m.media-amazon.com\/images\/I\/51kVI-rtkNL._SL500_.jpg","datePublished":"2022-06-14T05:50:00+00:00","dateModified":"2023-04-10T02:09:19+00:00","description":"Markt-XXL USB C auf USB C Kabel [3 Pack, 0.5M+1M+2M] 60W 20V\/3A,USB Typ C PD Ladekabel Nylon f\u00fcr iPad Air, iPad Pro, iPad Mini 6\u2026","breadcrumb":{"@id":"https:\/\/marktxxl.de\/markt\/produkt\/usb-c-auf-usb-c-kabel-3-pack-0-5m1m2m-60w-20v-3ausb-typ-c-pd-ladekabel-nylon-fuer-ipad-air-ipad-pro-ipad-mini-6-macbook-pro-air-samsung-galaxy-s22-s21-s20-galaxy-tab-fire-tablets-xiaomi\/#breadcrumb"},"inLanguage":"de","potentialAction":[{"@type":"ReadAction","target":["https:\/\/marktxxl.de\/markt\/produkt\/usb-c-auf-usb-c-kabel-3-pack-0-5m1m2m-60w-20v-3ausb-typ-c-pd-ladekabel-nylon-fuer-ipad-air-ipad-pro-ipad-mini-6-macbook-pro-air-samsung-galaxy-s22-s21-s20-galaxy-tab-fire-tablets-xiaomi\/"]}]},{"@type":"ImageObject","inLanguage":"de","@id":"https:\/\/marktxxl.de\/markt\/produkt\/usb-c-auf-usb-c-kabel-3-pack-0-5m1m2m-60w-20v-3ausb-typ-c-pd-ladekabel-nylon-fuer-ipad-air-ipad-pro-ipad-mini-6-macbook-pro-air-samsung-galaxy-s22-s21-s20-galaxy-tab-fire-tablets-xiaomi\/#primaryimage","url":"https:\/\/m.media-amazon.com\/images\/I\/51kVI-rtkNL._SL500_.jpg","contentUrl":"https:\/\/m.media-amazon.com\/images\/I\/51kVI-rtkNL._SL500_.jpg","width":400,"height":500},{"@type":"BreadcrumbList","@id":"https:\/\/marktxxl.de\/markt\/produkt\/usb-c-auf-usb-c-kabel-3-pack-0-5m1m2m-60w-20v-3ausb-typ-c-pd-ladekabel-nylon-fuer-ipad-air-ipad-pro-ipad-mini-6-macbook-pro-air-samsung-galaxy-s22-s21-s20-galaxy-tab-fire-tablets-xiaomi\/#breadcrumb","itemListElement":[{"@type":"ListItem","position":1,"name":"Startseite","item":"https:\/\/marktxxl.de\/markt\/"},{"@type":"ListItem","position":2,"name":"Markt","item":"https:\/\/marktxxl.de\/markt\/"},{"@type":"ListItem","position":3,"name":"USB C auf USB C Kabel [3 Pack, 0.5M+1M+2M] 60W 20V\/3A,USB Typ C PD Ladekabel Nylon f\u00fcr iPad Air, iPad Pro, iPad Mini 6\u2026"}]},{"@type":"WebSite","@id":"https:\/\/marktxxl.de\/markt\/#website","url":"https:\/\/marktxxl.de\/markt\/","name":"Markt-XXL","description":"Ihr Markt Online","publisher":{"@id":"https:\/\/marktxxl.de\/markt\/#organization"},"potentialAction":[{"@type":"SearchAction","target":{"@type":"EntryPoint","urlTemplate":"https:\/\/marktxxl.de\/markt\/?s={search_term_string}"},"query-input":{"@type":"PropertyValueSpecification","valueRequired":true,"valueName":"search_term_string"}}],"inLanguage":"de"},{"@type":"Organization","@id":"https:\/\/marktxxl.de\/markt\/#organization","name":"Markt-XXL","url":"https:\/\/marktxxl.de\/markt\/","logo":{"@type":"ImageObject","inLanguage":"de","@id":"https:\/\/marktxxl.de\/markt\/#\/schema\/logo\/image\/","url":"https:\/\/marktxxl.de\/markt\/wp-content\/uploads\/sites\/3\/2020\/12\/logo.png","contentUrl":"https:\/\/marktxxl.de\/markt\/wp-content\/uploads\/sites\/3\/2020\/12\/logo.png","width":200,"height":70,"caption":"Markt-XXL"},"image":{"@id":"https:\/\/marktxxl.de\/markt\/#\/schema\/logo\/image\/"}}]}},"_links":{"self":[{"href":"https:\/\/marktxxl.de\/markt\/wp-json\/wp\/v2\/product\/131579","targetHints":{"allow":["GET"]}}],"collection":[{"href":"https:\/\/marktxxl.de\/markt\/wp-json\/wp\/v2\/product"}],"about":[{"href":"https:\/\/marktxxl.de\/markt\/wp-json\/wp\/v2\/types\/product"}],"replies":[{"embeddable":true,"href":"https:\/\/marktxxl.de\/markt\/wp-json\/wp\/v2\/comments?post=131579"}],"wp:featuredmedia":[{"embeddable":true,"href":"https:\/\/marktxxl.de\/markt\/wp-json\/wp\/v2\/media\/131580"}],"wp:attachment":[{"href":"https:\/\/marktxxl.de\/markt\/wp-json\/wp\/v2\/media?parent=131579"}],"wp:term":[{"taxonomy":"product_brand","embeddable":true,"href":"https:\/\/marktxxl.de\/markt\/wp-json\/wp\/v2\/product_brand?post=131579"},{"taxonomy":"product_cat","embeddable":true,"href":"https:\/\/marktxxl.de\/markt\/wp-json\/wp\/v2\/product_cat?post=131579"},{"taxonomy":"product_tag","embeddable":true,"href":"https:\/\/marktxxl.de\/markt\/wp-json\/wp\/v2\/product_tag?post=131579"}],"curies":[{"name":"wp","href":"https:\/\/api.w.org\/{rel}","templated":true}]}}