{"id":130751,"date":"2022-06-14T06:04:35","date_gmt":"2022-06-14T04:04:35","guid":{"rendered":"https:\/\/marktxxl.de\/markt\/produkt\/comsaf-keramik-duftlampe-teelicht-aromalampe-mit-kerzenhalter-mini-teelichthalter-oel-brenner-aroma-diffuser-raeucher-zubehoer-fuer-duftoel-aetherische\/"},"modified":"2023-04-11T04:04:22","modified_gmt":"2023-04-11T02:04:22","slug":"comsaf-keramik-duftlampe-teelicht-aromalampe-mit-kerzenhalter-mini-teelichthalter-oel-brenner-aroma-diffuser-raeucher-zubehoer-fuer-duftoel-aetherische","status":"publish","type":"product","link":"https:\/\/marktxxl.de\/markt\/produkt\/comsaf-keramik-duftlampe-teelicht-aromalampe-mit-kerzenhalter-mini-teelichthalter-oel-brenner-aroma-diffuser-raeucher-zubehoer-fuer-duftoel-aetherische\/","title":{"rendered":"Comsaf Keramik Duftlampe Teelicht, Aromalampe mit Kerzenhalter, Mini Teelichthalter \u00d6l Brenner, Aroma Diffuser R\u00e4ucher\u2026"},"content":{"rendered":"<p>\u3010Glasierte Teelicht\u3011Sie k\u00f6nnen Ihren Lieblingsduft von \u00e4therischen \u00d6len hinzuf\u00fcgen (z.B. Lavendel, Rose, Lilie, Sandelholz). Die Aromatherapielampe hat ein sch\u00f6nes Blumen-\/Sternmuster auf der Oberfl\u00e4che, perfekt f\u00fcr Schlafzimmer, Salon, B\u00fcro, Yogastudio, Zen-Raum usw.<br \/>\n\u3010Glasierte Teelicht\u3011Sie k\u00f6nnen Ihren Lieblingsduft von \u00e4therischen \u00d6len hinzuf\u00fcgen (z.B. Lavendel, Rose, Lilie, Sandelholz). Die Aromatherapielampe hat ein sch\u00f6nes Blumen-\/Sternmuster auf der Oberfl\u00e4che, perfekt f\u00fcr Schlafzimmer, Salon, B\u00fcro, Yogastudio, Zen-Raum usw.<br \/>\n\u3010Keramik Wachs Schmilzt Brenner\u3011Hergestellt aus hochwertigem porzellan und gebrannt bei 1300\u00b0C hoher temperatur. Mit einer Schicht gl\u00e4nzender mineralglasur versehen. Exquisite handwerkskunst und zuverl\u00e4ssige qualit\u00e4t f\u00fcr jede familie.<br \/>\n\u3010Charakteristisches Design mit Kerzenhalter\u3011Der breite Eingang und der beigef\u00fcgte Teelichtl\u00f6ffel beg\u00fcnstigen das Ein- und Ausbringen von Wach. Machen sie sich keine sorgen mehr, dass ihr finger durch das kerzenfeuer verletzt wird. Angenehme und saubere aromen verbreiten sich aus diesem keramik\u00f6ldiffusor. Langsam diffundieren und lange halten.<br \/>\n\u3010Ausgezeichnete Aromalampe Dekoration\u3011Es ist eine gute wahl f\u00fcr die dekoration zu hause und im b\u00fcro. Erstaunlicher n\u00e4chtlicher effekt, sch\u00f6n und hell genug. Es ist ohne zweifel die hauptrolle der nacht!<br \/>\n<div class=\"main-cross-sell\" data-asin=\"B07DWVZRC1\">\n\n\t<div class=\"WooZone-cross-sell-loader\">\n\t\t<div>\n\t\t\t<div id=\"floatingBarsG\">\n\t\t\t\t<div class=\"blockG\" id=\"rotateG_01\"><\/div>\n\t\t\t\t<div class=\"blockG\" id=\"rotateG_02\"><\/div>\n\t\t\t\t<div class=\"blockG\" id=\"rotateG_03\"><\/div>\n\t\t\t\t<div class=\"blockG\" id=\"rotateG_04\"><\/div>\n\t\t\t\t<div class=\"blockG\" id=\"rotateG_05\"><\/div>\n\t\t\t\t<div class=\"blockG\" id=\"rotateG_06\"><\/div>\n\t\t\t\t<div class=\"blockG\" id=\"rotateG_07\"><\/div>\n\t\t\t\t<div class=\"blockG\" id=\"rotateG_08\"><\/div>\n\t\t\t<\/div>\n\t\t\t<div class=\"WooZone-cross-sell-loader-text\"><\/div>\n\t\t<\/div>\n\t<\/div>\n\n\t\t\n<\/div>\n<div style=\"clear:both;\"><\/div><\/p>\n","protected":false},"excerpt":{"rendered":"<p>\u3010Glasierte Teelicht\u3011Sie k\u00f6nnen Ihren Lieblingsduft von \u00e4therischen \u00d6len hinzuf\u00fcgen (z.B. Lavendel, Rose, Lilie, Sandelholz). Die Aromatherapielampe hat ein sch\u00f6nes Blumen-\/Sternmuster auf der Oberfl\u00e4che, perfekt f\u00fcr Schlafzimmer, Salon, B\u00fcro, Yogastudio, Zen-Raum usw.<br \/>\n\u3010Glasierte Teelicht\u3011Sie k\u00f6nnen Ihren Lieblingsduft von \u00e4therischen \u00d6len hinzuf\u00fcgen (z.B. Lavendel, Rose, Lilie, Sandelholz). Die Aromatherapielampe hat ein sch\u00f6nes Blumen-\/Sternmuster auf der Oberfl\u00e4che, perfekt f\u00fcr Schlafzimmer, Salon, B\u00fcro, Yogastudio, Zen-Raum usw.<br \/>\n\u3010Keramik Wachs Schmilzt Brenner\u3011Hergestellt aus hochwertigem porzellan und gebrannt bei 1300\u00b0C hoher temperatur. Mit einer Schicht gl\u00e4nzender mineralglasur versehen. Exquisite handwerkskunst und zuverl\u00e4ssige qualit\u00e4t f\u00fcr jede familie.<\/p>\n","protected":false},"featured_media":130752,"comment_status":"open","ping_status":"closed","template":"","meta":[],"product_brand":[],"product_cat":[11446,2108],"product_tag":[],"class_list":{"0":"post-130751","1":"product","2":"type-product","3":"status-publish","4":"has-post-thumbnail","6":"product_cat-aussenbeleuchtung","7":"product_cat-beleuchtung","8":"pa_binding-haushaltswaren","9":"pa_brand-comsaf","10":"pa_manufacturer-comsaf","12":"first","13":"instock","14":"shipping-taxable","15":"purchasable","16":"product-type-simple","17":"customify-col","18":"product-has-gallery"},"yoast_head":"<!-- This site is optimized with the Yoast SEO plugin v27.4 - https:\/\/yoast.com\/product\/yoast-seo-wordpress\/ -->\n<title>Comsaf Keramik Duftlampe Teelicht, Aromalampe mit Kerzenhalter, Mini Teelichthalter \u00d6l Brenner, Aroma Diffuser R\u00e4ucher\u2026 - Markt-XXL<\/title>\n<meta name=\"description\" content=\"Markt-XXL Comsaf Keramik Duftlampe Teelicht, Aromalampe mit Kerzenhalter, Mini Teelichthalter \u00d6l Brenner, Aroma Diffuser R\u00e4ucher\u2026\" \/>\n<meta name=\"robots\" content=\"index, follow, max-snippet:-1, max-image-preview:large, max-video-preview:-1\" \/>\n<link rel=\"canonical\" href=\"https:\/\/marktxxl.de\/markt\/produkt\/comsaf-keramik-duftlampe-teelicht-aromalampe-mit-kerzenhalter-mini-teelichthalter-oel-brenner-aroma-diffuser-raeucher-zubehoer-fuer-duftoel-aetherische\/\" \/>\n<meta property=\"og:locale\" content=\"de_DE\" \/>\n<meta property=\"og:type\" content=\"article\" \/>\n<meta property=\"og:title\" content=\"Comsaf Keramik Duftlampe Teelicht, Aromalampe mit Kerzenhalter, Mini Teelichthalter \u00d6l Brenner, Aroma Diffuser R\u00e4ucher\u2026 - Markt-XXL\" \/>\n<meta property=\"og:description\" content=\"Markt-XXL Comsaf Keramik Duftlampe Teelicht, Aromalampe mit Kerzenhalter, Mini Teelichthalter \u00d6l Brenner, Aroma Diffuser R\u00e4ucher\u2026\" \/>\n<meta property=\"og:url\" content=\"https:\/\/marktxxl.de\/markt\/produkt\/comsaf-keramik-duftlampe-teelicht-aromalampe-mit-kerzenhalter-mini-teelichthalter-oel-brenner-aroma-diffuser-raeucher-zubehoer-fuer-duftoel-aetherische\/\" \/>\n<meta property=\"og:site_name\" content=\"Markt-XXL\" \/>\n<meta property=\"article:modified_time\" content=\"2023-04-11T02:04:22+00:00\" \/>\n<meta property=\"og:image\" content=\"https:\/\/m.media-amazon.com\/images\/I\/31KsZPljDEL._SL500_.jpg\" \/>\n\t<meta property=\"og:image:width\" content=\"500\" \/>\n\t<meta property=\"og:image:height\" content=\"500\" \/>\n\t<meta property=\"og:image:type\" content=\"image\/jpeg\" \/>\n<meta name=\"twitter:card\" content=\"summary_large_image\" \/>\n<meta name=\"twitter:label1\" content=\"Gesch\u00e4tzte Lesezeit\" \/>\n\t<meta name=\"twitter:data1\" content=\"1\u00a0Minute\" \/>\n<script type=\"application\/ld+json\" class=\"yoast-schema-graph\">{\"@context\":\"https:\\\/\\\/schema.org\",\"@graph\":[{\"@type\":\"WebPage\",\"@id\":\"https:\\\/\\\/marktxxl.de\\\/markt\\\/produkt\\\/comsaf-keramik-duftlampe-teelicht-aromalampe-mit-kerzenhalter-mini-teelichthalter-oel-brenner-aroma-diffuser-raeucher-zubehoer-fuer-duftoel-aetherische\\\/\",\"url\":\"https:\\\/\\\/marktxxl.de\\\/markt\\\/produkt\\\/comsaf-keramik-duftlampe-teelicht-aromalampe-mit-kerzenhalter-mini-teelichthalter-oel-brenner-aroma-diffuser-raeucher-zubehoer-fuer-duftoel-aetherische\\\/\",\"name\":\"Comsaf Keramik Duftlampe Teelicht, Aromalampe mit Kerzenhalter, Mini Teelichthalter \u00d6l Brenner, Aroma Diffuser R\u00e4ucher\u2026 - Markt-XXL\",\"isPartOf\":{\"@id\":\"https:\\\/\\\/marktxxl.de\\\/markt\\\/#website\"},\"primaryImageOfPage\":{\"@id\":\"https:\\\/\\\/marktxxl.de\\\/markt\\\/produkt\\\/comsaf-keramik-duftlampe-teelicht-aromalampe-mit-kerzenhalter-mini-teelichthalter-oel-brenner-aroma-diffuser-raeucher-zubehoer-fuer-duftoel-aetherische\\\/#primaryimage\"},\"image\":{\"@id\":\"https:\\\/\\\/marktxxl.de\\\/markt\\\/produkt\\\/comsaf-keramik-duftlampe-teelicht-aromalampe-mit-kerzenhalter-mini-teelichthalter-oel-brenner-aroma-diffuser-raeucher-zubehoer-fuer-duftoel-aetherische\\\/#primaryimage\"},\"thumbnailUrl\":\"https:\\\/\\\/m.media-amazon.com\\\/images\\\/I\\\/31KsZPljDEL._SL500_.jpg\",\"datePublished\":\"2022-06-14T04:04:35+00:00\",\"dateModified\":\"2023-04-11T02:04:22+00:00\",\"description\":\"Markt-XXL Comsaf Keramik Duftlampe Teelicht, Aromalampe mit Kerzenhalter, Mini Teelichthalter \u00d6l Brenner, Aroma Diffuser R\u00e4ucher\u2026\",\"breadcrumb\":{\"@id\":\"https:\\\/\\\/marktxxl.de\\\/markt\\\/produkt\\\/comsaf-keramik-duftlampe-teelicht-aromalampe-mit-kerzenhalter-mini-teelichthalter-oel-brenner-aroma-diffuser-raeucher-zubehoer-fuer-duftoel-aetherische\\\/#breadcrumb\"},\"inLanguage\":\"de\",\"potentialAction\":[{\"@type\":\"ReadAction\",\"target\":[\"https:\\\/\\\/marktxxl.de\\\/markt\\\/produkt\\\/comsaf-keramik-duftlampe-teelicht-aromalampe-mit-kerzenhalter-mini-teelichthalter-oel-brenner-aroma-diffuser-raeucher-zubehoer-fuer-duftoel-aetherische\\\/\"]}]},{\"@type\":\"ImageObject\",\"inLanguage\":\"de\",\"@id\":\"https:\\\/\\\/marktxxl.de\\\/markt\\\/produkt\\\/comsaf-keramik-duftlampe-teelicht-aromalampe-mit-kerzenhalter-mini-teelichthalter-oel-brenner-aroma-diffuser-raeucher-zubehoer-fuer-duftoel-aetherische\\\/#primaryimage\",\"url\":\"https:\\\/\\\/m.media-amazon.com\\\/images\\\/I\\\/31KsZPljDEL._SL500_.jpg\",\"contentUrl\":\"https:\\\/\\\/m.media-amazon.com\\\/images\\\/I\\\/31KsZPljDEL._SL500_.jpg\",\"width\":500,\"height\":500},{\"@type\":\"BreadcrumbList\",\"@id\":\"https:\\\/\\\/marktxxl.de\\\/markt\\\/produkt\\\/comsaf-keramik-duftlampe-teelicht-aromalampe-mit-kerzenhalter-mini-teelichthalter-oel-brenner-aroma-diffuser-raeucher-zubehoer-fuer-duftoel-aetherische\\\/#breadcrumb\",\"itemListElement\":[{\"@type\":\"ListItem\",\"position\":1,\"name\":\"Startseite\",\"item\":\"https:\\\/\\\/marktxxl.de\\\/markt\\\/\"},{\"@type\":\"ListItem\",\"position\":2,\"name\":\"Markt\",\"item\":\"https:\\\/\\\/marktxxl.de\\\/markt\\\/\"},{\"@type\":\"ListItem\",\"position\":3,\"name\":\"Comsaf Keramik Duftlampe Teelicht, Aromalampe mit Kerzenhalter, Mini Teelichthalter \u00d6l Brenner, Aroma Diffuser R\u00e4ucher\u2026\"}]},{\"@type\":\"WebSite\",\"@id\":\"https:\\\/\\\/marktxxl.de\\\/markt\\\/#website\",\"url\":\"https:\\\/\\\/marktxxl.de\\\/markt\\\/\",\"name\":\"Markt-XXL\",\"description\":\"Ihr Markt Online\",\"publisher\":{\"@id\":\"https:\\\/\\\/marktxxl.de\\\/markt\\\/#organization\"},\"potentialAction\":[{\"@type\":\"SearchAction\",\"target\":{\"@type\":\"EntryPoint\",\"urlTemplate\":\"https:\\\/\\\/marktxxl.de\\\/markt\\\/?s={search_term_string}\"},\"query-input\":{\"@type\":\"PropertyValueSpecification\",\"valueRequired\":true,\"valueName\":\"search_term_string\"}}],\"inLanguage\":\"de\"},{\"@type\":\"Organization\",\"@id\":\"https:\\\/\\\/marktxxl.de\\\/markt\\\/#organization\",\"name\":\"Markt-XXL\",\"url\":\"https:\\\/\\\/marktxxl.de\\\/markt\\\/\",\"logo\":{\"@type\":\"ImageObject\",\"inLanguage\":\"de\",\"@id\":\"https:\\\/\\\/marktxxl.de\\\/markt\\\/#\\\/schema\\\/logo\\\/image\\\/\",\"url\":\"https:\\\/\\\/marktxxl.de\\\/markt\\\/wp-content\\\/uploads\\\/sites\\\/3\\\/2020\\\/12\\\/logo.png\",\"contentUrl\":\"https:\\\/\\\/marktxxl.de\\\/markt\\\/wp-content\\\/uploads\\\/sites\\\/3\\\/2020\\\/12\\\/logo.png\",\"width\":200,\"height\":70,\"caption\":\"Markt-XXL\"},\"image\":{\"@id\":\"https:\\\/\\\/marktxxl.de\\\/markt\\\/#\\\/schema\\\/logo\\\/image\\\/\"}}]}<\/script>\n<!-- \/ Yoast SEO plugin. -->","yoast_head_json":{"title":"Comsaf Keramik Duftlampe Teelicht, Aromalampe mit Kerzenhalter, Mini Teelichthalter \u00d6l Brenner, Aroma Diffuser R\u00e4ucher\u2026 - Markt-XXL","description":"Markt-XXL Comsaf Keramik Duftlampe Teelicht, Aromalampe mit Kerzenhalter, Mini Teelichthalter \u00d6l Brenner, Aroma Diffuser R\u00e4ucher\u2026","robots":{"index":"index","follow":"follow","max-snippet":"max-snippet:-1","max-image-preview":"max-image-preview:large","max-video-preview":"max-video-preview:-1"},"canonical":"https:\/\/marktxxl.de\/markt\/produkt\/comsaf-keramik-duftlampe-teelicht-aromalampe-mit-kerzenhalter-mini-teelichthalter-oel-brenner-aroma-diffuser-raeucher-zubehoer-fuer-duftoel-aetherische\/","og_locale":"de_DE","og_type":"article","og_title":"Comsaf Keramik Duftlampe Teelicht, Aromalampe mit Kerzenhalter, Mini Teelichthalter \u00d6l Brenner, Aroma Diffuser R\u00e4ucher\u2026 - Markt-XXL","og_description":"Markt-XXL Comsaf Keramik Duftlampe Teelicht, Aromalampe mit Kerzenhalter, Mini Teelichthalter \u00d6l Brenner, Aroma Diffuser R\u00e4ucher\u2026","og_url":"https:\/\/marktxxl.de\/markt\/produkt\/comsaf-keramik-duftlampe-teelicht-aromalampe-mit-kerzenhalter-mini-teelichthalter-oel-brenner-aroma-diffuser-raeucher-zubehoer-fuer-duftoel-aetherische\/","og_site_name":"Markt-XXL","article_modified_time":"2023-04-11T02:04:22+00:00","og_image":[{"width":500,"height":500,"url":"https:\/\/m.media-amazon.com\/images\/I\/31KsZPljDEL._SL500_.jpg","type":"image\/jpeg"}],"twitter_card":"summary_large_image","twitter_misc":{"Gesch\u00e4tzte Lesezeit":"1\u00a0Minute"},"schema":{"@context":"https:\/\/schema.org","@graph":[{"@type":"WebPage","@id":"https:\/\/marktxxl.de\/markt\/produkt\/comsaf-keramik-duftlampe-teelicht-aromalampe-mit-kerzenhalter-mini-teelichthalter-oel-brenner-aroma-diffuser-raeucher-zubehoer-fuer-duftoel-aetherische\/","url":"https:\/\/marktxxl.de\/markt\/produkt\/comsaf-keramik-duftlampe-teelicht-aromalampe-mit-kerzenhalter-mini-teelichthalter-oel-brenner-aroma-diffuser-raeucher-zubehoer-fuer-duftoel-aetherische\/","name":"Comsaf Keramik Duftlampe Teelicht, Aromalampe mit Kerzenhalter, Mini Teelichthalter \u00d6l Brenner, Aroma Diffuser R\u00e4ucher\u2026 - Markt-XXL","isPartOf":{"@id":"https:\/\/marktxxl.de\/markt\/#website"},"primaryImageOfPage":{"@id":"https:\/\/marktxxl.de\/markt\/produkt\/comsaf-keramik-duftlampe-teelicht-aromalampe-mit-kerzenhalter-mini-teelichthalter-oel-brenner-aroma-diffuser-raeucher-zubehoer-fuer-duftoel-aetherische\/#primaryimage"},"image":{"@id":"https:\/\/marktxxl.de\/markt\/produkt\/comsaf-keramik-duftlampe-teelicht-aromalampe-mit-kerzenhalter-mini-teelichthalter-oel-brenner-aroma-diffuser-raeucher-zubehoer-fuer-duftoel-aetherische\/#primaryimage"},"thumbnailUrl":"https:\/\/m.media-amazon.com\/images\/I\/31KsZPljDEL._SL500_.jpg","datePublished":"2022-06-14T04:04:35+00:00","dateModified":"2023-04-11T02:04:22+00:00","description":"Markt-XXL Comsaf Keramik Duftlampe Teelicht, Aromalampe mit Kerzenhalter, Mini Teelichthalter \u00d6l Brenner, Aroma Diffuser R\u00e4ucher\u2026","breadcrumb":{"@id":"https:\/\/marktxxl.de\/markt\/produkt\/comsaf-keramik-duftlampe-teelicht-aromalampe-mit-kerzenhalter-mini-teelichthalter-oel-brenner-aroma-diffuser-raeucher-zubehoer-fuer-duftoel-aetherische\/#breadcrumb"},"inLanguage":"de","potentialAction":[{"@type":"ReadAction","target":["https:\/\/marktxxl.de\/markt\/produkt\/comsaf-keramik-duftlampe-teelicht-aromalampe-mit-kerzenhalter-mini-teelichthalter-oel-brenner-aroma-diffuser-raeucher-zubehoer-fuer-duftoel-aetherische\/"]}]},{"@type":"ImageObject","inLanguage":"de","@id":"https:\/\/marktxxl.de\/markt\/produkt\/comsaf-keramik-duftlampe-teelicht-aromalampe-mit-kerzenhalter-mini-teelichthalter-oel-brenner-aroma-diffuser-raeucher-zubehoer-fuer-duftoel-aetherische\/#primaryimage","url":"https:\/\/m.media-amazon.com\/images\/I\/31KsZPljDEL._SL500_.jpg","contentUrl":"https:\/\/m.media-amazon.com\/images\/I\/31KsZPljDEL._SL500_.jpg","width":500,"height":500},{"@type":"BreadcrumbList","@id":"https:\/\/marktxxl.de\/markt\/produkt\/comsaf-keramik-duftlampe-teelicht-aromalampe-mit-kerzenhalter-mini-teelichthalter-oel-brenner-aroma-diffuser-raeucher-zubehoer-fuer-duftoel-aetherische\/#breadcrumb","itemListElement":[{"@type":"ListItem","position":1,"name":"Startseite","item":"https:\/\/marktxxl.de\/markt\/"},{"@type":"ListItem","position":2,"name":"Markt","item":"https:\/\/marktxxl.de\/markt\/"},{"@type":"ListItem","position":3,"name":"Comsaf Keramik Duftlampe Teelicht, Aromalampe mit Kerzenhalter, Mini Teelichthalter \u00d6l Brenner, Aroma Diffuser R\u00e4ucher\u2026"}]},{"@type":"WebSite","@id":"https:\/\/marktxxl.de\/markt\/#website","url":"https:\/\/marktxxl.de\/markt\/","name":"Markt-XXL","description":"Ihr Markt Online","publisher":{"@id":"https:\/\/marktxxl.de\/markt\/#organization"},"potentialAction":[{"@type":"SearchAction","target":{"@type":"EntryPoint","urlTemplate":"https:\/\/marktxxl.de\/markt\/?s={search_term_string}"},"query-input":{"@type":"PropertyValueSpecification","valueRequired":true,"valueName":"search_term_string"}}],"inLanguage":"de"},{"@type":"Organization","@id":"https:\/\/marktxxl.de\/markt\/#organization","name":"Markt-XXL","url":"https:\/\/marktxxl.de\/markt\/","logo":{"@type":"ImageObject","inLanguage":"de","@id":"https:\/\/marktxxl.de\/markt\/#\/schema\/logo\/image\/","url":"https:\/\/marktxxl.de\/markt\/wp-content\/uploads\/sites\/3\/2020\/12\/logo.png","contentUrl":"https:\/\/marktxxl.de\/markt\/wp-content\/uploads\/sites\/3\/2020\/12\/logo.png","width":200,"height":70,"caption":"Markt-XXL"},"image":{"@id":"https:\/\/marktxxl.de\/markt\/#\/schema\/logo\/image\/"}}]}},"_links":{"self":[{"href":"https:\/\/marktxxl.de\/markt\/wp-json\/wp\/v2\/product\/130751","targetHints":{"allow":["GET"]}}],"collection":[{"href":"https:\/\/marktxxl.de\/markt\/wp-json\/wp\/v2\/product"}],"about":[{"href":"https:\/\/marktxxl.de\/markt\/wp-json\/wp\/v2\/types\/product"}],"replies":[{"embeddable":true,"href":"https:\/\/marktxxl.de\/markt\/wp-json\/wp\/v2\/comments?post=130751"}],"wp:featuredmedia":[{"embeddable":true,"href":"https:\/\/marktxxl.de\/markt\/wp-json\/wp\/v2\/media\/130752"}],"wp:attachment":[{"href":"https:\/\/marktxxl.de\/markt\/wp-json\/wp\/v2\/media?parent=130751"}],"wp:term":[{"taxonomy":"product_brand","embeddable":true,"href":"https:\/\/marktxxl.de\/markt\/wp-json\/wp\/v2\/product_brand?post=130751"},{"taxonomy":"product_cat","embeddable":true,"href":"https:\/\/marktxxl.de\/markt\/wp-json\/wp\/v2\/product_cat?post=130751"},{"taxonomy":"product_tag","embeddable":true,"href":"https:\/\/marktxxl.de\/markt\/wp-json\/wp\/v2\/product_tag?post=130751"}],"curies":[{"name":"wp","href":"https:\/\/api.w.org\/{rel}","templated":true}]}}