{"id":130716,"date":"2022-06-14T06:02:57","date_gmt":"2022-06-14T04:02:57","guid":{"rendered":"https:\/\/marktxxl.de\/markt\/produkt\/solar-gartenfackeln-flammenlicht-96led-gabless-solarlampen-fuer-aussen-solar-fackeln-flammenlicht-solarleuchten-garten-mit-flammeneffekt-ip65-wasserdicht-solarleuchten-fuer-aussen-terrasse-balk\/"},"modified":"2023-04-11T04:04:21","modified_gmt":"2023-04-11T02:04:21","slug":"solar-gartenfackeln-flammenlicht-96led-gabless-solarlampen-fuer-aussen-solar-fackeln-flammenlicht-solarleuchten-garten-mit-flammeneffekt-ip65-wasserdicht-solarleuchten-fuer-aussen-terrasse-balk","status":"publish","type":"product","link":"https:\/\/marktxxl.de\/markt\/produkt\/solar-gartenfackeln-flammenlicht-96led-gabless-solarlampen-fuer-aussen-solar-fackeln-flammenlicht-solarleuchten-garten-mit-flammeneffekt-ip65-wasserdicht-solarleuchten-fuer-aussen-terrasse-balk\/","title":{"rendered":"gabless Solar Gartenfackeln Flammenlicht 96LED, Solarlampen f\u00fcr Au\u00dfen, Solar Fackeln Flammenlicht, Solarleuchten Garten\u2026"},"content":{"rendered":"<p>\u3010Gartenfackel Solar mit Tanzflammeneffekt \u3011gabless Solar Flammenlicht verf\u00fcgt \u00fcber einen sch\u00f6nen tanzenden Flammeneffekt, die Lampe eine warme, romanische Atmosph\u00e4re macht. Mit dem hellen Licht ist die Solarfackel ein optimaler Begleiter f\u00fcr die Veranstaltungen im Freien wie die Familienfeiern, Grillpartys und Campings.<br \/>\n\u30102200mAh Batterie &amp; Lange Leuchtdauer\u3011Die Solarlampen f\u00fcr Au\u00dfen ist mit einer 2200 mAh Lithium Batterie ausgestattet, die 2200mAh Baterrie kann f\u00fcr 8-10 Stunden Beleuchtungszeit in den Sommer und 4-5 Stunden in den Winter unterst\u00fctzen. Die extra Zubeh\u00f6rer erm\u00f6glichen die Solarleuchten auf Tisch als Tischlampen und fest an der Wand als Wandlampen zu verwendet werden . Es gibt weitere Wahl f\u00fcr mehrere Situationen zu benutzen.<br \/>\n\u3010Automatischer Ein\/Aus-Schalter\u3011Die Solarlampet verf\u00fcgt \u00fcber einen EIN\/AUS-Schalter und einen smarten D\u00e4mmerungssensor. Das Solarpanel wird sich tages\u00fcber automatisch aufladen und bei Nachts automatisch beleuchten. Sir brauchen keine extra Energiekosten bezahlen und es ist auch freundlich f\u00fcr die Umwelt.<br \/>\n\u3010Aus ABS Matrial &amp; IP65 Wasserdicht\u3011 Die Solar Gartenleuchten sind aus hochwertigem ABS Kunststof hergestellt und die Solar Gartenfackeln sind wasserdicht und wetterungsbest\u00e4ndig. Durch das IP 65 Wasserdichte Design kann die Solarlampen unter verschiedenen Wetter verwendet werden. So sind die Solarlampen besonders geeignen f\u00fcr die Au\u00dfenbreiche wie Garten, Balkon und Terrasse.<br \/>\n\u3010Einfache Installation &amp; Packageinhalt\u3011 Vor der Einsetzung in den Boden dr\u00fccken Sie bitte die Taste &#8220;ON&#8221; , einfach installieren Solar Fackeln \u00fcberall, mit dem Erdspie\u00df lassen sich die Solarleuchten an der gew\u00fcnschten Stelle fest im Erdreich verankern. Packageinhalt: 4* gabless Solar Fackeln Lampen, 4* Plastik Erdspie\u00df, 4* Verl\u00e4ngerungsrohr, 4*Verbinder, 4* Grundlage, 1*Benutzerhandbuch.<br \/>\n<div class=\"main-cross-sell\" data-asin=\"B09S6L5Y51\">\n\n\t<div class=\"WooZone-cross-sell-loader\">\n\t\t<div>\n\t\t\t<div id=\"floatingBarsG\">\n\t\t\t\t<div class=\"blockG\" id=\"rotateG_01\"><\/div>\n\t\t\t\t<div class=\"blockG\" id=\"rotateG_02\"><\/div>\n\t\t\t\t<div class=\"blockG\" id=\"rotateG_03\"><\/div>\n\t\t\t\t<div class=\"blockG\" id=\"rotateG_04\"><\/div>\n\t\t\t\t<div class=\"blockG\" id=\"rotateG_05\"><\/div>\n\t\t\t\t<div class=\"blockG\" id=\"rotateG_06\"><\/div>\n\t\t\t\t<div class=\"blockG\" id=\"rotateG_07\"><\/div>\n\t\t\t\t<div class=\"blockG\" id=\"rotateG_08\"><\/div>\n\t\t\t<\/div>\n\t\t\t<div class=\"WooZone-cross-sell-loader-text\"><\/div>\n\t\t<\/div>\n\t<\/div>\n\n\t\t\n<\/div>\n<div style=\"clear:both;\"><\/div><\/p>\n","protected":false},"excerpt":{"rendered":"<p>\u3010Gartenfackel Solar mit Tanzflammeneffekt \u3011gabless Solar Flammenlicht verf\u00fcgt \u00fcber einen sch\u00f6nen tanzenden Flammeneffekt, die Lampe eine warme, romanische Atmosph\u00e4re macht. Mit dem hellen Licht ist die Solarfackel ein optimaler Begleiter f\u00fcr die Veranstaltungen im Freien wie die Familienfeiern, Grillpartys und Campings.<br \/>\n\u30102200mAh Batterie &amp; Lange Leuchtdauer\u3011Die Solarlampen f\u00fcr Au\u00dfen ist mit einer 2200 mAh Lithium Batterie ausgestattet, die 2200mAh Baterrie kann f\u00fcr 8-10 Stunden Beleuchtungszeit in den Sommer und 4-5 Stunden in den Winter unterst\u00fctzen. Die extra Zubeh\u00f6rer erm\u00f6glichen die Solarleuchten auf Tisch als Tischlampen und fest an der Wand als Wandlampen zu verwendet werden . Es gibt weitere Wahl f\u00fcr mehrere Situationen zu benutzen.<br \/>\n\u3010Automatischer Ein\/Aus-Schalter\u3011Die Solarlampet verf\u00fcgt \u00fcber einen EIN\/AUS-Schalter und einen smarten D\u00e4mmerungssensor. Das Solarpanel wird sich tages\u00fcber automatisch aufladen und bei Nachts automatisch beleuchten. Sir brauchen keine extra Energiekosten bezahlen und es ist auch freundlich f\u00fcr die Umwelt.<\/p>\n","protected":false},"featured_media":130717,"comment_status":"open","ping_status":"closed","template":"","meta":[],"product_brand":[],"product_cat":[11446,2108],"product_tag":[],"class_list":{"0":"post-130716","1":"product","2":"type-product","3":"status-publish","4":"has-post-thumbnail","6":"product_cat-aussenbeleuchtung","7":"product_cat-beleuchtung","8":"pa_brand-gabless","9":"pa_manufacturer-ninghai-bayhong-eletric-appliance-factory","10":"pa_model-25199","12":"first","13":"instock","14":"shipping-taxable","15":"purchasable","16":"product-type-simple","17":"customify-col","18":"product-has-gallery"},"yoast_head":"<!-- This site is optimized with the Yoast SEO plugin v27.4 - https:\/\/yoast.com\/product\/yoast-seo-wordpress\/ -->\n<title>gabless Solar Gartenfackeln Flammenlicht 96LED, Solarlampen f\u00fcr Au\u00dfen, Solar Fackeln Flammenlicht, Solarleuchten Garten\u2026 - Markt-XXL<\/title>\n<meta name=\"description\" content=\"Markt-XXL gabless Solar Gartenfackeln Flammenlicht 96LED, Solarlampen f\u00fcr Au\u00dfen, Solar Fackeln Flammenlicht, Solarleuchten Garten\u2026\" \/>\n<meta name=\"robots\" content=\"index, follow, max-snippet:-1, max-image-preview:large, max-video-preview:-1\" \/>\n<link rel=\"canonical\" href=\"https:\/\/marktxxl.de\/markt\/produkt\/solar-gartenfackeln-flammenlicht-96led-gabless-solarlampen-fuer-aussen-solar-fackeln-flammenlicht-solarleuchten-garten-mit-flammeneffekt-ip65-wasserdicht-solarleuchten-fuer-aussen-terrasse-balk\/\" \/>\n<meta property=\"og:locale\" content=\"de_DE\" \/>\n<meta property=\"og:type\" content=\"article\" \/>\n<meta property=\"og:title\" content=\"gabless Solar Gartenfackeln Flammenlicht 96LED, Solarlampen f\u00fcr Au\u00dfen, Solar Fackeln Flammenlicht, Solarleuchten Garten\u2026 - Markt-XXL\" \/>\n<meta property=\"og:description\" content=\"Markt-XXL gabless Solar Gartenfackeln Flammenlicht 96LED, Solarlampen f\u00fcr Au\u00dfen, Solar Fackeln Flammenlicht, Solarleuchten Garten\u2026\" \/>\n<meta property=\"og:url\" content=\"https:\/\/marktxxl.de\/markt\/produkt\/solar-gartenfackeln-flammenlicht-96led-gabless-solarlampen-fuer-aussen-solar-fackeln-flammenlicht-solarleuchten-garten-mit-flammeneffekt-ip65-wasserdicht-solarleuchten-fuer-aussen-terrasse-balk\/\" \/>\n<meta property=\"og:site_name\" content=\"Markt-XXL\" \/>\n<meta property=\"article:modified_time\" content=\"2023-04-11T02:04:21+00:00\" \/>\n<meta property=\"og:image\" content=\"https:\/\/m.media-amazon.com\/images\/I\/51zNCnm5hIL._SL500_.jpg\" \/>\n\t<meta property=\"og:image:width\" content=\"500\" \/>\n\t<meta property=\"og:image:height\" content=\"500\" \/>\n\t<meta property=\"og:image:type\" content=\"image\/jpeg\" \/>\n<meta name=\"twitter:card\" content=\"summary_large_image\" \/>\n<meta name=\"twitter:label1\" content=\"Gesch\u00e4tzte Lesezeit\" \/>\n\t<meta name=\"twitter:data1\" content=\"1\u00a0Minute\" \/>\n<script type=\"application\/ld+json\" class=\"yoast-schema-graph\">{\"@context\":\"https:\\\/\\\/schema.org\",\"@graph\":[{\"@type\":\"WebPage\",\"@id\":\"https:\\\/\\\/marktxxl.de\\\/markt\\\/produkt\\\/solar-gartenfackeln-flammenlicht-96led-gabless-solarlampen-fuer-aussen-solar-fackeln-flammenlicht-solarleuchten-garten-mit-flammeneffekt-ip65-wasserdicht-solarleuchten-fuer-aussen-terrasse-balk\\\/\",\"url\":\"https:\\\/\\\/marktxxl.de\\\/markt\\\/produkt\\\/solar-gartenfackeln-flammenlicht-96led-gabless-solarlampen-fuer-aussen-solar-fackeln-flammenlicht-solarleuchten-garten-mit-flammeneffekt-ip65-wasserdicht-solarleuchten-fuer-aussen-terrasse-balk\\\/\",\"name\":\"gabless Solar Gartenfackeln Flammenlicht 96LED, Solarlampen f\u00fcr Au\u00dfen, Solar Fackeln Flammenlicht, Solarleuchten Garten\u2026 - Markt-XXL\",\"isPartOf\":{\"@id\":\"https:\\\/\\\/marktxxl.de\\\/markt\\\/#website\"},\"primaryImageOfPage\":{\"@id\":\"https:\\\/\\\/marktxxl.de\\\/markt\\\/produkt\\\/solar-gartenfackeln-flammenlicht-96led-gabless-solarlampen-fuer-aussen-solar-fackeln-flammenlicht-solarleuchten-garten-mit-flammeneffekt-ip65-wasserdicht-solarleuchten-fuer-aussen-terrasse-balk\\\/#primaryimage\"},\"image\":{\"@id\":\"https:\\\/\\\/marktxxl.de\\\/markt\\\/produkt\\\/solar-gartenfackeln-flammenlicht-96led-gabless-solarlampen-fuer-aussen-solar-fackeln-flammenlicht-solarleuchten-garten-mit-flammeneffekt-ip65-wasserdicht-solarleuchten-fuer-aussen-terrasse-balk\\\/#primaryimage\"},\"thumbnailUrl\":\"https:\\\/\\\/m.media-amazon.com\\\/images\\\/I\\\/51zNCnm5hIL._SL500_.jpg\",\"datePublished\":\"2022-06-14T04:02:57+00:00\",\"dateModified\":\"2023-04-11T02:04:21+00:00\",\"description\":\"Markt-XXL gabless Solar Gartenfackeln Flammenlicht 96LED, Solarlampen f\u00fcr Au\u00dfen, Solar Fackeln Flammenlicht, Solarleuchten Garten\u2026\",\"breadcrumb\":{\"@id\":\"https:\\\/\\\/marktxxl.de\\\/markt\\\/produkt\\\/solar-gartenfackeln-flammenlicht-96led-gabless-solarlampen-fuer-aussen-solar-fackeln-flammenlicht-solarleuchten-garten-mit-flammeneffekt-ip65-wasserdicht-solarleuchten-fuer-aussen-terrasse-balk\\\/#breadcrumb\"},\"inLanguage\":\"de\",\"potentialAction\":[{\"@type\":\"ReadAction\",\"target\":[\"https:\\\/\\\/marktxxl.de\\\/markt\\\/produkt\\\/solar-gartenfackeln-flammenlicht-96led-gabless-solarlampen-fuer-aussen-solar-fackeln-flammenlicht-solarleuchten-garten-mit-flammeneffekt-ip65-wasserdicht-solarleuchten-fuer-aussen-terrasse-balk\\\/\"]}]},{\"@type\":\"ImageObject\",\"inLanguage\":\"de\",\"@id\":\"https:\\\/\\\/marktxxl.de\\\/markt\\\/produkt\\\/solar-gartenfackeln-flammenlicht-96led-gabless-solarlampen-fuer-aussen-solar-fackeln-flammenlicht-solarleuchten-garten-mit-flammeneffekt-ip65-wasserdicht-solarleuchten-fuer-aussen-terrasse-balk\\\/#primaryimage\",\"url\":\"https:\\\/\\\/m.media-amazon.com\\\/images\\\/I\\\/51zNCnm5hIL._SL500_.jpg\",\"contentUrl\":\"https:\\\/\\\/m.media-amazon.com\\\/images\\\/I\\\/51zNCnm5hIL._SL500_.jpg\",\"width\":500,\"height\":500},{\"@type\":\"BreadcrumbList\",\"@id\":\"https:\\\/\\\/marktxxl.de\\\/markt\\\/produkt\\\/solar-gartenfackeln-flammenlicht-96led-gabless-solarlampen-fuer-aussen-solar-fackeln-flammenlicht-solarleuchten-garten-mit-flammeneffekt-ip65-wasserdicht-solarleuchten-fuer-aussen-terrasse-balk\\\/#breadcrumb\",\"itemListElement\":[{\"@type\":\"ListItem\",\"position\":1,\"name\":\"Startseite\",\"item\":\"https:\\\/\\\/marktxxl.de\\\/markt\\\/\"},{\"@type\":\"ListItem\",\"position\":2,\"name\":\"Markt\",\"item\":\"https:\\\/\\\/marktxxl.de\\\/markt\\\/\"},{\"@type\":\"ListItem\",\"position\":3,\"name\":\"gabless Solar Gartenfackeln Flammenlicht 96LED, Solarlampen f\u00fcr Au\u00dfen, Solar Fackeln Flammenlicht, Solarleuchten Garten\u2026\"}]},{\"@type\":\"WebSite\",\"@id\":\"https:\\\/\\\/marktxxl.de\\\/markt\\\/#website\",\"url\":\"https:\\\/\\\/marktxxl.de\\\/markt\\\/\",\"name\":\"Markt-XXL\",\"description\":\"Ihr Markt Online\",\"publisher\":{\"@id\":\"https:\\\/\\\/marktxxl.de\\\/markt\\\/#organization\"},\"potentialAction\":[{\"@type\":\"SearchAction\",\"target\":{\"@type\":\"EntryPoint\",\"urlTemplate\":\"https:\\\/\\\/marktxxl.de\\\/markt\\\/?s={search_term_string}\"},\"query-input\":{\"@type\":\"PropertyValueSpecification\",\"valueRequired\":true,\"valueName\":\"search_term_string\"}}],\"inLanguage\":\"de\"},{\"@type\":\"Organization\",\"@id\":\"https:\\\/\\\/marktxxl.de\\\/markt\\\/#organization\",\"name\":\"Markt-XXL\",\"url\":\"https:\\\/\\\/marktxxl.de\\\/markt\\\/\",\"logo\":{\"@type\":\"ImageObject\",\"inLanguage\":\"de\",\"@id\":\"https:\\\/\\\/marktxxl.de\\\/markt\\\/#\\\/schema\\\/logo\\\/image\\\/\",\"url\":\"https:\\\/\\\/marktxxl.de\\\/markt\\\/wp-content\\\/uploads\\\/sites\\\/3\\\/2020\\\/12\\\/logo.png\",\"contentUrl\":\"https:\\\/\\\/marktxxl.de\\\/markt\\\/wp-content\\\/uploads\\\/sites\\\/3\\\/2020\\\/12\\\/logo.png\",\"width\":200,\"height\":70,\"caption\":\"Markt-XXL\"},\"image\":{\"@id\":\"https:\\\/\\\/marktxxl.de\\\/markt\\\/#\\\/schema\\\/logo\\\/image\\\/\"}}]}<\/script>\n<!-- \/ Yoast SEO plugin. -->","yoast_head_json":{"title":"gabless Solar Gartenfackeln Flammenlicht 96LED, Solarlampen f\u00fcr Au\u00dfen, Solar Fackeln Flammenlicht, Solarleuchten Garten\u2026 - Markt-XXL","description":"Markt-XXL gabless Solar Gartenfackeln Flammenlicht 96LED, Solarlampen f\u00fcr Au\u00dfen, Solar Fackeln Flammenlicht, Solarleuchten Garten\u2026","robots":{"index":"index","follow":"follow","max-snippet":"max-snippet:-1","max-image-preview":"max-image-preview:large","max-video-preview":"max-video-preview:-1"},"canonical":"https:\/\/marktxxl.de\/markt\/produkt\/solar-gartenfackeln-flammenlicht-96led-gabless-solarlampen-fuer-aussen-solar-fackeln-flammenlicht-solarleuchten-garten-mit-flammeneffekt-ip65-wasserdicht-solarleuchten-fuer-aussen-terrasse-balk\/","og_locale":"de_DE","og_type":"article","og_title":"gabless Solar Gartenfackeln Flammenlicht 96LED, Solarlampen f\u00fcr Au\u00dfen, Solar Fackeln Flammenlicht, Solarleuchten Garten\u2026 - Markt-XXL","og_description":"Markt-XXL gabless Solar Gartenfackeln Flammenlicht 96LED, Solarlampen f\u00fcr Au\u00dfen, Solar Fackeln Flammenlicht, Solarleuchten Garten\u2026","og_url":"https:\/\/marktxxl.de\/markt\/produkt\/solar-gartenfackeln-flammenlicht-96led-gabless-solarlampen-fuer-aussen-solar-fackeln-flammenlicht-solarleuchten-garten-mit-flammeneffekt-ip65-wasserdicht-solarleuchten-fuer-aussen-terrasse-balk\/","og_site_name":"Markt-XXL","article_modified_time":"2023-04-11T02:04:21+00:00","og_image":[{"width":500,"height":500,"url":"https:\/\/m.media-amazon.com\/images\/I\/51zNCnm5hIL._SL500_.jpg","type":"image\/jpeg"}],"twitter_card":"summary_large_image","twitter_misc":{"Gesch\u00e4tzte Lesezeit":"1\u00a0Minute"},"schema":{"@context":"https:\/\/schema.org","@graph":[{"@type":"WebPage","@id":"https:\/\/marktxxl.de\/markt\/produkt\/solar-gartenfackeln-flammenlicht-96led-gabless-solarlampen-fuer-aussen-solar-fackeln-flammenlicht-solarleuchten-garten-mit-flammeneffekt-ip65-wasserdicht-solarleuchten-fuer-aussen-terrasse-balk\/","url":"https:\/\/marktxxl.de\/markt\/produkt\/solar-gartenfackeln-flammenlicht-96led-gabless-solarlampen-fuer-aussen-solar-fackeln-flammenlicht-solarleuchten-garten-mit-flammeneffekt-ip65-wasserdicht-solarleuchten-fuer-aussen-terrasse-balk\/","name":"gabless Solar Gartenfackeln Flammenlicht 96LED, Solarlampen f\u00fcr Au\u00dfen, Solar Fackeln Flammenlicht, Solarleuchten Garten\u2026 - Markt-XXL","isPartOf":{"@id":"https:\/\/marktxxl.de\/markt\/#website"},"primaryImageOfPage":{"@id":"https:\/\/marktxxl.de\/markt\/produkt\/solar-gartenfackeln-flammenlicht-96led-gabless-solarlampen-fuer-aussen-solar-fackeln-flammenlicht-solarleuchten-garten-mit-flammeneffekt-ip65-wasserdicht-solarleuchten-fuer-aussen-terrasse-balk\/#primaryimage"},"image":{"@id":"https:\/\/marktxxl.de\/markt\/produkt\/solar-gartenfackeln-flammenlicht-96led-gabless-solarlampen-fuer-aussen-solar-fackeln-flammenlicht-solarleuchten-garten-mit-flammeneffekt-ip65-wasserdicht-solarleuchten-fuer-aussen-terrasse-balk\/#primaryimage"},"thumbnailUrl":"https:\/\/m.media-amazon.com\/images\/I\/51zNCnm5hIL._SL500_.jpg","datePublished":"2022-06-14T04:02:57+00:00","dateModified":"2023-04-11T02:04:21+00:00","description":"Markt-XXL gabless Solar Gartenfackeln Flammenlicht 96LED, Solarlampen f\u00fcr Au\u00dfen, Solar Fackeln Flammenlicht, Solarleuchten Garten\u2026","breadcrumb":{"@id":"https:\/\/marktxxl.de\/markt\/produkt\/solar-gartenfackeln-flammenlicht-96led-gabless-solarlampen-fuer-aussen-solar-fackeln-flammenlicht-solarleuchten-garten-mit-flammeneffekt-ip65-wasserdicht-solarleuchten-fuer-aussen-terrasse-balk\/#breadcrumb"},"inLanguage":"de","potentialAction":[{"@type":"ReadAction","target":["https:\/\/marktxxl.de\/markt\/produkt\/solar-gartenfackeln-flammenlicht-96led-gabless-solarlampen-fuer-aussen-solar-fackeln-flammenlicht-solarleuchten-garten-mit-flammeneffekt-ip65-wasserdicht-solarleuchten-fuer-aussen-terrasse-balk\/"]}]},{"@type":"ImageObject","inLanguage":"de","@id":"https:\/\/marktxxl.de\/markt\/produkt\/solar-gartenfackeln-flammenlicht-96led-gabless-solarlampen-fuer-aussen-solar-fackeln-flammenlicht-solarleuchten-garten-mit-flammeneffekt-ip65-wasserdicht-solarleuchten-fuer-aussen-terrasse-balk\/#primaryimage","url":"https:\/\/m.media-amazon.com\/images\/I\/51zNCnm5hIL._SL500_.jpg","contentUrl":"https:\/\/m.media-amazon.com\/images\/I\/51zNCnm5hIL._SL500_.jpg","width":500,"height":500},{"@type":"BreadcrumbList","@id":"https:\/\/marktxxl.de\/markt\/produkt\/solar-gartenfackeln-flammenlicht-96led-gabless-solarlampen-fuer-aussen-solar-fackeln-flammenlicht-solarleuchten-garten-mit-flammeneffekt-ip65-wasserdicht-solarleuchten-fuer-aussen-terrasse-balk\/#breadcrumb","itemListElement":[{"@type":"ListItem","position":1,"name":"Startseite","item":"https:\/\/marktxxl.de\/markt\/"},{"@type":"ListItem","position":2,"name":"Markt","item":"https:\/\/marktxxl.de\/markt\/"},{"@type":"ListItem","position":3,"name":"gabless Solar Gartenfackeln Flammenlicht 96LED, Solarlampen f\u00fcr Au\u00dfen, Solar Fackeln Flammenlicht, Solarleuchten Garten\u2026"}]},{"@type":"WebSite","@id":"https:\/\/marktxxl.de\/markt\/#website","url":"https:\/\/marktxxl.de\/markt\/","name":"Markt-XXL","description":"Ihr Markt Online","publisher":{"@id":"https:\/\/marktxxl.de\/markt\/#organization"},"potentialAction":[{"@type":"SearchAction","target":{"@type":"EntryPoint","urlTemplate":"https:\/\/marktxxl.de\/markt\/?s={search_term_string}"},"query-input":{"@type":"PropertyValueSpecification","valueRequired":true,"valueName":"search_term_string"}}],"inLanguage":"de"},{"@type":"Organization","@id":"https:\/\/marktxxl.de\/markt\/#organization","name":"Markt-XXL","url":"https:\/\/marktxxl.de\/markt\/","logo":{"@type":"ImageObject","inLanguage":"de","@id":"https:\/\/marktxxl.de\/markt\/#\/schema\/logo\/image\/","url":"https:\/\/marktxxl.de\/markt\/wp-content\/uploads\/sites\/3\/2020\/12\/logo.png","contentUrl":"https:\/\/marktxxl.de\/markt\/wp-content\/uploads\/sites\/3\/2020\/12\/logo.png","width":200,"height":70,"caption":"Markt-XXL"},"image":{"@id":"https:\/\/marktxxl.de\/markt\/#\/schema\/logo\/image\/"}}]}},"_links":{"self":[{"href":"https:\/\/marktxxl.de\/markt\/wp-json\/wp\/v2\/product\/130716","targetHints":{"allow":["GET"]}}],"collection":[{"href":"https:\/\/marktxxl.de\/markt\/wp-json\/wp\/v2\/product"}],"about":[{"href":"https:\/\/marktxxl.de\/markt\/wp-json\/wp\/v2\/types\/product"}],"replies":[{"embeddable":true,"href":"https:\/\/marktxxl.de\/markt\/wp-json\/wp\/v2\/comments?post=130716"}],"wp:featuredmedia":[{"embeddable":true,"href":"https:\/\/marktxxl.de\/markt\/wp-json\/wp\/v2\/media\/130717"}],"wp:attachment":[{"href":"https:\/\/marktxxl.de\/markt\/wp-json\/wp\/v2\/media?parent=130716"}],"wp:term":[{"taxonomy":"product_brand","embeddable":true,"href":"https:\/\/marktxxl.de\/markt\/wp-json\/wp\/v2\/product_brand?post=130716"},{"taxonomy":"product_cat","embeddable":true,"href":"https:\/\/marktxxl.de\/markt\/wp-json\/wp\/v2\/product_cat?post=130716"},{"taxonomy":"product_tag","embeddable":true,"href":"https:\/\/marktxxl.de\/markt\/wp-json\/wp\/v2\/product_tag?post=130716"}],"curies":[{"name":"wp","href":"https:\/\/api.w.org\/{rel}","templated":true}]}}