{"id":130666,"date":"2022-06-14T06:01:59","date_gmt":"2022-06-14T04:01:59","guid":{"rendered":"https:\/\/marktxxl.de\/markt\/produkt\/hansgrohe-wasserhahn-focus-armatur-mit-auslauf-hoehe-230-mm-ohne-ablaufgarnitur-chrom\/"},"modified":"2023-04-11T04:04:20","modified_gmt":"2023-04-11T02:04:20","slug":"hansgrohe-wasserhahn-focus-armatur-mit-auslauf-hoehe-230-mm-ohne-ablaufgarnitur-chrom","status":"publish","type":"product","link":"https:\/\/marktxxl.de\/markt\/produkt\/hansgrohe-wasserhahn-focus-armatur-mit-auslauf-hoehe-230-mm-ohne-ablaufgarnitur-chrom\/","title":{"rendered":"hansgrohe Wasserhahn Focus (Armatur mit Auslauf H\u00f6he 230 mm, ohne Ablaufgarnitur) Chrom"},"content":{"rendered":"<p>Hoher, wassersparender Qualit\u00e4ts-Einhebelmischer, der sich durch den hohen Auslauf optimal f\u00fcr Waschsch\u00fcsseln eignet<br \/>\nWaschtischarmatur bestehend aus: Grundk\u00f6rper, Griff, Anschlussschl\u00e4uchen, QuickClean Luftsprudler, Keramikkartusche und Temperaturbegrenzer<br \/>\nSpart Wasser und Kosten, entlastet die Umwelt: Die automatische Durchflussbegrenzung limitiert die Durchflussmenge auf 5 l\/min bei drei bar (EcoSmart)<br \/>\nHerstellergarantie: 5 Jahre bei Verkauf und Versand durch Amazon. Bei Verkauf und Versand durch einen Drittanbieter gelten die Angaben des jeweiligen Verk\u00e4ufers. Ausf\u00fchrliche Garantiebedingungen finden Sie unter \u201eWeitere technische Informationen\u201c auf dieser Seite, klicken Sie hierzu bitte auf \u201eGarantiehinweise\u201c.<br \/>\n<div class=\"main-cross-sell\" data-asin=\"B07258FRM8\">\n\n\t<div class=\"WooZone-cross-sell-loader\">\n\t\t<div>\n\t\t\t<div id=\"floatingBarsG\">\n\t\t\t\t<div class=\"blockG\" id=\"rotateG_01\"><\/div>\n\t\t\t\t<div class=\"blockG\" id=\"rotateG_02\"><\/div>\n\t\t\t\t<div class=\"blockG\" id=\"rotateG_03\"><\/div>\n\t\t\t\t<div class=\"blockG\" id=\"rotateG_04\"><\/div>\n\t\t\t\t<div class=\"blockG\" id=\"rotateG_05\"><\/div>\n\t\t\t\t<div class=\"blockG\" id=\"rotateG_06\"><\/div>\n\t\t\t\t<div class=\"blockG\" id=\"rotateG_07\"><\/div>\n\t\t\t\t<div class=\"blockG\" id=\"rotateG_08\"><\/div>\n\t\t\t<\/div>\n\t\t\t<div class=\"WooZone-cross-sell-loader-text\"><\/div>\n\t\t<\/div>\n\t<\/div>\n\n\t\t\n<\/div>\n<div style=\"clear:both;\"><\/div><\/p>\n","protected":false},"excerpt":{"rendered":"<p>Hoher, wassersparender Qualit\u00e4ts-Einhebelmischer, der sich durch den hohen Auslauf optimal f\u00fcr Waschsch\u00fcsseln eignet<br \/>\nWaschtischarmatur bestehend aus: Grundk\u00f6rper, Griff, Anschlussschl\u00e4uchen, QuickClean Luftsprudler, Keramikkartusche und Temperaturbegrenzer<br \/>\nSpart Wasser und Kosten, entlastet die Umwelt: Die automatische Durchflussbegrenzung limitiert die Durchflussmenge auf 5 l\/min bei drei bar (EcoSmart)<\/p>\n","protected":false},"featured_media":130667,"comment_status":"open","ping_status":"closed","template":"","meta":[],"product_brand":[],"product_cat":[1983,11101],"product_tag":[],"class_list":{"0":"post-130666","1":"product","2":"type-product","3":"status-publish","4":"has-post-thumbnail","6":"product_cat-baumarkt","7":"product_cat-kuechen-badinstallation","8":"pa_binding-werkzeug","9":"pa_brand-hansgrohe","10":"pa_color-chrom","11":"pa_height-12-40155-zoll","12":"pa_length-8-74014-zoll","13":"pa_manufacturer-hansgrohe","14":"pa_model-37309","15":"pa_size-auslaufhoehe-230mm","16":"pa_warranty-5-jahre-herstellergarantie","17":"pa_weight-4-83694202828-pfund","18":"pa_width-1-81102-zoll","20":"first","21":"instock","22":"shipping-taxable","23":"purchasable","24":"product-type-simple","25":"customify-col","26":"product-has-gallery"},"yoast_head":"<!-- This site is optimized with the Yoast SEO plugin v27.4 - https:\/\/yoast.com\/product\/yoast-seo-wordpress\/ -->\n<title>hansgrohe Wasserhahn Focus (Armatur mit Auslauf H\u00f6he 230 mm, ohne Ablaufgarnitur) Chrom - Markt-XXL<\/title>\n<meta name=\"description\" content=\"Markt-XXL hansgrohe Wasserhahn Focus (Armatur mit Auslauf H\u00f6he 230 mm, ohne Ablaufgarnitur) Chrom\" \/>\n<meta name=\"robots\" content=\"index, follow, max-snippet:-1, max-image-preview:large, max-video-preview:-1\" \/>\n<link rel=\"canonical\" href=\"https:\/\/marktxxl.de\/markt\/produkt\/hansgrohe-wasserhahn-focus-armatur-mit-auslauf-hoehe-230-mm-ohne-ablaufgarnitur-chrom\/\" \/>\n<meta property=\"og:locale\" content=\"de_DE\" \/>\n<meta property=\"og:type\" content=\"article\" \/>\n<meta property=\"og:title\" content=\"hansgrohe Wasserhahn Focus (Armatur mit Auslauf H\u00f6he 230 mm, ohne Ablaufgarnitur) Chrom - Markt-XXL\" \/>\n<meta property=\"og:description\" content=\"Markt-XXL hansgrohe Wasserhahn Focus (Armatur mit Auslauf H\u00f6he 230 mm, ohne Ablaufgarnitur) Chrom\" \/>\n<meta property=\"og:url\" content=\"https:\/\/marktxxl.de\/markt\/produkt\/hansgrohe-wasserhahn-focus-armatur-mit-auslauf-hoehe-230-mm-ohne-ablaufgarnitur-chrom\/\" \/>\n<meta property=\"og:site_name\" content=\"Markt-XXL\" \/>\n<meta property=\"article:modified_time\" content=\"2023-04-11T02:04:20+00:00\" \/>\n<meta property=\"og:image\" content=\"https:\/\/m.media-amazon.com\/images\/I\/31BU8WC2lyL._SL500_.jpg\" \/>\n\t<meta property=\"og:image:width\" content=\"500\" \/>\n\t<meta property=\"og:image:height\" content=\"500\" \/>\n\t<meta property=\"og:image:type\" content=\"image\/jpeg\" \/>\n<meta name=\"twitter:card\" content=\"summary_large_image\" \/>\n<script type=\"application\/ld+json\" class=\"yoast-schema-graph\">{\"@context\":\"https:\\\/\\\/schema.org\",\"@graph\":[{\"@type\":\"WebPage\",\"@id\":\"https:\\\/\\\/marktxxl.de\\\/markt\\\/produkt\\\/hansgrohe-wasserhahn-focus-armatur-mit-auslauf-hoehe-230-mm-ohne-ablaufgarnitur-chrom\\\/\",\"url\":\"https:\\\/\\\/marktxxl.de\\\/markt\\\/produkt\\\/hansgrohe-wasserhahn-focus-armatur-mit-auslauf-hoehe-230-mm-ohne-ablaufgarnitur-chrom\\\/\",\"name\":\"hansgrohe Wasserhahn Focus (Armatur mit Auslauf H\u00f6he 230 mm, ohne Ablaufgarnitur) Chrom - Markt-XXL\",\"isPartOf\":{\"@id\":\"https:\\\/\\\/marktxxl.de\\\/markt\\\/#website\"},\"primaryImageOfPage\":{\"@id\":\"https:\\\/\\\/marktxxl.de\\\/markt\\\/produkt\\\/hansgrohe-wasserhahn-focus-armatur-mit-auslauf-hoehe-230-mm-ohne-ablaufgarnitur-chrom\\\/#primaryimage\"},\"image\":{\"@id\":\"https:\\\/\\\/marktxxl.de\\\/markt\\\/produkt\\\/hansgrohe-wasserhahn-focus-armatur-mit-auslauf-hoehe-230-mm-ohne-ablaufgarnitur-chrom\\\/#primaryimage\"},\"thumbnailUrl\":\"https:\\\/\\\/m.media-amazon.com\\\/images\\\/I\\\/31BU8WC2lyL._SL500_.jpg\",\"datePublished\":\"2022-06-14T04:01:59+00:00\",\"dateModified\":\"2023-04-11T02:04:20+00:00\",\"description\":\"Markt-XXL hansgrohe Wasserhahn Focus (Armatur mit Auslauf H\u00f6he 230 mm, ohne Ablaufgarnitur) Chrom\",\"breadcrumb\":{\"@id\":\"https:\\\/\\\/marktxxl.de\\\/markt\\\/produkt\\\/hansgrohe-wasserhahn-focus-armatur-mit-auslauf-hoehe-230-mm-ohne-ablaufgarnitur-chrom\\\/#breadcrumb\"},\"inLanguage\":\"de\",\"potentialAction\":[{\"@type\":\"ReadAction\",\"target\":[\"https:\\\/\\\/marktxxl.de\\\/markt\\\/produkt\\\/hansgrohe-wasserhahn-focus-armatur-mit-auslauf-hoehe-230-mm-ohne-ablaufgarnitur-chrom\\\/\"]}]},{\"@type\":\"ImageObject\",\"inLanguage\":\"de\",\"@id\":\"https:\\\/\\\/marktxxl.de\\\/markt\\\/produkt\\\/hansgrohe-wasserhahn-focus-armatur-mit-auslauf-hoehe-230-mm-ohne-ablaufgarnitur-chrom\\\/#primaryimage\",\"url\":\"https:\\\/\\\/m.media-amazon.com\\\/images\\\/I\\\/31BU8WC2lyL._SL500_.jpg\",\"contentUrl\":\"https:\\\/\\\/m.media-amazon.com\\\/images\\\/I\\\/31BU8WC2lyL._SL500_.jpg\",\"width\":500,\"height\":500},{\"@type\":\"BreadcrumbList\",\"@id\":\"https:\\\/\\\/marktxxl.de\\\/markt\\\/produkt\\\/hansgrohe-wasserhahn-focus-armatur-mit-auslauf-hoehe-230-mm-ohne-ablaufgarnitur-chrom\\\/#breadcrumb\",\"itemListElement\":[{\"@type\":\"ListItem\",\"position\":1,\"name\":\"Startseite\",\"item\":\"https:\\\/\\\/marktxxl.de\\\/markt\\\/\"},{\"@type\":\"ListItem\",\"position\":2,\"name\":\"Markt\",\"item\":\"https:\\\/\\\/marktxxl.de\\\/markt\\\/\"},{\"@type\":\"ListItem\",\"position\":3,\"name\":\"hansgrohe Wasserhahn Focus (Armatur mit Auslauf H\u00f6he 230 mm, ohne Ablaufgarnitur) Chrom\"}]},{\"@type\":\"WebSite\",\"@id\":\"https:\\\/\\\/marktxxl.de\\\/markt\\\/#website\",\"url\":\"https:\\\/\\\/marktxxl.de\\\/markt\\\/\",\"name\":\"Markt-XXL\",\"description\":\"Ihr Markt Online\",\"publisher\":{\"@id\":\"https:\\\/\\\/marktxxl.de\\\/markt\\\/#organization\"},\"potentialAction\":[{\"@type\":\"SearchAction\",\"target\":{\"@type\":\"EntryPoint\",\"urlTemplate\":\"https:\\\/\\\/marktxxl.de\\\/markt\\\/?s={search_term_string}\"},\"query-input\":{\"@type\":\"PropertyValueSpecification\",\"valueRequired\":true,\"valueName\":\"search_term_string\"}}],\"inLanguage\":\"de\"},{\"@type\":\"Organization\",\"@id\":\"https:\\\/\\\/marktxxl.de\\\/markt\\\/#organization\",\"name\":\"Markt-XXL\",\"url\":\"https:\\\/\\\/marktxxl.de\\\/markt\\\/\",\"logo\":{\"@type\":\"ImageObject\",\"inLanguage\":\"de\",\"@id\":\"https:\\\/\\\/marktxxl.de\\\/markt\\\/#\\\/schema\\\/logo\\\/image\\\/\",\"url\":\"https:\\\/\\\/marktxxl.de\\\/markt\\\/wp-content\\\/uploads\\\/sites\\\/3\\\/2020\\\/12\\\/logo.png\",\"contentUrl\":\"https:\\\/\\\/marktxxl.de\\\/markt\\\/wp-content\\\/uploads\\\/sites\\\/3\\\/2020\\\/12\\\/logo.png\",\"width\":200,\"height\":70,\"caption\":\"Markt-XXL\"},\"image\":{\"@id\":\"https:\\\/\\\/marktxxl.de\\\/markt\\\/#\\\/schema\\\/logo\\\/image\\\/\"}}]}<\/script>\n<!-- \/ Yoast SEO plugin. -->","yoast_head_json":{"title":"hansgrohe Wasserhahn Focus (Armatur mit Auslauf H\u00f6he 230 mm, ohne Ablaufgarnitur) Chrom - Markt-XXL","description":"Markt-XXL hansgrohe Wasserhahn Focus (Armatur mit Auslauf H\u00f6he 230 mm, ohne Ablaufgarnitur) Chrom","robots":{"index":"index","follow":"follow","max-snippet":"max-snippet:-1","max-image-preview":"max-image-preview:large","max-video-preview":"max-video-preview:-1"},"canonical":"https:\/\/marktxxl.de\/markt\/produkt\/hansgrohe-wasserhahn-focus-armatur-mit-auslauf-hoehe-230-mm-ohne-ablaufgarnitur-chrom\/","og_locale":"de_DE","og_type":"article","og_title":"hansgrohe Wasserhahn Focus (Armatur mit Auslauf H\u00f6he 230 mm, ohne Ablaufgarnitur) Chrom - Markt-XXL","og_description":"Markt-XXL hansgrohe Wasserhahn Focus (Armatur mit Auslauf H\u00f6he 230 mm, ohne Ablaufgarnitur) Chrom","og_url":"https:\/\/marktxxl.de\/markt\/produkt\/hansgrohe-wasserhahn-focus-armatur-mit-auslauf-hoehe-230-mm-ohne-ablaufgarnitur-chrom\/","og_site_name":"Markt-XXL","article_modified_time":"2023-04-11T02:04:20+00:00","og_image":[{"width":500,"height":500,"url":"https:\/\/m.media-amazon.com\/images\/I\/31BU8WC2lyL._SL500_.jpg","type":"image\/jpeg"}],"twitter_card":"summary_large_image","schema":{"@context":"https:\/\/schema.org","@graph":[{"@type":"WebPage","@id":"https:\/\/marktxxl.de\/markt\/produkt\/hansgrohe-wasserhahn-focus-armatur-mit-auslauf-hoehe-230-mm-ohne-ablaufgarnitur-chrom\/","url":"https:\/\/marktxxl.de\/markt\/produkt\/hansgrohe-wasserhahn-focus-armatur-mit-auslauf-hoehe-230-mm-ohne-ablaufgarnitur-chrom\/","name":"hansgrohe Wasserhahn Focus (Armatur mit Auslauf H\u00f6he 230 mm, ohne Ablaufgarnitur) Chrom - Markt-XXL","isPartOf":{"@id":"https:\/\/marktxxl.de\/markt\/#website"},"primaryImageOfPage":{"@id":"https:\/\/marktxxl.de\/markt\/produkt\/hansgrohe-wasserhahn-focus-armatur-mit-auslauf-hoehe-230-mm-ohne-ablaufgarnitur-chrom\/#primaryimage"},"image":{"@id":"https:\/\/marktxxl.de\/markt\/produkt\/hansgrohe-wasserhahn-focus-armatur-mit-auslauf-hoehe-230-mm-ohne-ablaufgarnitur-chrom\/#primaryimage"},"thumbnailUrl":"https:\/\/m.media-amazon.com\/images\/I\/31BU8WC2lyL._SL500_.jpg","datePublished":"2022-06-14T04:01:59+00:00","dateModified":"2023-04-11T02:04:20+00:00","description":"Markt-XXL hansgrohe Wasserhahn Focus (Armatur mit Auslauf H\u00f6he 230 mm, ohne Ablaufgarnitur) Chrom","breadcrumb":{"@id":"https:\/\/marktxxl.de\/markt\/produkt\/hansgrohe-wasserhahn-focus-armatur-mit-auslauf-hoehe-230-mm-ohne-ablaufgarnitur-chrom\/#breadcrumb"},"inLanguage":"de","potentialAction":[{"@type":"ReadAction","target":["https:\/\/marktxxl.de\/markt\/produkt\/hansgrohe-wasserhahn-focus-armatur-mit-auslauf-hoehe-230-mm-ohne-ablaufgarnitur-chrom\/"]}]},{"@type":"ImageObject","inLanguage":"de","@id":"https:\/\/marktxxl.de\/markt\/produkt\/hansgrohe-wasserhahn-focus-armatur-mit-auslauf-hoehe-230-mm-ohne-ablaufgarnitur-chrom\/#primaryimage","url":"https:\/\/m.media-amazon.com\/images\/I\/31BU8WC2lyL._SL500_.jpg","contentUrl":"https:\/\/m.media-amazon.com\/images\/I\/31BU8WC2lyL._SL500_.jpg","width":500,"height":500},{"@type":"BreadcrumbList","@id":"https:\/\/marktxxl.de\/markt\/produkt\/hansgrohe-wasserhahn-focus-armatur-mit-auslauf-hoehe-230-mm-ohne-ablaufgarnitur-chrom\/#breadcrumb","itemListElement":[{"@type":"ListItem","position":1,"name":"Startseite","item":"https:\/\/marktxxl.de\/markt\/"},{"@type":"ListItem","position":2,"name":"Markt","item":"https:\/\/marktxxl.de\/markt\/"},{"@type":"ListItem","position":3,"name":"hansgrohe Wasserhahn Focus (Armatur mit Auslauf H\u00f6he 230 mm, ohne Ablaufgarnitur) Chrom"}]},{"@type":"WebSite","@id":"https:\/\/marktxxl.de\/markt\/#website","url":"https:\/\/marktxxl.de\/markt\/","name":"Markt-XXL","description":"Ihr Markt Online","publisher":{"@id":"https:\/\/marktxxl.de\/markt\/#organization"},"potentialAction":[{"@type":"SearchAction","target":{"@type":"EntryPoint","urlTemplate":"https:\/\/marktxxl.de\/markt\/?s={search_term_string}"},"query-input":{"@type":"PropertyValueSpecification","valueRequired":true,"valueName":"search_term_string"}}],"inLanguage":"de"},{"@type":"Organization","@id":"https:\/\/marktxxl.de\/markt\/#organization","name":"Markt-XXL","url":"https:\/\/marktxxl.de\/markt\/","logo":{"@type":"ImageObject","inLanguage":"de","@id":"https:\/\/marktxxl.de\/markt\/#\/schema\/logo\/image\/","url":"https:\/\/marktxxl.de\/markt\/wp-content\/uploads\/sites\/3\/2020\/12\/logo.png","contentUrl":"https:\/\/marktxxl.de\/markt\/wp-content\/uploads\/sites\/3\/2020\/12\/logo.png","width":200,"height":70,"caption":"Markt-XXL"},"image":{"@id":"https:\/\/marktxxl.de\/markt\/#\/schema\/logo\/image\/"}}]}},"_links":{"self":[{"href":"https:\/\/marktxxl.de\/markt\/wp-json\/wp\/v2\/product\/130666","targetHints":{"allow":["GET"]}}],"collection":[{"href":"https:\/\/marktxxl.de\/markt\/wp-json\/wp\/v2\/product"}],"about":[{"href":"https:\/\/marktxxl.de\/markt\/wp-json\/wp\/v2\/types\/product"}],"replies":[{"embeddable":true,"href":"https:\/\/marktxxl.de\/markt\/wp-json\/wp\/v2\/comments?post=130666"}],"wp:featuredmedia":[{"embeddable":true,"href":"https:\/\/marktxxl.de\/markt\/wp-json\/wp\/v2\/media\/130667"}],"wp:attachment":[{"href":"https:\/\/marktxxl.de\/markt\/wp-json\/wp\/v2\/media?parent=130666"}],"wp:term":[{"taxonomy":"product_brand","embeddable":true,"href":"https:\/\/marktxxl.de\/markt\/wp-json\/wp\/v2\/product_brand?post=130666"},{"taxonomy":"product_cat","embeddable":true,"href":"https:\/\/marktxxl.de\/markt\/wp-json\/wp\/v2\/product_cat?post=130666"},{"taxonomy":"product_tag","embeddable":true,"href":"https:\/\/marktxxl.de\/markt\/wp-json\/wp\/v2\/product_tag?post=130666"}],"curies":[{"name":"wp","href":"https:\/\/api.w.org\/{rel}","templated":true}]}}