{"id":130423,"date":"2022-06-14T05:16:14","date_gmt":"2022-06-14T03:16:14","guid":{"rendered":"https:\/\/marktxxl.de\/markt\/produkt\/flohsamenschalen-11-kg-1100-g-rueckstandskontrolliert-99-reinheit-herkunft-indien-low-carb-ballaststoffreich-ohne-zusaetze-vegan-laborgeprueft\/"},"modified":"2023-04-11T04:04:15","modified_gmt":"2023-04-11T02:04:15","slug":"flohsamenschalen-11-kg-1100-g-rueckstandskontrolliert-99-reinheit-herkunft-indien-low-carb-ballaststoffreich-ohne-zusaetze-vegan-laborgeprueft","status":"publish","type":"product","link":"https:\/\/marktxxl.de\/markt\/produkt\/flohsamenschalen-11-kg-1100-g-rueckstandskontrolliert-99-reinheit-herkunft-indien-low-carb-ballaststoffreich-ohne-zusaetze-vegan-laborgeprueft\/","title":{"rendered":"Flohsamenschalen 1,1 kg &#8211; 1100 g &#8211; R\u00fcckstandskontrolliert &#8211; 99% Reinheit &#8211; Herkunft: Indien &#8211; Low-Carb\u2026"},"content":{"rendered":"<p>HERVORRAGENDES PREIS-LEISTUNGSVERH\u00c4LTNIS: 1100 g \/ 1,1kg reine Flohsamenschalen in bester Rohkostqualit\u00e4t. Unsere Flohsamen sind besonders reich an Ballaststoffen (86 g auf 100 g).<br \/>\nPREMIUM ROHSTOFF: Wir beziehen unsere Flohsamen auch bekannt als Psyllium Husk direkt aus dem Heimatland der Flohsamen, Indien. Unsere Flohsamenschalen haben eine sehr gute Vertr\u00e4glichkeit, s\u00e4ttigen gut und haben einen sehr hohen Ballaststoffgehalt.<br \/>\nOHNE ZUSATZSTOFFE: Unsere Flohsamen sind zu 100% vegan &amp; frei von Allergenen. Das Flohsamenpulver ist frei von Magnesiumstearat, Trennmitteln, Aromen, Farbstoffen, Stabilisatoren, F\u00fcllstoffen, Gelatine und selbstverst\u00e4ndlich auch GMO-frei, laktosefrei, glutenfrei &amp; ohne Konservierungsstoffe.<br \/>\nLABORGEPR\u00dcFTE REINHEIT: Unabh\u00e4ngig laborgepr\u00fcft auf Schwermetalle, Schimmelpilze, E. Coli, Salmonellen &amp; weitere relevante Pr\u00fcfkriterien.<br \/>\nHERSTELLUNG &amp; IHRE ZUFRIEDENHEIT: Das Vit4ever Sortiment umfasst zahlreiche Nahrungserg\u00e4nzungsmittel zu einem fairen Preis-Leistungs-Verh\u00e4ltnis. Alle Produkte werden aus hochwertigen Premium Rohstoffen und ausschlie\u00dflich in zertifizierten EU Betrieben hergestellt. Zu unseren Produktionsstandorten z\u00e4hlen Deutschland &amp; die Niederlande. Sollten Sie mit unserem Produkt nicht zufrieden sein, oder aber Hilfe und Beratung ben\u00f6tigen, kontaktieren Sie uns gerne.<br \/>\n<div class=\"main-cross-sell\" data-asin=\"B07W6WM9HX\">\n\n\t<div class=\"WooZone-cross-sell-loader\">\n\t\t<div>\n\t\t\t<div id=\"floatingBarsG\">\n\t\t\t\t<div class=\"blockG\" id=\"rotateG_01\"><\/div>\n\t\t\t\t<div class=\"blockG\" id=\"rotateG_02\"><\/div>\n\t\t\t\t<div class=\"blockG\" id=\"rotateG_03\"><\/div>\n\t\t\t\t<div class=\"blockG\" id=\"rotateG_04\"><\/div>\n\t\t\t\t<div class=\"blockG\" id=\"rotateG_05\"><\/div>\n\t\t\t\t<div class=\"blockG\" id=\"rotateG_06\"><\/div>\n\t\t\t\t<div class=\"blockG\" id=\"rotateG_07\"><\/div>\n\t\t\t\t<div class=\"blockG\" id=\"rotateG_08\"><\/div>\n\t\t\t<\/div>\n\t\t\t<div class=\"WooZone-cross-sell-loader-text\"><\/div>\n\t\t<\/div>\n\t<\/div>\n\n\t\t\n<\/div>\n<div style=\"clear:both;\"><\/div><\/p>\n","protected":false},"excerpt":{"rendered":"<p>HERVORRAGENDES PREIS-LEISTUNGSVERH\u00c4LTNIS: 1100 g \/ 1,1kg reine Flohsamenschalen in bester Rohkostqualit\u00e4t. Unsere Flohsamen sind besonders reich an Ballaststoffen (86 g auf 100 g).<br \/>\nPREMIUM ROHSTOFF: Wir beziehen unsere Flohsamen auch bekannt als Psyllium Husk direkt aus dem Heimatland der Flohsamen, Indien. Unsere Flohsamenschalen haben eine sehr gute Vertr\u00e4glichkeit, s\u00e4ttigen gut und haben einen sehr hohen Ballaststoffgehalt.<br \/>\nOHNE ZUSATZSTOFFE: Unsere Flohsamen sind zu 100% vegan &amp; frei von Allergenen. Das Flohsamenpulver ist frei von Magnesiumstearat, Trennmitteln, Aromen, Farbstoffen, Stabilisatoren, F\u00fcllstoffen, Gelatine und selbstverst\u00e4ndlich auch GMO-frei, laktosefrei, glutenfrei &amp; ohne Konservierungsstoffe.<\/p>\n","protected":false},"featured_media":130424,"comment_status":"open","ping_status":"closed","template":"","meta":[],"product_brand":[],"product_cat":[566,6104],"product_tag":[],"class_list":{"0":"post-130423","1":"product","2":"type-product","3":"status-publish","4":"has-post-thumbnail","6":"product_cat-drogerie-koerperpflege","7":"product_cat-nahrungsergaenzung","8":"pa_brand-vit4ever","9":"pa_manufacturer-vit4ever","10":"pa_size-1-1-kg-1er-pack","11":"pa_weight-0-220462262-pfund","13":"first","14":"instock","15":"shipping-taxable","16":"purchasable","17":"product-type-simple","18":"customify-col","19":"product-has-gallery"},"yoast_head":"<!-- This site is optimized with the Yoast SEO plugin v27.3 - https:\/\/yoast.com\/product\/yoast-seo-wordpress\/ -->\n<title>Flohsamenschalen 1,1 kg - 1100 g - R\u00fcckstandskontrolliert - 99% Reinheit - Herkunft: Indien - Low-Carb\u2026 - Markt-XXL<\/title>\n<meta name=\"description\" content=\"Markt-XXL Flohsamenschalen 1,1 kg - 1100 g - R\u00fcckstandskontrolliert - 99% Reinheit - Herkunft: Indien - Low-Carb\u2026\" \/>\n<meta name=\"robots\" content=\"index, follow, max-snippet:-1, max-image-preview:large, max-video-preview:-1\" \/>\n<link rel=\"canonical\" href=\"https:\/\/marktxxl.de\/markt\/produkt\/flohsamenschalen-11-kg-1100-g-rueckstandskontrolliert-99-reinheit-herkunft-indien-low-carb-ballaststoffreich-ohne-zusaetze-vegan-laborgeprueft\/\" \/>\n<meta property=\"og:locale\" content=\"de_DE\" \/>\n<meta property=\"og:type\" content=\"article\" \/>\n<meta property=\"og:title\" content=\"Flohsamenschalen 1,1 kg - 1100 g - R\u00fcckstandskontrolliert - 99% Reinheit - Herkunft: Indien - Low-Carb\u2026 - Markt-XXL\" \/>\n<meta property=\"og:description\" content=\"Markt-XXL Flohsamenschalen 1,1 kg - 1100 g - R\u00fcckstandskontrolliert - 99% Reinheit - Herkunft: Indien - Low-Carb\u2026\" \/>\n<meta property=\"og:url\" content=\"https:\/\/marktxxl.de\/markt\/produkt\/flohsamenschalen-11-kg-1100-g-rueckstandskontrolliert-99-reinheit-herkunft-indien-low-carb-ballaststoffreich-ohne-zusaetze-vegan-laborgeprueft\/\" \/>\n<meta property=\"og:site_name\" content=\"Markt-XXL\" \/>\n<meta property=\"article:modified_time\" content=\"2023-04-11T02:04:15+00:00\" \/>\n<meta property=\"og:image\" content=\"https:\/\/m.media-amazon.com\/images\/I\/51MoLif9LuL._SL500_.jpg\" \/>\n\t<meta property=\"og:image:width\" content=\"500\" \/>\n\t<meta property=\"og:image:height\" content=\"500\" \/>\n\t<meta property=\"og:image:type\" content=\"image\/jpeg\" \/>\n<meta name=\"twitter:card\" content=\"summary_large_image\" \/>\n<meta name=\"twitter:label1\" content=\"Gesch\u00e4tzte Lesezeit\" \/>\n\t<meta name=\"twitter:data1\" content=\"1\u00a0Minute\" \/>\n<script type=\"application\/ld+json\" class=\"yoast-schema-graph\">{\"@context\":\"https:\\\/\\\/schema.org\",\"@graph\":[{\"@type\":\"WebPage\",\"@id\":\"https:\\\/\\\/marktxxl.de\\\/markt\\\/produkt\\\/flohsamenschalen-11-kg-1100-g-rueckstandskontrolliert-99-reinheit-herkunft-indien-low-carb-ballaststoffreich-ohne-zusaetze-vegan-laborgeprueft\\\/\",\"url\":\"https:\\\/\\\/marktxxl.de\\\/markt\\\/produkt\\\/flohsamenschalen-11-kg-1100-g-rueckstandskontrolliert-99-reinheit-herkunft-indien-low-carb-ballaststoffreich-ohne-zusaetze-vegan-laborgeprueft\\\/\",\"name\":\"Flohsamenschalen 1,1 kg - 1100 g - R\u00fcckstandskontrolliert - 99% Reinheit - Herkunft: Indien - Low-Carb\u2026 - Markt-XXL\",\"isPartOf\":{\"@id\":\"https:\\\/\\\/marktxxl.de\\\/markt\\\/#website\"},\"primaryImageOfPage\":{\"@id\":\"https:\\\/\\\/marktxxl.de\\\/markt\\\/produkt\\\/flohsamenschalen-11-kg-1100-g-rueckstandskontrolliert-99-reinheit-herkunft-indien-low-carb-ballaststoffreich-ohne-zusaetze-vegan-laborgeprueft\\\/#primaryimage\"},\"image\":{\"@id\":\"https:\\\/\\\/marktxxl.de\\\/markt\\\/produkt\\\/flohsamenschalen-11-kg-1100-g-rueckstandskontrolliert-99-reinheit-herkunft-indien-low-carb-ballaststoffreich-ohne-zusaetze-vegan-laborgeprueft\\\/#primaryimage\"},\"thumbnailUrl\":\"https:\\\/\\\/m.media-amazon.com\\\/images\\\/I\\\/51MoLif9LuL._SL500_.jpg\",\"datePublished\":\"2022-06-14T03:16:14+00:00\",\"dateModified\":\"2023-04-11T02:04:15+00:00\",\"description\":\"Markt-XXL Flohsamenschalen 1,1 kg - 1100 g - R\u00fcckstandskontrolliert - 99% Reinheit - Herkunft: Indien - Low-Carb\u2026\",\"breadcrumb\":{\"@id\":\"https:\\\/\\\/marktxxl.de\\\/markt\\\/produkt\\\/flohsamenschalen-11-kg-1100-g-rueckstandskontrolliert-99-reinheit-herkunft-indien-low-carb-ballaststoffreich-ohne-zusaetze-vegan-laborgeprueft\\\/#breadcrumb\"},\"inLanguage\":\"de\",\"potentialAction\":[{\"@type\":\"ReadAction\",\"target\":[\"https:\\\/\\\/marktxxl.de\\\/markt\\\/produkt\\\/flohsamenschalen-11-kg-1100-g-rueckstandskontrolliert-99-reinheit-herkunft-indien-low-carb-ballaststoffreich-ohne-zusaetze-vegan-laborgeprueft\\\/\"]}]},{\"@type\":\"ImageObject\",\"inLanguage\":\"de\",\"@id\":\"https:\\\/\\\/marktxxl.de\\\/markt\\\/produkt\\\/flohsamenschalen-11-kg-1100-g-rueckstandskontrolliert-99-reinheit-herkunft-indien-low-carb-ballaststoffreich-ohne-zusaetze-vegan-laborgeprueft\\\/#primaryimage\",\"url\":\"https:\\\/\\\/m.media-amazon.com\\\/images\\\/I\\\/51MoLif9LuL._SL500_.jpg\",\"contentUrl\":\"https:\\\/\\\/m.media-amazon.com\\\/images\\\/I\\\/51MoLif9LuL._SL500_.jpg\",\"width\":500,\"height\":500},{\"@type\":\"BreadcrumbList\",\"@id\":\"https:\\\/\\\/marktxxl.de\\\/markt\\\/produkt\\\/flohsamenschalen-11-kg-1100-g-rueckstandskontrolliert-99-reinheit-herkunft-indien-low-carb-ballaststoffreich-ohne-zusaetze-vegan-laborgeprueft\\\/#breadcrumb\",\"itemListElement\":[{\"@type\":\"ListItem\",\"position\":1,\"name\":\"Startseite\",\"item\":\"https:\\\/\\\/marktxxl.de\\\/markt\\\/\"},{\"@type\":\"ListItem\",\"position\":2,\"name\":\"Markt\",\"item\":\"https:\\\/\\\/marktxxl.de\\\/markt\\\/\"},{\"@type\":\"ListItem\",\"position\":3,\"name\":\"Flohsamenschalen 1,1 kg &#8211; 1100 g &#8211; R\u00fcckstandskontrolliert &#8211; 99% Reinheit &#8211; Herkunft: Indien &#8211; Low-Carb\u2026\"}]},{\"@type\":\"WebSite\",\"@id\":\"https:\\\/\\\/marktxxl.de\\\/markt\\\/#website\",\"url\":\"https:\\\/\\\/marktxxl.de\\\/markt\\\/\",\"name\":\"Markt-XXL\",\"description\":\"Ihr Markt Online\",\"publisher\":{\"@id\":\"https:\\\/\\\/marktxxl.de\\\/markt\\\/#organization\"},\"potentialAction\":[{\"@type\":\"SearchAction\",\"target\":{\"@type\":\"EntryPoint\",\"urlTemplate\":\"https:\\\/\\\/marktxxl.de\\\/markt\\\/?s={search_term_string}\"},\"query-input\":{\"@type\":\"PropertyValueSpecification\",\"valueRequired\":true,\"valueName\":\"search_term_string\"}}],\"inLanguage\":\"de\"},{\"@type\":\"Organization\",\"@id\":\"https:\\\/\\\/marktxxl.de\\\/markt\\\/#organization\",\"name\":\"Markt-XXL\",\"url\":\"https:\\\/\\\/marktxxl.de\\\/markt\\\/\",\"logo\":{\"@type\":\"ImageObject\",\"inLanguage\":\"de\",\"@id\":\"https:\\\/\\\/marktxxl.de\\\/markt\\\/#\\\/schema\\\/logo\\\/image\\\/\",\"url\":\"https:\\\/\\\/marktxxl.de\\\/markt\\\/wp-content\\\/uploads\\\/sites\\\/3\\\/2020\\\/12\\\/logo.png\",\"contentUrl\":\"https:\\\/\\\/marktxxl.de\\\/markt\\\/wp-content\\\/uploads\\\/sites\\\/3\\\/2020\\\/12\\\/logo.png\",\"width\":200,\"height\":70,\"caption\":\"Markt-XXL\"},\"image\":{\"@id\":\"https:\\\/\\\/marktxxl.de\\\/markt\\\/#\\\/schema\\\/logo\\\/image\\\/\"}}]}<\/script>\n<!-- \/ Yoast SEO plugin. -->","yoast_head_json":{"title":"Flohsamenschalen 1,1 kg - 1100 g - R\u00fcckstandskontrolliert - 99% Reinheit - Herkunft: Indien - Low-Carb\u2026 - Markt-XXL","description":"Markt-XXL Flohsamenschalen 1,1 kg - 1100 g - R\u00fcckstandskontrolliert - 99% Reinheit - Herkunft: Indien - Low-Carb\u2026","robots":{"index":"index","follow":"follow","max-snippet":"max-snippet:-1","max-image-preview":"max-image-preview:large","max-video-preview":"max-video-preview:-1"},"canonical":"https:\/\/marktxxl.de\/markt\/produkt\/flohsamenschalen-11-kg-1100-g-rueckstandskontrolliert-99-reinheit-herkunft-indien-low-carb-ballaststoffreich-ohne-zusaetze-vegan-laborgeprueft\/","og_locale":"de_DE","og_type":"article","og_title":"Flohsamenschalen 1,1 kg - 1100 g - R\u00fcckstandskontrolliert - 99% Reinheit - Herkunft: Indien - Low-Carb\u2026 - Markt-XXL","og_description":"Markt-XXL Flohsamenschalen 1,1 kg - 1100 g - R\u00fcckstandskontrolliert - 99% Reinheit - Herkunft: Indien - Low-Carb\u2026","og_url":"https:\/\/marktxxl.de\/markt\/produkt\/flohsamenschalen-11-kg-1100-g-rueckstandskontrolliert-99-reinheit-herkunft-indien-low-carb-ballaststoffreich-ohne-zusaetze-vegan-laborgeprueft\/","og_site_name":"Markt-XXL","article_modified_time":"2023-04-11T02:04:15+00:00","og_image":[{"width":500,"height":500,"url":"https:\/\/m.media-amazon.com\/images\/I\/51MoLif9LuL._SL500_.jpg","type":"image\/jpeg"}],"twitter_card":"summary_large_image","twitter_misc":{"Gesch\u00e4tzte Lesezeit":"1\u00a0Minute"},"schema":{"@context":"https:\/\/schema.org","@graph":[{"@type":"WebPage","@id":"https:\/\/marktxxl.de\/markt\/produkt\/flohsamenschalen-11-kg-1100-g-rueckstandskontrolliert-99-reinheit-herkunft-indien-low-carb-ballaststoffreich-ohne-zusaetze-vegan-laborgeprueft\/","url":"https:\/\/marktxxl.de\/markt\/produkt\/flohsamenschalen-11-kg-1100-g-rueckstandskontrolliert-99-reinheit-herkunft-indien-low-carb-ballaststoffreich-ohne-zusaetze-vegan-laborgeprueft\/","name":"Flohsamenschalen 1,1 kg - 1100 g - R\u00fcckstandskontrolliert - 99% Reinheit - Herkunft: Indien - Low-Carb\u2026 - Markt-XXL","isPartOf":{"@id":"https:\/\/marktxxl.de\/markt\/#website"},"primaryImageOfPage":{"@id":"https:\/\/marktxxl.de\/markt\/produkt\/flohsamenschalen-11-kg-1100-g-rueckstandskontrolliert-99-reinheit-herkunft-indien-low-carb-ballaststoffreich-ohne-zusaetze-vegan-laborgeprueft\/#primaryimage"},"image":{"@id":"https:\/\/marktxxl.de\/markt\/produkt\/flohsamenschalen-11-kg-1100-g-rueckstandskontrolliert-99-reinheit-herkunft-indien-low-carb-ballaststoffreich-ohne-zusaetze-vegan-laborgeprueft\/#primaryimage"},"thumbnailUrl":"https:\/\/m.media-amazon.com\/images\/I\/51MoLif9LuL._SL500_.jpg","datePublished":"2022-06-14T03:16:14+00:00","dateModified":"2023-04-11T02:04:15+00:00","description":"Markt-XXL Flohsamenschalen 1,1 kg - 1100 g - R\u00fcckstandskontrolliert - 99% Reinheit - Herkunft: Indien - Low-Carb\u2026","breadcrumb":{"@id":"https:\/\/marktxxl.de\/markt\/produkt\/flohsamenschalen-11-kg-1100-g-rueckstandskontrolliert-99-reinheit-herkunft-indien-low-carb-ballaststoffreich-ohne-zusaetze-vegan-laborgeprueft\/#breadcrumb"},"inLanguage":"de","potentialAction":[{"@type":"ReadAction","target":["https:\/\/marktxxl.de\/markt\/produkt\/flohsamenschalen-11-kg-1100-g-rueckstandskontrolliert-99-reinheit-herkunft-indien-low-carb-ballaststoffreich-ohne-zusaetze-vegan-laborgeprueft\/"]}]},{"@type":"ImageObject","inLanguage":"de","@id":"https:\/\/marktxxl.de\/markt\/produkt\/flohsamenschalen-11-kg-1100-g-rueckstandskontrolliert-99-reinheit-herkunft-indien-low-carb-ballaststoffreich-ohne-zusaetze-vegan-laborgeprueft\/#primaryimage","url":"https:\/\/m.media-amazon.com\/images\/I\/51MoLif9LuL._SL500_.jpg","contentUrl":"https:\/\/m.media-amazon.com\/images\/I\/51MoLif9LuL._SL500_.jpg","width":500,"height":500},{"@type":"BreadcrumbList","@id":"https:\/\/marktxxl.de\/markt\/produkt\/flohsamenschalen-11-kg-1100-g-rueckstandskontrolliert-99-reinheit-herkunft-indien-low-carb-ballaststoffreich-ohne-zusaetze-vegan-laborgeprueft\/#breadcrumb","itemListElement":[{"@type":"ListItem","position":1,"name":"Startseite","item":"https:\/\/marktxxl.de\/markt\/"},{"@type":"ListItem","position":2,"name":"Markt","item":"https:\/\/marktxxl.de\/markt\/"},{"@type":"ListItem","position":3,"name":"Flohsamenschalen 1,1 kg &#8211; 1100 g &#8211; R\u00fcckstandskontrolliert &#8211; 99% Reinheit &#8211; Herkunft: Indien &#8211; Low-Carb\u2026"}]},{"@type":"WebSite","@id":"https:\/\/marktxxl.de\/markt\/#website","url":"https:\/\/marktxxl.de\/markt\/","name":"Markt-XXL","description":"Ihr Markt Online","publisher":{"@id":"https:\/\/marktxxl.de\/markt\/#organization"},"potentialAction":[{"@type":"SearchAction","target":{"@type":"EntryPoint","urlTemplate":"https:\/\/marktxxl.de\/markt\/?s={search_term_string}"},"query-input":{"@type":"PropertyValueSpecification","valueRequired":true,"valueName":"search_term_string"}}],"inLanguage":"de"},{"@type":"Organization","@id":"https:\/\/marktxxl.de\/markt\/#organization","name":"Markt-XXL","url":"https:\/\/marktxxl.de\/markt\/","logo":{"@type":"ImageObject","inLanguage":"de","@id":"https:\/\/marktxxl.de\/markt\/#\/schema\/logo\/image\/","url":"https:\/\/marktxxl.de\/markt\/wp-content\/uploads\/sites\/3\/2020\/12\/logo.png","contentUrl":"https:\/\/marktxxl.de\/markt\/wp-content\/uploads\/sites\/3\/2020\/12\/logo.png","width":200,"height":70,"caption":"Markt-XXL"},"image":{"@id":"https:\/\/marktxxl.de\/markt\/#\/schema\/logo\/image\/"}}]}},"_links":{"self":[{"href":"https:\/\/marktxxl.de\/markt\/wp-json\/wp\/v2\/product\/130423","targetHints":{"allow":["GET"]}}],"collection":[{"href":"https:\/\/marktxxl.de\/markt\/wp-json\/wp\/v2\/product"}],"about":[{"href":"https:\/\/marktxxl.de\/markt\/wp-json\/wp\/v2\/types\/product"}],"replies":[{"embeddable":true,"href":"https:\/\/marktxxl.de\/markt\/wp-json\/wp\/v2\/comments?post=130423"}],"wp:featuredmedia":[{"embeddable":true,"href":"https:\/\/marktxxl.de\/markt\/wp-json\/wp\/v2\/media\/130424"}],"wp:attachment":[{"href":"https:\/\/marktxxl.de\/markt\/wp-json\/wp\/v2\/media?parent=130423"}],"wp:term":[{"taxonomy":"product_brand","embeddable":true,"href":"https:\/\/marktxxl.de\/markt\/wp-json\/wp\/v2\/product_brand?post=130423"},{"taxonomy":"product_cat","embeddable":true,"href":"https:\/\/marktxxl.de\/markt\/wp-json\/wp\/v2\/product_cat?post=130423"},{"taxonomy":"product_tag","embeddable":true,"href":"https:\/\/marktxxl.de\/markt\/wp-json\/wp\/v2\/product_tag?post=130423"}],"curies":[{"name":"wp","href":"https:\/\/api.w.org\/{rel}","templated":true}]}}