{"id":129893,"date":"2022-06-14T04:36:17","date_gmt":"2022-06-14T02:36:17","guid":{"rendered":"https:\/\/marktxxl.de\/markt\/produkt\/sweetzer-orange-unbeschriftete-dankeskarten-mit-umschlaegen-und-kartenschachtel-24-dankeskarten-und-3-verschiedenfarbige-umschlaege\/"},"modified":"2023-04-11T04:03:17","modified_gmt":"2023-04-11T02:03:17","slug":"sweetzer-orange-unbeschriftete-dankeskarten-mit-umschlaegen-und-kartenschachtel-24-dankeskarten-und-3-verschiedenfarbige-umschlaege","status":"publish","type":"product","link":"https:\/\/marktxxl.de\/markt\/produkt\/sweetzer-orange-unbeschriftete-dankeskarten-mit-umschlaegen-und-kartenschachtel-24-dankeskarten-und-3-verschiedenfarbige-umschlaege\/","title":{"rendered":"Sweetzer &amp; Orange Unbeschriftete Dankeskarten mit Umschl\u00e4gen und Kartenschachtel. 24 Dankeskarten und 3\u2026"},"content":{"rendered":"<p>Ein liebevolleres Dankesch\u00f6n. In diesen neuen und anspruchsvollen Zeiten bedeutet ein kleines Danke viel mehr als es fr\u00fcher war. Und mit einem Set von 24 geschmackvollen Dankeskarten mit Umschl\u00e4gen von Sweetzer &amp; Orange k\u00f6nnen Sie Ihre Dankbarkeit mit einer pers\u00f6nlicheren Note bis in die Umschlagfarbe \u00fcberreichen!<br \/>\n24 wundersch\u00f6ne Blanko-Karten mit Umschl\u00e4gen: Entworfen in den Farbt\u00f6nen Koralle, Pfirsich und Minze, sind diese Karten und Umschl\u00e4ge ideal, um treue Kunden und unsere Gesundheitswesen und wichtige Mitarbeiter zu sch\u00e4tzen. Sie eignen sich auch als Dankeskarten f\u00fcr Babypartys, Hochzeits-Dankeskarten und Dankesch\u00f6n.<br \/>\nDicker, hochwertiger Karton: Vergessen Sie d\u00fcnne 250 g\/m\u00b2 Schreibkarten, denn S&amp;O Gru\u00dfkarten sind aus hochdichtem 300 g\/m\u00b2 Karton mit 120 g\/m\u00b2 Umschl\u00e4gen. Sie sind nicht ausblutend, verschmieren nicht. Unsere Umschl\u00e4ge lieben auch jeden Stift und werden mit einem extra starken Kleber geliefert, der Ihre Karte sicher bei der Post h\u00e4lt.<br \/>\nImmer eine frische Karte: Mit 8 einzigartigen Text-Designs (je 3 St\u00fcck) und 3 verschiedenen Umschlag-Farben (je 8 von jedem: Koralle, Minze und Pfirsich), haben Sie kein Problem, der gleichen Person zwei personalisierte Dankeskarten zu verschenken, wenn das das Volumen des Dankes, das sie verdient. Dies ist ein Set von 24 kleinen Blanko-Karten, je 4 x 5,5 Zoll.<br \/>\nMit Aufbewahrungsbox W\u00e4hrend andere kleine Dankeskarten eingeschwei\u00dft und oft gebogen werden, werden Sweetzer &amp; Orange Dankeskarten in einer Aufbewahrungsbox f\u00fcr Gru\u00dfkarten geliefert. Menschlicher Kontakt ist heutzutage wertvoller denn je.<br \/>\n<div class=\"main-cross-sell\" data-asin=\"B08YR29KSY\">\n\n\t<div class=\"WooZone-cross-sell-loader\">\n\t\t<div>\n\t\t\t<div id=\"floatingBarsG\">\n\t\t\t\t<div class=\"blockG\" id=\"rotateG_01\"><\/div>\n\t\t\t\t<div class=\"blockG\" id=\"rotateG_02\"><\/div>\n\t\t\t\t<div class=\"blockG\" id=\"rotateG_03\"><\/div>\n\t\t\t\t<div class=\"blockG\" id=\"rotateG_04\"><\/div>\n\t\t\t\t<div class=\"blockG\" id=\"rotateG_05\"><\/div>\n\t\t\t\t<div class=\"blockG\" id=\"rotateG_06\"><\/div>\n\t\t\t\t<div class=\"blockG\" id=\"rotateG_07\"><\/div>\n\t\t\t\t<div class=\"blockG\" id=\"rotateG_08\"><\/div>\n\t\t\t<\/div>\n\t\t\t<div class=\"WooZone-cross-sell-loader-text\"><\/div>\n\t\t<\/div>\n\t<\/div>\n\n\t\t\n<\/div>\n<div style=\"clear:both;\"><\/div><\/p>\n","protected":false},"excerpt":{"rendered":"<p>Ein liebevolleres Dankesch\u00f6n. In diesen neuen und anspruchsvollen Zeiten bedeutet ein kleines Danke viel mehr als es fr\u00fcher war. Und mit einem Set von 24 geschmackvollen Dankeskarten mit Umschl\u00e4gen von Sweetzer &amp; Orange k\u00f6nnen Sie Ihre Dankbarkeit mit einer pers\u00f6nlicheren Note bis in die Umschlagfarbe \u00fcberreichen!<br \/>\n24 wundersch\u00f6ne Blanko-Karten mit Umschl\u00e4gen: Entworfen in den Farbt\u00f6nen Koralle, Pfirsich und Minze, sind diese Karten und Umschl\u00e4ge ideal, um treue Kunden und unsere Gesundheitswesen und wichtige Mitarbeiter zu sch\u00e4tzen. Sie eignen sich auch als Dankeskarten f\u00fcr Babypartys, Hochzeits-Dankeskarten und Dankesch\u00f6n.<br \/>\nDicker, hochwertiger Karton: Vergessen Sie d\u00fcnne 250 g\/m\u00b2 Schreibkarten, denn S&amp;O Gru\u00dfkarten sind aus hochdichtem 300 g\/m\u00b2 Karton mit 120 g\/m\u00b2 Umschl\u00e4gen. Sie sind nicht ausblutend, verschmieren nicht. Unsere Umschl\u00e4ge lieben auch jeden Stift und werden mit einem extra starken Kleber geliefert, der Ihre Karte sicher bei der Post h\u00e4lt.<\/p>\n","protected":false},"featured_media":129894,"comment_status":"open","ping_status":"closed","template":"","meta":[],"product_brand":[],"product_cat":[504,8527],"product_tag":[],"class_list":{"0":"post-129893","1":"product","2":"type-product","3":"status-publish","4":"has-post-thumbnail","6":"product_cat-buerobedarf-schreibwaren","7":"product_cat-papierprodukte","8":"pa_brand-sweetzer-orange","9":"pa_color-set-mit-24-dankeskarten","10":"pa_manufacturer-sweetzer-orange","11":"pa_size-set-of-24","13":"first","14":"instock","15":"shipping-taxable","16":"purchasable","17":"product-type-simple","18":"customify-col","19":"product-has-gallery"},"yoast_head":"<!-- This site is optimized with the Yoast SEO plugin v27.4 - https:\/\/yoast.com\/product\/yoast-seo-wordpress\/ -->\n<title>Sweetzer &amp; Orange Unbeschriftete Dankeskarten mit Umschl\u00e4gen und Kartenschachtel. 24 Dankeskarten und 3\u2026 - Markt-XXL<\/title>\n<meta name=\"description\" content=\"Markt-XXL Sweetzer &amp; Orange Unbeschriftete Dankeskarten mit Umschl\u00e4gen und Kartenschachtel. 24 Dankeskarten und 3\u2026\" \/>\n<meta name=\"robots\" content=\"index, follow, max-snippet:-1, max-image-preview:large, max-video-preview:-1\" \/>\n<link rel=\"canonical\" href=\"https:\/\/marktxxl.de\/markt\/produkt\/sweetzer-orange-unbeschriftete-dankeskarten-mit-umschlaegen-und-kartenschachtel-24-dankeskarten-und-3-verschiedenfarbige-umschlaege\/\" \/>\n<meta property=\"og:locale\" content=\"de_DE\" \/>\n<meta property=\"og:type\" content=\"article\" \/>\n<meta property=\"og:title\" content=\"Sweetzer &amp; Orange Unbeschriftete Dankeskarten mit Umschl\u00e4gen und Kartenschachtel. 24 Dankeskarten und 3\u2026 - Markt-XXL\" \/>\n<meta property=\"og:description\" content=\"Markt-XXL Sweetzer &amp; Orange Unbeschriftete Dankeskarten mit Umschl\u00e4gen und Kartenschachtel. 24 Dankeskarten und 3\u2026\" \/>\n<meta property=\"og:url\" content=\"https:\/\/marktxxl.de\/markt\/produkt\/sweetzer-orange-unbeschriftete-dankeskarten-mit-umschlaegen-und-kartenschachtel-24-dankeskarten-und-3-verschiedenfarbige-umschlaege\/\" \/>\n<meta property=\"og:site_name\" content=\"Markt-XXL\" \/>\n<meta property=\"article:modified_time\" content=\"2023-04-11T02:03:17+00:00\" \/>\n<meta property=\"og:image\" content=\"https:\/\/m.media-amazon.com\/images\/I\/418oLn0uAqL._SL500_.jpg\" \/>\n\t<meta property=\"og:image:width\" content=\"500\" \/>\n\t<meta property=\"og:image:height\" content=\"500\" \/>\n\t<meta property=\"og:image:type\" content=\"image\/jpeg\" \/>\n<meta name=\"twitter:card\" content=\"summary_large_image\" \/>\n<meta name=\"twitter:label1\" content=\"Gesch\u00e4tzte Lesezeit\" \/>\n\t<meta name=\"twitter:data1\" content=\"1\u00a0Minute\" \/>\n<script type=\"application\/ld+json\" class=\"yoast-schema-graph\">{\"@context\":\"https:\\\/\\\/schema.org\",\"@graph\":[{\"@type\":\"WebPage\",\"@id\":\"https:\\\/\\\/marktxxl.de\\\/markt\\\/produkt\\\/sweetzer-orange-unbeschriftete-dankeskarten-mit-umschlaegen-und-kartenschachtel-24-dankeskarten-und-3-verschiedenfarbige-umschlaege\\\/\",\"url\":\"https:\\\/\\\/marktxxl.de\\\/markt\\\/produkt\\\/sweetzer-orange-unbeschriftete-dankeskarten-mit-umschlaegen-und-kartenschachtel-24-dankeskarten-und-3-verschiedenfarbige-umschlaege\\\/\",\"name\":\"Sweetzer &amp; Orange Unbeschriftete Dankeskarten mit Umschl\u00e4gen und Kartenschachtel. 24 Dankeskarten und 3\u2026 - Markt-XXL\",\"isPartOf\":{\"@id\":\"https:\\\/\\\/marktxxl.de\\\/markt\\\/#website\"},\"primaryImageOfPage\":{\"@id\":\"https:\\\/\\\/marktxxl.de\\\/markt\\\/produkt\\\/sweetzer-orange-unbeschriftete-dankeskarten-mit-umschlaegen-und-kartenschachtel-24-dankeskarten-und-3-verschiedenfarbige-umschlaege\\\/#primaryimage\"},\"image\":{\"@id\":\"https:\\\/\\\/marktxxl.de\\\/markt\\\/produkt\\\/sweetzer-orange-unbeschriftete-dankeskarten-mit-umschlaegen-und-kartenschachtel-24-dankeskarten-und-3-verschiedenfarbige-umschlaege\\\/#primaryimage\"},\"thumbnailUrl\":\"https:\\\/\\\/m.media-amazon.com\\\/images\\\/I\\\/418oLn0uAqL._SL500_.jpg\",\"datePublished\":\"2022-06-14T02:36:17+00:00\",\"dateModified\":\"2023-04-11T02:03:17+00:00\",\"description\":\"Markt-XXL Sweetzer &amp; Orange Unbeschriftete Dankeskarten mit Umschl\u00e4gen und Kartenschachtel. 24 Dankeskarten und 3\u2026\",\"breadcrumb\":{\"@id\":\"https:\\\/\\\/marktxxl.de\\\/markt\\\/produkt\\\/sweetzer-orange-unbeschriftete-dankeskarten-mit-umschlaegen-und-kartenschachtel-24-dankeskarten-und-3-verschiedenfarbige-umschlaege\\\/#breadcrumb\"},\"inLanguage\":\"de\",\"potentialAction\":[{\"@type\":\"ReadAction\",\"target\":[\"https:\\\/\\\/marktxxl.de\\\/markt\\\/produkt\\\/sweetzer-orange-unbeschriftete-dankeskarten-mit-umschlaegen-und-kartenschachtel-24-dankeskarten-und-3-verschiedenfarbige-umschlaege\\\/\"]}]},{\"@type\":\"ImageObject\",\"inLanguage\":\"de\",\"@id\":\"https:\\\/\\\/marktxxl.de\\\/markt\\\/produkt\\\/sweetzer-orange-unbeschriftete-dankeskarten-mit-umschlaegen-und-kartenschachtel-24-dankeskarten-und-3-verschiedenfarbige-umschlaege\\\/#primaryimage\",\"url\":\"https:\\\/\\\/m.media-amazon.com\\\/images\\\/I\\\/418oLn0uAqL._SL500_.jpg\",\"contentUrl\":\"https:\\\/\\\/m.media-amazon.com\\\/images\\\/I\\\/418oLn0uAqL._SL500_.jpg\",\"width\":500,\"height\":500},{\"@type\":\"BreadcrumbList\",\"@id\":\"https:\\\/\\\/marktxxl.de\\\/markt\\\/produkt\\\/sweetzer-orange-unbeschriftete-dankeskarten-mit-umschlaegen-und-kartenschachtel-24-dankeskarten-und-3-verschiedenfarbige-umschlaege\\\/#breadcrumb\",\"itemListElement\":[{\"@type\":\"ListItem\",\"position\":1,\"name\":\"Startseite\",\"item\":\"https:\\\/\\\/marktxxl.de\\\/markt\\\/\"},{\"@type\":\"ListItem\",\"position\":2,\"name\":\"Markt\",\"item\":\"https:\\\/\\\/marktxxl.de\\\/markt\\\/\"},{\"@type\":\"ListItem\",\"position\":3,\"name\":\"Sweetzer &amp; Orange Unbeschriftete Dankeskarten mit Umschl\u00e4gen und Kartenschachtel. 24 Dankeskarten und 3\u2026\"}]},{\"@type\":\"WebSite\",\"@id\":\"https:\\\/\\\/marktxxl.de\\\/markt\\\/#website\",\"url\":\"https:\\\/\\\/marktxxl.de\\\/markt\\\/\",\"name\":\"Markt-XXL\",\"description\":\"Ihr Markt Online\",\"publisher\":{\"@id\":\"https:\\\/\\\/marktxxl.de\\\/markt\\\/#organization\"},\"potentialAction\":[{\"@type\":\"SearchAction\",\"target\":{\"@type\":\"EntryPoint\",\"urlTemplate\":\"https:\\\/\\\/marktxxl.de\\\/markt\\\/?s={search_term_string}\"},\"query-input\":{\"@type\":\"PropertyValueSpecification\",\"valueRequired\":true,\"valueName\":\"search_term_string\"}}],\"inLanguage\":\"de\"},{\"@type\":\"Organization\",\"@id\":\"https:\\\/\\\/marktxxl.de\\\/markt\\\/#organization\",\"name\":\"Markt-XXL\",\"url\":\"https:\\\/\\\/marktxxl.de\\\/markt\\\/\",\"logo\":{\"@type\":\"ImageObject\",\"inLanguage\":\"de\",\"@id\":\"https:\\\/\\\/marktxxl.de\\\/markt\\\/#\\\/schema\\\/logo\\\/image\\\/\",\"url\":\"https:\\\/\\\/marktxxl.de\\\/markt\\\/wp-content\\\/uploads\\\/sites\\\/3\\\/2020\\\/12\\\/logo.png\",\"contentUrl\":\"https:\\\/\\\/marktxxl.de\\\/markt\\\/wp-content\\\/uploads\\\/sites\\\/3\\\/2020\\\/12\\\/logo.png\",\"width\":200,\"height\":70,\"caption\":\"Markt-XXL\"},\"image\":{\"@id\":\"https:\\\/\\\/marktxxl.de\\\/markt\\\/#\\\/schema\\\/logo\\\/image\\\/\"}}]}<\/script>\n<!-- \/ Yoast SEO plugin. -->","yoast_head_json":{"title":"Sweetzer &amp; Orange Unbeschriftete Dankeskarten mit Umschl\u00e4gen und Kartenschachtel. 24 Dankeskarten und 3\u2026 - Markt-XXL","description":"Markt-XXL Sweetzer &amp; Orange Unbeschriftete Dankeskarten mit Umschl\u00e4gen und Kartenschachtel. 24 Dankeskarten und 3\u2026","robots":{"index":"index","follow":"follow","max-snippet":"max-snippet:-1","max-image-preview":"max-image-preview:large","max-video-preview":"max-video-preview:-1"},"canonical":"https:\/\/marktxxl.de\/markt\/produkt\/sweetzer-orange-unbeschriftete-dankeskarten-mit-umschlaegen-und-kartenschachtel-24-dankeskarten-und-3-verschiedenfarbige-umschlaege\/","og_locale":"de_DE","og_type":"article","og_title":"Sweetzer &amp; Orange Unbeschriftete Dankeskarten mit Umschl\u00e4gen und Kartenschachtel. 24 Dankeskarten und 3\u2026 - Markt-XXL","og_description":"Markt-XXL Sweetzer &amp; Orange Unbeschriftete Dankeskarten mit Umschl\u00e4gen und Kartenschachtel. 24 Dankeskarten und 3\u2026","og_url":"https:\/\/marktxxl.de\/markt\/produkt\/sweetzer-orange-unbeschriftete-dankeskarten-mit-umschlaegen-und-kartenschachtel-24-dankeskarten-und-3-verschiedenfarbige-umschlaege\/","og_site_name":"Markt-XXL","article_modified_time":"2023-04-11T02:03:17+00:00","og_image":[{"width":500,"height":500,"url":"https:\/\/m.media-amazon.com\/images\/I\/418oLn0uAqL._SL500_.jpg","type":"image\/jpeg"}],"twitter_card":"summary_large_image","twitter_misc":{"Gesch\u00e4tzte Lesezeit":"1\u00a0Minute"},"schema":{"@context":"https:\/\/schema.org","@graph":[{"@type":"WebPage","@id":"https:\/\/marktxxl.de\/markt\/produkt\/sweetzer-orange-unbeschriftete-dankeskarten-mit-umschlaegen-und-kartenschachtel-24-dankeskarten-und-3-verschiedenfarbige-umschlaege\/","url":"https:\/\/marktxxl.de\/markt\/produkt\/sweetzer-orange-unbeschriftete-dankeskarten-mit-umschlaegen-und-kartenschachtel-24-dankeskarten-und-3-verschiedenfarbige-umschlaege\/","name":"Sweetzer &amp; Orange Unbeschriftete Dankeskarten mit Umschl\u00e4gen und Kartenschachtel. 24 Dankeskarten und 3\u2026 - Markt-XXL","isPartOf":{"@id":"https:\/\/marktxxl.de\/markt\/#website"},"primaryImageOfPage":{"@id":"https:\/\/marktxxl.de\/markt\/produkt\/sweetzer-orange-unbeschriftete-dankeskarten-mit-umschlaegen-und-kartenschachtel-24-dankeskarten-und-3-verschiedenfarbige-umschlaege\/#primaryimage"},"image":{"@id":"https:\/\/marktxxl.de\/markt\/produkt\/sweetzer-orange-unbeschriftete-dankeskarten-mit-umschlaegen-und-kartenschachtel-24-dankeskarten-und-3-verschiedenfarbige-umschlaege\/#primaryimage"},"thumbnailUrl":"https:\/\/m.media-amazon.com\/images\/I\/418oLn0uAqL._SL500_.jpg","datePublished":"2022-06-14T02:36:17+00:00","dateModified":"2023-04-11T02:03:17+00:00","description":"Markt-XXL Sweetzer &amp; Orange Unbeschriftete Dankeskarten mit Umschl\u00e4gen und Kartenschachtel. 24 Dankeskarten und 3\u2026","breadcrumb":{"@id":"https:\/\/marktxxl.de\/markt\/produkt\/sweetzer-orange-unbeschriftete-dankeskarten-mit-umschlaegen-und-kartenschachtel-24-dankeskarten-und-3-verschiedenfarbige-umschlaege\/#breadcrumb"},"inLanguage":"de","potentialAction":[{"@type":"ReadAction","target":["https:\/\/marktxxl.de\/markt\/produkt\/sweetzer-orange-unbeschriftete-dankeskarten-mit-umschlaegen-und-kartenschachtel-24-dankeskarten-und-3-verschiedenfarbige-umschlaege\/"]}]},{"@type":"ImageObject","inLanguage":"de","@id":"https:\/\/marktxxl.de\/markt\/produkt\/sweetzer-orange-unbeschriftete-dankeskarten-mit-umschlaegen-und-kartenschachtel-24-dankeskarten-und-3-verschiedenfarbige-umschlaege\/#primaryimage","url":"https:\/\/m.media-amazon.com\/images\/I\/418oLn0uAqL._SL500_.jpg","contentUrl":"https:\/\/m.media-amazon.com\/images\/I\/418oLn0uAqL._SL500_.jpg","width":500,"height":500},{"@type":"BreadcrumbList","@id":"https:\/\/marktxxl.de\/markt\/produkt\/sweetzer-orange-unbeschriftete-dankeskarten-mit-umschlaegen-und-kartenschachtel-24-dankeskarten-und-3-verschiedenfarbige-umschlaege\/#breadcrumb","itemListElement":[{"@type":"ListItem","position":1,"name":"Startseite","item":"https:\/\/marktxxl.de\/markt\/"},{"@type":"ListItem","position":2,"name":"Markt","item":"https:\/\/marktxxl.de\/markt\/"},{"@type":"ListItem","position":3,"name":"Sweetzer &amp; Orange Unbeschriftete Dankeskarten mit Umschl\u00e4gen und Kartenschachtel. 24 Dankeskarten und 3\u2026"}]},{"@type":"WebSite","@id":"https:\/\/marktxxl.de\/markt\/#website","url":"https:\/\/marktxxl.de\/markt\/","name":"Markt-XXL","description":"Ihr Markt Online","publisher":{"@id":"https:\/\/marktxxl.de\/markt\/#organization"},"potentialAction":[{"@type":"SearchAction","target":{"@type":"EntryPoint","urlTemplate":"https:\/\/marktxxl.de\/markt\/?s={search_term_string}"},"query-input":{"@type":"PropertyValueSpecification","valueRequired":true,"valueName":"search_term_string"}}],"inLanguage":"de"},{"@type":"Organization","@id":"https:\/\/marktxxl.de\/markt\/#organization","name":"Markt-XXL","url":"https:\/\/marktxxl.de\/markt\/","logo":{"@type":"ImageObject","inLanguage":"de","@id":"https:\/\/marktxxl.de\/markt\/#\/schema\/logo\/image\/","url":"https:\/\/marktxxl.de\/markt\/wp-content\/uploads\/sites\/3\/2020\/12\/logo.png","contentUrl":"https:\/\/marktxxl.de\/markt\/wp-content\/uploads\/sites\/3\/2020\/12\/logo.png","width":200,"height":70,"caption":"Markt-XXL"},"image":{"@id":"https:\/\/marktxxl.de\/markt\/#\/schema\/logo\/image\/"}}]}},"_links":{"self":[{"href":"https:\/\/marktxxl.de\/markt\/wp-json\/wp\/v2\/product\/129893","targetHints":{"allow":["GET"]}}],"collection":[{"href":"https:\/\/marktxxl.de\/markt\/wp-json\/wp\/v2\/product"}],"about":[{"href":"https:\/\/marktxxl.de\/markt\/wp-json\/wp\/v2\/types\/product"}],"replies":[{"embeddable":true,"href":"https:\/\/marktxxl.de\/markt\/wp-json\/wp\/v2\/comments?post=129893"}],"wp:featuredmedia":[{"embeddable":true,"href":"https:\/\/marktxxl.de\/markt\/wp-json\/wp\/v2\/media\/129894"}],"wp:attachment":[{"href":"https:\/\/marktxxl.de\/markt\/wp-json\/wp\/v2\/media?parent=129893"}],"wp:term":[{"taxonomy":"product_brand","embeddable":true,"href":"https:\/\/marktxxl.de\/markt\/wp-json\/wp\/v2\/product_brand?post=129893"},{"taxonomy":"product_cat","embeddable":true,"href":"https:\/\/marktxxl.de\/markt\/wp-json\/wp\/v2\/product_cat?post=129893"},{"taxonomy":"product_tag","embeddable":true,"href":"https:\/\/marktxxl.de\/markt\/wp-json\/wp\/v2\/product_tag?post=129893"}],"curies":[{"name":"wp","href":"https:\/\/api.w.org\/{rel}","templated":true}]}}