{"id":129334,"date":"2022-06-14T03:56:05","date_gmt":"2022-06-14T01:56:05","guid":{"rendered":"https:\/\/marktxxl.de\/markt\/produkt\/500-stueck-runde-thank-you-aufkleber-in-8-designs-mit-perforationslinie-fuer-privaten-und-geschaeftlichen-gebrauch-schwarz-und-weiss-englische-version-38-cm-durchmesser\/"},"modified":"2023-04-09T03:42:26","modified_gmt":"2023-04-09T01:42:26","slug":"500-stueck-runde-thank-you-aufkleber-in-8-designs-mit-perforationslinie-fuer-privaten-und-geschaeftlichen-gebrauch-schwarz-und-weiss-englische-version-38-cm-durchmesser","status":"publish","type":"product","link":"https:\/\/marktxxl.de\/markt\/produkt\/500-stueck-runde-thank-you-aufkleber-in-8-designs-mit-perforationslinie-fuer-privaten-und-geschaeftlichen-gebrauch-schwarz-und-weiss-englische-version-38-cm-durchmesser\/","title":{"rendered":"500 St\u00fcck Runde Thank You Aufkleber in 8 Designs mit Perforationslinie f\u00fcr Privaten und Gesch\u00e4ftlichen Gebrauch (Schwarz\u2026"},"content":{"rendered":"<p>Intelligentes Design: Moderne und schicke runde Aufkleber im einfachen Schwarz-Wei\u00df-Stil. Aus Fotopapier mit permanentem Klebstoff. 500 St\u00fccke mit 8 feinen einzigartigen Dekonstruktionsdesigns, ausgerichtet in einer einfach zu verteilenden Rolle mit Perforationslinie. Perfekter Abschluss f\u00fcr Dankeskarten- und Umschlagverpackungen.<br \/>\nErstklassige Qualit\u00e4t: Hochwertige, ungiftige Aufkleber und hochwertige Kleber machen Ihre Dekoration lange hell und gl\u00e4nzend. Bemerkungen auf diesen Etiketten mit einem Marker zu beschriften ist auch kein Problem.<br \/>\nEinfach zu verwenden: Die Aufkleber kommen in einer Rolle, so dass Sie sie leicht verteilen und Ihre Dekoration attraktiver machen k\u00f6nnen. Abziehen und aufkleben, wo immer Sie wollen, fertig! Selbstklebende Aufkleber. Sie kleben hervorragend auf Papier, Hemden, Plastikbeutel und den meisten Oberfl\u00e4chen.<br \/>\nMehrfache Verwendungen: Mit dankbarem Herzen teilen Sie mit Ihren Freunden, Familien und alle Ihre Lieben diese kleinen Gegenst\u00e4nde, welche Sie an die Dankbarkeit gegen\u00fcber anderen erinnern. Perfekte Passform zu Umschl\u00e4gen und Verpackungen. Geeignet f\u00fcr Festivaleinladungen, Abschlussfeier und verschiedene Veranstaltungen.<br \/>\nLieferumfang: 500 St\u00fccke in einer Rolle. Jeder betr\u00e4gt 3,8 cm im Durchmesser. Dank der Perforationslinie k\u00f6nnen Sie sie leicht in bestimmte Mengen f\u00fcr Ihre Bed\u00fcrfnisse unterteilen.<br \/>\n<div class=\"main-cross-sell\" data-asin=\"B08H8LDF4G\">\n\n\t<div class=\"WooZone-cross-sell-loader\">\n\t\t<div>\n\t\t\t<div id=\"floatingBarsG\">\n\t\t\t\t<div class=\"blockG\" id=\"rotateG_01\"><\/div>\n\t\t\t\t<div class=\"blockG\" id=\"rotateG_02\"><\/div>\n\t\t\t\t<div class=\"blockG\" id=\"rotateG_03\"><\/div>\n\t\t\t\t<div class=\"blockG\" id=\"rotateG_04\"><\/div>\n\t\t\t\t<div class=\"blockG\" id=\"rotateG_05\"><\/div>\n\t\t\t\t<div class=\"blockG\" id=\"rotateG_06\"><\/div>\n\t\t\t\t<div class=\"blockG\" id=\"rotateG_07\"><\/div>\n\t\t\t\t<div class=\"blockG\" id=\"rotateG_08\"><\/div>\n\t\t\t<\/div>\n\t\t\t<div class=\"WooZone-cross-sell-loader-text\"><\/div>\n\t\t<\/div>\n\t<\/div>\n\n\t\t\n<\/div>\n<div style=\"clear:both;\"><\/div><\/p>\n","protected":false},"excerpt":{"rendered":"<p>Intelligentes Design: Moderne und schicke runde Aufkleber im einfachen Schwarz-Wei\u00df-Stil. Aus Fotopapier mit permanentem Klebstoff. 500 St\u00fccke mit 8 feinen einzigartigen Dekonstruktionsdesigns, ausgerichtet in einer einfach zu verteilenden Rolle mit Perforationslinie. Perfekter Abschluss f\u00fcr Dankeskarten- und Umschlagverpackungen.<br \/>\nErstklassige Qualit\u00e4t: Hochwertige, ungiftige Aufkleber und hochwertige Kleber machen Ihre Dekoration lange hell und gl\u00e4nzend. Bemerkungen auf diesen Etiketten mit einem Marker zu beschriften ist auch kein Problem.<br \/>\nEinfach zu verwenden: Die Aufkleber kommen in einer Rolle, so dass Sie sie leicht verteilen und Ihre Dekoration attraktiver machen k\u00f6nnen. Abziehen und aufkleben, wo immer Sie wollen, fertig! Selbstklebende Aufkleber. Sie kleben hervorragend auf Papier, Hemden, Plastikbeutel und den meisten Oberfl\u00e4chen.<\/p>\n","protected":false},"featured_media":129335,"comment_status":"open","ping_status":"closed","template":"","meta":[],"product_brand":[],"product_cat":[504,8284],"product_tag":[],"class_list":{"0":"post-129334","1":"product","2":"type-product","3":"status-publish","4":"has-post-thumbnail","6":"product_cat-buerobedarf-schreibwaren","7":"product_cat-bueromaterial","8":"pa_brand-hebayy","9":"pa_manufacturer-hebayy","11":"first","12":"instock","13":"shipping-taxable","14":"purchasable","15":"product-type-simple","16":"customify-col","17":"product-has-gallery"},"yoast_head":"<!-- This site is optimized with the Yoast SEO plugin v27.4 - https:\/\/yoast.com\/product\/yoast-seo-wordpress\/ -->\n<title>500 St\u00fcck Runde Thank You Aufkleber in 8 Designs mit Perforationslinie f\u00fcr Privaten und Gesch\u00e4ftlichen Gebrauch (Schwarz\u2026 - Markt-XXL<\/title>\n<meta name=\"description\" content=\"Markt-XXL 500 St\u00fcck Runde Thank You Aufkleber in 8 Designs mit Perforationslinie f\u00fcr Privaten und Gesch\u00e4ftlichen Gebrauch (Schwarz\u2026\" \/>\n<meta name=\"robots\" content=\"index, follow, max-snippet:-1, max-image-preview:large, max-video-preview:-1\" \/>\n<link rel=\"canonical\" href=\"https:\/\/marktxxl.de\/markt\/produkt\/500-stueck-runde-thank-you-aufkleber-in-8-designs-mit-perforationslinie-fuer-privaten-und-geschaeftlichen-gebrauch-schwarz-und-weiss-englische-version-38-cm-durchmesser\/\" \/>\n<meta property=\"og:locale\" content=\"de_DE\" \/>\n<meta property=\"og:type\" content=\"article\" \/>\n<meta property=\"og:title\" content=\"500 St\u00fcck Runde Thank You Aufkleber in 8 Designs mit Perforationslinie f\u00fcr Privaten und Gesch\u00e4ftlichen Gebrauch (Schwarz\u2026 - Markt-XXL\" \/>\n<meta property=\"og:description\" content=\"Markt-XXL 500 St\u00fcck Runde Thank You Aufkleber in 8 Designs mit Perforationslinie f\u00fcr Privaten und Gesch\u00e4ftlichen Gebrauch (Schwarz\u2026\" \/>\n<meta property=\"og:url\" content=\"https:\/\/marktxxl.de\/markt\/produkt\/500-stueck-runde-thank-you-aufkleber-in-8-designs-mit-perforationslinie-fuer-privaten-und-geschaeftlichen-gebrauch-schwarz-und-weiss-englische-version-38-cm-durchmesser\/\" \/>\n<meta property=\"og:site_name\" content=\"Markt-XXL\" \/>\n<meta property=\"article:modified_time\" content=\"2023-04-09T01:42:26+00:00\" \/>\n<meta property=\"og:image\" content=\"https:\/\/m.media-amazon.com\/images\/I\/41In5Q-hJQL._SL500_.jpg\" \/>\n\t<meta property=\"og:image:width\" content=\"500\" \/>\n\t<meta property=\"og:image:height\" content=\"500\" \/>\n\t<meta property=\"og:image:type\" content=\"image\/jpeg\" \/>\n<meta name=\"twitter:card\" content=\"summary_large_image\" \/>\n<meta name=\"twitter:label1\" content=\"Gesch\u00e4tzte Lesezeit\" \/>\n\t<meta name=\"twitter:data1\" content=\"1\u00a0Minute\" \/>\n<script type=\"application\/ld+json\" class=\"yoast-schema-graph\">{\"@context\":\"https:\\\/\\\/schema.org\",\"@graph\":[{\"@type\":\"WebPage\",\"@id\":\"https:\\\/\\\/marktxxl.de\\\/markt\\\/produkt\\\/500-stueck-runde-thank-you-aufkleber-in-8-designs-mit-perforationslinie-fuer-privaten-und-geschaeftlichen-gebrauch-schwarz-und-weiss-englische-version-38-cm-durchmesser\\\/\",\"url\":\"https:\\\/\\\/marktxxl.de\\\/markt\\\/produkt\\\/500-stueck-runde-thank-you-aufkleber-in-8-designs-mit-perforationslinie-fuer-privaten-und-geschaeftlichen-gebrauch-schwarz-und-weiss-englische-version-38-cm-durchmesser\\\/\",\"name\":\"500 St\u00fcck Runde Thank You Aufkleber in 8 Designs mit Perforationslinie f\u00fcr Privaten und Gesch\u00e4ftlichen Gebrauch (Schwarz\u2026 - Markt-XXL\",\"isPartOf\":{\"@id\":\"https:\\\/\\\/marktxxl.de\\\/markt\\\/#website\"},\"primaryImageOfPage\":{\"@id\":\"https:\\\/\\\/marktxxl.de\\\/markt\\\/produkt\\\/500-stueck-runde-thank-you-aufkleber-in-8-designs-mit-perforationslinie-fuer-privaten-und-geschaeftlichen-gebrauch-schwarz-und-weiss-englische-version-38-cm-durchmesser\\\/#primaryimage\"},\"image\":{\"@id\":\"https:\\\/\\\/marktxxl.de\\\/markt\\\/produkt\\\/500-stueck-runde-thank-you-aufkleber-in-8-designs-mit-perforationslinie-fuer-privaten-und-geschaeftlichen-gebrauch-schwarz-und-weiss-englische-version-38-cm-durchmesser\\\/#primaryimage\"},\"thumbnailUrl\":\"https:\\\/\\\/m.media-amazon.com\\\/images\\\/I\\\/41In5Q-hJQL._SL500_.jpg\",\"datePublished\":\"2022-06-14T01:56:05+00:00\",\"dateModified\":\"2023-04-09T01:42:26+00:00\",\"description\":\"Markt-XXL 500 St\u00fcck Runde Thank You Aufkleber in 8 Designs mit Perforationslinie f\u00fcr Privaten und Gesch\u00e4ftlichen Gebrauch (Schwarz\u2026\",\"breadcrumb\":{\"@id\":\"https:\\\/\\\/marktxxl.de\\\/markt\\\/produkt\\\/500-stueck-runde-thank-you-aufkleber-in-8-designs-mit-perforationslinie-fuer-privaten-und-geschaeftlichen-gebrauch-schwarz-und-weiss-englische-version-38-cm-durchmesser\\\/#breadcrumb\"},\"inLanguage\":\"de\",\"potentialAction\":[{\"@type\":\"ReadAction\",\"target\":[\"https:\\\/\\\/marktxxl.de\\\/markt\\\/produkt\\\/500-stueck-runde-thank-you-aufkleber-in-8-designs-mit-perforationslinie-fuer-privaten-und-geschaeftlichen-gebrauch-schwarz-und-weiss-englische-version-38-cm-durchmesser\\\/\"]}]},{\"@type\":\"ImageObject\",\"inLanguage\":\"de\",\"@id\":\"https:\\\/\\\/marktxxl.de\\\/markt\\\/produkt\\\/500-stueck-runde-thank-you-aufkleber-in-8-designs-mit-perforationslinie-fuer-privaten-und-geschaeftlichen-gebrauch-schwarz-und-weiss-englische-version-38-cm-durchmesser\\\/#primaryimage\",\"url\":\"https:\\\/\\\/m.media-amazon.com\\\/images\\\/I\\\/41In5Q-hJQL._SL500_.jpg\",\"contentUrl\":\"https:\\\/\\\/m.media-amazon.com\\\/images\\\/I\\\/41In5Q-hJQL._SL500_.jpg\",\"width\":500,\"height\":500},{\"@type\":\"BreadcrumbList\",\"@id\":\"https:\\\/\\\/marktxxl.de\\\/markt\\\/produkt\\\/500-stueck-runde-thank-you-aufkleber-in-8-designs-mit-perforationslinie-fuer-privaten-und-geschaeftlichen-gebrauch-schwarz-und-weiss-englische-version-38-cm-durchmesser\\\/#breadcrumb\",\"itemListElement\":[{\"@type\":\"ListItem\",\"position\":1,\"name\":\"Startseite\",\"item\":\"https:\\\/\\\/marktxxl.de\\\/markt\\\/\"},{\"@type\":\"ListItem\",\"position\":2,\"name\":\"Markt\",\"item\":\"https:\\\/\\\/marktxxl.de\\\/markt\\\/\"},{\"@type\":\"ListItem\",\"position\":3,\"name\":\"500 St\u00fcck Runde Thank You Aufkleber in 8 Designs mit Perforationslinie f\u00fcr Privaten und Gesch\u00e4ftlichen Gebrauch (Schwarz\u2026\"}]},{\"@type\":\"WebSite\",\"@id\":\"https:\\\/\\\/marktxxl.de\\\/markt\\\/#website\",\"url\":\"https:\\\/\\\/marktxxl.de\\\/markt\\\/\",\"name\":\"Markt-XXL\",\"description\":\"Ihr Markt Online\",\"publisher\":{\"@id\":\"https:\\\/\\\/marktxxl.de\\\/markt\\\/#organization\"},\"potentialAction\":[{\"@type\":\"SearchAction\",\"target\":{\"@type\":\"EntryPoint\",\"urlTemplate\":\"https:\\\/\\\/marktxxl.de\\\/markt\\\/?s={search_term_string}\"},\"query-input\":{\"@type\":\"PropertyValueSpecification\",\"valueRequired\":true,\"valueName\":\"search_term_string\"}}],\"inLanguage\":\"de\"},{\"@type\":\"Organization\",\"@id\":\"https:\\\/\\\/marktxxl.de\\\/markt\\\/#organization\",\"name\":\"Markt-XXL\",\"url\":\"https:\\\/\\\/marktxxl.de\\\/markt\\\/\",\"logo\":{\"@type\":\"ImageObject\",\"inLanguage\":\"de\",\"@id\":\"https:\\\/\\\/marktxxl.de\\\/markt\\\/#\\\/schema\\\/logo\\\/image\\\/\",\"url\":\"https:\\\/\\\/marktxxl.de\\\/markt\\\/wp-content\\\/uploads\\\/sites\\\/3\\\/2020\\\/12\\\/logo.png\",\"contentUrl\":\"https:\\\/\\\/marktxxl.de\\\/markt\\\/wp-content\\\/uploads\\\/sites\\\/3\\\/2020\\\/12\\\/logo.png\",\"width\":200,\"height\":70,\"caption\":\"Markt-XXL\"},\"image\":{\"@id\":\"https:\\\/\\\/marktxxl.de\\\/markt\\\/#\\\/schema\\\/logo\\\/image\\\/\"}}]}<\/script>\n<!-- \/ Yoast SEO plugin. -->","yoast_head_json":{"title":"500 St\u00fcck Runde Thank You Aufkleber in 8 Designs mit Perforationslinie f\u00fcr Privaten und Gesch\u00e4ftlichen Gebrauch (Schwarz\u2026 - Markt-XXL","description":"Markt-XXL 500 St\u00fcck Runde Thank You Aufkleber in 8 Designs mit Perforationslinie f\u00fcr Privaten und Gesch\u00e4ftlichen Gebrauch (Schwarz\u2026","robots":{"index":"index","follow":"follow","max-snippet":"max-snippet:-1","max-image-preview":"max-image-preview:large","max-video-preview":"max-video-preview:-1"},"canonical":"https:\/\/marktxxl.de\/markt\/produkt\/500-stueck-runde-thank-you-aufkleber-in-8-designs-mit-perforationslinie-fuer-privaten-und-geschaeftlichen-gebrauch-schwarz-und-weiss-englische-version-38-cm-durchmesser\/","og_locale":"de_DE","og_type":"article","og_title":"500 St\u00fcck Runde Thank You Aufkleber in 8 Designs mit Perforationslinie f\u00fcr Privaten und Gesch\u00e4ftlichen Gebrauch (Schwarz\u2026 - Markt-XXL","og_description":"Markt-XXL 500 St\u00fcck Runde Thank You Aufkleber in 8 Designs mit Perforationslinie f\u00fcr Privaten und Gesch\u00e4ftlichen Gebrauch (Schwarz\u2026","og_url":"https:\/\/marktxxl.de\/markt\/produkt\/500-stueck-runde-thank-you-aufkleber-in-8-designs-mit-perforationslinie-fuer-privaten-und-geschaeftlichen-gebrauch-schwarz-und-weiss-englische-version-38-cm-durchmesser\/","og_site_name":"Markt-XXL","article_modified_time":"2023-04-09T01:42:26+00:00","og_image":[{"width":500,"height":500,"url":"https:\/\/m.media-amazon.com\/images\/I\/41In5Q-hJQL._SL500_.jpg","type":"image\/jpeg"}],"twitter_card":"summary_large_image","twitter_misc":{"Gesch\u00e4tzte Lesezeit":"1\u00a0Minute"},"schema":{"@context":"https:\/\/schema.org","@graph":[{"@type":"WebPage","@id":"https:\/\/marktxxl.de\/markt\/produkt\/500-stueck-runde-thank-you-aufkleber-in-8-designs-mit-perforationslinie-fuer-privaten-und-geschaeftlichen-gebrauch-schwarz-und-weiss-englische-version-38-cm-durchmesser\/","url":"https:\/\/marktxxl.de\/markt\/produkt\/500-stueck-runde-thank-you-aufkleber-in-8-designs-mit-perforationslinie-fuer-privaten-und-geschaeftlichen-gebrauch-schwarz-und-weiss-englische-version-38-cm-durchmesser\/","name":"500 St\u00fcck Runde Thank You Aufkleber in 8 Designs mit Perforationslinie f\u00fcr Privaten und Gesch\u00e4ftlichen Gebrauch (Schwarz\u2026 - Markt-XXL","isPartOf":{"@id":"https:\/\/marktxxl.de\/markt\/#website"},"primaryImageOfPage":{"@id":"https:\/\/marktxxl.de\/markt\/produkt\/500-stueck-runde-thank-you-aufkleber-in-8-designs-mit-perforationslinie-fuer-privaten-und-geschaeftlichen-gebrauch-schwarz-und-weiss-englische-version-38-cm-durchmesser\/#primaryimage"},"image":{"@id":"https:\/\/marktxxl.de\/markt\/produkt\/500-stueck-runde-thank-you-aufkleber-in-8-designs-mit-perforationslinie-fuer-privaten-und-geschaeftlichen-gebrauch-schwarz-und-weiss-englische-version-38-cm-durchmesser\/#primaryimage"},"thumbnailUrl":"https:\/\/m.media-amazon.com\/images\/I\/41In5Q-hJQL._SL500_.jpg","datePublished":"2022-06-14T01:56:05+00:00","dateModified":"2023-04-09T01:42:26+00:00","description":"Markt-XXL 500 St\u00fcck Runde Thank You Aufkleber in 8 Designs mit Perforationslinie f\u00fcr Privaten und Gesch\u00e4ftlichen Gebrauch (Schwarz\u2026","breadcrumb":{"@id":"https:\/\/marktxxl.de\/markt\/produkt\/500-stueck-runde-thank-you-aufkleber-in-8-designs-mit-perforationslinie-fuer-privaten-und-geschaeftlichen-gebrauch-schwarz-und-weiss-englische-version-38-cm-durchmesser\/#breadcrumb"},"inLanguage":"de","potentialAction":[{"@type":"ReadAction","target":["https:\/\/marktxxl.de\/markt\/produkt\/500-stueck-runde-thank-you-aufkleber-in-8-designs-mit-perforationslinie-fuer-privaten-und-geschaeftlichen-gebrauch-schwarz-und-weiss-englische-version-38-cm-durchmesser\/"]}]},{"@type":"ImageObject","inLanguage":"de","@id":"https:\/\/marktxxl.de\/markt\/produkt\/500-stueck-runde-thank-you-aufkleber-in-8-designs-mit-perforationslinie-fuer-privaten-und-geschaeftlichen-gebrauch-schwarz-und-weiss-englische-version-38-cm-durchmesser\/#primaryimage","url":"https:\/\/m.media-amazon.com\/images\/I\/41In5Q-hJQL._SL500_.jpg","contentUrl":"https:\/\/m.media-amazon.com\/images\/I\/41In5Q-hJQL._SL500_.jpg","width":500,"height":500},{"@type":"BreadcrumbList","@id":"https:\/\/marktxxl.de\/markt\/produkt\/500-stueck-runde-thank-you-aufkleber-in-8-designs-mit-perforationslinie-fuer-privaten-und-geschaeftlichen-gebrauch-schwarz-und-weiss-englische-version-38-cm-durchmesser\/#breadcrumb","itemListElement":[{"@type":"ListItem","position":1,"name":"Startseite","item":"https:\/\/marktxxl.de\/markt\/"},{"@type":"ListItem","position":2,"name":"Markt","item":"https:\/\/marktxxl.de\/markt\/"},{"@type":"ListItem","position":3,"name":"500 St\u00fcck Runde Thank You Aufkleber in 8 Designs mit Perforationslinie f\u00fcr Privaten und Gesch\u00e4ftlichen Gebrauch (Schwarz\u2026"}]},{"@type":"WebSite","@id":"https:\/\/marktxxl.de\/markt\/#website","url":"https:\/\/marktxxl.de\/markt\/","name":"Markt-XXL","description":"Ihr Markt Online","publisher":{"@id":"https:\/\/marktxxl.de\/markt\/#organization"},"potentialAction":[{"@type":"SearchAction","target":{"@type":"EntryPoint","urlTemplate":"https:\/\/marktxxl.de\/markt\/?s={search_term_string}"},"query-input":{"@type":"PropertyValueSpecification","valueRequired":true,"valueName":"search_term_string"}}],"inLanguage":"de"},{"@type":"Organization","@id":"https:\/\/marktxxl.de\/markt\/#organization","name":"Markt-XXL","url":"https:\/\/marktxxl.de\/markt\/","logo":{"@type":"ImageObject","inLanguage":"de","@id":"https:\/\/marktxxl.de\/markt\/#\/schema\/logo\/image\/","url":"https:\/\/marktxxl.de\/markt\/wp-content\/uploads\/sites\/3\/2020\/12\/logo.png","contentUrl":"https:\/\/marktxxl.de\/markt\/wp-content\/uploads\/sites\/3\/2020\/12\/logo.png","width":200,"height":70,"caption":"Markt-XXL"},"image":{"@id":"https:\/\/marktxxl.de\/markt\/#\/schema\/logo\/image\/"}}]}},"_links":{"self":[{"href":"https:\/\/marktxxl.de\/markt\/wp-json\/wp\/v2\/product\/129334","targetHints":{"allow":["GET"]}}],"collection":[{"href":"https:\/\/marktxxl.de\/markt\/wp-json\/wp\/v2\/product"}],"about":[{"href":"https:\/\/marktxxl.de\/markt\/wp-json\/wp\/v2\/types\/product"}],"replies":[{"embeddable":true,"href":"https:\/\/marktxxl.de\/markt\/wp-json\/wp\/v2\/comments?post=129334"}],"wp:featuredmedia":[{"embeddable":true,"href":"https:\/\/marktxxl.de\/markt\/wp-json\/wp\/v2\/media\/129335"}],"wp:attachment":[{"href":"https:\/\/marktxxl.de\/markt\/wp-json\/wp\/v2\/media?parent=129334"}],"wp:term":[{"taxonomy":"product_brand","embeddable":true,"href":"https:\/\/marktxxl.de\/markt\/wp-json\/wp\/v2\/product_brand?post=129334"},{"taxonomy":"product_cat","embeddable":true,"href":"https:\/\/marktxxl.de\/markt\/wp-json\/wp\/v2\/product_cat?post=129334"},{"taxonomy":"product_tag","embeddable":true,"href":"https:\/\/marktxxl.de\/markt\/wp-json\/wp\/v2\/product_tag?post=129334"}],"curies":[{"name":"wp","href":"https:\/\/api.w.org\/{rel}","templated":true}]}}