{"id":129314,"date":"2022-06-14T03:55:29","date_gmt":"2022-06-14T01:55:29","guid":{"rendered":"https:\/\/marktxxl.de\/markt\/produkt\/b02-tolle-karte-um-reisegutschein-zu-verschenken-z-b-fuer-kreuzfahrt-segelreise-oder-reise-ans-meer\/"},"modified":"2023-04-10T04:06:32","modified_gmt":"2023-04-10T02:06:32","slug":"b02-tolle-karte-um-reisegutschein-zu-verschenken-z-b-fuer-kreuzfahrt-segelreise-oder-reise-ans-meer","status":"publish","type":"product","link":"https:\/\/marktxxl.de\/markt\/produkt\/b02-tolle-karte-um-reisegutschein-zu-verschenken-z-b-fuer-kreuzfahrt-segelreise-oder-reise-ans-meer\/","title":{"rendered":"Diese-Klappkarten B02 Tolle Karte um Reisegutschein zu Verschenken z.B. f\u00fcr Kreuzfahrt, Segelreise oder Reise ans Meer"},"content":{"rendered":"<p>BESONDERES GESCHENK- Diese Pop-Up Karte ist perfekt als Gutschein f\u00fcr eine Kreuzfahrt oder einen Ausflug ans Meer geeignet. Mache jemanden eine ganz besondere Freude mit dieser Geschenkkarte.<br \/>\nVERSCHENKEN EIN L\u00c4CHELN &#8211;\u00a0In der Mitte der Karte ist ein Segelschiff auf Pappe\/Papier befestigt. Das Segelschiff entfaltet sich magisch beim \u00d6ffnen der Karte aus der Mitte heraus und ist so ein sch\u00f6nes Souvenir. Nat\u00fcrlich kann die Karte auch einfach als Gl\u00fcckwunschkarte, als Geschenk \/ Gastgeschenk \/ Geldgeschenk zur Schiffstaufe genutzt werden. Diese kleinen Kunstwerke werden von uns mit Liebe gestaltet und mit sehr viel Geschick zu dieser tollen \u00dcberraschung zusammen gesetzt.<br \/>\nVIELSEITIG EINSETZBAR &#8211; Du kannst die Karte zu vielen Anl\u00e4ssen verwenden, da wir die Karten sehr elegant und hochwertig gestalten. Du bekommst die Karte direkt mit passendem Umschlag und sch\u00fctzender Cellophan-H\u00fclle.\u00a0Die Karte hat im geschlossenen Zustand die Ma\u00dfe von 15cm x15 cm. Innen ist die Karte blanko und du hast gen\u00fcgend Platz f\u00fcr deine Botschaft. Danach einfach die Karte in den Umschlag stecken und das Geschenk ist fertig.<br \/>\nFAIR TRADE &amp; QUALIT\u00c4T &#8211; Die Karten werden unter fairen Bedingungen in einem Familienbetrieb produziert. Mit deinem Kauf unterst\u00fctzt du dieses Projekt. Die Einzelteile werden mit einem Laser ausgeschnitten und dann von Hand zusammen gesetzt.<br \/>\nLIEFERUNG &amp; ZUFRIEDENHEIT: Wir liefern direkt aus dem Amazon Lager und k\u00f6nnen so den schnellsten Versand anbieten.\u00a0Wir haben bereits \u00fcber 20.000 zufriedene Kunden, \u00fcberzeuge dich selbst von unseren liebevollen Produkten. Noch Fragen? Melde dich gerne bei uns!<br \/>\n<div class=\"main-cross-sell\" data-asin=\"B00TNAXAQO\">\n\n\t<div class=\"WooZone-cross-sell-loader\">\n\t\t<div>\n\t\t\t<div id=\"floatingBarsG\">\n\t\t\t\t<div class=\"blockG\" id=\"rotateG_01\"><\/div>\n\t\t\t\t<div class=\"blockG\" id=\"rotateG_02\"><\/div>\n\t\t\t\t<div class=\"blockG\" id=\"rotateG_03\"><\/div>\n\t\t\t\t<div class=\"blockG\" id=\"rotateG_04\"><\/div>\n\t\t\t\t<div class=\"blockG\" id=\"rotateG_05\"><\/div>\n\t\t\t\t<div class=\"blockG\" id=\"rotateG_06\"><\/div>\n\t\t\t\t<div class=\"blockG\" id=\"rotateG_07\"><\/div>\n\t\t\t\t<div class=\"blockG\" id=\"rotateG_08\"><\/div>\n\t\t\t<\/div>\n\t\t\t<div class=\"WooZone-cross-sell-loader-text\"><\/div>\n\t\t<\/div>\n\t<\/div>\n\n\t\t\n<\/div>\n<div style=\"clear:both;\"><\/div><\/p>\n","protected":false},"excerpt":{"rendered":"<p>BESONDERES GESCHENK- Diese Pop-Up Karte ist perfekt als Gutschein f\u00fcr eine Kreuzfahrt oder einen Ausflug ans Meer geeignet. Mache jemanden eine ganz besondere Freude mit dieser Geschenkkarte.<br \/>\nVERSCHENKEN EIN L\u00c4CHELN &#8211;\u00a0In der Mitte der Karte ist ein Segelschiff auf Pappe\/Papier befestigt. Das Segelschiff entfaltet sich magisch beim \u00d6ffnen der Karte aus der Mitte heraus und ist so ein sch\u00f6nes Souvenir. Nat\u00fcrlich kann die Karte auch einfach als Gl\u00fcckwunschkarte, als Geschenk \/ Gastgeschenk \/ Geldgeschenk zur Schiffstaufe genutzt werden. Diese kleinen Kunstwerke werden von uns mit Liebe gestaltet und mit sehr viel Geschick zu dieser tollen \u00dcberraschung zusammen gesetzt.<br \/>\nVIELSEITIG EINSETZBAR &#8211; Du kannst die Karte zu vielen Anl\u00e4ssen verwenden, da wir die Karten sehr elegant und hochwertig gestalten. Du bekommst die Karte direkt mit passendem Umschlag und sch\u00fctzender Cellophan-H\u00fclle.\u00a0Die Karte hat im geschlossenen Zustand die Ma\u00dfe von 15cm x15 cm. Innen ist die Karte blanko und du hast gen\u00fcgend Platz f\u00fcr deine Botschaft. Danach einfach die Karte in den Umschlag stecken und das Geschenk ist fertig.<\/p>\n","protected":false},"featured_media":129315,"comment_status":"open","ping_status":"closed","template":"","meta":[],"product_brand":[],"product_cat":[504],"product_tag":[],"class_list":{"0":"post-129314","1":"product","2":"type-product","3":"status-publish","4":"has-post-thumbnail","6":"product_cat-buerobedarf-schreibwaren","7":"pa_binding-buerobedarf-schreibwaren","8":"pa_brand-diese-klappkarten","9":"pa_color-segelschiff","10":"pa_height-5-905511805-zoll","11":"pa_length-5-905511805-zoll","12":"pa_manufacturer-diese-klappkarten","13":"pa_model-36996","14":"pa_weight-0-09259415004-pfund","15":"pa_width-0-393700787-zoll","17":"first","18":"instock","19":"shipping-taxable","20":"purchasable","21":"product-type-simple","22":"customify-col","23":"product-has-gallery"},"yoast_head":"<!-- This site is optimized with the Yoast SEO plugin v27.4 - https:\/\/yoast.com\/product\/yoast-seo-wordpress\/ -->\n<title>Diese-Klappkarten B02 Tolle Karte um Reisegutschein zu Verschenken z.B. f\u00fcr Kreuzfahrt, Segelreise oder Reise ans Meer - Markt-XXL<\/title>\n<meta name=\"description\" content=\"Markt-XXL Diese-Klappkarten B02 Tolle Karte um Reisegutschein zu Verschenken z.B. f\u00fcr Kreuzfahrt, Segelreise oder Reise ans Meer\" \/>\n<meta name=\"robots\" content=\"index, follow, max-snippet:-1, max-image-preview:large, max-video-preview:-1\" \/>\n<link rel=\"canonical\" href=\"https:\/\/marktxxl.de\/markt\/produkt\/b02-tolle-karte-um-reisegutschein-zu-verschenken-z-b-fuer-kreuzfahrt-segelreise-oder-reise-ans-meer\/\" \/>\n<meta property=\"og:locale\" content=\"de_DE\" \/>\n<meta property=\"og:type\" content=\"article\" \/>\n<meta property=\"og:title\" content=\"Diese-Klappkarten B02 Tolle Karte um Reisegutschein zu Verschenken z.B. f\u00fcr Kreuzfahrt, Segelreise oder Reise ans Meer - Markt-XXL\" \/>\n<meta property=\"og:description\" content=\"Markt-XXL Diese-Klappkarten B02 Tolle Karte um Reisegutschein zu Verschenken z.B. f\u00fcr Kreuzfahrt, Segelreise oder Reise ans Meer\" \/>\n<meta property=\"og:url\" content=\"https:\/\/marktxxl.de\/markt\/produkt\/b02-tolle-karte-um-reisegutschein-zu-verschenken-z-b-fuer-kreuzfahrt-segelreise-oder-reise-ans-meer\/\" \/>\n<meta property=\"og:site_name\" content=\"Markt-XXL\" \/>\n<meta property=\"article:modified_time\" content=\"2023-04-10T02:06:32+00:00\" \/>\n<meta property=\"og:image\" content=\"https:\/\/m.media-amazon.com\/images\/I\/51HfiySh77L._SL500_.jpg\" \/>\n\t<meta property=\"og:image:width\" content=\"500\" \/>\n\t<meta property=\"og:image:height\" content=\"500\" \/>\n\t<meta property=\"og:image:type\" content=\"image\/jpeg\" \/>\n<meta name=\"twitter:card\" content=\"summary_large_image\" \/>\n<meta name=\"twitter:label1\" content=\"Gesch\u00e4tzte Lesezeit\" \/>\n\t<meta name=\"twitter:data1\" content=\"1\u00a0Minute\" \/>\n<script type=\"application\/ld+json\" class=\"yoast-schema-graph\">{\"@context\":\"https:\\\/\\\/schema.org\",\"@graph\":[{\"@type\":\"WebPage\",\"@id\":\"https:\\\/\\\/marktxxl.de\\\/markt\\\/produkt\\\/b02-tolle-karte-um-reisegutschein-zu-verschenken-z-b-fuer-kreuzfahrt-segelreise-oder-reise-ans-meer\\\/\",\"url\":\"https:\\\/\\\/marktxxl.de\\\/markt\\\/produkt\\\/b02-tolle-karte-um-reisegutschein-zu-verschenken-z-b-fuer-kreuzfahrt-segelreise-oder-reise-ans-meer\\\/\",\"name\":\"Diese-Klappkarten B02 Tolle Karte um Reisegutschein zu Verschenken z.B. f\u00fcr Kreuzfahrt, Segelreise oder Reise ans Meer - Markt-XXL\",\"isPartOf\":{\"@id\":\"https:\\\/\\\/marktxxl.de\\\/markt\\\/#website\"},\"primaryImageOfPage\":{\"@id\":\"https:\\\/\\\/marktxxl.de\\\/markt\\\/produkt\\\/b02-tolle-karte-um-reisegutschein-zu-verschenken-z-b-fuer-kreuzfahrt-segelreise-oder-reise-ans-meer\\\/#primaryimage\"},\"image\":{\"@id\":\"https:\\\/\\\/marktxxl.de\\\/markt\\\/produkt\\\/b02-tolle-karte-um-reisegutschein-zu-verschenken-z-b-fuer-kreuzfahrt-segelreise-oder-reise-ans-meer\\\/#primaryimage\"},\"thumbnailUrl\":\"https:\\\/\\\/m.media-amazon.com\\\/images\\\/I\\\/51HfiySh77L._SL500_.jpg\",\"datePublished\":\"2022-06-14T01:55:29+00:00\",\"dateModified\":\"2023-04-10T02:06:32+00:00\",\"description\":\"Markt-XXL Diese-Klappkarten B02 Tolle Karte um Reisegutschein zu Verschenken z.B. f\u00fcr Kreuzfahrt, Segelreise oder Reise ans Meer\",\"breadcrumb\":{\"@id\":\"https:\\\/\\\/marktxxl.de\\\/markt\\\/produkt\\\/b02-tolle-karte-um-reisegutschein-zu-verschenken-z-b-fuer-kreuzfahrt-segelreise-oder-reise-ans-meer\\\/#breadcrumb\"},\"inLanguage\":\"de\",\"potentialAction\":[{\"@type\":\"ReadAction\",\"target\":[\"https:\\\/\\\/marktxxl.de\\\/markt\\\/produkt\\\/b02-tolle-karte-um-reisegutschein-zu-verschenken-z-b-fuer-kreuzfahrt-segelreise-oder-reise-ans-meer\\\/\"]}]},{\"@type\":\"ImageObject\",\"inLanguage\":\"de\",\"@id\":\"https:\\\/\\\/marktxxl.de\\\/markt\\\/produkt\\\/b02-tolle-karte-um-reisegutschein-zu-verschenken-z-b-fuer-kreuzfahrt-segelreise-oder-reise-ans-meer\\\/#primaryimage\",\"url\":\"https:\\\/\\\/m.media-amazon.com\\\/images\\\/I\\\/51HfiySh77L._SL500_.jpg\",\"contentUrl\":\"https:\\\/\\\/m.media-amazon.com\\\/images\\\/I\\\/51HfiySh77L._SL500_.jpg\",\"width\":500,\"height\":500},{\"@type\":\"BreadcrumbList\",\"@id\":\"https:\\\/\\\/marktxxl.de\\\/markt\\\/produkt\\\/b02-tolle-karte-um-reisegutschein-zu-verschenken-z-b-fuer-kreuzfahrt-segelreise-oder-reise-ans-meer\\\/#breadcrumb\",\"itemListElement\":[{\"@type\":\"ListItem\",\"position\":1,\"name\":\"Startseite\",\"item\":\"https:\\\/\\\/marktxxl.de\\\/markt\\\/\"},{\"@type\":\"ListItem\",\"position\":2,\"name\":\"Markt\",\"item\":\"https:\\\/\\\/marktxxl.de\\\/markt\\\/\"},{\"@type\":\"ListItem\",\"position\":3,\"name\":\"Diese-Klappkarten B02 Tolle Karte um Reisegutschein zu Verschenken z.B. f\u00fcr Kreuzfahrt, Segelreise oder Reise ans Meer\"}]},{\"@type\":\"WebSite\",\"@id\":\"https:\\\/\\\/marktxxl.de\\\/markt\\\/#website\",\"url\":\"https:\\\/\\\/marktxxl.de\\\/markt\\\/\",\"name\":\"Markt-XXL\",\"description\":\"Ihr Markt Online\",\"publisher\":{\"@id\":\"https:\\\/\\\/marktxxl.de\\\/markt\\\/#organization\"},\"potentialAction\":[{\"@type\":\"SearchAction\",\"target\":{\"@type\":\"EntryPoint\",\"urlTemplate\":\"https:\\\/\\\/marktxxl.de\\\/markt\\\/?s={search_term_string}\"},\"query-input\":{\"@type\":\"PropertyValueSpecification\",\"valueRequired\":true,\"valueName\":\"search_term_string\"}}],\"inLanguage\":\"de\"},{\"@type\":\"Organization\",\"@id\":\"https:\\\/\\\/marktxxl.de\\\/markt\\\/#organization\",\"name\":\"Markt-XXL\",\"url\":\"https:\\\/\\\/marktxxl.de\\\/markt\\\/\",\"logo\":{\"@type\":\"ImageObject\",\"inLanguage\":\"de\",\"@id\":\"https:\\\/\\\/marktxxl.de\\\/markt\\\/#\\\/schema\\\/logo\\\/image\\\/\",\"url\":\"https:\\\/\\\/marktxxl.de\\\/markt\\\/wp-content\\\/uploads\\\/sites\\\/3\\\/2020\\\/12\\\/logo.png\",\"contentUrl\":\"https:\\\/\\\/marktxxl.de\\\/markt\\\/wp-content\\\/uploads\\\/sites\\\/3\\\/2020\\\/12\\\/logo.png\",\"width\":200,\"height\":70,\"caption\":\"Markt-XXL\"},\"image\":{\"@id\":\"https:\\\/\\\/marktxxl.de\\\/markt\\\/#\\\/schema\\\/logo\\\/image\\\/\"}}]}<\/script>\n<!-- \/ Yoast SEO plugin. -->","yoast_head_json":{"title":"Diese-Klappkarten B02 Tolle Karte um Reisegutschein zu Verschenken z.B. f\u00fcr Kreuzfahrt, Segelreise oder Reise ans Meer - Markt-XXL","description":"Markt-XXL Diese-Klappkarten B02 Tolle Karte um Reisegutschein zu Verschenken z.B. f\u00fcr Kreuzfahrt, Segelreise oder Reise ans Meer","robots":{"index":"index","follow":"follow","max-snippet":"max-snippet:-1","max-image-preview":"max-image-preview:large","max-video-preview":"max-video-preview:-1"},"canonical":"https:\/\/marktxxl.de\/markt\/produkt\/b02-tolle-karte-um-reisegutschein-zu-verschenken-z-b-fuer-kreuzfahrt-segelreise-oder-reise-ans-meer\/","og_locale":"de_DE","og_type":"article","og_title":"Diese-Klappkarten B02 Tolle Karte um Reisegutschein zu Verschenken z.B. f\u00fcr Kreuzfahrt, Segelreise oder Reise ans Meer - Markt-XXL","og_description":"Markt-XXL Diese-Klappkarten B02 Tolle Karte um Reisegutschein zu Verschenken z.B. f\u00fcr Kreuzfahrt, Segelreise oder Reise ans Meer","og_url":"https:\/\/marktxxl.de\/markt\/produkt\/b02-tolle-karte-um-reisegutschein-zu-verschenken-z-b-fuer-kreuzfahrt-segelreise-oder-reise-ans-meer\/","og_site_name":"Markt-XXL","article_modified_time":"2023-04-10T02:06:32+00:00","og_image":[{"width":500,"height":500,"url":"https:\/\/m.media-amazon.com\/images\/I\/51HfiySh77L._SL500_.jpg","type":"image\/jpeg"}],"twitter_card":"summary_large_image","twitter_misc":{"Gesch\u00e4tzte Lesezeit":"1\u00a0Minute"},"schema":{"@context":"https:\/\/schema.org","@graph":[{"@type":"WebPage","@id":"https:\/\/marktxxl.de\/markt\/produkt\/b02-tolle-karte-um-reisegutschein-zu-verschenken-z-b-fuer-kreuzfahrt-segelreise-oder-reise-ans-meer\/","url":"https:\/\/marktxxl.de\/markt\/produkt\/b02-tolle-karte-um-reisegutschein-zu-verschenken-z-b-fuer-kreuzfahrt-segelreise-oder-reise-ans-meer\/","name":"Diese-Klappkarten B02 Tolle Karte um Reisegutschein zu Verschenken z.B. f\u00fcr Kreuzfahrt, Segelreise oder Reise ans Meer - Markt-XXL","isPartOf":{"@id":"https:\/\/marktxxl.de\/markt\/#website"},"primaryImageOfPage":{"@id":"https:\/\/marktxxl.de\/markt\/produkt\/b02-tolle-karte-um-reisegutschein-zu-verschenken-z-b-fuer-kreuzfahrt-segelreise-oder-reise-ans-meer\/#primaryimage"},"image":{"@id":"https:\/\/marktxxl.de\/markt\/produkt\/b02-tolle-karte-um-reisegutschein-zu-verschenken-z-b-fuer-kreuzfahrt-segelreise-oder-reise-ans-meer\/#primaryimage"},"thumbnailUrl":"https:\/\/m.media-amazon.com\/images\/I\/51HfiySh77L._SL500_.jpg","datePublished":"2022-06-14T01:55:29+00:00","dateModified":"2023-04-10T02:06:32+00:00","description":"Markt-XXL Diese-Klappkarten B02 Tolle Karte um Reisegutschein zu Verschenken z.B. f\u00fcr Kreuzfahrt, Segelreise oder Reise ans Meer","breadcrumb":{"@id":"https:\/\/marktxxl.de\/markt\/produkt\/b02-tolle-karte-um-reisegutschein-zu-verschenken-z-b-fuer-kreuzfahrt-segelreise-oder-reise-ans-meer\/#breadcrumb"},"inLanguage":"de","potentialAction":[{"@type":"ReadAction","target":["https:\/\/marktxxl.de\/markt\/produkt\/b02-tolle-karte-um-reisegutschein-zu-verschenken-z-b-fuer-kreuzfahrt-segelreise-oder-reise-ans-meer\/"]}]},{"@type":"ImageObject","inLanguage":"de","@id":"https:\/\/marktxxl.de\/markt\/produkt\/b02-tolle-karte-um-reisegutschein-zu-verschenken-z-b-fuer-kreuzfahrt-segelreise-oder-reise-ans-meer\/#primaryimage","url":"https:\/\/m.media-amazon.com\/images\/I\/51HfiySh77L._SL500_.jpg","contentUrl":"https:\/\/m.media-amazon.com\/images\/I\/51HfiySh77L._SL500_.jpg","width":500,"height":500},{"@type":"BreadcrumbList","@id":"https:\/\/marktxxl.de\/markt\/produkt\/b02-tolle-karte-um-reisegutschein-zu-verschenken-z-b-fuer-kreuzfahrt-segelreise-oder-reise-ans-meer\/#breadcrumb","itemListElement":[{"@type":"ListItem","position":1,"name":"Startseite","item":"https:\/\/marktxxl.de\/markt\/"},{"@type":"ListItem","position":2,"name":"Markt","item":"https:\/\/marktxxl.de\/markt\/"},{"@type":"ListItem","position":3,"name":"Diese-Klappkarten B02 Tolle Karte um Reisegutschein zu Verschenken z.B. f\u00fcr Kreuzfahrt, Segelreise oder Reise ans Meer"}]},{"@type":"WebSite","@id":"https:\/\/marktxxl.de\/markt\/#website","url":"https:\/\/marktxxl.de\/markt\/","name":"Markt-XXL","description":"Ihr Markt Online","publisher":{"@id":"https:\/\/marktxxl.de\/markt\/#organization"},"potentialAction":[{"@type":"SearchAction","target":{"@type":"EntryPoint","urlTemplate":"https:\/\/marktxxl.de\/markt\/?s={search_term_string}"},"query-input":{"@type":"PropertyValueSpecification","valueRequired":true,"valueName":"search_term_string"}}],"inLanguage":"de"},{"@type":"Organization","@id":"https:\/\/marktxxl.de\/markt\/#organization","name":"Markt-XXL","url":"https:\/\/marktxxl.de\/markt\/","logo":{"@type":"ImageObject","inLanguage":"de","@id":"https:\/\/marktxxl.de\/markt\/#\/schema\/logo\/image\/","url":"https:\/\/marktxxl.de\/markt\/wp-content\/uploads\/sites\/3\/2020\/12\/logo.png","contentUrl":"https:\/\/marktxxl.de\/markt\/wp-content\/uploads\/sites\/3\/2020\/12\/logo.png","width":200,"height":70,"caption":"Markt-XXL"},"image":{"@id":"https:\/\/marktxxl.de\/markt\/#\/schema\/logo\/image\/"}}]}},"_links":{"self":[{"href":"https:\/\/marktxxl.de\/markt\/wp-json\/wp\/v2\/product\/129314","targetHints":{"allow":["GET"]}}],"collection":[{"href":"https:\/\/marktxxl.de\/markt\/wp-json\/wp\/v2\/product"}],"about":[{"href":"https:\/\/marktxxl.de\/markt\/wp-json\/wp\/v2\/types\/product"}],"replies":[{"embeddable":true,"href":"https:\/\/marktxxl.de\/markt\/wp-json\/wp\/v2\/comments?post=129314"}],"wp:featuredmedia":[{"embeddable":true,"href":"https:\/\/marktxxl.de\/markt\/wp-json\/wp\/v2\/media\/129315"}],"wp:attachment":[{"href":"https:\/\/marktxxl.de\/markt\/wp-json\/wp\/v2\/media?parent=129314"}],"wp:term":[{"taxonomy":"product_brand","embeddable":true,"href":"https:\/\/marktxxl.de\/markt\/wp-json\/wp\/v2\/product_brand?post=129314"},{"taxonomy":"product_cat","embeddable":true,"href":"https:\/\/marktxxl.de\/markt\/wp-json\/wp\/v2\/product_cat?post=129314"},{"taxonomy":"product_tag","embeddable":true,"href":"https:\/\/marktxxl.de\/markt\/wp-json\/wp\/v2\/product_tag?post=129314"}],"curies":[{"name":"wp","href":"https:\/\/api.w.org\/{rel}","templated":true}]}}