{"id":128910,"date":"2022-06-14T02:49:21","date_gmt":"2022-06-14T00:49:21","guid":{"rendered":"https:\/\/marktxxl.de\/markt\/produkt\/surflyee-100-stueck-dachrinnenhaken-weihnachtslicht-clips-girlandenhaken-zum-aufhaengen-von-weihnachtsgirlanden-an-dachrinnen-weihnachtsbeleuchtungshaken-indoor-und-outdoor-universal\/"},"modified":"2023-04-10T04:06:24","modified_gmt":"2023-04-10T02:06:24","slug":"surflyee-100-stueck-dachrinnenhaken-weihnachtslicht-clips-girlandenhaken-zum-aufhaengen-von-weihnachtsgirlanden-an-dachrinnen-weihnachtsbeleuchtungshaken-indoor-und-outdoor-universal","status":"publish","type":"product","link":"https:\/\/marktxxl.de\/markt\/produkt\/surflyee-100-stueck-dachrinnenhaken-weihnachtslicht-clips-girlandenhaken-zum-aufhaengen-von-weihnachtsgirlanden-an-dachrinnen-weihnachtsbeleuchtungshaken-indoor-und-outdoor-universal\/","title":{"rendered":"Surflyee 100 St\u00fcck Dachrinnenhaken, Weihnachtslicht Clips, Girlandenhaken zum Aufh\u00e4ngen von Weihnachtsgirlanden an\u2026"},"content":{"rendered":"<p>\ud83c\udf85[Paket beinhaltet]: 100 Weihnachtsrinnenhaken mit einer Gr\u00f6\u00dfe von 5 * 2,1 cm. Diese Haken machen es Ihnen leicht, weihnachtliche Lichterketten-Dekorationen zu basteln, anstatt eine l\u00e4stige Arbeit, so dass Sie viel Zeit haben, um den Urlaub zu genie\u00dfen.<br \/>\n\ud83c\udf85[Robust und wiederverwendbar]: Der Weihnachtslichtclip besteht aus wetterfesten und wiederverwendbaren Materialien, ist frostsicher, sonnenbest\u00e4ndig und stark und kann das ganze Jahr \u00fcber verwendet werden. Nachdem Sie diese Haken verwendet haben, k\u00f6nnen Sie sie in einer Tasche aufbewahren und im n\u00e4chsten Jahr weiter verwenden.<br \/>\n\ud83c\udf85[Einfach zu installieren]: Legen Sie Tacker, Hammer und Hei\u00dfkleber weg! Unsere Dachrinnenhaken sind einfach und bequem zu bedienen, Sie m\u00fcssen nur Lichterketten durch die Haken f\u00fchren und an der Traufe oder an der Dachrinne aufh\u00e4ngen. Es kann Ihre Weihnachtsdekoration an Ort und Stelle halten, ohne abzufallen.<br \/>\n\ud83c\udf85[Urlaubsdekorationszubeh\u00f6r]: Diese Haken eignen sich f\u00fcr die Innen- und Au\u00dfendekoration. Sie k\u00f6nnen Ihre Lichterkette sehr gut fixieren und Ihrem Haus weihnachtliche Atmosph\u00e4re verleihen.<br \/>\n\ud83c\udf85[Multifunktionale Haken]: Kann f\u00fcr Girlanden, Lichterketten, LED-Lichter, Weihnachtsb\u00e4ume, Seile und andere Beleuchtungsdekorationen verwendet werden. Es ist ein ausgezeichnetes Accessoire f\u00fcr Weihnachten, Festival, Geburtstagsfeier.<br \/>\n<div class=\"main-cross-sell\" data-asin=\"B09LHJJXMR\">\n\n\t<div class=\"WooZone-cross-sell-loader\">\n\t\t<div>\n\t\t\t<div id=\"floatingBarsG\">\n\t\t\t\t<div class=\"blockG\" id=\"rotateG_01\"><\/div>\n\t\t\t\t<div class=\"blockG\" id=\"rotateG_02\"><\/div>\n\t\t\t\t<div class=\"blockG\" id=\"rotateG_03\"><\/div>\n\t\t\t\t<div class=\"blockG\" id=\"rotateG_04\"><\/div>\n\t\t\t\t<div class=\"blockG\" id=\"rotateG_05\"><\/div>\n\t\t\t\t<div class=\"blockG\" id=\"rotateG_06\"><\/div>\n\t\t\t\t<div class=\"blockG\" id=\"rotateG_07\"><\/div>\n\t\t\t\t<div class=\"blockG\" id=\"rotateG_08\"><\/div>\n\t\t\t<\/div>\n\t\t\t<div class=\"WooZone-cross-sell-loader-text\"><\/div>\n\t\t<\/div>\n\t<\/div>\n\n\t\t\n<\/div>\n<div style=\"clear:both;\"><\/div><\/p>\n","protected":false},"excerpt":{"rendered":"<p>\ud83c\udf85[Paket beinhaltet]: 100 Weihnachtsrinnenhaken mit einer Gr\u00f6\u00dfe von 5 * 2,1 cm. Diese Haken machen es Ihnen leicht, weihnachtliche Lichterketten-Dekorationen zu basteln, anstatt eine l\u00e4stige Arbeit, so dass Sie viel Zeit haben, um den Urlaub zu genie\u00dfen.<br \/>\n\ud83c\udf85[Robust und wiederverwendbar]: Der Weihnachtslichtclip besteht aus wetterfesten und wiederverwendbaren Materialien, ist frostsicher, sonnenbest\u00e4ndig und stark und kann das ganze Jahr \u00fcber verwendet werden. Nachdem Sie diese Haken verwendet haben, k\u00f6nnen Sie sie in einer Tasche aufbewahren und im n\u00e4chsten Jahr weiter verwenden.<br \/>\n\ud83c\udf85[Einfach zu installieren]: Legen Sie Tacker, Hammer und Hei\u00dfkleber weg! Unsere Dachrinnenhaken sind einfach und bequem zu bedienen, Sie m\u00fcssen nur Lichterketten durch die Haken f\u00fchren und an der Traufe oder an der Dachrinne aufh\u00e4ngen. Es kann Ihre Weihnachtsdekoration an Ort und Stelle halten, ohne abzufallen.<\/p>\n","protected":false},"featured_media":128911,"comment_status":"open","ping_status":"closed","template":"","meta":[],"product_brand":[],"product_cat":[2108,15624],"product_tag":[],"class_list":{"0":"post-128910","1":"product","2":"type-product","3":"status-publish","4":"has-post-thumbnail","6":"product_cat-beleuchtung","7":"product_cat-weihnachtsbeleuchtung","8":"pa_brand-surflyee","9":"pa_color-weiss","10":"pa_height-1-968503935-zoll","11":"pa_length-0-787401574-zoll","12":"pa_manufacturer-surflyee","13":"pa_size-52-1cm","14":"pa_width-0-393700787-zoll","16":"first","17":"instock","18":"shipping-taxable","19":"purchasable","20":"product-type-simple","21":"customify-col","22":"product-has-gallery"},"yoast_head":"<!-- This site is optimized with the Yoast SEO plugin v27.3 - https:\/\/yoast.com\/product\/yoast-seo-wordpress\/ -->\n<title>Surflyee 100 St\u00fcck Dachrinnenhaken, Weihnachtslicht Clips, Girlandenhaken zum Aufh\u00e4ngen von Weihnachtsgirlanden an\u2026 - Markt-XXL<\/title>\n<meta name=\"description\" content=\"Markt-XXL Surflyee 100 St\u00fcck Dachrinnenhaken, Weihnachtslicht Clips, Girlandenhaken zum Aufh\u00e4ngen von Weihnachtsgirlanden an\u2026\" \/>\n<meta name=\"robots\" content=\"index, follow, max-snippet:-1, max-image-preview:large, max-video-preview:-1\" \/>\n<link rel=\"canonical\" href=\"https:\/\/marktxxl.de\/markt\/produkt\/surflyee-100-stueck-dachrinnenhaken-weihnachtslicht-clips-girlandenhaken-zum-aufhaengen-von-weihnachtsgirlanden-an-dachrinnen-weihnachtsbeleuchtungshaken-indoor-und-outdoor-universal\/\" \/>\n<meta property=\"og:locale\" content=\"de_DE\" \/>\n<meta property=\"og:type\" content=\"article\" \/>\n<meta property=\"og:title\" content=\"Surflyee 100 St\u00fcck Dachrinnenhaken, Weihnachtslicht Clips, Girlandenhaken zum Aufh\u00e4ngen von Weihnachtsgirlanden an\u2026 - Markt-XXL\" \/>\n<meta property=\"og:description\" content=\"Markt-XXL Surflyee 100 St\u00fcck Dachrinnenhaken, Weihnachtslicht Clips, Girlandenhaken zum Aufh\u00e4ngen von Weihnachtsgirlanden an\u2026\" \/>\n<meta property=\"og:url\" content=\"https:\/\/marktxxl.de\/markt\/produkt\/surflyee-100-stueck-dachrinnenhaken-weihnachtslicht-clips-girlandenhaken-zum-aufhaengen-von-weihnachtsgirlanden-an-dachrinnen-weihnachtsbeleuchtungshaken-indoor-und-outdoor-universal\/\" \/>\n<meta property=\"og:site_name\" content=\"Markt-XXL\" \/>\n<meta property=\"article:modified_time\" content=\"2023-04-10T02:06:24+00:00\" \/>\n<meta property=\"og:image\" content=\"https:\/\/m.media-amazon.com\/images\/I\/51NfizFsQ8L._SL500_.jpg\" \/>\n\t<meta property=\"og:image:width\" content=\"500\" \/>\n\t<meta property=\"og:image:height\" content=\"500\" \/>\n\t<meta property=\"og:image:type\" content=\"image\/jpeg\" \/>\n<meta name=\"twitter:card\" content=\"summary_large_image\" \/>\n<meta name=\"twitter:label1\" content=\"Gesch\u00e4tzte Lesezeit\" \/>\n\t<meta name=\"twitter:data1\" content=\"1\u00a0Minute\" \/>\n<script type=\"application\/ld+json\" class=\"yoast-schema-graph\">{\"@context\":\"https:\\\/\\\/schema.org\",\"@graph\":[{\"@type\":\"WebPage\",\"@id\":\"https:\\\/\\\/marktxxl.de\\\/markt\\\/produkt\\\/surflyee-100-stueck-dachrinnenhaken-weihnachtslicht-clips-girlandenhaken-zum-aufhaengen-von-weihnachtsgirlanden-an-dachrinnen-weihnachtsbeleuchtungshaken-indoor-und-outdoor-universal\\\/\",\"url\":\"https:\\\/\\\/marktxxl.de\\\/markt\\\/produkt\\\/surflyee-100-stueck-dachrinnenhaken-weihnachtslicht-clips-girlandenhaken-zum-aufhaengen-von-weihnachtsgirlanden-an-dachrinnen-weihnachtsbeleuchtungshaken-indoor-und-outdoor-universal\\\/\",\"name\":\"Surflyee 100 St\u00fcck Dachrinnenhaken, Weihnachtslicht Clips, Girlandenhaken zum Aufh\u00e4ngen von Weihnachtsgirlanden an\u2026 - Markt-XXL\",\"isPartOf\":{\"@id\":\"https:\\\/\\\/marktxxl.de\\\/markt\\\/#website\"},\"primaryImageOfPage\":{\"@id\":\"https:\\\/\\\/marktxxl.de\\\/markt\\\/produkt\\\/surflyee-100-stueck-dachrinnenhaken-weihnachtslicht-clips-girlandenhaken-zum-aufhaengen-von-weihnachtsgirlanden-an-dachrinnen-weihnachtsbeleuchtungshaken-indoor-und-outdoor-universal\\\/#primaryimage\"},\"image\":{\"@id\":\"https:\\\/\\\/marktxxl.de\\\/markt\\\/produkt\\\/surflyee-100-stueck-dachrinnenhaken-weihnachtslicht-clips-girlandenhaken-zum-aufhaengen-von-weihnachtsgirlanden-an-dachrinnen-weihnachtsbeleuchtungshaken-indoor-und-outdoor-universal\\\/#primaryimage\"},\"thumbnailUrl\":\"https:\\\/\\\/m.media-amazon.com\\\/images\\\/I\\\/51NfizFsQ8L._SL500_.jpg\",\"datePublished\":\"2022-06-14T00:49:21+00:00\",\"dateModified\":\"2023-04-10T02:06:24+00:00\",\"description\":\"Markt-XXL Surflyee 100 St\u00fcck Dachrinnenhaken, Weihnachtslicht Clips, Girlandenhaken zum Aufh\u00e4ngen von Weihnachtsgirlanden an\u2026\",\"breadcrumb\":{\"@id\":\"https:\\\/\\\/marktxxl.de\\\/markt\\\/produkt\\\/surflyee-100-stueck-dachrinnenhaken-weihnachtslicht-clips-girlandenhaken-zum-aufhaengen-von-weihnachtsgirlanden-an-dachrinnen-weihnachtsbeleuchtungshaken-indoor-und-outdoor-universal\\\/#breadcrumb\"},\"inLanguage\":\"de\",\"potentialAction\":[{\"@type\":\"ReadAction\",\"target\":[\"https:\\\/\\\/marktxxl.de\\\/markt\\\/produkt\\\/surflyee-100-stueck-dachrinnenhaken-weihnachtslicht-clips-girlandenhaken-zum-aufhaengen-von-weihnachtsgirlanden-an-dachrinnen-weihnachtsbeleuchtungshaken-indoor-und-outdoor-universal\\\/\"]}]},{\"@type\":\"ImageObject\",\"inLanguage\":\"de\",\"@id\":\"https:\\\/\\\/marktxxl.de\\\/markt\\\/produkt\\\/surflyee-100-stueck-dachrinnenhaken-weihnachtslicht-clips-girlandenhaken-zum-aufhaengen-von-weihnachtsgirlanden-an-dachrinnen-weihnachtsbeleuchtungshaken-indoor-und-outdoor-universal\\\/#primaryimage\",\"url\":\"https:\\\/\\\/m.media-amazon.com\\\/images\\\/I\\\/51NfizFsQ8L._SL500_.jpg\",\"contentUrl\":\"https:\\\/\\\/m.media-amazon.com\\\/images\\\/I\\\/51NfizFsQ8L._SL500_.jpg\",\"width\":500,\"height\":500},{\"@type\":\"BreadcrumbList\",\"@id\":\"https:\\\/\\\/marktxxl.de\\\/markt\\\/produkt\\\/surflyee-100-stueck-dachrinnenhaken-weihnachtslicht-clips-girlandenhaken-zum-aufhaengen-von-weihnachtsgirlanden-an-dachrinnen-weihnachtsbeleuchtungshaken-indoor-und-outdoor-universal\\\/#breadcrumb\",\"itemListElement\":[{\"@type\":\"ListItem\",\"position\":1,\"name\":\"Startseite\",\"item\":\"https:\\\/\\\/marktxxl.de\\\/markt\\\/\"},{\"@type\":\"ListItem\",\"position\":2,\"name\":\"Markt\",\"item\":\"https:\\\/\\\/marktxxl.de\\\/markt\\\/\"},{\"@type\":\"ListItem\",\"position\":3,\"name\":\"Surflyee 100 St\u00fcck Dachrinnenhaken, Weihnachtslicht Clips, Girlandenhaken zum Aufh\u00e4ngen von Weihnachtsgirlanden an\u2026\"}]},{\"@type\":\"WebSite\",\"@id\":\"https:\\\/\\\/marktxxl.de\\\/markt\\\/#website\",\"url\":\"https:\\\/\\\/marktxxl.de\\\/markt\\\/\",\"name\":\"Markt-XXL\",\"description\":\"Ihr Markt Online\",\"publisher\":{\"@id\":\"https:\\\/\\\/marktxxl.de\\\/markt\\\/#organization\"},\"potentialAction\":[{\"@type\":\"SearchAction\",\"target\":{\"@type\":\"EntryPoint\",\"urlTemplate\":\"https:\\\/\\\/marktxxl.de\\\/markt\\\/?s={search_term_string}\"},\"query-input\":{\"@type\":\"PropertyValueSpecification\",\"valueRequired\":true,\"valueName\":\"search_term_string\"}}],\"inLanguage\":\"de\"},{\"@type\":\"Organization\",\"@id\":\"https:\\\/\\\/marktxxl.de\\\/markt\\\/#organization\",\"name\":\"Markt-XXL\",\"url\":\"https:\\\/\\\/marktxxl.de\\\/markt\\\/\",\"logo\":{\"@type\":\"ImageObject\",\"inLanguage\":\"de\",\"@id\":\"https:\\\/\\\/marktxxl.de\\\/markt\\\/#\\\/schema\\\/logo\\\/image\\\/\",\"url\":\"https:\\\/\\\/marktxxl.de\\\/markt\\\/wp-content\\\/uploads\\\/sites\\\/3\\\/2020\\\/12\\\/logo.png\",\"contentUrl\":\"https:\\\/\\\/marktxxl.de\\\/markt\\\/wp-content\\\/uploads\\\/sites\\\/3\\\/2020\\\/12\\\/logo.png\",\"width\":200,\"height\":70,\"caption\":\"Markt-XXL\"},\"image\":{\"@id\":\"https:\\\/\\\/marktxxl.de\\\/markt\\\/#\\\/schema\\\/logo\\\/image\\\/\"}}]}<\/script>\n<!-- \/ Yoast SEO plugin. -->","yoast_head_json":{"title":"Surflyee 100 St\u00fcck Dachrinnenhaken, Weihnachtslicht Clips, Girlandenhaken zum Aufh\u00e4ngen von Weihnachtsgirlanden an\u2026 - Markt-XXL","description":"Markt-XXL Surflyee 100 St\u00fcck Dachrinnenhaken, Weihnachtslicht Clips, Girlandenhaken zum Aufh\u00e4ngen von Weihnachtsgirlanden an\u2026","robots":{"index":"index","follow":"follow","max-snippet":"max-snippet:-1","max-image-preview":"max-image-preview:large","max-video-preview":"max-video-preview:-1"},"canonical":"https:\/\/marktxxl.de\/markt\/produkt\/surflyee-100-stueck-dachrinnenhaken-weihnachtslicht-clips-girlandenhaken-zum-aufhaengen-von-weihnachtsgirlanden-an-dachrinnen-weihnachtsbeleuchtungshaken-indoor-und-outdoor-universal\/","og_locale":"de_DE","og_type":"article","og_title":"Surflyee 100 St\u00fcck Dachrinnenhaken, Weihnachtslicht Clips, Girlandenhaken zum Aufh\u00e4ngen von Weihnachtsgirlanden an\u2026 - Markt-XXL","og_description":"Markt-XXL Surflyee 100 St\u00fcck Dachrinnenhaken, Weihnachtslicht Clips, Girlandenhaken zum Aufh\u00e4ngen von Weihnachtsgirlanden an\u2026","og_url":"https:\/\/marktxxl.de\/markt\/produkt\/surflyee-100-stueck-dachrinnenhaken-weihnachtslicht-clips-girlandenhaken-zum-aufhaengen-von-weihnachtsgirlanden-an-dachrinnen-weihnachtsbeleuchtungshaken-indoor-und-outdoor-universal\/","og_site_name":"Markt-XXL","article_modified_time":"2023-04-10T02:06:24+00:00","og_image":[{"width":500,"height":500,"url":"https:\/\/m.media-amazon.com\/images\/I\/51NfizFsQ8L._SL500_.jpg","type":"image\/jpeg"}],"twitter_card":"summary_large_image","twitter_misc":{"Gesch\u00e4tzte Lesezeit":"1\u00a0Minute"},"schema":{"@context":"https:\/\/schema.org","@graph":[{"@type":"WebPage","@id":"https:\/\/marktxxl.de\/markt\/produkt\/surflyee-100-stueck-dachrinnenhaken-weihnachtslicht-clips-girlandenhaken-zum-aufhaengen-von-weihnachtsgirlanden-an-dachrinnen-weihnachtsbeleuchtungshaken-indoor-und-outdoor-universal\/","url":"https:\/\/marktxxl.de\/markt\/produkt\/surflyee-100-stueck-dachrinnenhaken-weihnachtslicht-clips-girlandenhaken-zum-aufhaengen-von-weihnachtsgirlanden-an-dachrinnen-weihnachtsbeleuchtungshaken-indoor-und-outdoor-universal\/","name":"Surflyee 100 St\u00fcck Dachrinnenhaken, Weihnachtslicht Clips, Girlandenhaken zum Aufh\u00e4ngen von Weihnachtsgirlanden an\u2026 - Markt-XXL","isPartOf":{"@id":"https:\/\/marktxxl.de\/markt\/#website"},"primaryImageOfPage":{"@id":"https:\/\/marktxxl.de\/markt\/produkt\/surflyee-100-stueck-dachrinnenhaken-weihnachtslicht-clips-girlandenhaken-zum-aufhaengen-von-weihnachtsgirlanden-an-dachrinnen-weihnachtsbeleuchtungshaken-indoor-und-outdoor-universal\/#primaryimage"},"image":{"@id":"https:\/\/marktxxl.de\/markt\/produkt\/surflyee-100-stueck-dachrinnenhaken-weihnachtslicht-clips-girlandenhaken-zum-aufhaengen-von-weihnachtsgirlanden-an-dachrinnen-weihnachtsbeleuchtungshaken-indoor-und-outdoor-universal\/#primaryimage"},"thumbnailUrl":"https:\/\/m.media-amazon.com\/images\/I\/51NfizFsQ8L._SL500_.jpg","datePublished":"2022-06-14T00:49:21+00:00","dateModified":"2023-04-10T02:06:24+00:00","description":"Markt-XXL Surflyee 100 St\u00fcck Dachrinnenhaken, Weihnachtslicht Clips, Girlandenhaken zum Aufh\u00e4ngen von Weihnachtsgirlanden an\u2026","breadcrumb":{"@id":"https:\/\/marktxxl.de\/markt\/produkt\/surflyee-100-stueck-dachrinnenhaken-weihnachtslicht-clips-girlandenhaken-zum-aufhaengen-von-weihnachtsgirlanden-an-dachrinnen-weihnachtsbeleuchtungshaken-indoor-und-outdoor-universal\/#breadcrumb"},"inLanguage":"de","potentialAction":[{"@type":"ReadAction","target":["https:\/\/marktxxl.de\/markt\/produkt\/surflyee-100-stueck-dachrinnenhaken-weihnachtslicht-clips-girlandenhaken-zum-aufhaengen-von-weihnachtsgirlanden-an-dachrinnen-weihnachtsbeleuchtungshaken-indoor-und-outdoor-universal\/"]}]},{"@type":"ImageObject","inLanguage":"de","@id":"https:\/\/marktxxl.de\/markt\/produkt\/surflyee-100-stueck-dachrinnenhaken-weihnachtslicht-clips-girlandenhaken-zum-aufhaengen-von-weihnachtsgirlanden-an-dachrinnen-weihnachtsbeleuchtungshaken-indoor-und-outdoor-universal\/#primaryimage","url":"https:\/\/m.media-amazon.com\/images\/I\/51NfizFsQ8L._SL500_.jpg","contentUrl":"https:\/\/m.media-amazon.com\/images\/I\/51NfizFsQ8L._SL500_.jpg","width":500,"height":500},{"@type":"BreadcrumbList","@id":"https:\/\/marktxxl.de\/markt\/produkt\/surflyee-100-stueck-dachrinnenhaken-weihnachtslicht-clips-girlandenhaken-zum-aufhaengen-von-weihnachtsgirlanden-an-dachrinnen-weihnachtsbeleuchtungshaken-indoor-und-outdoor-universal\/#breadcrumb","itemListElement":[{"@type":"ListItem","position":1,"name":"Startseite","item":"https:\/\/marktxxl.de\/markt\/"},{"@type":"ListItem","position":2,"name":"Markt","item":"https:\/\/marktxxl.de\/markt\/"},{"@type":"ListItem","position":3,"name":"Surflyee 100 St\u00fcck Dachrinnenhaken, Weihnachtslicht Clips, Girlandenhaken zum Aufh\u00e4ngen von Weihnachtsgirlanden an\u2026"}]},{"@type":"WebSite","@id":"https:\/\/marktxxl.de\/markt\/#website","url":"https:\/\/marktxxl.de\/markt\/","name":"Markt-XXL","description":"Ihr Markt Online","publisher":{"@id":"https:\/\/marktxxl.de\/markt\/#organization"},"potentialAction":[{"@type":"SearchAction","target":{"@type":"EntryPoint","urlTemplate":"https:\/\/marktxxl.de\/markt\/?s={search_term_string}"},"query-input":{"@type":"PropertyValueSpecification","valueRequired":true,"valueName":"search_term_string"}}],"inLanguage":"de"},{"@type":"Organization","@id":"https:\/\/marktxxl.de\/markt\/#organization","name":"Markt-XXL","url":"https:\/\/marktxxl.de\/markt\/","logo":{"@type":"ImageObject","inLanguage":"de","@id":"https:\/\/marktxxl.de\/markt\/#\/schema\/logo\/image\/","url":"https:\/\/marktxxl.de\/markt\/wp-content\/uploads\/sites\/3\/2020\/12\/logo.png","contentUrl":"https:\/\/marktxxl.de\/markt\/wp-content\/uploads\/sites\/3\/2020\/12\/logo.png","width":200,"height":70,"caption":"Markt-XXL"},"image":{"@id":"https:\/\/marktxxl.de\/markt\/#\/schema\/logo\/image\/"}}]}},"_links":{"self":[{"href":"https:\/\/marktxxl.de\/markt\/wp-json\/wp\/v2\/product\/128910","targetHints":{"allow":["GET"]}}],"collection":[{"href":"https:\/\/marktxxl.de\/markt\/wp-json\/wp\/v2\/product"}],"about":[{"href":"https:\/\/marktxxl.de\/markt\/wp-json\/wp\/v2\/types\/product"}],"replies":[{"embeddable":true,"href":"https:\/\/marktxxl.de\/markt\/wp-json\/wp\/v2\/comments?post=128910"}],"wp:featuredmedia":[{"embeddable":true,"href":"https:\/\/marktxxl.de\/markt\/wp-json\/wp\/v2\/media\/128911"}],"wp:attachment":[{"href":"https:\/\/marktxxl.de\/markt\/wp-json\/wp\/v2\/media?parent=128910"}],"wp:term":[{"taxonomy":"product_brand","embeddable":true,"href":"https:\/\/marktxxl.de\/markt\/wp-json\/wp\/v2\/product_brand?post=128910"},{"taxonomy":"product_cat","embeddable":true,"href":"https:\/\/marktxxl.de\/markt\/wp-json\/wp\/v2\/product_cat?post=128910"},{"taxonomy":"product_tag","embeddable":true,"href":"https:\/\/marktxxl.de\/markt\/wp-json\/wp\/v2\/product_tag?post=128910"}],"curies":[{"name":"wp","href":"https:\/\/api.w.org\/{rel}","templated":true}]}}