{"id":128624,"date":"2022-06-14T01:37:46","date_gmt":"2022-06-13T23:37:46","guid":{"rendered":"https:\/\/marktxxl.de\/markt\/produkt\/alacris-nachtlicht-kinder-baby-mit-bewegungsmelder-2-stueck-stilllicht-dimmbar-usb-wiederaufladbar-tragbar-kawaii-katzen-nachtlampe-als-geschenkweiss\/"},"modified":"2023-04-11T04:02:11","modified_gmt":"2023-04-11T02:02:11","slug":"alacris-nachtlicht-kinder-baby-mit-bewegungsmelder-2-stueck-stilllicht-dimmbar-usb-wiederaufladbar-tragbar-kawaii-katzen-nachtlampe-als-geschenkweiss","status":"publish","type":"product","link":"https:\/\/marktxxl.de\/markt\/produkt\/alacris-nachtlicht-kinder-baby-mit-bewegungsmelder-2-stueck-stilllicht-dimmbar-usb-wiederaufladbar-tragbar-kawaii-katzen-nachtlampe-als-geschenkweiss\/","title":{"rendered":"ALACRIS Nachtlicht Kinder Baby mit Bewegungsmelder 2 St\u00fcck, Stilllicht dimmbar USB wiederaufladbar, tragbar, Kawaii\u2026"},"content":{"rendered":"<p>\u2728Intelligente Erkennung: Nachtlicht mit Bewegungsmelder, &#8220;Auto&#8221;-Modus: eingebauter Infrarotsensor f\u00fcr die Gestalt, 3 m Reichweite, 120\u00b0 f\u00e4cherf\u00f6rmiger Erfassungsbereich, 30 Sekunden Verz\u00f6gerung.<br \/>\n\u2728Helligkeit einstellbar: Dieses Nachtlicht Baby ist 2 Helligkeitsstufen dimmbar, 20% Helligkeit, geeignet zum Schlafen in der Nacht. 100 % Helligkeit f\u00fcr Schrank- und Flurbeleuchtung.<br \/>\n\u2728USB-Aufladung: Nachtlicht Kinder wird \u00fcber USB aufgeladen, das an einen Computer, ein mobiles Netzteil und eine Steckdose zum Aufladen angeschlossen werden kann, sodass Ihr Nachtlicht nicht durch die Steckdose eingeschr\u00e4nkt ist. Sie k\u00f6nnen es \u00fcberall installieren, wo Beleuchtung ben\u00f6tigt wird, und Sie k\u00f6nnen es auch mitnehmen.<br \/>\n\u2728Langer Lebensdauer: Das Aufladen dauert nur 2 Stunden. Bei voller Aufladung kann es 150 Stunden bei 20 % Helligkeit und 10 Stunden bei 100 % Helligkeit verwendet werden.<br \/>\n\u2714\ufe0fAnpassung an mehrere Szenen, sorgenfreier Kauf: Nachlampe kann im Flur, Gang, Schlafzimmer, Kinderzimmer, Treppenhaus, K\u00fcche usw. installiert werden und macht Ihr Leben angenehmer. Wenn es ein Qualit\u00e4tsproblem mit dem Produkt gibt, kontaktieren Sie uns bitte f\u00fcr eine R\u00fcckerstattung oder einen Ersatz.<br \/>\n<div class=\"main-cross-sell\" data-asin=\"B09Q36CLHW\">\n\n\t<div class=\"WooZone-cross-sell-loader\">\n\t\t<div>\n\t\t\t<div id=\"floatingBarsG\">\n\t\t\t\t<div class=\"blockG\" id=\"rotateG_01\"><\/div>\n\t\t\t\t<div class=\"blockG\" id=\"rotateG_02\"><\/div>\n\t\t\t\t<div class=\"blockG\" id=\"rotateG_03\"><\/div>\n\t\t\t\t<div class=\"blockG\" id=\"rotateG_04\"><\/div>\n\t\t\t\t<div class=\"blockG\" id=\"rotateG_05\"><\/div>\n\t\t\t\t<div class=\"blockG\" id=\"rotateG_06\"><\/div>\n\t\t\t\t<div class=\"blockG\" id=\"rotateG_07\"><\/div>\n\t\t\t\t<div class=\"blockG\" id=\"rotateG_08\"><\/div>\n\t\t\t<\/div>\n\t\t\t<div class=\"WooZone-cross-sell-loader-text\"><\/div>\n\t\t<\/div>\n\t<\/div>\n\n\t\t\n<\/div>\n<div style=\"clear:both;\"><\/div><\/p>\n","protected":false},"excerpt":{"rendered":"<p>\u2728Intelligente Erkennung: Nachtlicht mit Bewegungsmelder, &#8220;Auto&#8221;-Modus: eingebauter Infrarotsensor f\u00fcr die Gestalt, 3 m Reichweite, 120\u00b0 f\u00e4cherf\u00f6rmiger Erfassungsbereich, 30 Sekunden Verz\u00f6gerung.<br \/>\n\u2728Helligkeit einstellbar: Dieses Nachtlicht Baby ist 2 Helligkeitsstufen dimmbar, 20% Helligkeit, geeignet zum Schlafen in der Nacht. 100 % Helligkeit f\u00fcr Schrank- und Flurbeleuchtung.<br \/>\n\u2728USB-Aufladung: Nachtlicht Kinder wird \u00fcber USB aufgeladen, das an einen Computer, ein mobiles Netzteil und eine Steckdose zum Aufladen angeschlossen werden kann, sodass Ihr Nachtlicht nicht durch die Steckdose eingeschr\u00e4nkt ist. Sie k\u00f6nnen es \u00fcberall installieren, wo Beleuchtung ben\u00f6tigt wird, und Sie k\u00f6nnen es auch mitnehmen.<\/p>\n","protected":false},"featured_media":128625,"comment_status":"open","ping_status":"closed","template":"","meta":[],"product_brand":[],"product_cat":[2108,11509],"product_tag":[],"class_list":{"0":"post-128624","1":"product","2":"type-product","3":"status-publish","4":"has-post-thumbnail","6":"product_cat-beleuchtung","7":"product_cat-innenbeleuchtung","8":"pa_brand-alacris","9":"pa_color-weiss","10":"pa_height-1-181102361-zoll","11":"pa_length-3-149606296-zoll","12":"pa_manufacturer-alacris","13":"pa_warranty-ein-jahr","14":"pa_weight-0-1653466965-pfund","15":"pa_width-3-149606296-zoll","17":"first","18":"instock","19":"shipping-taxable","20":"purchasable","21":"product-type-simple","22":"customify-col","23":"product-has-gallery"},"yoast_head":"<!-- This site is optimized with the Yoast SEO plugin v27.4 - https:\/\/yoast.com\/product\/yoast-seo-wordpress\/ -->\n<title>ALACRIS Nachtlicht Kinder Baby mit Bewegungsmelder 2 St\u00fcck, Stilllicht dimmbar USB wiederaufladbar, tragbar, Kawaii\u2026 - Markt-XXL<\/title>\n<meta name=\"description\" content=\"Markt-XXL ALACRIS Nachtlicht Kinder Baby mit Bewegungsmelder 2 St\u00fcck, Stilllicht dimmbar USB wiederaufladbar, tragbar, Kawaii\u2026\" \/>\n<meta name=\"robots\" content=\"index, follow, max-snippet:-1, max-image-preview:large, max-video-preview:-1\" \/>\n<link rel=\"canonical\" href=\"https:\/\/marktxxl.de\/markt\/produkt\/alacris-nachtlicht-kinder-baby-mit-bewegungsmelder-2-stueck-stilllicht-dimmbar-usb-wiederaufladbar-tragbar-kawaii-katzen-nachtlampe-als-geschenkweiss\/\" \/>\n<meta property=\"og:locale\" content=\"de_DE\" \/>\n<meta property=\"og:type\" content=\"article\" \/>\n<meta property=\"og:title\" content=\"ALACRIS Nachtlicht Kinder Baby mit Bewegungsmelder 2 St\u00fcck, Stilllicht dimmbar USB wiederaufladbar, tragbar, Kawaii\u2026 - Markt-XXL\" \/>\n<meta property=\"og:description\" content=\"Markt-XXL ALACRIS Nachtlicht Kinder Baby mit Bewegungsmelder 2 St\u00fcck, Stilllicht dimmbar USB wiederaufladbar, tragbar, Kawaii\u2026\" \/>\n<meta property=\"og:url\" content=\"https:\/\/marktxxl.de\/markt\/produkt\/alacris-nachtlicht-kinder-baby-mit-bewegungsmelder-2-stueck-stilllicht-dimmbar-usb-wiederaufladbar-tragbar-kawaii-katzen-nachtlampe-als-geschenkweiss\/\" \/>\n<meta property=\"og:site_name\" content=\"Markt-XXL\" \/>\n<meta property=\"article:modified_time\" content=\"2023-04-11T02:02:11+00:00\" \/>\n<meta property=\"og:image\" content=\"https:\/\/m.media-amazon.com\/images\/I\/31pO35YS2iL._SL500_.jpg\" \/>\n\t<meta property=\"og:image:width\" content=\"500\" \/>\n\t<meta property=\"og:image:height\" content=\"500\" \/>\n\t<meta property=\"og:image:type\" content=\"image\/jpeg\" \/>\n<meta name=\"twitter:card\" content=\"summary_large_image\" \/>\n<meta name=\"twitter:label1\" content=\"Gesch\u00e4tzte Lesezeit\" \/>\n\t<meta name=\"twitter:data1\" content=\"1\u00a0Minute\" \/>\n<script type=\"application\/ld+json\" class=\"yoast-schema-graph\">{\"@context\":\"https:\\\/\\\/schema.org\",\"@graph\":[{\"@type\":\"WebPage\",\"@id\":\"https:\\\/\\\/marktxxl.de\\\/markt\\\/produkt\\\/alacris-nachtlicht-kinder-baby-mit-bewegungsmelder-2-stueck-stilllicht-dimmbar-usb-wiederaufladbar-tragbar-kawaii-katzen-nachtlampe-als-geschenkweiss\\\/\",\"url\":\"https:\\\/\\\/marktxxl.de\\\/markt\\\/produkt\\\/alacris-nachtlicht-kinder-baby-mit-bewegungsmelder-2-stueck-stilllicht-dimmbar-usb-wiederaufladbar-tragbar-kawaii-katzen-nachtlampe-als-geschenkweiss\\\/\",\"name\":\"ALACRIS Nachtlicht Kinder Baby mit Bewegungsmelder 2 St\u00fcck, Stilllicht dimmbar USB wiederaufladbar, tragbar, Kawaii\u2026 - Markt-XXL\",\"isPartOf\":{\"@id\":\"https:\\\/\\\/marktxxl.de\\\/markt\\\/#website\"},\"primaryImageOfPage\":{\"@id\":\"https:\\\/\\\/marktxxl.de\\\/markt\\\/produkt\\\/alacris-nachtlicht-kinder-baby-mit-bewegungsmelder-2-stueck-stilllicht-dimmbar-usb-wiederaufladbar-tragbar-kawaii-katzen-nachtlampe-als-geschenkweiss\\\/#primaryimage\"},\"image\":{\"@id\":\"https:\\\/\\\/marktxxl.de\\\/markt\\\/produkt\\\/alacris-nachtlicht-kinder-baby-mit-bewegungsmelder-2-stueck-stilllicht-dimmbar-usb-wiederaufladbar-tragbar-kawaii-katzen-nachtlampe-als-geschenkweiss\\\/#primaryimage\"},\"thumbnailUrl\":\"https:\\\/\\\/m.media-amazon.com\\\/images\\\/I\\\/31pO35YS2iL._SL500_.jpg\",\"datePublished\":\"2022-06-13T23:37:46+00:00\",\"dateModified\":\"2023-04-11T02:02:11+00:00\",\"description\":\"Markt-XXL ALACRIS Nachtlicht Kinder Baby mit Bewegungsmelder 2 St\u00fcck, Stilllicht dimmbar USB wiederaufladbar, tragbar, Kawaii\u2026\",\"breadcrumb\":{\"@id\":\"https:\\\/\\\/marktxxl.de\\\/markt\\\/produkt\\\/alacris-nachtlicht-kinder-baby-mit-bewegungsmelder-2-stueck-stilllicht-dimmbar-usb-wiederaufladbar-tragbar-kawaii-katzen-nachtlampe-als-geschenkweiss\\\/#breadcrumb\"},\"inLanguage\":\"de\",\"potentialAction\":[{\"@type\":\"ReadAction\",\"target\":[\"https:\\\/\\\/marktxxl.de\\\/markt\\\/produkt\\\/alacris-nachtlicht-kinder-baby-mit-bewegungsmelder-2-stueck-stilllicht-dimmbar-usb-wiederaufladbar-tragbar-kawaii-katzen-nachtlampe-als-geschenkweiss\\\/\"]}]},{\"@type\":\"ImageObject\",\"inLanguage\":\"de\",\"@id\":\"https:\\\/\\\/marktxxl.de\\\/markt\\\/produkt\\\/alacris-nachtlicht-kinder-baby-mit-bewegungsmelder-2-stueck-stilllicht-dimmbar-usb-wiederaufladbar-tragbar-kawaii-katzen-nachtlampe-als-geschenkweiss\\\/#primaryimage\",\"url\":\"https:\\\/\\\/m.media-amazon.com\\\/images\\\/I\\\/31pO35YS2iL._SL500_.jpg\",\"contentUrl\":\"https:\\\/\\\/m.media-amazon.com\\\/images\\\/I\\\/31pO35YS2iL._SL500_.jpg\",\"width\":500,\"height\":500},{\"@type\":\"BreadcrumbList\",\"@id\":\"https:\\\/\\\/marktxxl.de\\\/markt\\\/produkt\\\/alacris-nachtlicht-kinder-baby-mit-bewegungsmelder-2-stueck-stilllicht-dimmbar-usb-wiederaufladbar-tragbar-kawaii-katzen-nachtlampe-als-geschenkweiss\\\/#breadcrumb\",\"itemListElement\":[{\"@type\":\"ListItem\",\"position\":1,\"name\":\"Startseite\",\"item\":\"https:\\\/\\\/marktxxl.de\\\/markt\\\/\"},{\"@type\":\"ListItem\",\"position\":2,\"name\":\"Markt\",\"item\":\"https:\\\/\\\/marktxxl.de\\\/markt\\\/\"},{\"@type\":\"ListItem\",\"position\":3,\"name\":\"ALACRIS Nachtlicht Kinder Baby mit Bewegungsmelder 2 St\u00fcck, Stilllicht dimmbar USB wiederaufladbar, tragbar, Kawaii\u2026\"}]},{\"@type\":\"WebSite\",\"@id\":\"https:\\\/\\\/marktxxl.de\\\/markt\\\/#website\",\"url\":\"https:\\\/\\\/marktxxl.de\\\/markt\\\/\",\"name\":\"Markt-XXL\",\"description\":\"Ihr Markt Online\",\"publisher\":{\"@id\":\"https:\\\/\\\/marktxxl.de\\\/markt\\\/#organization\"},\"potentialAction\":[{\"@type\":\"SearchAction\",\"target\":{\"@type\":\"EntryPoint\",\"urlTemplate\":\"https:\\\/\\\/marktxxl.de\\\/markt\\\/?s={search_term_string}\"},\"query-input\":{\"@type\":\"PropertyValueSpecification\",\"valueRequired\":true,\"valueName\":\"search_term_string\"}}],\"inLanguage\":\"de\"},{\"@type\":\"Organization\",\"@id\":\"https:\\\/\\\/marktxxl.de\\\/markt\\\/#organization\",\"name\":\"Markt-XXL\",\"url\":\"https:\\\/\\\/marktxxl.de\\\/markt\\\/\",\"logo\":{\"@type\":\"ImageObject\",\"inLanguage\":\"de\",\"@id\":\"https:\\\/\\\/marktxxl.de\\\/markt\\\/#\\\/schema\\\/logo\\\/image\\\/\",\"url\":\"https:\\\/\\\/marktxxl.de\\\/markt\\\/wp-content\\\/uploads\\\/sites\\\/3\\\/2020\\\/12\\\/logo.png\",\"contentUrl\":\"https:\\\/\\\/marktxxl.de\\\/markt\\\/wp-content\\\/uploads\\\/sites\\\/3\\\/2020\\\/12\\\/logo.png\",\"width\":200,\"height\":70,\"caption\":\"Markt-XXL\"},\"image\":{\"@id\":\"https:\\\/\\\/marktxxl.de\\\/markt\\\/#\\\/schema\\\/logo\\\/image\\\/\"}}]}<\/script>\n<!-- \/ Yoast SEO plugin. -->","yoast_head_json":{"title":"ALACRIS Nachtlicht Kinder Baby mit Bewegungsmelder 2 St\u00fcck, Stilllicht dimmbar USB wiederaufladbar, tragbar, Kawaii\u2026 - Markt-XXL","description":"Markt-XXL ALACRIS Nachtlicht Kinder Baby mit Bewegungsmelder 2 St\u00fcck, Stilllicht dimmbar USB wiederaufladbar, tragbar, Kawaii\u2026","robots":{"index":"index","follow":"follow","max-snippet":"max-snippet:-1","max-image-preview":"max-image-preview:large","max-video-preview":"max-video-preview:-1"},"canonical":"https:\/\/marktxxl.de\/markt\/produkt\/alacris-nachtlicht-kinder-baby-mit-bewegungsmelder-2-stueck-stilllicht-dimmbar-usb-wiederaufladbar-tragbar-kawaii-katzen-nachtlampe-als-geschenkweiss\/","og_locale":"de_DE","og_type":"article","og_title":"ALACRIS Nachtlicht Kinder Baby mit Bewegungsmelder 2 St\u00fcck, Stilllicht dimmbar USB wiederaufladbar, tragbar, Kawaii\u2026 - Markt-XXL","og_description":"Markt-XXL ALACRIS Nachtlicht Kinder Baby mit Bewegungsmelder 2 St\u00fcck, Stilllicht dimmbar USB wiederaufladbar, tragbar, Kawaii\u2026","og_url":"https:\/\/marktxxl.de\/markt\/produkt\/alacris-nachtlicht-kinder-baby-mit-bewegungsmelder-2-stueck-stilllicht-dimmbar-usb-wiederaufladbar-tragbar-kawaii-katzen-nachtlampe-als-geschenkweiss\/","og_site_name":"Markt-XXL","article_modified_time":"2023-04-11T02:02:11+00:00","og_image":[{"width":500,"height":500,"url":"https:\/\/m.media-amazon.com\/images\/I\/31pO35YS2iL._SL500_.jpg","type":"image\/jpeg"}],"twitter_card":"summary_large_image","twitter_misc":{"Gesch\u00e4tzte Lesezeit":"1\u00a0Minute"},"schema":{"@context":"https:\/\/schema.org","@graph":[{"@type":"WebPage","@id":"https:\/\/marktxxl.de\/markt\/produkt\/alacris-nachtlicht-kinder-baby-mit-bewegungsmelder-2-stueck-stilllicht-dimmbar-usb-wiederaufladbar-tragbar-kawaii-katzen-nachtlampe-als-geschenkweiss\/","url":"https:\/\/marktxxl.de\/markt\/produkt\/alacris-nachtlicht-kinder-baby-mit-bewegungsmelder-2-stueck-stilllicht-dimmbar-usb-wiederaufladbar-tragbar-kawaii-katzen-nachtlampe-als-geschenkweiss\/","name":"ALACRIS Nachtlicht Kinder Baby mit Bewegungsmelder 2 St\u00fcck, Stilllicht dimmbar USB wiederaufladbar, tragbar, Kawaii\u2026 - Markt-XXL","isPartOf":{"@id":"https:\/\/marktxxl.de\/markt\/#website"},"primaryImageOfPage":{"@id":"https:\/\/marktxxl.de\/markt\/produkt\/alacris-nachtlicht-kinder-baby-mit-bewegungsmelder-2-stueck-stilllicht-dimmbar-usb-wiederaufladbar-tragbar-kawaii-katzen-nachtlampe-als-geschenkweiss\/#primaryimage"},"image":{"@id":"https:\/\/marktxxl.de\/markt\/produkt\/alacris-nachtlicht-kinder-baby-mit-bewegungsmelder-2-stueck-stilllicht-dimmbar-usb-wiederaufladbar-tragbar-kawaii-katzen-nachtlampe-als-geschenkweiss\/#primaryimage"},"thumbnailUrl":"https:\/\/m.media-amazon.com\/images\/I\/31pO35YS2iL._SL500_.jpg","datePublished":"2022-06-13T23:37:46+00:00","dateModified":"2023-04-11T02:02:11+00:00","description":"Markt-XXL ALACRIS Nachtlicht Kinder Baby mit Bewegungsmelder 2 St\u00fcck, Stilllicht dimmbar USB wiederaufladbar, tragbar, Kawaii\u2026","breadcrumb":{"@id":"https:\/\/marktxxl.de\/markt\/produkt\/alacris-nachtlicht-kinder-baby-mit-bewegungsmelder-2-stueck-stilllicht-dimmbar-usb-wiederaufladbar-tragbar-kawaii-katzen-nachtlampe-als-geschenkweiss\/#breadcrumb"},"inLanguage":"de","potentialAction":[{"@type":"ReadAction","target":["https:\/\/marktxxl.de\/markt\/produkt\/alacris-nachtlicht-kinder-baby-mit-bewegungsmelder-2-stueck-stilllicht-dimmbar-usb-wiederaufladbar-tragbar-kawaii-katzen-nachtlampe-als-geschenkweiss\/"]}]},{"@type":"ImageObject","inLanguage":"de","@id":"https:\/\/marktxxl.de\/markt\/produkt\/alacris-nachtlicht-kinder-baby-mit-bewegungsmelder-2-stueck-stilllicht-dimmbar-usb-wiederaufladbar-tragbar-kawaii-katzen-nachtlampe-als-geschenkweiss\/#primaryimage","url":"https:\/\/m.media-amazon.com\/images\/I\/31pO35YS2iL._SL500_.jpg","contentUrl":"https:\/\/m.media-amazon.com\/images\/I\/31pO35YS2iL._SL500_.jpg","width":500,"height":500},{"@type":"BreadcrumbList","@id":"https:\/\/marktxxl.de\/markt\/produkt\/alacris-nachtlicht-kinder-baby-mit-bewegungsmelder-2-stueck-stilllicht-dimmbar-usb-wiederaufladbar-tragbar-kawaii-katzen-nachtlampe-als-geschenkweiss\/#breadcrumb","itemListElement":[{"@type":"ListItem","position":1,"name":"Startseite","item":"https:\/\/marktxxl.de\/markt\/"},{"@type":"ListItem","position":2,"name":"Markt","item":"https:\/\/marktxxl.de\/markt\/"},{"@type":"ListItem","position":3,"name":"ALACRIS Nachtlicht Kinder Baby mit Bewegungsmelder 2 St\u00fcck, Stilllicht dimmbar USB wiederaufladbar, tragbar, Kawaii\u2026"}]},{"@type":"WebSite","@id":"https:\/\/marktxxl.de\/markt\/#website","url":"https:\/\/marktxxl.de\/markt\/","name":"Markt-XXL","description":"Ihr Markt Online","publisher":{"@id":"https:\/\/marktxxl.de\/markt\/#organization"},"potentialAction":[{"@type":"SearchAction","target":{"@type":"EntryPoint","urlTemplate":"https:\/\/marktxxl.de\/markt\/?s={search_term_string}"},"query-input":{"@type":"PropertyValueSpecification","valueRequired":true,"valueName":"search_term_string"}}],"inLanguage":"de"},{"@type":"Organization","@id":"https:\/\/marktxxl.de\/markt\/#organization","name":"Markt-XXL","url":"https:\/\/marktxxl.de\/markt\/","logo":{"@type":"ImageObject","inLanguage":"de","@id":"https:\/\/marktxxl.de\/markt\/#\/schema\/logo\/image\/","url":"https:\/\/marktxxl.de\/markt\/wp-content\/uploads\/sites\/3\/2020\/12\/logo.png","contentUrl":"https:\/\/marktxxl.de\/markt\/wp-content\/uploads\/sites\/3\/2020\/12\/logo.png","width":200,"height":70,"caption":"Markt-XXL"},"image":{"@id":"https:\/\/marktxxl.de\/markt\/#\/schema\/logo\/image\/"}}]}},"_links":{"self":[{"href":"https:\/\/marktxxl.de\/markt\/wp-json\/wp\/v2\/product\/128624","targetHints":{"allow":["GET"]}}],"collection":[{"href":"https:\/\/marktxxl.de\/markt\/wp-json\/wp\/v2\/product"}],"about":[{"href":"https:\/\/marktxxl.de\/markt\/wp-json\/wp\/v2\/types\/product"}],"replies":[{"embeddable":true,"href":"https:\/\/marktxxl.de\/markt\/wp-json\/wp\/v2\/comments?post=128624"}],"wp:featuredmedia":[{"embeddable":true,"href":"https:\/\/marktxxl.de\/markt\/wp-json\/wp\/v2\/media\/128625"}],"wp:attachment":[{"href":"https:\/\/marktxxl.de\/markt\/wp-json\/wp\/v2\/media?parent=128624"}],"wp:term":[{"taxonomy":"product_brand","embeddable":true,"href":"https:\/\/marktxxl.de\/markt\/wp-json\/wp\/v2\/product_brand?post=128624"},{"taxonomy":"product_cat","embeddable":true,"href":"https:\/\/marktxxl.de\/markt\/wp-json\/wp\/v2\/product_cat?post=128624"},{"taxonomy":"product_tag","embeddable":true,"href":"https:\/\/marktxxl.de\/markt\/wp-json\/wp\/v2\/product_tag?post=128624"}],"curies":[{"name":"wp","href":"https:\/\/api.w.org\/{rel}","templated":true}]}}